Results for 2.96 19991201 (experimental) testsuite on sparc-sun-solaris2.6

Alexandre Oliva oliva@lsd.ic.unicamp.br
Wed Dec 1 09:41:00 GMT 1999


Native configuration is sparc-sun-solaris2.6

		=== g++ tests ===


Running target unix
FAIL: g++.dg/special/conpr-1.C execution test
FAIL: g++.dg/special/conpr-2.C execution test
FAIL: g++.dg/special/conpr-3.C execution test
FAIL: g++.dg/special/conpr-3.C execution test
FAIL: g++.benjamin/13478.C // ERROR - (test for errors, line 29)
FAIL: g++.benjamin/13478.C // ERROR - (test for errors, line 30)
FAIL: g++.benjamin/13478.C (test for excess errors)
FAIL: g++.benjamin/13523.C (test for excess errors)
FAIL: g++.benjamin/13908.C  (test for errors, line 20)
FAIL: g++.benjamin/13908.C (test for excess errors)
FAIL: g++.benjamin/14139.C (test for excess errors)
FAIL: g++.benjamin/14664-1.C // ERROR - (test for errors, line 12)
FAIL: g++.benjamin/14664-1.C (test for excess errors)
FAIL: g++.benjamin/14664-2.C (test for excess errors)
FAIL: g++.benjamin/15054.C (test for excess errors)
FAIL: g++.benjamin/15071.C (test for excess errors)
FAIL: g++.benjamin/15309-1.C // WARNING - (test for warnings, line 17)
FAIL: g++.benjamin/15309-1.C (test for excess errors)
FAIL: g++.benjamin/15309-2.C // WARNING - (test for warnings, line 10)
FAIL: g++.benjamin/15309-2.C (test for excess errors)
FAIL: g++.benjamin/15351-1.C (test for excess errors)
FAIL: g++.benjamin/15351-2.C (test for excess errors)
FAIL: g++.benjamin/15756-1.C (test for excess errors)
FAIL: g++.benjamin/15756-2.C // WARNING - (test for warnings, line 28)
FAIL: g++.benjamin/15756-2.C // WARNING - (test for warnings, line 29)
FAIL: g++.benjamin/15756-2.C (test for excess errors)
FAIL: g++.benjamin/15799.C // ERROR - (test for errors, line 19)
FAIL: g++.benjamin/15799.C // ERROR - (test for errors, line 20)
FAIL: g++.benjamin/15799.C // ERROR - (test for errors, line 26)
FAIL: g++.benjamin/15799.C (test for excess errors)
FAIL: g++.benjamin/15800-1.C // ERROR - (test for errors, line 8)
FAIL: g++.benjamin/15800-1.C // ERROR - (test for errors, line 15)
FAIL: g++.benjamin/15800-1.C (test for excess errors)
FAIL: g++.benjamin/15800-2.C (test for excess errors)
FAIL: g++.benjamin/15822.C (test for excess errors)
FAIL: g++.benjamin/16077.C // WARNING - (test for warnings, line 20)
FAIL: g++.benjamin/16077.C // WARNING - (test for warnings, line 23)
FAIL: g++.benjamin/16077.C (test for excess errors)
FAIL: g++.benjamin/16567.C // ERROR - (test for errors, line 38)
FAIL: g++.benjamin/16567.C (test for excess errors)
FAIL: g++.ext/initp1.C  Execution test
FAIL: g++.jason/template31.C (test for excess errors)
FAIL: g++.other/init9.C (test for excess errors)
FAIL: g++.other/vaarg3.C promote (test for errors, line 26)
XPASS: g++.pt/instantiate6.C (test for excess errors)

		=== g++ Summary ===

# of expected passes		5584
# of unexpected failures	44
# of unexpected successes	1
# of expected failures		101
# of untested testcases		13
/tmp/egcs/gcc/testsuite/../xgcc version 2.96 19991201 (experimental)

		=== g77 tests ===


Running target unix
FAIL: g77.f-torture/compile/19990826-1.f,  -O0  
FAIL: g77.f-torture/compile/19990826-1.f,  -O1  
FAIL: g77.f-torture/compile/19990826-1.f,  -O2  
FAIL: g77.f-torture/compile/19990826-1.f,  -O2 -fomit-frame-pointer -finline-functions  
FAIL: g77.f-torture/compile/19990826-1.f,  -Os  

		=== g77 Summary ===

# of expected passes		649
# of unexpected failures	5
		=== gcc tests ===


Running target unix
FAIL: gcc.c-torture/compile/990625-2.c,  -O2  
FAIL: gcc.c-torture/compile/990625-2.c,  -O3 -fomit-frame-pointer  
FAIL: gcc.c-torture/compile/990625-2.c,  -O3 -fomit-frame-pointer -funroll-loops  
FAIL: gcc.c-torture/compile/990625-2.c,  -O3 -fomit-frame-pointer -funroll-all-loops -finline-functions  
FAIL: gcc.c-torture/compile/990625-2.c,  -O3 -g  
FAIL: gcc.c-torture/execute/980205.c execution,  -O0 
FAIL: gcc.dg/cast-qual-1.c discarding `const' warning (test for bogus messages, line 11)
FAIL: gcc.dg/cast-qual-1.c discarding `const' warning (test for warnings, line 17)
FAIL: gcc.dg/compare1.c comparison between signed and unsigned (test for bogus messages, line 25)
XPASS: gcc.dg/setjmp-1.c spurious clobbered warning (test for bogus messages, line 16)
FAIL: gcc.dg/ultrasp1.c (test for excess errors)

		=== gcc Summary ===

# of expected passes		8737
# of unexpected failures	10
# of unexpected successes	1
# of expected failures		31
# of unsupported tests		29
/tmp/egcs/gcc/xgcc version 2.96 19991201 (experimental)

		=== libg++ tests ===


Running target unix

		=== libg++ Summary ===

# of expected passes		72
		=== libio tests ===


Running target unix
FAIL: tFile.cc execution 
FAIL: tFile.cc execution -b0
FAIL: tFile.cc execution -b3
FAIL: tfformat.c execution 

		=== libio Summary ===

# of expected passes		33
# of unexpected failures	4
# of expected failures		4
		=== libstdc++ tests ===


Running target unix

		=== libstdc++ Summary ===

# of expected passes		30
		=== objc tests ===


Running target unix
FAIL: objc/execute/bf-1.m compilation,  -O 
FAIL: objc/execute/bf-10.m compilation,  -O 
FAIL: objc/execute/bf-11.m compilation,  -O 
FAIL: objc/execute/bf-12.m compilation,  -O 
FAIL: objc/execute/bf-13.m compilation,  -O 
FAIL: objc/execute/bf-14.m compilation,  -O 
FAIL: objc/execute/bf-15.m compilation,  -O 
FAIL: objc/execute/bf-16.m compilation,  -O 
FAIL: objc/execute/bf-17.m compilation,  -O 
FAIL: objc/execute/bf-18.m compilation,  -O 
FAIL: objc/execute/bf-19.m compilation,  -O 
FAIL: objc/execute/bf-2.m compilation,  -O 
FAIL: objc/execute/bf-3.m compilation,  -O 
FAIL: objc/execute/bf-4.m compilation,  -O 
FAIL: objc/execute/bf-5.m compilation,  -O 
FAIL: objc/execute/bf-6.m compilation,  -O 
FAIL: objc/execute/bf-7.m compilation,  -O 
FAIL: objc/execute/bf-8.m compilation,  -O 
FAIL: objc/execute/bf-9.m compilation,  -O 

		=== objc Summary ===

# of unexpected failures	19
# of untested testcases		19
/tmp/egcs/gcc/xgcc version 2.96 19991201 (experimental)


Compiler version: 2.96 19991201 (experimental) 
Platform: sparc-sun-solaris2.6

BOOT_CFLAGS: -g -O9 -W -Wall

Counting all warnings,
there are 251 warnings in stage3 of this bootstrap.

Number of warnings per file:
    122	/home/phd/oliva/src/egcs/gcc/config/sparc/sparc.c
      8	/home/phd/oliva/src/egcs/gcc/java/parse.h
      5	cexp.y
      5	/home/phd/oliva/src/egcs/gcc/final.c
      5	/home/phd/oliva/src/egcs/gcc/expr.c
      4	/home/phd/oliva/src/egcs/gcc/unroll.c
      4	/home/phd/oliva/src/egcs/gcc/regmove.c
      4	/home/phd/oliva/src/egcs/gcc/fold-const.c
      4	/home/phd/oliva/src/egcs/gcc/f/lex.c
      4	/home/phd/oliva/src/egcs/gcc/cp/decl.c
      4	/home/phd/oliva/src/egcs/gcc/cp/class.c
      4	/home/phd/oliva/src/egcs/gcc/ch/actions.c
      3	/home/phd/oliva/src/egcs/gcc/varasm.c
      3	/home/phd/oliva/src/egcs/gcc/reload.c
      3	/home/phd/oliva/src/egcs/gcc/java/gjavah.c
      3	/home/phd/oliva/src/egcs/gcc/genopinit.c
      3	/home/phd/oliva/src/egcs/gcc/gcc.c
      3	/home/phd/oliva/src/egcs/gcc/emit-rtl.c
      3	/home/phd/oliva/src/egcs/gcc/cccp.c
      3	/home/phd/oliva/src/egcs/gcc/c-typeck.c
      3	/home/phd/oliva/src/egcs/gcc/alias.c
      2	str-ot.j
      2	str-1t.j
      2	insn-recog.c
      2	/home/phd/oliva/src/egcs/gcc/toplev.c
      2	/home/phd/oliva/src/egcs/gcc/regclass.c
      2	/home/phd/oliva/src/egcs/gcc/optabs.c
      2	/home/phd/oliva/src/egcs/gcc/loop.c
      2	/home/phd/oliva/src/egcs/gcc/local-alloc.c
      2	/home/phd/oliva/src/egcs/gcc/function.c
      2	/home/phd/oliva/src/egcs/gcc/cpphash.c
      2	./parse.y
      1	str-op.j
      1	str-nq.j
      1	str-io.j
      1	str-fo.j
      1	str-2t.j
      1	insn-emit.c
      1	/home/phd/oliva/src/egcs/gcc/tree.c
      1	/home/phd/oliva/src/egcs/gcc/stupid.c
      1	/home/phd/oliva/src/egcs/gcc/scan-decls.c
      1	/home/phd/oliva/src/egcs/gcc/jump.c
      1	/home/phd/oliva/src/egcs/gcc/java/javaop.def
      1	/home/phd/oliva/src/egcs/gcc/hash.c
      1	/home/phd/oliva/src/egcs/gcc/global.c
      1	/home/phd/oliva/src/egcs/gcc/genattrtab.c
      1	/home/phd/oliva/src/egcs/gcc/gcov-io.h
      1	/home/phd/oliva/src/egcs/gcc/f/expr.c
      1	/home/phd/oliva/src/egcs/gcc/explow.c
      1	/home/phd/oliva/src/egcs/gcc/cse.c
      1	/home/phd/oliva/src/egcs/gcc/cp/tree.c
      1	/home/phd/oliva/src/egcs/gcc/cp/semantics.c
      1	/home/phd/oliva/src/egcs/gcc/cp/lex.c
      1	/home/phd/oliva/src/egcs/gcc/cp/init.c
      1	/home/phd/oliva/src/egcs/gcc/cp/expr.c
      1	/home/phd/oliva/src/egcs/gcc/cp/except.c
      1	/home/phd/oliva/src/egcs/gcc/cp/error.c
      1	/home/phd/oliva/src/egcs/gcc/collect2.c
      1	/home/phd/oliva/src/egcs/gcc/ch/expr.c
      1	/home/phd/oliva/src/egcs/gcc/calls.c
      1	/home/phd/oliva/src/egcs/gcc/builtins.c

Number of warning types:
    121	enumeration value `???' not handled in switch
     35	`???' might be used uninitialized in this function
     26	comparison between signed and unsigned
     20	format not a string literal, argument types not checked
     15	`long' switch expression not converted to `int' in ANSI C
     10	unused parameter `???'
      8	macro arg `???' would be stringified with -traditional.
      4	unused variable `???'
      3	white space at end of line in string
      3	non-static declaration for `???' follows static
      2	`noreturn' function does return
      1	passing arg ??? of `???' discards qualifiers from pointer target type
      1	implicit declaration of function `???'
      1	assignment from incompatible pointer type
      1	`???' defined but not used


More information about the Gcc-testresults mailing list