Results for 2.96 19991201 (experimental) testsuite on i686-pc-linux-gnu
Andreas Jaeger
aj@suse.de
Wed Dec 1 06:31:00 GMT 1999
Configuration:
- glibc 2.1.2
- running i686 Linux 2.2.13
- binutils 2.9.1.0.25
make command:
make bootstrap
Native configuration is i686-pc-linux-gnu
=== libio tests ===
Running target unix
=== libio Summary ===
# of expected passes 40
=== libstdc++ tests ===
Running target unix
=== libstdc++ Summary ===
# of expected passes 30
=== gcc tests ===
Running target unix
FAIL: gcc.c-torture/execute/991112-1.c execution, -O3 -fomit-frame-pointer
FAIL: gcc.c-torture/execute/991112-1.c execution, -O3 -g
FAIL: gcc.dg/cast-qual-1.c discarding `const' warning (test for bogus messages, line 11)
FAIL: gcc.dg/cast-qual-1.c discarding `const' warning (test for warnings, line 17)
FAIL: gcc.dg/compare1.c comparison between signed and unsigned (test for bogus messages, line 25)
XPASS: gcc.dg/setjmp-1.c spurious clobbered warning (test for bogus messages, line 16)
FAIL: gcc.dg/special/weak-1.c execution test
=== gcc Summary ===
# of expected passes 8765
# of unexpected failures 6
# of unexpected successes 1
# of expected failures 38
# of unsupported tests 14
/usr/src/build-cc/gcc/xgcc version 2.96 19991201 (experimental)
=== g++ tests ===
Running target unix
FAIL: g++.dg/special/conpr-1.C execution test
FAIL: g++.dg/special/conpr-2.C execution test
FAIL: g++.dg/special/conpr-3.C execution test
FAIL: g++.dg/special/conpr-3.C execution test
FAIL: g++.ext/initp1.C Execution test
XPASS: g++.pt/instantiate6.C (test for excess errors)
=== g++ Summary ===
# of expected passes 5635
# of unexpected failures 5
# of unexpected successes 1
# of expected failures 97
# of untested testcases 7
/usr/src/build-cc/gcc/testsuite/../xgcc version 2.96 19991201 (experimental)
=== g77 tests ===
Running target unix
FAIL: g77.f-torture/compile/19990826-1.f, -O0
FAIL: g77.f-torture/compile/19990826-1.f, -O1
FAIL: g77.f-torture/compile/19990826-1.f, -O2
FAIL: g77.f-torture/compile/19990826-1.f, -O2 -fomit-frame-pointer -finline-functions
FAIL: g77.f-torture/compile/19990826-1.f, -Os
FAIL: g77.f-torture/execute/19990325-1.f execution, -O2 -fomit-frame-pointer -finline-functions
=== g77 Summary ===
# of expected passes 648
# of unexpected failures 6
=== objc tests ===
Running target unix
FAIL: objc/execute/bf-1.m compilation, -O
FAIL: objc/execute/bf-10.m compilation, -O
FAIL: objc/execute/bf-11.m compilation, -O
FAIL: objc/execute/bf-12.m compilation, -O
FAIL: objc/execute/bf-13.m compilation, -O
FAIL: objc/execute/bf-14.m compilation, -O
FAIL: objc/execute/bf-15.m compilation, -O
FAIL: objc/execute/bf-16.m compilation, -O
FAIL: objc/execute/bf-17.m compilation, -O
FAIL: objc/execute/bf-18.m compilation, -O
FAIL: objc/execute/bf-19.m compilation, -O
FAIL: objc/execute/bf-2.m compilation, -O
FAIL: objc/execute/bf-3.m compilation, -O
FAIL: objc/execute/bf-4.m compilation, -O
FAIL: objc/execute/bf-5.m compilation, -O
FAIL: objc/execute/bf-6.m compilation, -O
FAIL: objc/execute/bf-7.m compilation, -O
FAIL: objc/execute/bf-8.m compilation, -O
FAIL: objc/execute/bf-9.m compilation, -O
=== objc Summary ===
# of unexpected failures 19
# of untested testcases 19
/usr/src/build-cc/gcc/xgcc version 2.96 19991201 (experimental)
Compiler version: 2.96 19991201 (experimental)
Platform: i686-pc-linux-gnu
configure flags: --with-gcc-version-trigger=/usr/src/cvs/gcc/gcc/version.c --host=i686-pc-linux-gnu --prefix=/opt/gcc-2.96 --enable-shared --enable-threads --with-gnu-as --with-gnu-ld --enable-cpp --norecursion
More information about the Gcc-testresults
mailing list