Results for haifa-enabled 2.96 19990824 (experimental) testsuite on sparc-sun-sunos4.1.4
David Schuler
schuld@btv.ibm.com
Wed Aug 25 04:45:00 GMT 1999
Native configuration is sparc-sun-sunos4.1.4
=== libio tests ===
Running target unix
=== libio Summary ===
# of expected passes 40
=== libstdc++ tests ===
Running target unix
=== libstdc++ Summary ===
# of expected passes 30
=== gcc tests ===
Running target unix
FAIL: gcc.c-torture/compile/990801-2.c, -O1
FAIL: gcc.c-torture/compile/990801-2.c, -O2
FAIL: gcc.c-torture/compile/990801-2.c, -O3 -fomit-frame-pointer
FAIL: gcc.c-torture/compile/990801-2.c, -O3 -fomit-frame-pointer -funroll-loops
FAIL: gcc.c-torture/compile/990801-2.c, -O3 -fomit-frame-pointer -funroll-all-loops -finline-functions
FAIL: gcc.c-torture/compile/990801-2.c, -Os
FAIL: gcc.dg/cast-qual-1.c discarding `const' warning (test for bogus messages, line 11)
FAIL: gcc.dg/cast-qual-1.c discarding `const' warning (test for warnings, line 17)
FAIL: gcc.dg/compare1.c (test for excess errors)
FAIL: gcc.dg/special/weak-1.c (test for excess errors)
FAIL: gcc.dg/special/weak-2.c (test for excess errors)
FAIL: gcc.dg/special/alias-1.c (test for excess errors)
FAIL: gcc.dg/special/wkali-1.c (test for excess errors)
FAIL: wkali-2a.o
=== gcc Summary ===
# of expected passes 8270
# of unexpected failures 14
# of expected failures 32
# of unsupported tests 27
/usr/local/x86srvr1/WORKSPACE4/EGCS/egcs-19990824-sunos/gcc/xgcc version 2.96 19990824 (experimental)
=== g++ tests ===
Running target unix
FAIL: g++.ext/attrib5.C (test for excess errors)
FAIL: g++.ext/comint1.C (test for excess errors)
FAIL: g++.oliva/template7.C (test for excess errors)
XPASS: g++.pt/instantiate6.C (test for excess errors)
FAIL: g++.pt/static3.C (test for excess errors)
FAIL: g++.pt/static6.C (test for excess errors)
=== g++ Summary ===
# of expected passes 5342
# of unexpected failures 5
# of unexpected successes 1
# of expected failures 89
# of untested testcases 12
/usr/local/x86srvr1/WORKSPACE4/EGCS/egcs-19990824-sunos/gcc/testsuite/../xgcc version 2.96 19990824 (experimental)
=== g77 tests ===
Running target unix
=== g77 Summary ===
# of expected passes 607
=== objc tests ===
Running target unix
=== objc Summary ===
# of expected passes 38
/usr/local/x86srvr1/WORKSPACE4/EGCS/egcs-19990824-sunos/gcc/xgcc version 2.96 19990824 (experimental)
Compiler version: haifa-enabled 2.96 19990824 (experimental)
Platform: sparc-sun-sunos4.1.4
configure flags: --with-gcc-version-trigger=/usr/local/x86srvr1/WORKSPACE4/EGCS/egcs-19990824/gcc/version.c --host=sparc-sun-sunos4.1.4 --prefix=/afs/btv.ibm.com/data/n37v/software/gnu-sunos/egcs --with-gnu-as --with-gnu-ld --enable-haifa --enable-multilib --norecursion
Counting all warnings,
there are 573 warnings in stage3 of this bootstrap.
Number of warnings per file:
19 ../../../egcs/gcc/java/lex.c
14 ../../egcs/gcc/cccp.c
13 cxxmain.c
12 ../../egcs/gcc/collect2.c
11 ../../egcs/gcc/varasm.c
11 ../../egcs/gcc/objc/objc-act.c
11 ../../egcs/gcc/genopinit.c
11 ../../egcs/gcc/cse.c
10 ../../egcs/gcc/toplev.c
10 ../../egcs/gcc/tlink.c
10 ../../egcs/gcc/loop.c
10 ../../egcs/gcc/integrate.c
10 ../../egcs/gcc/genattrtab.c
10 ../../egcs/gcc/flow.c
9 ../../egcs/gcc/unroll.c
9 ../../egcs/gcc/reload1.c
9 ../../egcs/gcc/gcov-io.h
9 ../../egcs/gcc/combine.c
8 ../../egcs/gcc/genrecog.c
8 ../../egcs/gcc/fix-header.c
8 ../../egcs/gcc/final.c
8 ../../egcs/gcc/calls.c
8 ../../../egcs/gcc/f/fini.c
7 ../../egcs/gcc/reload.c
7 ../../egcs/gcc/genpeep.c
7 ../../egcs/gcc/genoutput.c
7 ../../egcs/gcc/genemit.c
7 ../../egcs/gcc/gcc.c
7 ../../egcs/gcc/bitmap.c
7 ../../../egcs/gcc/cp/ptree.c
6 ../../egcs/gcc/genflags.c
6 ../../egcs/gcc/genextract.c
6 ../../egcs/gcc/genconfig.c
6 ../../egcs/gcc/gencodes.c
6 ../../egcs/gcc/genattr.c
6 ../../egcs/gcc/gcov.c
6 ../../egcs/gcc/dbxout.c
6 ../../../egcs/gcc/f/com.c
6 ../../../egcs/gcc/cp/decl.c
5 ../../egcs/gcc/regmove.c
5 ../../egcs/gcc/print-tree.c
5 ../../egcs/gcc/print-rtl.c
5 ../../egcs/gcc/cppinit.c
5 ../../egcs/gcc/config/sparc/sparc.c
5 ../../../egcs/gcc/java/jcf-io.c
5 ../../../egcs/gcc/java/gjavah.c
4 cexp.y
4 ../../egcs/gcc/rtl.c
4 ../../egcs/gcc/protoize.c
4 ../../egcs/gcc/gengenrtl.c
4 ../../egcs/gcc/expr.c
4 ../../egcs/gcc/dwarf2out.c
4 ../../egcs/gcc/c-lex.c
4 ../../egcs/gcc/alias.c
4 ../../../egcs/gcc/java/jv-scan.c
4 ../../../egcs/gcc/java/jcf-parse.c
4 ../../../egcs/gcc/java/jcf-dump.c
4 ../../../egcs/gcc/java/jcf-depend.c
4 ../../../egcs/gcc/f/bad.c
4 ../../../egcs/gcc/ch/lex.c
4 ../../../egcs/gcc/ch/actions.c
3 ../../egcs/gcc/profile.c
3 ../../egcs/gcc/optabs.c
3 ../../egcs/gcc/local-alloc.c
3 ../../egcs/gcc/graph.c
3 ../../egcs/gcc/f/g77spec.c
3 ../../egcs/gcc/except.c
3 ../../egcs/gcc/cpplib.c
3 ../../egcs/gcc/cpphash.c
3 ../../egcs/gcc/cppfiles.c
3 ../../egcs/gcc/cpperror.c
3 ../../../egcs/gcc/java/jvgenmain.c
3 ../../../egcs/gcc/f/target.c
3 ../../../egcs/gcc/f/stw.c
3 ../../../egcs/gcc/f/storag.c
3 ../../../egcs/gcc/cp/tree.c
3 ../../../egcs/gcc/cp/repo.c
3 ../../../egcs/gcc/cp/lex.c
3 ../../../egcs/gcc/ch/grant.c
3 ../../../egcs/gcc/ch/decl.c
2 insn-attrtab.c
2 /usr/cygnus/gnupro-98r2/share/bison.simple
2 ./parse.y
2 ../../egcs/gcc/tree.c
2 ../../egcs/gcc/scan.c
2 ../../egcs/gcc/regclass.c
2 ../../egcs/gcc/gencheck.c
2 ../../egcs/gcc/gen-protos.c
2 ../../egcs/gcc/gcse.c
2 ../../egcs/gcc/fold-const.c
2 ../../egcs/gcc/emit-rtl.c
2 ../../egcs/gcc/c-common.c
2 ../../../egcs/gcc/java/verify.c
2 ../../../egcs/gcc/java/lang.c
2 ../../../egcs/gcc/java/jcf-write.c
2 ../../../egcs/gcc/java/expr.c
2 ../../../egcs/gcc/f/src.c
2 ../../../egcs/gcc/f/lex.c
2 ../../../egcs/gcc/f/intrin.c
2 ../../../egcs/gcc/cp/xref.c
2 ../../../egcs/gcc/cp/typeck2.c
2 ../../../egcs/gcc/cp/dump.c
2 ../../../egcs/gcc/ch/lang.c
1 obstack.c
1 insn-emit.c
1 /usr/share/misc/bison.simple
1 /usr/local/gnu/share/bison.simple
1 /usr/lib/bison.simple
1 ../../egcs/gcc/stupid.c
1 ../../egcs/gcc/stmt.c
1 ../../egcs/gcc/scan-decls.c
1 ../../egcs/gcc/sbitmap.c
1 ../../egcs/gcc/reorg.c
1 ../../egcs/gcc/real.c
1 ../../egcs/gcc/jump.c
1 ../../egcs/gcc/hash.c
1 ../../egcs/gcc/haifa-sched.c
1 ../../egcs/gcc/global.c
1 ../../egcs/gcc/function.c
1 ../../egcs/gcc/explow.c
1 ../../egcs/gcc/cppspec.c
1 ../../egcs/gcc/c-lang.c
1 ../../egcs/gcc/c-aux-info.c
1 ../../egcs/gcc/builtins.c
1 ../../../egcs/gcc/java/jcf-reader.c
1 ../../../egcs/gcc/java/javaop.def
1 ../../../egcs/gcc/java/class.c
1 ../../../egcs/gcc/f/where.c
1 ../../../egcs/gcc/f/stb.c
1 ../../../egcs/gcc/f/parse.c
1 ../../../egcs/gcc/cp/search.c
1 ../../../egcs/gcc/cp/pt.c
1 ../../../egcs/gcc/cp/method.c
1 ../../../egcs/gcc/cp/input.c
1 ../../../egcs/gcc/cp/expr.c
1 ../../../egcs/gcc/cp/class.c
1 ../../../egcs/gcc/ch/expr.c
Number of warning types:
370 implicit declaration of function gg???
69 gg??? might be used uninitialized in this function
44 comparison between signed and unsigned
42 unused parameter gg???
19 ??? format, ??? arg (arg ???)
12 variable gg??? might be clobbered by vfork
9 unused variable gg???
2 control reaches end of non-void function
2 assignment discards qualifiers from pointer target type
2 gg??? defined but not used
1 initialization discards qualifiers from pointer target type
1 assignment from incompatible pointer type
More information about the Gcc-testresults
mailing list