Results for 2.96 19990815 (experimental) testsuite on sparc-sun-solaris2.6
Theodore Papadopoulo
Theodore.Papadopoulo@sophia.inria.fr
Sun Aug 15 21:21:00 GMT 1999
Native configuration is sparc-sun-solaris2.6
=== gcc tests ===
Running target unix
FAIL: gcc.c-torture/compile/990801-2.c, -O1
FAIL: gcc.c-torture/compile/990801-2.c, -O2
FAIL: gcc.c-torture/compile/990801-2.c, -O3 -fomit-frame-pointer
FAIL: gcc.c-torture/compile/990801-2.c, -O3 -fomit-frame-pointer -funroll-loops
FAIL: gcc.c-torture/compile/990801-2.c, -O3 -fomit-frame-pointer -funroll-all-loops -finline-functions
FAIL: gcc.c-torture/compile/990801-2.c, -Os
FAIL: gcc.dg/cast-qual-1.c discarding `const' warning (test for bogus messages, line 11)
FAIL: gcc.dg/cast-qual-1.c discarding `const' warning (test for warnings, line 17)
FAIL: gcc.dg/compare1.c (test for excess errors)
=== gcc Summary ===
# of expected passes 8278
# of unexpected failures 9
# of expected failures 32
# of unsupported tests 27
/1/egcs/egcs-solaris/gcc/xgcc version 2.96 19990815 (experimental)
=== g++ tests ===
Running target unix
FAIL: g++.dg/special/conpr-1.C execution test
FAIL: g++.dg/special/conpr-2.C execution test
FAIL: g++.dg/special/conpr-3.C execution test
FAIL: g++.dg/special/conpr-3.C execution test
FAIL: g++.benjamin/tem06.C (test for excess errors)
FAIL: g++.bob/template4.C (test for excess errors)
FAIL: g++.brendan/crash20.C (test for excess errors)
FAIL: g++.brendan/crash30.C (test for excess errors)
FAIL: g++.brendan/crash39.C (test for excess errors)
FAIL: g++.brendan/crash56.C list of candidates (test for errors, line 23)
FAIL: g++.brendan/crash56.C candidate for call (test for errors, line 25)
FAIL: g++.brendan/crash56.C candidate for call (test for errors, line 31)
FAIL: g++.brendan/crash56.C .* (test for errors, line 276)
FAIL: g++.brendan/crash56.C .* (test for errors, line 284)
FAIL: g++.brendan/crash56.C candidate for call (test for errors, line 343)
FAIL: g++.brendan/crash56.C (test for excess errors)
FAIL: g++.brendan/crash7.C (test for excess errors)
FAIL: g++.ext/comint1.C (test for excess errors)
FAIL: g++.ext/initp1.C Execution test
FAIL: g++.ext/typeof1.C (test for excess errors)
FAIL: g++.jason/2371.C (test for excess errors)
FAIL: g++.jason/dtor4.C (test for excess errors)
FAIL: g++.jason/inline.C (test for excess errors)
FAIL: g++.jason/template12.C (test for excess errors)
FAIL: g++.jason/template26.C (test for excess errors)
FAIL: g++.jason/template27.C (test for excess errors)
FAIL: g++.jason/template31.C (test for excess errors)
FAIL: g++.jason/template44.C (test for excess errors)
FAIL: g++.jason/template5.C (test for excess errors)
FAIL: g++.law/ctors6.C (test for excess errors)
FAIL: g++.law/operators4.C (test for excess errors)
FAIL: g++.law/unsorted2.C (test for excess errors)
FAIL: g++.law/visibility13.C (test for excess errors)
FAIL: g++.mike/dyncast7.C (test for excess errors)
FAIL: g++.mike/eh13.C (test for excess errors)
FAIL: g++.mike/net31.C (test for errors, line 43)
FAIL: g++.mike/net31.C (test for excess errors)
FAIL: g++.mike/p11667.C (test for excess errors)
FAIL: g++.mike/p1989.C const subversion (test for errors, line 488)
FAIL: g++.mike/p1989.C fn ref in err msg (test for errors, line 489)
FAIL: g++.mike/p1989.C (test for bogus messages, line 339)
FAIL: g++.mike/p1989.C (test for excess errors)
FAIL: g++.ns/template9.C (test for excess errors)
FAIL: g++.ns/using4.C (test for excess errors)
FAIL: g++.ns/using6.C (test for excess errors)
FAIL: g++.oliva/template7.C (test for excess errors)
FAIL: g++.other/defarg1.C (test for excess errors)
FAIL: g++.other/friend4.C private (test for errors, line 13)
FAIL: g++.other/init9.C jump from here (test for errors, line 36)
FAIL: g++.other/init9.C jump to here (test for errors, line 38)
FAIL: g++.other/init9.C (test for excess errors)
FAIL: g++.other/new3.C (test for excess errors)
FAIL: g++.pt/array4.C (test for excess errors)
FAIL: g++.pt/array5.C (test for excess errors)
FAIL: g++.pt/auto_ptr.C (test for excess errors)
FAIL: g++.pt/crash18.C (test for excess errors)
FAIL: g++.pt/crash19.C (test for excess errors)
FAIL: g++.pt/crash23.C (test for excess errors)
FAIL: g++.pt/crash8.C (test for excess errors)
FAIL: g++.pt/defarg12.C (test for excess errors)
FAIL: g++.pt/defarg13.C default argument uses local (test for errors, line 7)
FAIL: g++.pt/defarg4.C (test for excess errors)
FAIL: g++.pt/derived2.C (test for excess errors)
FAIL: g++.pt/enum7.C (test for excess errors)
FAIL: g++.pt/explicit4.C (test for excess errors)
FAIL: g++.pt/explicit5.C (test for excess errors)
FAIL: g++.pt/explicit68.C (test for excess errors)
FAIL: g++.pt/expr1.C (test for excess errors)
FAIL: g++.pt/friend1.C (test for excess errors)
FAIL: g++.pt/friend10.C (test for excess errors)
FAIL: g++.pt/friend11.C private (test for errors, line 23)
FAIL: g++.pt/friend11.C (test for excess errors)
FAIL: g++.pt/friend12.C (test for excess errors)
FAIL: g++.pt/friend13.C (test for excess errors)
FAIL: g++.pt/friend3.C private (test for errors, line 10)
FAIL: g++.pt/friend3.C (test for excess errors)
FAIL: g++.pt/friend33.C (test for excess errors)
FAIL: g++.pt/friend39.C (test for excess errors)
FAIL: g++.pt/friend4.C (test for excess errors)
FAIL: g++.pt/friend5.C (test for excess errors)
FAIL: g++.pt/friend6.C (test for excess errors)
FAIL: g++.pt/friend7.C (test for excess errors)
FAIL: g++.pt/friend9.C (test for excess errors)
FAIL: g++.pt/instantiate2.C (test for excess errors)
FAIL: g++.pt/instantiate4.C (test for excess errors)
XPASS: g++.pt/instantiate6.C (test for excess errors)
FAIL: g++.pt/label1.C (test for excess errors)
FAIL: g++.pt/link1.C (test for excess errors)
FAIL: g++.pt/local1.C (test for excess errors)
FAIL: g++.pt/local2.C (test for excess errors)
FAIL: g++.pt/local3.C (test for excess errors)
FAIL: g++.pt/local4.C (test for excess errors)
FAIL: g++.pt/local6.C (test for excess errors)
FAIL: g++.pt/memclass15.C (test for excess errors)
FAIL: g++.pt/memclass20.C (test for excess errors)
FAIL: g++.pt/memclass5.C (test for excess errors)
FAIL: g++.pt/memclass9.C (test for excess errors)
FAIL: g++.pt/memtemp35.C (test for excess errors)
FAIL: g++.pt/memtemp40.C (test for excess errors)
FAIL: g++.pt/memtemp58.C (test for excess errors)
FAIL: g++.pt/memtemp73.C (test for excess errors)
FAIL: g++.pt/nttp2.C (test for excess errors)
FAIL: g++.pt/overload7.C (test for excess errors)
FAIL: g++.pt/recursion.C (test for excess errors)
FAIL: g++.pt/stmtexpr.C (test for excess errors)
FAIL: g++.pt/ttp14.C (test for excess errors)
FAIL: g++.pt/ttp15.C (test for excess errors)
FAIL: g++.pt/ttp16.C (test for excess errors)
FAIL: g++.pt/ttp17.C (test for excess errors)
FAIL: g++.pt/ttp18.C (test for excess errors)
FAIL: g++.pt/ttp19.C (test for excess errors)
FAIL: g++.pt/ttp24.C (test for excess errors)
FAIL: g++.pt/ttp25.C (test for excess errors)
FAIL: g++.pt/ttp26.C (test for excess errors)
FAIL: g++.pt/ttp27.C (test for excess errors)
FAIL: g++.pt/ttp28.C (test for excess errors)
FAIL: g++.pt/ttp33.C (test for excess errors)
FAIL: g++.pt/ttp34.C (test for excess errors)
FAIL: g++.pt/ttp40.C (test for excess errors)
FAIL: g++.pt/ttp41.C (test for excess errors)
FAIL: g++.pt/vaarg.C (test for excess errors)
FAIL: g++.pt/virtual1.C (test for excess errors)
FAIL: g++.pt/warn1.C (test for excess errors)
FAIL: g++.robertl/eb109.C no index operator (test for errors, line 44)
FAIL: g++.robertl/eb109.C no index operator (test for errors, line 54)
FAIL: g++.robertl/eb109.C (test for excess errors)
FAIL: g++.robertl/eb120.C (test for excess errors)
FAIL: g++.robertl/eb124.C (test for excess errors)
FAIL: g++.robertl/eb127.C (test for excess errors)
FAIL: g++.robertl/eb129.C (test for errors, line 19)
FAIL: g++.robertl/eb129.C (test for excess errors)
FAIL: g++.robertl/eb130.C (test for excess errors)
FAIL: g++.robertl/eb132.C (test for excess errors)
FAIL: g++.robertl/eb21.C (test for excess errors)
FAIL: g++.robertl/eb28.C (test for excess errors)
FAIL: g++.robertl/eb29.C (test for excess errors)
FAIL: g++.robertl/eb3.C (test for excess errors)
FAIL: g++.robertl/eb36.C (test for excess errors)
FAIL: g++.robertl/eb41.C (test for excess errors)
FAIL: g++.robertl/eb43.C (test for excess errors)
FAIL: g++.robertl/eb59.C (test for excess errors)
FAIL: g++.robertl/eb60.C (test for excess errors)
FAIL: g++.robertl/eb62.C (test for excess errors)
FAIL: g++.robertl/eb65.C (test for excess errors)
FAIL: g++.robertl/eb7.C (test for excess errors)
FAIL: g++.robertl/eb73.C (test for excess errors)
FAIL: g++.robertl/eb91.C (test for excess errors)
FAIL: g++.robertl/eb93.C (test for excess errors)
FAIL: g++.robertl/eb97.C (test for excess errors)
FAIL: g++.robertl/eh990323-2.C Execution test
FAIL: g++.robertl/eh990323-3.C Execution test
FAIL: g++.robertl/eh990323-4.C Execution test
=== g++ Summary ===
# of expected passes 5126
# of unexpected failures 151
# of unexpected successes 1
# of expected failures 147
# of untested testcases 12
/1/egcs/egcs-solaris/gcc/testsuite/../xgcc version 2.96 19990815 (experimental)
=== g77 tests ===
Running target unix
=== g77 Summary ===
# of expected passes 607
=== objc tests ===
Running target unix
FAIL: objc/execute/bf-1.m compilation, -O
FAIL: objc/execute/bf-10.m compilation, -O
FAIL: objc/execute/bf-11.m compilation, -O
FAIL: objc/execute/bf-12.m compilation, -O
FAIL: objc/execute/bf-13.m compilation, -O
FAIL: objc/execute/bf-14.m compilation, -O
FAIL: objc/execute/bf-15.m compilation, -O
FAIL: objc/execute/bf-16.m compilation, -O
FAIL: objc/execute/bf-17.m compilation, -O
FAIL: objc/execute/bf-18.m compilation, -O
FAIL: objc/execute/bf-19.m compilation, -O
FAIL: objc/execute/bf-2.m compilation, -O
FAIL: objc/execute/bf-3.m compilation, -O
FAIL: objc/execute/bf-4.m compilation, -O
FAIL: objc/execute/bf-5.m compilation, -O
FAIL: objc/execute/bf-6.m compilation, -O
FAIL: objc/execute/bf-7.m compilation, -O
FAIL: objc/execute/bf-8.m compilation, -O
FAIL: objc/execute/bf-9.m compilation, -O
=== objc Summary ===
# of unexpected failures 19
# of untested testcases 19
/1/egcs/egcs-solaris/gcc/xgcc version 2.96 19990815 (experimental)
Compiler version: 2.96 19990815 (experimental)
Platform: sparc-sun-solaris2.6
configure flags: --with-gcc-version-trigger=/1/egcs/egcs/gcc/version.c --host=sparc-sun-solaris2.6 --srcdir=../egcs --prefix=/u/corse/2/robotvis/gnu/egcs --with-fast-fixincludes --with-as=/u/corse/2/robotvis/gnu/binutils/bin/as --with-ld=/u/corse/2/robotvis/gnu/binutils/bin/ld --norecursion
Counting all warnings,
there are 171 warnings in stage3 of this bootstrap.
Number of warnings per file:
12 ../../../egcs/gcc/java/lex.c
10 ../../egcs/gcc/integrate.c
10 ../../egcs/gcc/cse.c
9 ../../egcs/gcc/combine.c
8 ../../egcs/gcc/reload1.c
8 ../../egcs/gcc/calls.c
7 ../../egcs/gcc/loop.c
6 cxxmain.c
6 ../../egcs/gcc/unroll.c
6 ../../egcs/gcc/reload.c
6 ../../egcs/gcc/objc/objc-act.c
5 ../../egcs/gcc/varasm.c
4 cexp.y
4 ../../egcs/gcc/tlink.c
4 ../../egcs/gcc/regmove.c
4 ../../egcs/gcc/final.c
4 ../../../egcs/gcc/ch/actions.c
3 ../../egcs/gcc/genopinit.c
3 ../../egcs/gcc/expr.c
3 ../../egcs/gcc/cccp.c
2 insn-attrtab.c
2 ../../egcs/gcc/regclass.c
2 ../../egcs/gcc/local-alloc.c
2 ../../egcs/gcc/fold-const.c
2 ../../egcs/gcc/fix-header.c
2 ../../egcs/gcc/except.c
2 ../../egcs/gcc/emit-rtl.c
2 ../../egcs/gcc/dbxout.c
2 ../../egcs/gcc/cpphash.c
2 ../../egcs/gcc/collect2.c
2 ../../egcs/gcc/c-lex.c
2 ../../egcs/gcc/alias.c
2 ../../../egcs/gcc/java/verify.c
2 ../../../egcs/gcc/java/expr.c
1 insn-emit.c
1 ../../egcs/gcc/stupid.c
1 ../../egcs/gcc/stmt.c
1 ../../egcs/gcc/scan-decls.c
1 ../../egcs/gcc/jump.c
1 ../../egcs/gcc/hash.c
1 ../../egcs/gcc/genattrtab.c
1 ../../egcs/gcc/gcov-io.h
1 ../../egcs/gcc/function.c
1 ../../egcs/gcc/flow.c
1 ../../egcs/gcc/f/g77spec.c
1 ../../egcs/gcc/explow.c
1 ../../egcs/gcc/cppspec.c
1 ../../egcs/gcc/config/sparc/sparc.c
1 ../../egcs/gcc/builtins.c
1 ../../../egcs/gcc/java/class.c
1 ../../../egcs/gcc/f/com.c
1 ../../../egcs/gcc/cp/tree.c
1 ../../../egcs/gcc/cp/expr.c
1 ../../../egcs/gcc/cp/class.c
1 ../../../egcs/gcc/ch/expr.c
Number of warning types:
69 `???' might be used uninitialized in this function
39 unused parameter `???'
38 comparison between signed and unsigned
12 variable `???' might be clobbered by `longjmp' or `vfork'
4 unused variable `???'
3 implicit declaration of function `???'
2 control reaches end of non-void function
2 assignment discards qualifiers from pointer target type
1 assignment from incompatible pointer type
1 `???' defined but not used
More information about the Gcc-testresults
mailing list