Results for 2.95 19990728 (release) testsuite on i386-unknown-freebsdelf
Loren James Rittle
rittle@latour.rsch.comm.mot.com
Mon Aug 2 12:45:00 GMT 1999
Note: configured with --enable-threads=posix. Tests with -pthread act
as expected, while others fail because of unresolved pthread_* symbols.
Native configuration is i386-unknown-freebsdelf
=== libio tests ===
Running target unix
FAIL: hounddog.cc compilation
FAIL: hounddog.cc compilation -b0
FAIL: hounddog.cc compilation -b2
FAIL: putbackdog.cc compilation
FAIL: putbackdog.cc compilation -b0
FAIL: putbackdog.cc compilation -b2
FAIL: tFile.cc compilation
FAIL: tFile.cc compilation -b0
FAIL: tFile.cc compilation -b3
FAIL: tiomanip.cc compilation
FAIL: tiomisc.cc compilation
=== libio Summary for unix ===
# of expected passes 7
# of unexpected failures 11
# of expected failures 22
Running target unix/-pthread
=== libio Summary for unix/-pthread ===
# of expected passes 40
Running target unix/-fpic
[same list as unix]
=== libio Summary for unix/-fpic ===
# of expected passes 7
# of unexpected failures 11
# of expected failures 22
Running target unix/-fPIC
[same list as unix]
=== libio Summary for unix/-fPIC ===
# of expected passes 7
# of unexpected failures 11
# of expected failures 22
=== libio Summary ===
# of expected passes 61
# of unexpected failures 33
# of expected failures 66
=== libstdc++ tests ===
Running target unix
FAIL: tcomplex.cc compilation
FAIL: tcomplex.cc -O compilation
FAIL: tlist.cc compilation
FAIL: tlist.cc -O compilation
FAIL: tmap.cc compilation
FAIL: tmap.cc -O compilation
FAIL: tstring.cc compilation
FAIL: tstring.cc -O compilation
FAIL: tvector.cc compilation
FAIL: tvector.cc -O compilation
=== libstdc++ Summary for unix ===
# of unexpected failures 10
# of expected failures 20
Running target unix/-pthread
=== libstdc++ Summary for unix/-pthread ===
# of expected passes 30
Running target unix/-fpic
[same list as unix]
=== libstdc++ Summary for unix/-fpic ===
# of unexpected failures 10
# of expected failures 20
Running target unix/-fPIC
[same list as unix]
=== libstdc++ Summary for unix/-fPIC ===
# of unexpected failures 10
# of expected failures 20
=== libstdc++ Summary ===
# of expected passes 30
# of unexpected failures 30
# of expected failures 60
=== gcc tests ===
Running target unix
FAIL: gcc.c-torture/execute/loop-2b.c execution, -O2
FAIL: gcc.c-torture/execute/loop-2b.c execution, -O3 -fomit-frame-pointer
FAIL: gcc.c-torture/execute/loop-2b.c execution, -O3 -fomit-frame-pointer -funroll-loops
FAIL: gcc.c-torture/execute/loop-2b.c execution, -O3 -fomit-frame-pointer -funroll-all-loops -finline-functions
FAIL: gcc.c-torture/execute/loop-2b.c execution, -O3 -g
FAIL: gcc.c-torture/execute/ieee/mzero2.c execution, -O0
FAIL: gcc.c-torture/execute/ieee/mzero2.c execution, -O1
FAIL: gcc.c-torture/execute/ieee/mzero2.c execution, -O2
FAIL: gcc.c-torture/execute/ieee/mzero2.c execution, -O3 -fomit-frame-pointer
FAIL: gcc.c-torture/execute/ieee/mzero2.c execution, -O3 -g
FAIL: gcc.c-torture/execute/ieee/mzero2.c execution, -Os
FAIL: gcc.c-torture/execute/ieee/rbug.c execution, -O0
FAIL: gcc.c-torture/execute/ieee/rbug.c execution, -O1
FAIL: gcc.c-torture/execute/ieee/rbug.c execution, -O2
FAIL: gcc.c-torture/execute/ieee/rbug.c execution, -Os
FAIL: gcc.dg/990119-1.c execution test
FAIL: gcc.dg/cast-qual-1.c discarding `const' warning (test for bogus messages, line 11)
FAIL: gcc.dg/cast-qual-1.c discarding `const' warning (test for warnings, line 17)
FAIL: gcc.dg/compare1.c (test for excess errors)
=== gcc Summary for unix ===
# of expected passes 8125
# of unexpected failures 19
# of expected failures 38
# of unsupported tests 13
Running target unix/-pthread
[same list as unix]
=== gcc Summary for unix/-pthread ===
# of expected passes 8125
# of unexpected failures 19
# of expected failures 38
# of unsupported tests 13
Running target unix/-fpic
FAIL: gcc.c-torture/execute/conversion.c execution, -O3 -fomit-frame-pointer
FAIL: gcc.c-torture/execute/conversion.c execution, -O3 -g
FAIL: gcc.c-torture/execute/ieee/mzero2.c execution, -O0
FAIL: gcc.c-torture/execute/ieee/mzero2.c execution, -O1
FAIL: gcc.c-torture/execute/ieee/mzero2.c execution, -O2
FAIL: gcc.c-torture/execute/ieee/mzero2.c execution, -O3 -fomit-frame-pointer
FAIL: gcc.c-torture/execute/ieee/mzero2.c execution, -O3 -g
FAIL: gcc.c-torture/execute/ieee/mzero2.c execution, -Os
FAIL: gcc.c-torture/execute/ieee/rbug.c execution, -O0
FAIL: gcc.c-torture/execute/ieee/rbug.c execution, -O1
FAIL: gcc.c-torture/execute/ieee/rbug.c execution, -O2
FAIL: gcc.c-torture/execute/ieee/rbug.c execution, -O3 -fomit-frame-pointer
FAIL: gcc.c-torture/execute/ieee/rbug.c execution, -O3 -g
FAIL: gcc.c-torture/execute/ieee/rbug.c execution, -Os
FAIL: gcc.dg/990119-1.c execution test
FAIL: gcc.dg/cast-qual-1.c discarding `const' warning (test for bogus messages, line 11)
FAIL: gcc.dg/cast-qual-1.c discarding `const' warning (test for warnings, line 17)
FAIL: gcc.dg/compare1.c (test for excess errors)
=== gcc Summary for unix/-fpic ===
# of expected passes 8126
# of unexpected failures 18
# of expected failures 38
# of unsupported tests 13
Running target unix/-fPIC
[same list as unix/-fpic]
=== gcc Summary for unix/-fPIC ===
# of expected passes 8126
# of unexpected failures 18
# of expected failures 38
# of unsupported tests 13
=== gcc Summary ===
# of expected passes 32502
# of unexpected failures 74
# of expected failures 152
# of unsupported tests 52
/usr/users/rittle/outside-cvs-src/2.95-i386-unknown-freebsdelf/gcc/xgcc version 2.95 19990728 (release)
=== g++ tests ===
Running target unix
[long FAIL list removed.]
=== g++ Summary for unix ===
# of expected passes 3629
# of unexpected failures 815
# of expected failures 816
# of untested testcases 8
Running target unix/-pthread
FAIL: g++.mike/p6610a.C Execution test
=== g++ Summary for unix/-pthread ===
# of expected passes 5179
# of unexpected failures 1
# of expected failures 80
# of untested testcases 8
Running target unix/-fpic
[long FAIL list removed.]
=== g++ Summary for unix/-fpic ===
# of expected passes 3629
# of unexpected failures 815
# of expected failures 816
# of untested testcases 8
Running target unix/-fPIC
[long FAIL list removed.]
=== g++ Summary for unix/-fPIC ===
# of expected passes 3629
# of unexpected failures 815
# of expected failures 816
# of untested testcases 8
=== g++ Summary ===
# of expected passes 16066
# of unexpected failures 2446
# of expected failures 2528
# of untested testcases 32
/usr/users/rittle/outside-cvs-src/2.95-i386-unknown-freebsdelf/gcc/testsuite/../xgcc version 2.95 19990728 (release)
=== g77 tests ===
Running target unix
=== g77 Summary for unix ===
# of expected passes 602
Running target unix/-pthread
=== g77 Summary for unix/-pthread ===
# of expected passes 602
Running target unix/-fpic
=== g77 Summary for unix/-fpic ===
# of expected passes 602
Running target unix/-fPIC
=== g77 Summary for unix/-fPIC ===
# of expected passes 602
=== g77 Summary ===
# of expected passes 2408
=== objc tests ===
Running target unix
FAIL: objc/execute/bf-1.m compilation, -O
FAIL: objc/execute/bf-10.m compilation, -O
FAIL: objc/execute/bf-11.m compilation, -O
FAIL: objc/execute/bf-12.m compilation, -O
FAIL: objc/execute/bf-13.m compilation, -O
FAIL: objc/execute/bf-14.m compilation, -O
FAIL: objc/execute/bf-15.m compilation, -O
FAIL: objc/execute/bf-16.m compilation, -O
FAIL: objc/execute/bf-17.m compilation, -O
FAIL: objc/execute/bf-18.m compilation, -O
FAIL: objc/execute/bf-19.m compilation, -O
FAIL: objc/execute/bf-2.m compilation, -O
FAIL: objc/execute/bf-3.m compilation, -O
FAIL: objc/execute/bf-4.m compilation, -O
FAIL: objc/execute/bf-5.m compilation, -O
FAIL: objc/execute/bf-6.m compilation, -O
FAIL: objc/execute/bf-7.m compilation, -O
FAIL: objc/execute/bf-8.m compilation, -O
FAIL: objc/execute/bf-9.m compilation, -O
=== objc Summary for unix ===
# of unexpected failures 19
# of untested testcases 19
Running target unix/-pthread
=== objc Summary for unix/-pthread ===
# of expected passes 38
Running target unix/-fpic
FAIL: objc/execute/bf-1.m compilation, -O
FAIL: objc/execute/bf-10.m compilation, -O
FAIL: objc/execute/bf-11.m compilation, -O
FAIL: objc/execute/bf-12.m compilation, -O
FAIL: objc/execute/bf-13.m compilation, -O
FAIL: objc/execute/bf-14.m compilation, -O
FAIL: objc/execute/bf-15.m compilation, -O
FAIL: objc/execute/bf-16.m compilation, -O
FAIL: objc/execute/bf-17.m compilation, -O
FAIL: objc/execute/bf-18.m compilation, -O
FAIL: objc/execute/bf-19.m compilation, -O
FAIL: objc/execute/bf-2.m compilation, -O
FAIL: objc/execute/bf-3.m compilation, -O
FAIL: objc/execute/bf-4.m compilation, -O
FAIL: objc/execute/bf-5.m compilation, -O
FAIL: objc/execute/bf-6.m compilation, -O
FAIL: objc/execute/bf-7.m compilation, -O
FAIL: objc/execute/bf-8.m compilation, -O
FAIL: objc/execute/bf-9.m compilation, -O
=== objc Summary for unix/-fpic ===
# of unexpected failures 19
# of untested testcases 19
Running target unix/-fPIC
FAIL: objc/execute/bf-1.m compilation, -O
FAIL: objc/execute/bf-10.m compilation, -O
FAIL: objc/execute/bf-11.m compilation, -O
FAIL: objc/execute/bf-12.m compilation, -O
FAIL: objc/execute/bf-13.m compilation, -O
FAIL: objc/execute/bf-14.m compilation, -O
FAIL: objc/execute/bf-15.m compilation, -O
FAIL: objc/execute/bf-16.m compilation, -O
FAIL: objc/execute/bf-17.m compilation, -O
FAIL: objc/execute/bf-18.m compilation, -O
FAIL: objc/execute/bf-19.m compilation, -O
FAIL: objc/execute/bf-2.m compilation, -O
FAIL: objc/execute/bf-3.m compilation, -O
FAIL: objc/execute/bf-4.m compilation, -O
FAIL: objc/execute/bf-5.m compilation, -O
FAIL: objc/execute/bf-6.m compilation, -O
FAIL: objc/execute/bf-7.m compilation, -O
FAIL: objc/execute/bf-8.m compilation, -O
FAIL: objc/execute/bf-9.m compilation, -O
=== objc Summary for unix/-fPIC ===
# of unexpected failures 19
# of untested testcases 19
=== objc Summary ===
# of expected passes 38
# of unexpected failures 57
# of untested testcases 57
/usr/users/rittle/outside-cvs-src/2.95-i386-unknown-freebsdelf/gcc/xgcc version 2.95 19990728 (release)
Compiler version: 2.95 19990728 (release)
Platform: i386-unknown-freebsdelf
configure flags: --with-gcc-version-trigger=/usr/users/rittle/outside-cvs-src/egcs/gcc/version.c --host=i386-unknown-freebsdelf --enable-shared --enable-threads=posix --with-gnu-as --with-as=/usr/local/bin/as --with-gnu-ld --with-ld=/usr/local/bin/ld --with-gxx-include-dir='${prefix}/share/gcc/2.95/include/g++' --norecursion
BOOT_CFLAGS=-g -O2
More information about the Gcc-testresults
mailing list