Results for egcs-2.93.20 19990427 (gcc2 ss-980929 experimental) testsuite on sparc-sun-solaris2.6
Alexandre Oliva
oliva@dcc.unicamp.br
Thu Apr 29 00:13:00 GMT 1999
Native configuration is sparc-sun-solaris2.6
=== g++ tests ===
Running target unix
FAIL: g++.dg/special/conpr-1.C execution test
FAIL: g++.dg/special/conpr-2.C execution test
FAIL: g++.dg/special/conpr-3.C execution test
FAIL: g++.dg/special/conpr-3.C execution test
FAIL: g++.brendan/asm-extn1.C caused compiler crash
FAIL: g++.eh/cleanup1.C Execution test
FAIL: g++.eh/flow1.C Execution test
FAIL: g++.eh/new1.C Execution test
FAIL: g++.eh/new2.C Execution test
FAIL: g++.eh/pdel1.C Execution test
FAIL: g++.eh/pdel2.C Execution test
FAIL: g++.eh/ptr1.C Execution test
FAIL: g++.eh/rethrow1.C Execution test
FAIL: g++.eh/rethrow2.C Execution test
FAIL: g++.eh/rethrow4.C Execution test
FAIL: g++.eh/rethrow5.C Execution test
FAIL: g++.eh/spec1.C Execution test
FAIL: g++.eh/spec2.C Execution test
FAIL: g++.eh/spec3.C Execution test
FAIL: g++.eh/spec4.C Execution test
FAIL: g++.eh/unwind1.C Execution test
FAIL: g++.mike/dyncast1.C Execution test
FAIL: g++.mike/dyncast2.C Execution test
FAIL: g++.mike/eh10.C Execution test
FAIL: g++.mike/eh12.C Execution test
FAIL: g++.mike/eh14.C Execution test
FAIL: g++.mike/eh16.C Execution test
FAIL: g++.mike/eh17.C Execution test
FAIL: g++.mike/eh18.C Execution test
FAIL: g++.mike/eh2.C Execution test
FAIL: g++.mike/eh21.C Execution test
FAIL: g++.mike/eh23.C Execution test
FAIL: g++.mike/eh24.C Execution test
FAIL: g++.mike/eh25.C Execution test
FAIL: g++.mike/eh26.C Execution test
FAIL: g++.mike/eh27.C Execution test
FAIL: g++.mike/eh28.C Execution test
FAIL: g++.mike/eh29.C Execution test
FAIL: g++.mike/eh3.C Execution test
FAIL: g++.mike/eh31.C Execution test
FAIL: g++.mike/eh33.C Execution test
FAIL: g++.mike/eh34.C Execution test
FAIL: g++.mike/eh35.C Execution test
FAIL: g++.mike/eh36.C Execution test
FAIL: g++.mike/eh37.C Execution test
FAIL: g++.mike/eh38.C Execution test
FAIL: g++.mike/eh39.C Execution test
FAIL: g++.mike/eh40.C Execution test
FAIL: g++.mike/eh41.C Execution test
FAIL: g++.mike/eh42.C Execution test
FAIL: g++.mike/eh44.C Execution test
FAIL: g++.mike/eh47.C Execution test
FAIL: g++.mike/eh48.C Execution test
FAIL: g++.mike/eh49.C Execution test
FAIL: g++.mike/eh5.C Execution test
FAIL: g++.mike/eh50.C Execution test
FAIL: g++.mike/eh51.C Execution test
FAIL: g++.mike/eh55.C Execution test
FAIL: g++.mike/eh6.C Execution test
FAIL: g++.mike/eh8.C Execution test
FAIL: g++.mike/p7912.C Execution test
FAIL: g++.mike/p9706.C Execution test
FAIL: g++.other/array1.C Execution test
FAIL: g++.other/init7.C Execution test
FAIL: g++.other/singleton.C Execution test
FAIL: g++.robertl/eb31.C Execution test
FAIL: g++.robertl/eb50.C Execution test
FAIL: g++.robertl/eb66.C Execution test
FAIL: g++.robertl/eb88.C Execution test
=== g++ Summary ===
# of expected passes 5061
# of unexpected failures 69
# of expected failures 80
# of untested testcases 10
/l/dsk00/temp/egcs/gcc/testsuite/../xgcc version egcs-2.93.20 19990427 (gcc2 ss-980929 experimental)
=== g77 tests ===
Running target unix
=== g77 Summary ===
# of expected passes 590
=== gcc tests ===
Running target unix
FAIL: gcc.dg/990119-1.c execution test
=== gcc Summary ===
# of expected passes 8073
# of unexpected failures 1
# of expected failures 31
# of unsupported tests 25
/l/dsk00/temp/egcs/gcc/xgcc version egcs-2.93.20 19990427 (gcc2 ss-980929 experimental)
=== libg++ tests ===
Running target unix
FAIL: tRational.cc execution
FAIL: tRandom.cc execution
=== libg++ Summary ===
# of expected passes 68
# of unexpected failures 2
# of expected failures 2
=== libio tests ===
Running target unix
=== libio Summary ===
# of expected passes 40
=== libstdc++ tests ===
Running target unix
FAIL: tcomplex.cc execution
FAIL: tcomplex.cc -O execution
=== libstdc++ Summary ===
# of expected passes 26
# of unexpected failures 2
# of expected failures 2
=== objc tests ===
Running target unix
FAIL: objc/execute/bf-1.m compilation, -O
FAIL: objc/execute/bf-10.m compilation, -O
FAIL: objc/execute/bf-11.m compilation, -O
FAIL: objc/execute/bf-12.m compilation, -O
FAIL: objc/execute/bf-13.m compilation, -O
FAIL: objc/execute/bf-14.m compilation, -O
FAIL: objc/execute/bf-15.m compilation, -O
FAIL: objc/execute/bf-16.m compilation, -O
FAIL: objc/execute/bf-17.m compilation, -O
FAIL: objc/execute/bf-18.m compilation, -O
FAIL: objc/execute/bf-19.m compilation, -O
FAIL: objc/execute/bf-2.m compilation, -O
FAIL: objc/execute/bf-3.m compilation, -O
FAIL: objc/execute/bf-4.m compilation, -O
FAIL: objc/execute/bf-5.m compilation, -O
FAIL: objc/execute/bf-6.m compilation, -O
FAIL: objc/execute/bf-7.m compilation, -O
FAIL: objc/execute/bf-8.m compilation, -O
FAIL: objc/execute/bf-9.m compilation, -O
=== objc Summary ===
# of unexpected failures 19
# of untested testcases 19
/l/dsk00/temp/egcs/gcc/xgcc version egcs-2.93.20 19990427 (gcc2 ss-980929 experimental)
Compiler version: egcs-2.93.20 19990427 (gcc2 ss-980929 experimental)
Platform: sparc-sun-solaris2.6
BOOT_CFLAGS: -g -O9 -W -Wall
Counting all warnings,
there are 206 warnings in stage3 of this bootstrap.
Number of warnings per file:
12 /home/phd/oliva/src/egcs/gcc/java/lex.c
10 /home/phd/oliva/src/egcs/gcc/integrate.c
10 /home/phd/oliva/src/egcs/gcc/cse.c
9 ./parse.y
8 /home/phd/oliva/src/egcs/gcc/reload1.c
8 /home/phd/oliva/src/egcs/gcc/calls.c
7 /home/phd/oliva/src/egcs/gcc/final.c
7 /home/phd/oliva/src/egcs/gcc/combine.c
6 /home/phd/oliva/src/egcs/gcc/unroll.c
6 /home/phd/oliva/src/egcs/gcc/reload.c
6 /home/phd/oliva/src/egcs/gcc/objc/objc-act.c
6 /home/phd/oliva/src/egcs/gcc/loop.c
6 /home/phd/oliva/src/egcs/gcc/java/jcf-reader.c
6 /home/phd/oliva/src/egcs/gcc/java/expr.c
6 /home/phd/oliva/src/egcs/gcc/dwarf2out.c
5 /home/phd/oliva/src/egcs/gcc/varasm.c
4 cxxmain.c
4 cexp.y
4 /home/phd/oliva/src/egcs/gcc/tlink.c
4 /home/phd/oliva/src/egcs/gcc/regmove.c
4 /home/phd/oliva/src/egcs/gcc/java/lex.h
4 /home/phd/oliva/src/egcs/gcc/java/../hwint.h
4 /home/phd/oliva/src/egcs/gcc/expr.c
4 /home/phd/oliva/src/egcs/gcc/ch/actions.c
3 /home/phd/oliva/src/egcs/gcc/java/verify.c
3 /home/phd/oliva/src/egcs/gcc/genopinit.c
3 /home/phd/oliva/src/egcs/gcc/cccp.c
2 insn-attrtab.c
2 /home/phd/oliva/src/egcs/gcc/local-alloc.c
2 /home/phd/oliva/src/egcs/gcc/java/xref.c
2 /home/phd/oliva/src/egcs/gcc/java/gjavah.c
2 /home/phd/oliva/src/egcs/gcc/java/class.c
2 /home/phd/oliva/src/egcs/gcc/fold-const.c
2 /home/phd/oliva/src/egcs/gcc/fix-header.c
2 /home/phd/oliva/src/egcs/gcc/dbxout.c
2 /home/phd/oliva/src/egcs/gcc/cpphash.c
2 /home/phd/oliva/src/egcs/gcc/collect2.c
2 /home/phd/oliva/src/egcs/gcc/alias.c
1 splay-tree.c
1 insn-emit.c
1 /home/phd/oliva/src/egcs/gcc/tree.c
1 /home/phd/oliva/src/egcs/gcc/stupid.c
1 /home/phd/oliva/src/egcs/gcc/stmt.c
1 /home/phd/oliva/src/egcs/gcc/scan-decls.c
1 /home/phd/oliva/src/egcs/gcc/rtl.c
1 /home/phd/oliva/src/egcs/gcc/regclass.c
1 /home/phd/oliva/src/egcs/gcc/jump.c
1 /home/phd/oliva/src/egcs/gcc/java/jcf-write.c
1 /home/phd/oliva/src/egcs/gcc/java/jcf-io.c
1 /home/phd/oliva/src/egcs/gcc/java/javaop.def
1 /home/phd/oliva/src/egcs/gcc/java/decl.c
1 /home/phd/oliva/src/egcs/gcc/hash.c
1 /home/phd/oliva/src/egcs/gcc/genattrtab.c
1 /home/phd/oliva/src/egcs/gcc/function.c
1 /home/phd/oliva/src/egcs/gcc/flow.c
1 /home/phd/oliva/src/egcs/gcc/f/g77spec.c
1 /home/phd/oliva/src/egcs/gcc/f/com.c
1 /home/phd/oliva/src/egcs/gcc/explow.c
1 /home/phd/oliva/src/egcs/gcc/emit-rtl.c
1 /home/phd/oliva/src/egcs/gcc/cp/sig.c
1 /home/phd/oliva/src/egcs/gcc/cp/expr.c
1 /home/phd/oliva/src/egcs/gcc/cp/decl.c
1 /home/phd/oliva/src/egcs/gcc/ch/expr.c
Number of warning types:
80 `???' might be used uninitialized in this function
48 comparison between signed and unsigned
45 unused parameter `???'
12 variable `???' might be clobbered by `longjmp' or `vfork'
4 this is the location of the previous definition
4 `???' redefined
3 unused variable `???'
3 implicit declaration of function `???'
3 empty body in an else-statement
2 control reaches end of non-void function
1 missing initializer
1 (near initialization for `???')
More information about the Gcc-testresults
mailing list