Results for egcs-2.93.19 19990423 (gcc2 ss-980929 experimental) testsuite on sparc-sun-sunos4.1.4
Kaveh R. Ghazi
ghazi@caip.rutgers.edu
Mon Apr 26 03:09:00 GMT 1999
Native configuration is sparc-sun-sunos4.1.4
=== objc tests ===
Running target unix/-fPIC
=== objc Summary for unix/-fPIC ===
# of expected passes 38
Running target unix/-fpic
=== objc Summary for unix/-fpic ===
# of expected passes 38
Running target unix
=== objc Summary for unix ===
# of expected passes 38
=== objc Summary ===
# of expected passes 114
/a/caip/a47/u47/ghazi/gcc-testing/sunos-test/build/gcc/xgcc version egcs-2.93.19 19990423 (gcc2 ss-980929 experimental)
=== gcc tests ===
Running target unix/-fPIC
FAIL: gcc.c-torture/compile/calls.c, -O0
FAIL: gcc.c-torture/compile/calls.c, -O1
FAIL: gcc.c-torture/compile/calls.c, -O2
FAIL: gcc.c-torture/compile/calls.c, -O3 -fomit-frame-pointer
FAIL: gcc.c-torture/compile/calls.c, -O3 -g
FAIL: gcc.c-torture/compile/calls.c, -Os
FAIL: gcc.c-torture/execute/920715-1.c execution, -O1
FAIL: gcc.c-torture/execute/920715-1.c execution, -O2
FAIL: gcc.c-torture/execute/920715-1.c execution, -O3 -fomit-frame-pointer
FAIL: gcc.c-torture/execute/920715-1.c execution, -O3 -fomit-frame-pointer -funroll-loops
FAIL: gcc.c-torture/execute/920715-1.c execution, -O3 -fomit-frame-pointer -funroll-all-loops -finline-functions
FAIL: gcc.c-torture/execute/920715-1.c execution, -O3 -g
FAIL: gcc.c-torture/execute/921208-2.c execution, -O1
FAIL: gcc.c-torture/execute/921208-2.c execution, -O2
FAIL: gcc.c-torture/execute/930603-1.c execution, -O3 -fomit-frame-pointer
FAIL: gcc.c-torture/execute/930603-1.c execution, -O3 -g
FAIL: gcc.c-torture/execute/930614-1.c execution, -O2
FAIL: gcc.c-torture/execute/930614-1.c execution, -Os
FAIL: gcc.c-torture/execute/930628-1.c execution, -O1
FAIL: gcc.c-torture/execute/980709-1.c execution, -O0
FAIL: gcc.c-torture/execute/980709-1.c execution, -O1
FAIL: gcc.c-torture/execute/980709-1.c execution, -O2
FAIL: gcc.c-torture/execute/980709-1.c execution, -O3 -fomit-frame-pointer
FAIL: gcc.c-torture/execute/980709-1.c execution, -O3 -g
FAIL: gcc.c-torture/execute/980709-1.c execution, -Os
FAIL: gcc.c-torture/execute/990130-1.c compilation, -O0
FAIL: gcc.c-torture/execute/990130-1.c compilation, -O1
FAIL: gcc.c-torture/execute/990130-1.c compilation, -O2
FAIL: gcc.c-torture/execute/990130-1.c compilation, -O3 -fomit-frame-pointer
FAIL: gcc.c-torture/execute/990130-1.c compilation, -O3 -g
FAIL: gcc.c-torture/execute/990130-1.c compilation, -Os
FAIL: gcc.c-torture/execute/conversion.c execution, -O2
FAIL: gcc.c-torture/execute/conversion.c execution, -O3 -fomit-frame-pointer
FAIL: gcc.c-torture/execute/conversion.c execution, -O3 -g
FAIL: gcc.c-torture/execute/conversion.c execution, -Os
FAIL: gcc.c-torture/execute/gofast.c execution, -O2
FAIL: gcc.c-torture/execute/gofast.c execution, -Os
FAIL: gcc.c-torture/execute/memcpy-bi.c compilation, -O3 -fomit-frame-pointer
FAIL: gcc.c-torture/execute/memcpy-bi.c compilation, -O3 -fomit-frame-pointer -funroll-loops
FAIL: gcc.c-torture/execute/memcpy-bi.c compilation, -O3 -fomit-frame-pointer -funroll-all-loops -finline-functions
FAIL: gcc.c-torture/execute/memcpy-bi.c compilation, -O3 -g
FAIL: gcc.c-torture/execute/ieee/930529-1.c compilation, -O0
FAIL: gcc.c-torture/execute/ieee/mzero2.c execution, -O1
FAIL: gcc.c-torture/execute/ieee/mzero2.c execution, -O2
FAIL: gcc.c-torture/execute/ieee/mzero2.c execution, -Os
FAIL: gcc.dg/990119-1.c execution test
FAIL: gcc.misc-tests/gcov-1.c (test for excess errors)
FAIL: gcc.misc-tests/gcov-1.c execution test
FAIL: gcov-1.c:1:is 4:should be 11
FAIL: gcov-1.c:1:is 5:should be 10
FAIL: gcov-1.c:1:is 7:should be 1
FAIL: gcc.misc-tests/gcov-2.c (test for excess errors) (PRMS 8294)
FAIL: gcc.misc-tests/gcov-2.c execution test (PRMS 8294)
=== gcc Summary for unix/-fPIC ===
# of expected passes 8003
# of unexpected failures 53
# of expected failures 31
# of unresolved testcases 11
# of unsupported tests 23
Running target unix/-fpic
FAIL: gcc.c-torture/compile/calls.c, -O0
FAIL: gcc.c-torture/compile/calls.c, -O1
FAIL: gcc.c-torture/compile/calls.c, -O2
FAIL: gcc.c-torture/compile/calls.c, -O3 -fomit-frame-pointer
FAIL: gcc.c-torture/compile/calls.c, -O3 -g
FAIL: gcc.c-torture/compile/calls.c, -Os
FAIL: gcc.c-torture/execute/920715-1.c compilation, -O1
FAIL: gcc.c-torture/execute/920715-1.c compilation, -O2
FAIL: gcc.c-torture/execute/920715-1.c compilation, -O3 -fomit-frame-pointer
FAIL: gcc.c-torture/execute/920715-1.c compilation, -O3 -fomit-frame-pointer -funroll-loops
FAIL: gcc.c-torture/execute/920715-1.c compilation, -O3 -fomit-frame-pointer -funroll-all-loops -finline-functions
FAIL: gcc.c-torture/execute/920715-1.c compilation, -O3 -g
FAIL: gcc.c-torture/execute/921208-2.c compilation, -O1
FAIL: gcc.c-torture/execute/921208-2.c compilation, -O2
FAIL: gcc.c-torture/execute/930603-1.c compilation, -O3 -fomit-frame-pointer
FAIL: gcc.c-torture/execute/930603-1.c compilation, -O3 -g
FAIL: gcc.c-torture/execute/930614-1.c compilation, -O2
FAIL: gcc.c-torture/execute/930614-1.c compilation, -Os
FAIL: gcc.c-torture/execute/930628-1.c compilation, -O1
FAIL: gcc.c-torture/execute/980709-1.c execution, -O0
FAIL: gcc.c-torture/execute/980709-1.c execution, -O1
FAIL: gcc.c-torture/execute/980709-1.c execution, -O2
FAIL: gcc.c-torture/execute/980709-1.c execution, -O3 -fomit-frame-pointer
FAIL: gcc.c-torture/execute/980709-1.c execution, -O3 -g
FAIL: gcc.c-torture/execute/980709-1.c execution, -Os
FAIL: gcc.c-torture/execute/990130-1.c compilation, -O0
FAIL: gcc.c-torture/execute/990130-1.c compilation, -O1
FAIL: gcc.c-torture/execute/990130-1.c compilation, -O2
FAIL: gcc.c-torture/execute/990130-1.c compilation, -O3 -fomit-frame-pointer
FAIL: gcc.c-torture/execute/990130-1.c compilation, -O3 -g
FAIL: gcc.c-torture/execute/990130-1.c compilation, -Os
FAIL: gcc.c-torture/execute/conversion.c compilation, -O2
FAIL: gcc.c-torture/execute/conversion.c compilation, -O3 -fomit-frame-pointer
FAIL: gcc.c-torture/execute/conversion.c compilation, -O3 -g
FAIL: gcc.c-torture/execute/conversion.c compilation, -Os
FAIL: gcc.c-torture/execute/gofast.c compilation, -O2
FAIL: gcc.c-torture/execute/gofast.c compilation, -Os
FAIL: gcc.c-torture/execute/memcpy-bi.c compilation, -O3 -fomit-frame-pointer -funroll-all-loops -finline-functions
FAIL: gcc.c-torture/execute/memcpy-bi.c compilation, -O3 -g
FAIL: gcc.c-torture/execute/ieee/mzero2.c compilation, -O1
FAIL: gcc.c-torture/execute/ieee/mzero2.c compilation, -O2
FAIL: gcc.c-torture/execute/ieee/mzero2.c compilation, -Os
FAIL: gcc.dg/990119-1.c execution test
FAIL: gcc.misc-tests/gcov-1.c (test for excess errors)
FAIL: gcov-1.c:1:is 4:should be 11
FAIL: gcov-1.c:1:is 5:should be 10
FAIL: gcov-1.c:1:is 7:should be 1
FAIL: gcc.misc-tests/gcov-2.c (test for excess errors) (PRMS 8294)
=== gcc Summary for unix/-fpic ===
# of expected passes 7987
# of unexpected failures 48
# of expected failures 31
# of unresolved testcases 30
# of unsupported tests 23
Running target unix
FAIL: gcc.c-torture/execute/980709-1.c execution, -O0
FAIL: gcc.c-torture/execute/980709-1.c execution, -O1
FAIL: gcc.c-torture/execute/980709-1.c execution, -O2
FAIL: gcc.c-torture/execute/980709-1.c execution, -O3 -fomit-frame-pointer
FAIL: gcc.c-torture/execute/980709-1.c execution, -O3 -g
FAIL: gcc.c-torture/execute/980709-1.c execution, -Os
FAIL: gcc.c-torture/execute/990130-1.c compilation, -O0
FAIL: gcc.c-torture/execute/990130-1.c compilation, -O1
FAIL: gcc.c-torture/execute/990130-1.c compilation, -O2
FAIL: gcc.c-torture/execute/990130-1.c compilation, -O3 -fomit-frame-pointer
FAIL: gcc.c-torture/execute/990130-1.c compilation, -O3 -g
FAIL: gcc.c-torture/execute/990130-1.c compilation, -Os
FAIL: gcc.c-torture/execute/bcp-1.c compilation, -O3 -fomit-frame-pointer
FAIL: gcc.dg/990119-1.c execution test
=== gcc Summary for unix ===
# of expected passes 8044
# of unexpected failures 14
# of expected failures 31
# of unresolved testcases 7
# of unsupported tests 23
=== gcc Summary ===
# of expected passes 24034
# of unexpected failures 115
# of expected failures 93
# of unresolved testcases 48
# of unsupported tests 69
/a/caip/a47/u47/ghazi/gcc-testing/sunos-test/build/gcc/xgcc version egcs-2.93.19 19990423 (gcc2 ss-980929 experimental)
=== g77 tests ===
Running target unix/-fPIC
FAIL: g77.f-torture/execute/19990325-0.f execution, -O0
FAIL: g77.f-torture/execute/19990325-0.f execution, -O1
FAIL: g77.f-torture/execute/19990325-0.f execution, -O2
FAIL: g77.f-torture/execute/19990325-0.f execution, -O2 -fomit-frame-pointer -finline-functions
FAIL: g77.f-torture/execute/19990325-0.f execution, -Os
FAIL: g77.f-torture/execute/19990325-1.f execution, -O0
FAIL: g77.f-torture/execute/19990325-1.f execution, -O1
FAIL: g77.f-torture/execute/19990325-1.f execution, -O2
FAIL: g77.f-torture/execute/19990325-1.f execution, -O2 -fomit-frame-pointer -finline-functions
FAIL: g77.f-torture/execute/19990325-1.f execution, -Os
FAIL: g77.f-torture/execute/dnrm2.f execution, -Os
FAIL: g77.f-torture/execute/exp.f execution, -O0
FAIL: g77.f-torture/execute/exp.f execution, -O1
FAIL: g77.f-torture/execute/exp.f execution, -O2
FAIL: g77.f-torture/execute/exp.f execution, -O2 -fomit-frame-pointer -finline-functions
FAIL: g77.f-torture/execute/exp.f execution, -Os
=== g77 Summary for unix/-fPIC ===
# of expected passes 574
# of unexpected failures 16
Running target unix/-fpic
FAIL: g77.f-torture/execute/19990325-0.f execution, -O0
FAIL: g77.f-torture/execute/19990325-0.f execution, -O1
FAIL: g77.f-torture/execute/19990325-0.f execution, -O2
FAIL: g77.f-torture/execute/19990325-0.f execution, -O2 -fomit-frame-pointer -finline-functions
FAIL: g77.f-torture/execute/19990325-0.f execution, -Os
FAIL: g77.f-torture/execute/19990325-1.f execution, -O0
FAIL: g77.f-torture/execute/19990325-1.f execution, -O1
FAIL: g77.f-torture/execute/19990325-1.f execution, -O2
FAIL: g77.f-torture/execute/19990325-1.f execution, -O2 -fomit-frame-pointer -finline-functions
FAIL: g77.f-torture/execute/19990325-1.f execution, -Os
FAIL: g77.f-torture/execute/dnrm2.f compilation, -Os
FAIL: g77.f-torture/execute/exp.f execution, -O0
FAIL: g77.f-torture/execute/exp.f execution, -O1
FAIL: g77.f-torture/execute/exp.f execution, -O2
FAIL: g77.f-torture/execute/exp.f execution, -O2 -fomit-frame-pointer -finline-functions
FAIL: g77.f-torture/execute/exp.f execution, -Os
=== g77 Summary for unix/-fpic ===
# of expected passes 573
# of unexpected failures 16
# of untested testcases 1
Running target unix
FAIL: g77.f-torture/execute/19990325-0.f execution, -O0
FAIL: g77.f-torture/execute/19990325-0.f execution, -O1
FAIL: g77.f-torture/execute/19990325-0.f execution, -O2
FAIL: g77.f-torture/execute/19990325-0.f execution, -O2 -fomit-frame-pointer -finline-functions
FAIL: g77.f-torture/execute/19990325-0.f execution, -Os
FAIL: g77.f-torture/execute/19990325-1.f execution, -O0
FAIL: g77.f-torture/execute/19990325-1.f execution, -O1
FAIL: g77.f-torture/execute/19990325-1.f execution, -O2
FAIL: g77.f-torture/execute/19990325-1.f execution, -O2 -fomit-frame-pointer -finline-functions
FAIL: g77.f-torture/execute/19990325-1.f execution, -Os
FAIL: g77.f-torture/execute/exp.f execution, -O0
FAIL: g77.f-torture/execute/exp.f execution, -O1
FAIL: g77.f-torture/execute/exp.f execution, -O2
FAIL: g77.f-torture/execute/exp.f execution, -O2 -fomit-frame-pointer -finline-functions
FAIL: g77.f-torture/execute/exp.f execution, -Os
=== g77 Summary for unix ===
# of expected passes 575
# of unexpected failures 15
=== g77 Summary ===
# of expected passes 1722
# of unexpected failures 47
# of untested testcases 1
=== g++ tests ===
Running target unix/-fPIC
FAIL: g++.brendan/asm-extn1.C caused compiler crash
FAIL: g++.law/profile1.C (test for excess errors)
XPASS: g++.pt/instantiate6.C (test for excess errors)
FAIL: g++.pt/static3.C (test for excess errors)
FAIL: g++.pt/static6.C (test for excess errors)
FAIL: g++.robertl/eb83.C (test for excess errors)
FAIL: g++.robertl/eb83.C Execution test
=== g++ Summary for unix/-fPIC ===
# of expected passes 5120
# of unexpected failures 6
# of unexpected successes 1
# of expected failures 80
# of untested testcases 10
Running target unix/-fpic
FAIL: g++.brendan/asm-extn1.C caused compiler crash
FAIL: g++.law/profile1.C (test for excess errors)
XPASS: g++.pt/instantiate6.C (test for excess errors)
FAIL: g++.pt/static3.C (test for excess errors)
FAIL: g++.pt/static6.C (test for excess errors)
FAIL: g++.robertl/eb83.C (test for excess errors)
=== g++ Summary for unix/-fpic ===
# of expected passes 5120
# of unexpected failures 5
# of unexpected successes 1
# of expected failures 81
# of untested testcases 10
Running target unix
FAIL: g++.brendan/asm-extn1.C caused compiler crash
XPASS: g++.pt/instantiate6.C (test for excess errors)
FAIL: g++.pt/static3.C (test for excess errors)
FAIL: g++.pt/static6.C (test for excess errors)
=== g++ Summary for unix ===
# of expected passes 5123
# of unexpected failures 3
# of unexpected successes 1
# of expected failures 80
# of untested testcases 10
=== g++ Summary ===
# of expected passes 15363
# of unexpected failures 14
# of unexpected successes 3
# of expected failures 241
# of untested testcases 30
/a/caip/a47/u47/ghazi/gcc-testing/sunos-test/build/gcc/testsuite/../xgcc version egcs-2.93.19 19990423 (gcc2 ss-980929 experimental)
=== libstdc++ tests ===
Running target unix/-fPIC
FAIL: tcomplex.cc execution
FAIL: tcomplex.cc -O execution
=== libstdc++ Summary for unix/-fPIC ===
# of expected passes 26
# of unexpected failures 2
# of expected failures 2
Running target unix/-fpic
FAIL: tcomplex.cc compilation
FAIL: tcomplex.cc -O compilation
=== libstdc++ Summary for unix/-fpic ===
# of expected passes 24
# of unexpected failures 2
# of expected failures 4
Running target unix
=== libstdc++ Summary for unix ===
# of expected passes 30
=== libstdc++ Summary ===
# of expected passes 80
# of unexpected failures 4
# of expected failures 6
=== libio tests ===
Running target unix/-fPIC
FAIL: tFile.cc execution
FAIL: tFile.cc execution -b0
FAIL: tFile.cc execution -b3
=== libio Summary for unix/-fPIC ===
# of expected passes 34
# of unexpected failures 3
# of expected failures 3
Running target unix/-fpic
FAIL: tFile.cc compilation
FAIL: tFile.cc compilation -b0
FAIL: tFile.cc compilation -b3
=== libio Summary for unix/-fpic ===
# of expected passes 31
# of unexpected failures 3
# of expected failures 6
Running target unix
=== libio Summary for unix ===
# of expected passes 40
=== libio Summary ===
# of expected passes 105
# of unexpected failures 6
# of expected failures 9
Compiler version: egcs-2.93.19 19990423 (gcc2 ss-980929 experimental)
Platform: sparc-sun-sunos4.1.4
configure flags: --with-gcc-version-trigger=/a/caip/a47/u47/ghazi/gcc-testing/egcs-CVS19990423/gcc/version.c --host=sparc-sun-sunos4.1.4 --verbose --norecursion
BOOT_CFLAGS=-g -O2 -D__USE_FIXED_PROTOTYPES__
More information about the Gcc-testresults
mailing list