Results for egcs-2.93.18 19990417 (gcc2 ss-980929 experimental) testsuite on i586-redhat-linux-gnu
Manfred Hollstein
manfred-h@t-online.de
Sun Apr 18 02:17:00 GMT 1999
Compiler version: egcs-2.93.18 19990417 (gcc2 ss-980929 experimental)
Platform: i586-redhat-linux-gnu
Sources: - egcs from CVS last updated at 1999/04/17 19:15:44 +0200
- libg++-2.8.1.3
Patches: None.
Environment: - autoconf-2.13
- automake-1.4
- gas/binutils snapshot as of 1999/04/11
- dejagnu-19981026
+ look_for_dir_with_trigger patch
- gperf-2.7
+ gperf-2.7-19981006.pat
- RedHat Linux 5.2
+ recommended updates as of today
- Kernel 2.2.5 (compiled by
"gcc version egcs-2.93.17 19990409 (gcc2 ss-980929 experimental)")
- glibc-2.0.7-29
- glibc-devel-2.0.7-29
Remarks: None.
configure flags: --with-gcc-version-trigger=/home/gnu/work/GNU/egcs-19990417/gcc/version.c --host=i586-redhat-linux-gnu --srcdir=../egcs-19990417 --prefix=/tools/gnu --with-gnu-as --with-gnu-ld --enable-shared --enable-version-specific-runtime-libs --with-local-prefix=/tools/gnu --enable-languages=c,gcov,c++ --enable-nls --verbose --norecursion
BOOT_CC: gcc version egcs-2.91.66 19990314 (egcs-1.1.2 release)
BOOT_CFLAGS: -O9 -funroll-all-loops -march=pentium -mcpu=pentium -fomit-frame-pointer -W -Wall
CFLAGS: -O9 -march=pentium -mcpu=pentium -fomit-frame-pointer
CXXFLAGS: -O9 -march=pentium -mcpu=pentium -g
Native configuration is i586-redhat-linux-gnu
=== libio tests ===
Running target unix
=== libio Summary ===
# of expected passes 40
=== libstdc++ tests ===
Running target unix
=== libstdc++ Summary ===
# of expected passes 30
=== libg++ tests ===
Running target unix
=== libg++ Summary ===
# of expected passes 72
=== gcc tests ===
Running target unix
FAIL: gcc.c-torture/execute/980709-1.c compilation, -O1
FAIL: gcc.c-torture/execute/980709-1.c compilation, -O2
FAIL: gcc.c-torture/execute/980709-1.c compilation, -O3 -fomit-frame-pointer
FAIL: gcc.c-torture/execute/980709-1.c compilation, -O3 -g
FAIL: gcc.c-torture/execute/980709-1.c compilation, -Os
FAIL: gcc.c-torture/execute/990130-1.c compilation, -O0
FAIL: gcc.c-torture/execute/990130-1.c compilation, -O1
FAIL: gcc.c-torture/execute/990130-1.c compilation, -O2
FAIL: gcc.c-torture/execute/990130-1.c compilation, -O3 -fomit-frame-pointer
FAIL: gcc.c-torture/execute/990130-1.c compilation, -O3 -g
FAIL: gcc.c-torture/execute/990130-1.c compilation, -Os
FAIL: gcc.dg/990119-1.c execution test
=== gcc Summary ===
# of expected passes 8070
# of unexpected failures 12
# of expected failures 38
# of unresolved testcases 11
# of unsupported tests 12
/opt/home/gnu/work/GNU/egcs-19990417-i586-redhat-linux-gnu/gcc/xgcc version egcs-2.93.18 19990417 (gcc2 ss-980929 experimental)
=== g++ tests ===
Running target unix
FAIL: g++.brendan/eh1.C Execution test
FAIL: g++.eh/cleanup1.C Execution test
FAIL: g++.eh/flow1.C Execution test
FAIL: g++.eh/new1.C Execution test
FAIL: g++.eh/new2.C Execution test
FAIL: g++.eh/pdel1.C Execution test
FAIL: g++.eh/pdel2.C Execution test
FAIL: g++.eh/ptr1.C Execution test
FAIL: g++.eh/rethrow1.C Execution test
FAIL: g++.eh/rethrow2.C Execution test
FAIL: g++.eh/rethrow3.C Execution test
FAIL: g++.eh/rethrow4.C Execution test
FAIL: g++.eh/rethrow5.C Execution test
FAIL: g++.eh/spec1.C Execution test
FAIL: g++.eh/spec2.C Execution test
FAIL: g++.eh/spec3.C Execution test
FAIL: g++.eh/spec4.C Execution test
FAIL: g++.eh/tmpl1.C Execution test
FAIL: g++.eh/unwind1.C Execution test
FAIL: g++.martin/new1.C Execution test
FAIL: g++.mike/dyncast1.C Execution test
FAIL: g++.mike/dyncast2.C Execution test
FAIL: g++.mike/eh10.C Execution test
FAIL: g++.mike/eh12.C Execution test
FAIL: g++.mike/eh14.C Execution test
FAIL: g++.mike/eh16.C Execution test
FAIL: g++.mike/eh17.C Execution test
FAIL: g++.mike/eh18.C Execution test
FAIL: g++.mike/eh2.C Execution test
FAIL: g++.mike/eh21.C Execution test
FAIL: g++.mike/eh23.C Execution test
FAIL: g++.mike/eh24.C Execution test
FAIL: g++.mike/eh25.C Execution test
FAIL: g++.mike/eh26.C Execution test
FAIL: g++.mike/eh27.C Execution test
FAIL: g++.mike/eh28.C Execution test
FAIL: g++.mike/eh29.C Execution test
FAIL: g++.mike/eh3.C Execution test
FAIL: g++.mike/eh31.C Execution test
FAIL: g++.mike/eh33.C Execution test
FAIL: g++.mike/eh34.C Execution test
FAIL: g++.mike/eh35.C Execution test
FAIL: g++.mike/eh36.C Execution test
FAIL: g++.mike/eh37.C Execution test
FAIL: g++.mike/eh38.C Execution test
FAIL: g++.mike/eh39.C Execution test
FAIL: g++.mike/eh40.C Execution test
FAIL: g++.mike/eh41.C Execution test
FAIL: g++.mike/eh42.C Execution test
FAIL: g++.mike/eh44.C Execution test
FAIL: g++.mike/eh47.C Execution test
FAIL: g++.mike/eh48.C Execution test
FAIL: g++.mike/eh49.C Execution test
FAIL: g++.mike/eh5.C Execution test
FAIL: g++.mike/eh50.C Execution test
FAIL: g++.mike/eh51.C Execution test
FAIL: g++.mike/eh55.C Execution test
FAIL: g++.mike/eh6.C Execution test
FAIL: g++.mike/eh8.C Execution test
FAIL: g++.mike/p7912.C Execution test
FAIL: g++.mike/p9706.C Execution test
FAIL: g++.other/array1.C Execution test
FAIL: g++.other/init7.C Execution test
FAIL: g++.other/singleton.C Execution test
FAIL: g++.robertl/eb31.C Execution test
FAIL: g++.robertl/eb50.C Execution test
FAIL: g++.robertl/eb66.C Execution test
FAIL: g++.robertl/eb88.C Execution test
=== g++ Summary ===
# of expected passes 5046
# of unexpected failures 68
# of expected failures 81
# of untested testcases 7
/opt/home/gnu/work/GNU/egcs-19990417-i586-redhat-linux-gnu/gcc/testsuite/../xgcc version egcs-2.93.18 19990417 (gcc2 ss-980929 experimental)
Counting all warnings,
there are 165 warnings in stage3 of this bootstrap.
Number of warnings per file:
10 ../../egcs-19990417/gcc/integrate.c
9 ../../egcs-19990417/gcc/toplev.c
9 ../../egcs-19990417/gcc/reload1.c
9 ../../egcs-19990417/gcc/cse.c
8 ../../egcs-19990417/gcc/final.c
7 ../../egcs-19990417/gcc/reload.c
7 ../../egcs-19990417/gcc/combine.c
6 ../../egcs-19990417/gcc/varasm.c
6 ../../egcs-19990417/gcc/unroll.c
6 ../../egcs-19990417/gcc/loop.c
6 ../../egcs-19990417/gcc/fold-const.c
6 ../../egcs-19990417/gcc/dwarf2out.c
4 cexp.y
4 cc1plus
4 ../../egcs-19990417/gcc/tlink.c
4 ../../egcs-19990417/gcc/regclass.c
4 ../../egcs-19990417/gcc/reg-stack.c
4 ../../egcs-19990417/gcc/optabs.c
4 ../../../../egcs-19990417/libg++/src/Fix16.cc
3 insn-emit.c
3 cxxmain.c
3 ../../egcs-19990417/gcc/stmt.c
3 ../../egcs-19990417/gcc/sched.c
3 ../../egcs-19990417/gcc/regmove.c
3 ../../egcs-19990417/gcc/genopinit.c
3 ../../egcs-19990417/gcc/cccp.c
2 insn-recog.c
2 insn-output.c
2 ../../egcs-19990417/gcc/protoize.c
2 ../../egcs-19990417/gcc/local-alloc.c
2 ../../egcs-19990417/gcc/function.c
2 ../../egcs-19990417/gcc/expr.c
2 ../../egcs-19990417/gcc/dbxout.c
2 ../../egcs-19990417/gcc/config/i386/i386.c
2 ../../egcs-19990417/gcc/collect2.c
1 splay-tree.c
1 ../../egcs-19990417/gcc/stupid.c
1 ../../egcs-19990417/gcc/rtl.c
1 ../../egcs-19990417/gcc/recog.c
1 ../../egcs-19990417/gcc/print-rtl.c
1 ../../egcs-19990417/gcc/hash.c
1 ../../egcs-19990417/gcc/genattrtab.c
1 ../../egcs-19990417/gcc/crtstuff.c
1 ../../../egcs-19990417/gcc/cp/decl.c
Number of warning types:
64 `???' might be used uninitialized in this function
32 comparison between signed and unsigned
30 unused parameter `???'
14 implicit declaration of function `???'
8 initialization from incompatible pointer type
4 integer overflow in expression
2 zero-length format string
2 variable `???' might be clobbered by `longjmp' or `vfork'
2 unused variable `???'
2 Please see the documentation for details.
2 -fthis-is-variable is deprecated.
1 passing arg ??? of `???' from incompatible pointer type
1 comparison between pointer and integer
1 `???' defined but not used
More information about the Gcc-testresults
mailing list