Results for egcs-2.93.18 19990412 (gcc2 ss-980929 experiment
rodneybrown@pmsc.com
rodneybrown@pmsc.com
Thu Apr 15 22:23:00 GMT 1999
Results for egcs-2.93.18 19990412 (gcc2 ss-980929 experimental) testsuite on
rs6000-ibm-aix4.2.0.0
Native configuration is rs6000-ibm-aix4.2.0.0
=== libstdc++ tests ===
Running target unix
=== libstdc++ Summary ===
# of expected passes 30
=== gcc tests ===
Running target unix
FAIL: gcc.c-torture/execute/921208-2.c compilation, -O1
FAIL: gcc.c-torture/execute/921208-2.c compilation, -O2
FAIL: gcc.c-torture/execute/921208-2.c compilation, -Os
FAIL: gcc.c-torture/execute/931004-12.c execution, -O0
FAIL: gcc.c-torture/execute/931004-12.c execution, -O1
FAIL: gcc.c-torture/execute/931004-12.c execution, -O2
FAIL: gcc.c-torture/execute/931004-12.c execution, -O3 -fomit-frame-pointer
FAIL: gcc.c-torture/execute/931004-12.c execution, -O3 -fomit-frame-pointer
-funroll-loops
FAIL: gcc.c-torture/execute/931004-12.c execution, -O3 -fomit-frame-pointer
-funroll-all-loops -finline-functions
FAIL: gcc.c-torture/execute/931004-12.c execution, -O3 -g
FAIL: gcc.c-torture/execute/931004-12.c execution, -Os
FAIL: gcc.c-torture/execute/990130-1.c compilation, -O0
FAIL: gcc.c-torture/execute/990130-1.c compilation, -O1
FAIL: gcc.c-torture/execute/990130-1.c compilation, -O2
FAIL: gcc.c-torture/execute/990130-1.c compilation, -O3 -fomit-frame-pointer
FAIL: gcc.c-torture/execute/990130-1.c compilation, -O3 -g
FAIL: gcc.c-torture/execute/990130-1.c compilation, -Os
FAIL: gcc.c-torture/execute/complex-5.c execution, -O3 -fomit-frame-pointer
FAIL: gcc.c-torture/execute/complex-5.c execution, -O3 -g
XPASS: gcc.c-torture/execute/memcheck/blkarg.c execution, -O0
XPASS: gcc.c-torture/execute/memcheck/blkarg.c execution, -O1
XPASS: gcc.c-torture/execute/memcheck/blkarg.c execution, -O2
XPASS: gcc.c-torture/execute/memcheck/blkarg.c execution, -O3
-fomit-frame-pointer
XPASS: gcc.c-torture/execute/memcheck/blkarg.c execution, -O3 -g
XPASS: gcc.c-torture/execute/memcheck/blkarg.c execution, -Os
FAIL: gcc.dg/990119-1.c execution test
=== gcc Summary ===
# of expected passes 8032
# of unexpected failures 20
# of unexpected successes 6
# of expected failures 25
# of unresolved testcases 9
# of unsupported tests 24
/devel/tmp/egcs-19990412.obj/gcc/xgcc version egcs-2.93.18 19990412 (gcc2
ss-980929 experimental)
=== g++ tests ===
Running target unix
FAIL: g++.brendan/prepost2.C (test for excess errors)
FAIL: g++.jason/thunk2.C (test for excess errors)
FAIL: g++.mike/eh30.C (test for excess errors)
FAIL: g++.mike/p4750.C (test for excess errors)
FAIL: g++.other/new2.C (test for errors, line 21)
FAIL: g++.other/new2.C (test for excess errors)
FAIL: g++.pt/friend37.C undeclared (test for errors, line 7)
FAIL: g++.pt/instantiate4.C (test for excess errors)
FAIL: g++.pt/static3.C (test for excess errors)
FAIL: g++.pt/static6.C (test for excess errors)
FAIL: g++.pt/typename8.C (test for excess errors)
FAIL: g++.robertl/eb106.C (test for excess errors)
=== g++ Summary ===
# of expected passes 5082
# of unexpected failures 12
# of expected failures 81
# of untested testcases 10
/devel/tmp/egcs-19990412.obj/gcc/testsuite/../xgcc version egcs-2.93.18 19990412
(gcc2 ss-980929 experimental)
=== g77 tests ===
Running target unix
FAIL: g77.f-torture/compile/980310-7.f, -O0
FAIL: g77.f-torture/compile/980310-7.f, -O1
FAIL: g77.f-torture/compile/980310-7.f, -O2
FAIL: g77.f-torture/compile/980310-7.f, -O2 -fomit-frame-pointer
-finline-functions
FAIL: g77.f-torture/compile/980310-7.f, -O2 -fomit-frame-pointer
-finline-functions -funroll-loops
FAIL: g77.f-torture/compile/980310-7.f, -O2 -fomit-frame-pointer
-finline-functions -funroll-all-loops
FAIL: g77.f-torture/compile/980310-7.f, -Os
FAIL: g77.f-torture/execute/19990325-0.f execution, -O0
FAIL: g77.f-torture/execute/19990325-0.f execution, -O1
FAIL: g77.f-torture/execute/19990325-0.f execution, -O2
FAIL: g77.f-torture/execute/19990325-0.f execution, -O2 -fomit-frame-pointer
-finline-functions
FAIL: g77.f-torture/execute/19990325-0.f execution, -Os
FAIL: g77.f-torture/execute/19990325-1.f execution, -O0
FAIL: g77.f-torture/execute/19990325-1.f execution, -O1
FAIL: g77.f-torture/execute/19990325-1.f execution, -O2
FAIL: g77.f-torture/execute/19990325-1.f execution, -O2 -fomit-frame-pointer
-finline-functions
FAIL: g77.f-torture/execute/19990325-1.f execution, -Os
FAIL: g77.f-torture/execute/u77-test.f execution, -O0
FAIL: g77.f-torture/execute/u77-test.f execution, -O1
FAIL: g77.f-torture/execute/u77-test.f execution, -O2
FAIL: g77.f-torture/execute/u77-test.f execution, -O2 -fomit-frame-pointer
-finline-functions
FAIL: g77.f-torture/execute/u77-test.f execution, -O2 -fomit-frame-pointer
-finline-functions -funroll-loops
FAIL: g77.f-torture/execute/u77-test.f execution, -O2 -fomit-frame-pointer
-finline-functions -funroll-all-loops
FAIL: g77.f-torture/execute/u77-test.f execution, -Os
=== g77 Summary ===
# of expected passes 547
# of unexpected failures 24
=== objc tests ===
Running target unix
FAIL: objc/execute/bf-1.m compilation, -O
FAIL: objc/execute/bf-10.m compilation, -O
FAIL: objc/execute/bf-11.m compilation, -O
FAIL: objc/execute/bf-12.m compilation, -O
FAIL: objc/execute/bf-13.m compilation, -O
FAIL: objc/execute/bf-14.m compilation, -O
FAIL: objc/execute/bf-15.m compilation, -O
FAIL: objc/execute/bf-16.m compilation, -O
FAIL: objc/execute/bf-17.m compilation, -O
FAIL: objc/execute/bf-18.m compilation, -O
FAIL: objc/execute/bf-19.m compilation, -O
FAIL: objc/execute/bf-2.m compilation, -O
FAIL: objc/execute/bf-3.m compilation, -O
FAIL: objc/execute/bf-4.m compilation, -O
FAIL: objc/execute/bf-5.m compilation, -O
FAIL: objc/execute/bf-6.m compilation, -O
FAIL: objc/execute/bf-7.m compilation, -O
FAIL: objc/execute/bf-8.m compilation, -O
FAIL: objc/execute/bf-9.m compilation, -O
=== objc Summary ===
# of unexpected failures 19
# of untested testcases 19
/devel/tmp/egcs-19990412.obj/gcc/xgcc version egcs-2.93.18 19990412 (gcc2
ss-980929 experimental)
Compiler version: egcs-2.93.18 19990412 (gcc2 ss-980929 experimental)
Platform: rs6000-ibm-aix4.2.0.0
configure flags:
--with-gcc-version-trigger=/devel/tmp/egcs-19990412/gcc/version.c
--host=rs6000-ibm-aix4.2.0.0 --norecursion
Counting all warnings,
there are 299 warnings in stage3 of this bootstrap.
Number of warnings per file:
86 ../../egcs-19990412/gcc/toplev.c
15 ../../egcs-19990412/gcc/objc/objc-act.c
12 ../../../egcs-19990412/gcc/java/lex.c
11 ../../egcs-19990412/gcc/reload1.c
11 ../../egcs-19990412/gcc/loop.c
11 ../../egcs-19990412/gcc/integrate.c
10 ../../egcs-19990412/gcc/cse.c
9 ./parse.y
8 ../../egcs-19990412/gcc/reload.c
7 ../../egcs-19990412/gcc/combine.c
6 ../../egcs-19990412/gcc/varasm.c
6 ../../egcs-19990412/gcc/unroll.c
6 ../../egcs-19990412/gcc/fold-const.c
6 ../../egcs-19990412/gcc/calls.c
6 ../../../egcs-19990412/gcc/java/jcf-reader.c
5 ../../egcs-19990412/gcc/regmove.c
5 ../../../egcs-19990412/gcc/java/expr.c
4 cexp.y
4 ../../egcs-19990412/gcc/tlink.c
4 ../../egcs-19990412/gcc/optabs.c
4 ../../egcs-19990412/gcc/final.c
4 ../../egcs-19990412/gcc/collect2.c
4 ../../../egcs-19990412/gcc/java/lex.h
4 ../../../egcs-19990412/gcc/java/../hwint.h
3 cxxmain.c
3 ../../egcs-19990412/gcc/stmt.c
3 ../../egcs-19990412/gcc/genopinit.c
3 ../../egcs-19990412/gcc/expr.c
3 ../../egcs-19990412/gcc/cccp.c
3 ../../../egcs-19990412/gcc/java/verify.c
2 ../../egcs-19990412/gcc/local-alloc.c
2 ../../egcs-19990412/gcc/function.c
2 ../../egcs-19990412/gcc/fix-header.c
2 ../../egcs-19990412/gcc/dbxout.c
2 ../../egcs-19990412/gcc/alias.c
2 ../../../egcs-19990412/gcc/java/gjavah.c
2 ../../../egcs-19990412/gcc/java/class.c
1 splay-tree.c
1 ../../egcs-19990412/gcc/stupid.c
1 ../../egcs-19990412/gcc/scan-decls.c
1 ../../egcs-19990412/gcc/rtl.c
1 ../../egcs-19990412/gcc/regclass.c
1 ../../egcs-19990412/gcc/jump.c
1 ../../egcs-19990412/gcc/hash.c
1 ../../egcs-19990412/gcc/graph.c
1 ../../egcs-19990412/gcc/gcov-io.h
1 ../../egcs-19990412/gcc/f/g77spec.c
1 ../../egcs-19990412/gcc/explow.c
1 ../../egcs-19990412/gcc/emit-rtl.c
1 ../../egcs-19990412/gcc/config/rs6000/rs6000.c
1 ../../../egcs-19990412/gcc/java/jcf-io.c
1 ../../../egcs-19990412/gcc/java/javaop.def
1 ../../../egcs-19990412/gcc/java/decl.c
1 ../../../egcs-19990412/gcc/cp/expr.c
1 ../../../egcs-19990412/gcc/cp/decl.c
1 ../../../egcs-19990412/gcc/ch/expr.c
Number of warning types:
96 \`???' might be used uninitialized in this function
50 comparison between signed and unsigned
43 missing initializer
43 (near initialization for \`???')
38 unused parameter \`???'
12 variable \`???' might be clobbered by \`longjmp' or \`vfork'
6 unused variable \`???'
4 this is the location of the previous definition
4 \`???' redefined
2 implicit declaration of function \`???'
1 \`???' defined but not used
More information about the Gcc-testresults
mailing list