Results for egcs-2.93.18 19990414 (gcc2 ss-980929 experimental) testsuite on i486-pc-linux-gnu
Andreas Jaeger
aj@arthur.rhein-neckar.de
Thu Apr 15 09:12:00 GMT 1999
Native configuration is i486-pc-linux-gnu
=== libio tests ===
Running target unix
=== libio Summary ===
# of expected passes 40
=== libstdc++ tests ===
Running target unix
=== libstdc++ Summary ===
# of expected passes 30
=== gcc tests ===
Running target unix
FAIL: gcc.c-torture/execute/990130-1.c compilation, -O0
FAIL: gcc.c-torture/execute/990130-1.c compilation, -O1
FAIL: gcc.c-torture/execute/990130-1.c compilation, -O2
FAIL: gcc.c-torture/execute/990130-1.c compilation, -O3 -fomit-frame-pointer
FAIL: gcc.c-torture/execute/990130-1.c compilation, -O3 -g
FAIL: gcc.c-torture/execute/990130-1.c compilation, -Os
FAIL: gcc.dg/990119-1.c execution test
FAIL: gcc.dg/special/weak-1.c execution test
=== gcc Summary ===
# of expected passes 8077
# of unexpected failures 8
# of expected failures 38
# of unresolved testcases 6
# of unsupported tests 13
/mnt/cc/build-mainstream/gcc/xgcc version egcs-2.93.18 19990414 (gcc2 ss-980929 experimental)
=== g++ tests ===
Running target unix
FAIL: g++.dg/special/conpr-1.C execution test
FAIL: g++.dg/special/conpr-2.C execution test
FAIL: g++.dg/special/conpr-3.C execution test
FAIL: g++.dg/special/conpr-3.C execution test
FAIL: g++.ext/attrib3.C (test for excess errors)
=== g++ Summary ===
# of expected passes 5096
# of unexpected failures 5
# of expected failures 82
# of untested testcases 7
/mnt/cc/build-mainstream/gcc/testsuite/../xgcc version egcs-2.93.18 19990414 (gcc2 ss-980929 experimental)
=== g77 tests ===
Running target unix
FAIL: g77.f-torture/execute/19990325-0.f execution, -O0
FAIL: g77.f-torture/execute/19990325-0.f execution, -O1
FAIL: g77.f-torture/execute/19990325-0.f execution, -O2
FAIL: g77.f-torture/execute/19990325-0.f execution, -O2 -fomit-frame-pointer -finline-functions
FAIL: g77.f-torture/execute/19990325-0.f execution, -Os
FAIL: g77.f-torture/execute/19990325-1.f execution, -O0
FAIL: g77.f-torture/execute/19990325-1.f execution, -O1
FAIL: g77.f-torture/execute/19990325-1.f execution, -O2
FAIL: g77.f-torture/execute/19990325-1.f execution, -O2 -fomit-frame-pointer -finline-functions
FAIL: g77.f-torture/execute/19990325-1.f execution, -Os
=== g77 Summary ===
# of expected passes 561
# of unexpected failures 10
=== objc tests ===
Running target unix
FAIL: objc/execute/bf-1.m compilation, -O
FAIL: objc/execute/bf-10.m compilation, -O
FAIL: objc/execute/bf-11.m compilation, -O
FAIL: objc/execute/bf-12.m compilation, -O
FAIL: objc/execute/bf-13.m compilation, -O
FAIL: objc/execute/bf-14.m compilation, -O
FAIL: objc/execute/bf-15.m compilation, -O
FAIL: objc/execute/bf-16.m compilation, -O
FAIL: objc/execute/bf-17.m compilation, -O
FAIL: objc/execute/bf-18.m compilation, -O
FAIL: objc/execute/bf-19.m compilation, -O
FAIL: objc/execute/bf-2.m compilation, -O
FAIL: objc/execute/bf-3.m compilation, -O
FAIL: objc/execute/bf-4.m compilation, -O
FAIL: objc/execute/bf-5.m compilation, -O
FAIL: objc/execute/bf-6.m compilation, -O
FAIL: objc/execute/bf-7.m compilation, -O
FAIL: objc/execute/bf-8.m compilation, -O
FAIL: objc/execute/bf-9.m compilation, -O
=== objc Summary ===
# of unexpected failures 19
# of untested testcases 19
/mnt/cc/build-mainstream/gcc/xgcc version egcs-2.93.18 19990414 (gcc2 ss-980929 experimental)
Compiler version: egcs-2.93.18 19990414 (gcc2 ss-980929 experimental)
Platform: i486-pc-linux-gnu
configure flags: --with-gcc-version-trigger=/mnt/cc/egcs-cvs/gcc/version.c --host=i486-pc-linux-gnu --prefix=/opt/egcs-1.2 --enable-shared --enable-threads --with-gnu-as --with-gnu-ld --norecursion
More information about the Gcc-testresults
mailing list