Results for egcs-2.93.18 19990412 (gcc2 ss-980929 experimental) testsuite on alpha-unknown-linux-gnu
Alexandre Oliva
oliva@dcc.unicamp.br
Wed Apr 14 23:36:00 GMT 1999
Native configuration is alpha-unknown-linux-gnu
=== g++ tests ===
Running target unix
FAIL: g++.dg/special/conpr-1.C execution test
FAIL: g++.dg/special/conpr-2.C execution test
FAIL: g++.dg/special/conpr-3.C execution test
FAIL: g++.dg/special/conpr-3.C execution test
XPASS: g++.benjamin/p12475.C (test for excess errors)
FAIL: g++.brendan/eh1.C Execution test
FAIL: g++.eh/cleanup1.C Execution test
FAIL: g++.eh/flow1.C Execution test
FAIL: g++.eh/new2.C Execution test
FAIL: g++.eh/pdel1.C Execution test
FAIL: g++.eh/ptr1.C Execution test
FAIL: g++.eh/rethrow1.C Execution test
FAIL: g++.eh/rethrow2.C Execution test
FAIL: g++.eh/rethrow4.C Execution test
FAIL: g++.eh/rethrow5.C Execution test
FAIL: g++.eh/spec1.C Execution test
FAIL: g++.eh/spec2.C Execution test
FAIL: g++.eh/spec3.C Execution test
FAIL: g++.eh/spec4.C Execution test
FAIL: g++.eh/unwind1.C Execution test
XPASS: g++.jason/thunk3.C (test for excess errors)
=== gcc tests ===
Running target unix
FAIL: gcc.c-torture/execute/990130-1.c compilation, -O0
FAIL: gcc.c-torture/execute/990130-1.c compilation, -O1
FAIL: gcc.c-torture/execute/990130-1.c compilation, -O2
FAIL: gcc.c-torture/execute/990130-1.c compilation, -O3 -fomit-frame-pointer
FAIL: gcc.c-torture/execute/990130-1.c compilation, -O3 -g
FAIL: gcc.c-torture/execute/990130-1.c compilation, -Os
FAIL: gcc.c-torture/execute/complex-5.c execution, -O0
FAIL: gcc.c-torture/execute/complex-5.c execution, -O1
FAIL: gcc.c-torture/execute/complex-5.c execution, -O2
FAIL: gcc.c-torture/execute/complex-5.c execution, -O3 -fomit-frame-pointer
FAIL: gcc.c-torture/execute/complex-5.c execution, -O3 -g
FAIL: gcc.c-torture/execute/complex-5.c execution, -Os
FAIL: gcc.c-torture/execute/ieee/mzero2.c execution, -O0
FAIL: gcc.c-torture/execute/ieee/mzero2.c execution, -O1
FAIL: gcc.c-torture/execute/ieee/mzero2.c execution, -O2
FAIL: gcc.c-torture/execute/ieee/mzero2.c execution, -O3 -fomit-frame-pointer
FAIL: gcc.c-torture/execute/ieee/mzero2.c execution, -O3 -g
FAIL: gcc.c-torture/execute/ieee/mzero2.c execution, -Os
XPASS: gcc.c-torture/execute/memcheck/blkarg.c execution, -O0
XPASS: gcc.c-torture/execute/memcheck/blkarg.c execution, -O1
XPASS: gcc.c-torture/execute/memcheck/blkarg.c execution, -O2
XPASS: gcc.c-torture/execute/memcheck/blkarg.c execution, -Os
FAIL: gcc.dg/990119-1.c execution test
FAIL: gcc.dg/uninit-9.c (test for excess errors)
FAIL: gcc.dg/special/weak-1.c execution test
=== gcc Summary ===
# of expected passes 8044
# of unexpected failures 21
# of unexpected successes 4
# of expected failures 27
# of unresolved testcases 6
# of unsupported tests 24
/tmp/egcs/gcc/xgcc version egcs-2.93.18 19990412 (gcc2 ss-980929 experimental)
=== libg++ tests ===
Running target unix
=== libg++ Summary ===
# of expected passes 72
=== libio tests ===
Running target unix
=== libio Summary ===
# of expected passes 40
=== libstdc++ tests ===
Running target unix
=== libstdc++ Summary ===
# of expected passes 30
Compiler version: egcs-2.93.18 19990412 (gcc2 ss-980929 experimental)
Platform: alpha-unknown-linux-gnu
BOOT_CFLAGS: -g -O9 -W -Wall
Counting all warnings,
there are 217 warnings in stage3 of this bootstrap.
Number of warnings per file:
16 insn-emit.c
14 /home/phd/oliva/src/egcs/gcc/objc/objc-act.c
12 /home/phd/oliva/src/egcs/gcc/java/lex.c
11 /home/phd/oliva/src/egcs/gcc/reload1.c
11 /home/phd/oliva/src/egcs/gcc/integrate.c
9 /home/phd/oliva/src/egcs/gcc/cse.c
9 ./parse.y
8 /home/phd/oliva/src/egcs/gcc/reload.c
7 /home/phd/oliva/src/egcs/gcc/combine.c
6 /home/phd/oliva/src/egcs/gcc/varasm.c
6 /home/phd/oliva/src/egcs/gcc/unroll.c
6 /home/phd/oliva/src/egcs/gcc/loop.c
6 /home/phd/oliva/src/egcs/gcc/java/jcf-reader.c
6 /home/phd/oliva/src/egcs/gcc/java/expr.c
6 /home/phd/oliva/src/egcs/gcc/fold-const.c
6 /home/phd/oliva/src/egcs/gcc/dwarf2out.c
5 /home/phd/oliva/src/egcs/gcc/final.c
4 cexp.y
4 /home/phd/oliva/src/egcs/gcc/tlink.c
4 /home/phd/oliva/src/egcs/gcc/sdbout.c
4 /home/phd/oliva/src/egcs/gcc/regmove.c
4 /home/phd/oliva/src/egcs/gcc/optabs.c
4 /home/phd/oliva/src/egcs/gcc/calls.c
3 cxxmain.c
3 /home/phd/oliva/src/egcs/gcc/stmt.c
3 /home/phd/oliva/src/egcs/gcc/java/verify.c
3 /home/phd/oliva/src/egcs/gcc/genopinit.c
3 /home/phd/oliva/src/egcs/gcc/config/alpha/alpha.c
3 /home/phd/oliva/src/egcs/gcc/cccp.c
2 /home/phd/oliva/src/egcs/gcc/local-alloc.c
2 /home/phd/oliva/src/egcs/gcc/java/lex.h
2 /home/phd/oliva/src/egcs/gcc/java/gjavah.c
2 /home/phd/oliva/src/egcs/gcc/java/class.c
2 /home/phd/oliva/src/egcs/gcc/java/../hwint.h
2 /home/phd/oliva/src/egcs/gcc/function.c
2 /home/phd/oliva/src/egcs/gcc/dbxout.c
1 splay-tree.c
1 insn-recog.c
1 /home/phd/oliva/src/egcs/gcc/stupid.c
1 /home/phd/oliva/src/egcs/gcc/rtl.c
1 /home/phd/oliva/src/egcs/gcc/regclass.c
1 /home/phd/oliva/src/egcs/gcc/java/jcf-write.c
1 /home/phd/oliva/src/egcs/gcc/java/jcf-io.c
1 /home/phd/oliva/src/egcs/gcc/java/jcf-dump.c
1 /home/phd/oliva/src/egcs/gcc/java/javaop.def
1 /home/phd/oliva/src/egcs/gcc/java/decl.c
1 /home/phd/oliva/src/egcs/gcc/hash.c
1 /home/phd/oliva/src/egcs/gcc/graph.c
1 /home/phd/oliva/src/egcs/gcc/flow.c
1 /home/phd/oliva/src/egcs/gcc/f/g77spec.c
1 /home/phd/oliva/src/egcs/gcc/expr.c
1 /home/phd/oliva/src/egcs/gcc/cp/decl.c
1 /home/phd/oliva/src/egcs/gcc/collect2.c
Number of warning types:
93 `???' might be used uninitialized in this function
42 unused parameter `???'
42 comparison between signed and unsigned
18 unused variable `???'
12 variable `???' might be clobbered by `longjmp' or `vfork'
3 control reaches end of non-void function
2 this is the location of the previous definition
2 implicit declaration of function `???'
2 `???' redefined
1 ??? format, ??? arg (arg ???)
More information about the Gcc-testresults
mailing list