Results for haifa-enabled egcs-2.93.18 19990412 (gcc2 ss-980929 experimental) testsuite on sparc-sun-sunos4.1.4
David Schuler
schuld@btv.ibm.com
Wed Apr 14 13:45:00 GMT 1999
Native configuration is sparc-sun-sunos4.1.4
=== libio tests ===
Running target unix
=== libio Summary ===
# of expected passes 40
=== libstdc++ tests ===
Running target unix
=== libstdc++ Summary ===
# of expected passes 30
=== gcc tests ===
Running target unix
FAIL: gcc.c-torture/execute/990130-1.c compilation, -O0
FAIL: gcc.c-torture/execute/990130-1.c compilation, -O1
FAIL: gcc.c-torture/execute/990130-1.c compilation, -O2
FAIL: gcc.c-torture/execute/990130-1.c compilation, -O3 -fomit-frame-pointer
FAIL: gcc.c-torture/execute/990130-1.c compilation, -O3 -g
FAIL: gcc.c-torture/execute/990130-1.c compilation, -Os
FAIL: gcc.dg/990119-1.c execution test
FAIL: gcc.dg/special/weak-1.c (test for excess errors)
FAIL: gcc.dg/special/weak-2.c (test for excess errors)
FAIL: gcc.dg/special/alias-1.c (test for excess errors)
FAIL: gcc.dg/special/wkali-1.c (test for excess errors)
FAIL: wkali-2a.o
=== gcc Summary ===
# of expected passes 8037
# of unexpected failures 12
# of expected failures 25
# of unresolved testcases 6
# of unsupported tests 23
/usr/local/x86srvr1/WORKSPACE5/schuld/EGCS/egcs-19990412-sunos/gcc/xgcc version egcs-2.93.18 19990412 (gcc2 ss-980929 experimental)
=== g++ tests ===
Running target unix
FAIL: g++.brendan/asm-extn1.C caused compiler crash
XPASS: g++.pt/instantiate6.C (test for excess errors)
FAIL: g++.pt/static3.C (test for excess errors)
FAIL: g++.pt/static6.C (test for excess errors)
=== g++ Summary ===
# of expected passes 5090
# of unexpected failures 3
# of unexpected successes 1
# of expected failures 80
# of untested testcases 9
/usr/local/x86srvr1/WORKSPACE5/schuld/EGCS/egcs-19990412-sunos/gcc/testsuite/../xgcc version egcs-2.93.18 19990412 (gcc2 ss-980929 experimental)
=== g77 tests ===
Running target unix
FAIL: g77.f-torture/execute/19990325-0.f execution, -O0
FAIL: g77.f-torture/execute/19990325-0.f execution, -O1
FAIL: g77.f-torture/execute/19990325-0.f execution, -O2
FAIL: g77.f-torture/execute/19990325-0.f execution, -O2 -fomit-frame-pointer -finline-functions
FAIL: g77.f-torture/execute/19990325-0.f execution, -Os
FAIL: g77.f-torture/execute/19990325-1.f execution, -O0
FAIL: g77.f-torture/execute/19990325-1.f execution, -O1
FAIL: g77.f-torture/execute/19990325-1.f execution, -O2
FAIL: g77.f-torture/execute/19990325-1.f execution, -O2 -fomit-frame-pointer -finline-functions
FAIL: g77.f-torture/execute/19990325-1.f execution, -Os
FAIL: g77.f-torture/execute/u77-test.f execution, -O0
FAIL: g77.f-torture/execute/u77-test.f execution, -O1
FAIL: g77.f-torture/execute/u77-test.f execution, -O2
FAIL: g77.f-torture/execute/u77-test.f execution, -O2 -fomit-frame-pointer -finline-functions
FAIL: g77.f-torture/execute/u77-test.f execution, -O2 -fomit-frame-pointer -finline-functions -funroll-loops
FAIL: g77.f-torture/execute/u77-test.f execution, -O2 -fomit-frame-pointer -finline-functions -funroll-all-loops
FAIL: g77.f-torture/execute/u77-test.f execution, -Os
=== g77 Summary ===
# of expected passes 554
# of unexpected failures 17
=== objc tests ===
Running target unix
=== objc Summary ===
# of expected passes 38
/usr/local/x86srvr1/WORKSPACE5/schuld/EGCS/egcs-19990412-sunos/gcc/xgcc version egcs-2.93.18 19990412 (gcc2 ss-980929 experimental)
Compiler version: haifa-enabled egcs-2.93.18 19990412 (gcc2 ss-980929 experimental)
Platform: sparc-sun-sunos4.1.4
configure flags: --with-gcc-version-trigger=/usr/local/x86srvr1/WORKSPACE5/schuld/EGCS/egcs-19990412/gcc/version.c --host=sparc-sun-sunos4.1.4 --prefix=/afs/btv.ibm.com/data/n37v/software/gnu-sunos/egcs --with-gnu-as --with-gnu-ld --enable-haifa --enable-multilib --norecursion
Counting all warnings,
there are 651 warnings in stage3 of this bootstrap.
Number of warnings per file:
20 ../../egcs/gcc/objc/objc-act.c
19 ../../../egcs/gcc/java/lex.c
14 ../../egcs/gcc/cccp.c
12 ../../egcs/gcc/integrate.c
12 ../../egcs/gcc/collect2.c
11 ./parse.y
11 ../../egcs/gcc/genopinit.c
11 ../../egcs/gcc/final.c
11 ../../egcs/gcc/cse.c
10 cxxmain.c
10 ../../egcs/gcc/toplev.c
10 ../../egcs/gcc/tlink.c
10 ../../egcs/gcc/genattrtab.c
9 ../../egcs/gcc/varasm.c
9 ../../egcs/gcc/reload1.c
9 ../../egcs/gcc/loop.c
9 ../../egcs/gcc/gcov-io.h
8 ../../egcs/gcc/unroll.c
8 ../../egcs/gcc/genrecog.c
8 ../../egcs/gcc/fix-header.c
8 ../../egcs/gcc/combine.c
8 ../../egcs/gcc/calls.c
8 ../../../egcs/gcc/f/fini.c
7 ../../egcs/gcc/reload.c
7 ../../egcs/gcc/genpeep.c
7 ../../egcs/gcc/genoutput.c
7 ../../egcs/gcc/genemit.c
7 ../../egcs/gcc/gcc.c
7 ../../egcs/gcc/fold-const.c
7 ../../egcs/gcc/bitmap.c
7 ../../../egcs/gcc/java/jcf-reader.c
7 ../../../egcs/gcc/java/gjavah.c
7 ../../../egcs/gcc/cp/decl.c
6 ../../egcs/gcc/optabs.c
6 ../../egcs/gcc/genflags.c
6 ../../egcs/gcc/genextract.c
6 ../../egcs/gcc/genconfig.c
6 ../../egcs/gcc/gencodes.c
6 ../../egcs/gcc/genattr.c
6 ../../egcs/gcc/gcov.c
6 ../../egcs/gcc/flow.c
6 ../../egcs/gcc/dbxout.c
6 ../../../egcs/gcc/java/jcf-io.c
6 ../../../egcs/gcc/java/expr.c
6 ../../../egcs/gcc/cp/ptree.c
5 cexp.y
5 ../../egcs/gcc/rtl.c
5 ../../egcs/gcc/regmove.c
5 ../../egcs/gcc/print-tree.c
5 ../../egcs/gcc/print-rtl.c
5 ../../egcs/gcc/expr.c
5 ../../egcs/gcc/cppinit.c
5 ../../../egcs/gcc/f/com.c
5 ../../../egcs/gcc/ch/lex.c
5 ../../../egcs/gcc/ch/actions.c
4 ../../egcs/gcc/stmt.c
4 ../../egcs/gcc/protoize.c
4 ../../egcs/gcc/graph.c
4 ../../egcs/gcc/gengenrtl.c
4 ../../egcs/gcc/function.c
4 ../../egcs/gcc/dwarf2out.c
4 ../../egcs/gcc/cpphash.c
4 ../../egcs/gcc/c-lex.c
4 ../../../egcs/gcc/java/lex.h
4 ../../../egcs/gcc/java/jv-scan.c
4 ../../../egcs/gcc/java/jcf-parse.c
4 ../../../egcs/gcc/java/jcf-dump.c
4 ../../../egcs/gcc/java/jcf-depend.c
4 ../../../egcs/gcc/java/../hwint.h
4 ../../../egcs/gcc/f/bad.c
3 insn-attrtab.c
3 ../../egcs/gcc/profile.c
3 ../../egcs/gcc/local-alloc.c
3 ../../egcs/gcc/f/g77spec.c
3 ../../egcs/gcc/cpplib.c
3 ../../egcs/gcc/cppfiles.c
3 ../../egcs/gcc/cpperror.c
3 ../../egcs/gcc/config/sparc/sparc.c
3 ../../egcs/gcc/c-common.c
3 ../../egcs/gcc/alias.c
3 ../../../egcs/gcc/java/verify.c
3 ../../../egcs/gcc/java/jvgenmain.c
3 ../../../egcs/gcc/java/jcf-write.c
3 ../../../egcs/gcc/java/class.c
3 ../../../egcs/gcc/f/target.c
3 ../../../egcs/gcc/f/stw.c
3 ../../../egcs/gcc/f/storag.c
3 ../../../egcs/gcc/f/intrin.c
3 ../../../egcs/gcc/cp/repo.c
3 ../../../egcs/gcc/cp/lex.c
3 ../../../egcs/gcc/ch/grant.c
3 ../../../egcs/gcc/ch/decl.c
2 insn-emit.c
2 /usr/lib/bison.simple
2 /usr/cygnus/gnupro-98r2/share/bison.simple
2 ../../egcs/gcc/tree.c
2 ../../egcs/gcc/stupid.c
2 ../../egcs/gcc/scan.c
2 ../../egcs/gcc/jump.c
2 ../../egcs/gcc/gencheck.c
2 ../../egcs/gcc/gen-protos.c
2 ../../egcs/gcc/gcse.c
2 ../../egcs/gcc/explow.c
2 ../../egcs/gcc/except.c
2 ../../egcs/gcc/emit-rtl.c
2 ../../egcs/gcc/c-lang.c
2 ../../../egcs/gcc/java/lang.c
2 ../../../egcs/gcc/java/decl.c
2 ../../../egcs/gcc/f/src.c
2 ../../../egcs/gcc/f/lex.c
2 ../../../egcs/gcc/cp/xref.c
2 ../../../egcs/gcc/cp/typeck2.c
2 ../../../egcs/gcc/cp/tree.c
2 ../../../egcs/gcc/ch/lang.c
2 ../../../egcs/gcc/ch/expr.c
1 splay-tree.c
1 obstack.c
1 insn-output.c
1 insn-extract.c
1 /usr/local/gnu/share/bison.simple
1 ../../egcs/gcc/stor-layout.c
1 ../../egcs/gcc/scan-decls.c
1 ../../egcs/gcc/sbitmap.c
1 ../../egcs/gcc/rtlanal.c
1 ../../egcs/gcc/resource.c
1 ../../egcs/gcc/reorg.c
1 ../../egcs/gcc/regclass.c
1 ../../egcs/gcc/recog.c
1 ../../egcs/gcc/real.c
1 ../../egcs/gcc/hash.c
1 ../../egcs/gcc/haifa-sched.c
1 ../../egcs/gcc/global.c
1 ../../egcs/gcc/expmed.c
1 ../../egcs/gcc/cppexp.c
1 ../../egcs/gcc/caller-save.c
1 ../../egcs/gcc/c-typeck.c
1 ../../egcs/gcc/c-iterate.c
1 ../../egcs/gcc/c-decl.c
1 ../../egcs/gcc/c-aux-info.c
1 ../../../egcs/gcc/java/javaop.def
1 ../../../egcs/gcc/java/constants.c
1 ../../../egcs/gcc/f/where.c
1 ../../../egcs/gcc/f/stb.c
1 ../../../egcs/gcc/f/parse.c
1 ../../../egcs/gcc/f/expr.c
1 ../../../egcs/gcc/cp/sig.c
1 ../../../egcs/gcc/cp/search.c
1 ../../../egcs/gcc/cp/pt.c
1 ../../../egcs/gcc/cp/method.c
1 ../../../egcs/gcc/cp/input.c
1 ../../../egcs/gcc/cp/init.c
1 ../../../egcs/gcc/cp/expr.c
1 ../../../egcs/gcc/cp/errfn.c
1 ../../../egcs/gcc/cp/cvt.c
1 ../../../egcs/gcc/ch/typeck.c
1 ../../../egcs/gcc/ch/tasking.c
1 ../../../egcs/gcc/ch/convert.c
Number of warning types:
414 implicit declaration of function ???
103 ??? might be used uninitialized in this function
49 comparison between signed and unsigned
40 unused parameter ???
18 ??? format, ??? arg (arg ???)
12 variable ??? might be clobbered by longjmp or vfork
4 this is the location of the previous definition
4 ??? redefined
3 empty body in an else-statement
2 unused variable ???
1 assignment from incompatible pointer type
1 ??? defined but not used
More information about the Gcc-testresults
mailing list