Results for egcs-2.93.18 19990412 (gcc2 ss-980929 experiment
rodneybrown@pmsc.com
rodneybrown@pmsc.com
Tue Apr 13 22:35:00 GMT 1999
Results for egcs-2.93.18 19990412 (gcc2 ss-980929 experimental) testsuite on
hppa2.0-hp-hpux10.20
Native configuration is hppa2.0-hp-hpux10.20
=== libio tests ===
Running target unix
=== libio Summary ===
# of expected passes 40
=== libstdc++ tests ===
Running target unix
=== libstdc++ Summary ===
# of expected passes 30
=== gcc tests ===
Running target unix
FAIL: gcc.c-torture/execute/960218-1.c compilation, -O0
FAIL: gcc.c-torture/execute/960218-1.c compilation, -O1
FAIL: gcc.c-torture/execute/960218-1.c compilation, -O2
FAIL: gcc.c-torture/execute/960218-1.c compilation, -O3 -fomit-frame-pointer
FAIL: gcc.c-torture/execute/960218-1.c compilation, -O3 -fomit-frame-pointer
-funroll-loops
FAIL: gcc.c-torture/execute/960218-1.c compilation, -O3 -fomit-frame-pointer
-funroll-all-loops -finline-functions
FAIL: gcc.c-torture/execute/960218-1.c compilation, -O3 -g
FAIL: gcc.c-torture/execute/960218-1.c compilation, -Os
FAIL: gcc.c-torture/execute/980716-1.c execution, -O0
FAIL: gcc.c-torture/execute/990130-1.c compilation, -O0
FAIL: gcc.c-torture/execute/990130-1.c compilation, -O1
FAIL: gcc.c-torture/execute/990130-1.c compilation, -O2
FAIL: gcc.c-torture/execute/990130-1.c compilation, -O3 -fomit-frame-pointer
FAIL: gcc.c-torture/execute/990130-1.c compilation, -O3 -g
FAIL: gcc.c-torture/execute/990130-1.c compilation, -Os
FAIL: gcc.c-torture/execute/strct-stdarg-1.c execution, -O0
FAIL: gcc.c-torture/execute/strct-stdarg-1.c execution, -O1
FAIL: gcc.c-torture/execute/strct-stdarg-1.c execution, -O2
FAIL: gcc.c-torture/execute/strct-stdarg-1.c execution, -O3
-fomit-frame-pointer
FAIL: gcc.c-torture/execute/strct-stdarg-1.c execution, -O3
-fomit-frame-pointer -funroll-loops
FAIL: gcc.c-torture/execute/strct-stdarg-1.c execution, -O3
-fomit-frame-pointer -funroll-all-loops -finline-functions
FAIL: gcc.c-torture/execute/strct-stdarg-1.c execution, -O3 -g
FAIL: gcc.c-torture/execute/strct-stdarg-1.c execution, -Os
FAIL: gcc.c-torture/execute/ieee/fp-cmp-1.c execution, -O0
FAIL: gcc.c-torture/execute/ieee/mzero2.c execution, -O1
FAIL: gcc.c-torture/execute/ieee/mzero2.c execution, -O2
FAIL: gcc.c-torture/execute/ieee/mzero2.c execution, -O3 -fomit-frame-pointer
FAIL: gcc.c-torture/execute/ieee/mzero2.c execution, -O3 -g
FAIL: gcc.c-torture/execute/ieee/mzero2.c execution, -Os
FAIL: gcc.dg/990119-1.c execution test
FAIL: gcc.dg/special/alias-1.c (test for excess errors)
FAIL: gcc.dg/special/wkali-1.c (test for excess errors)
=== gcc Summary ===
# of expected passes 8019
# of unexpected failures 32
# of expected failures 31
# of unresolved testcases 17
# of unsupported tests 23
/devel/span/rdb/src/egcs-19990412.obj/gcc/xgcc version egcs-2.93.18 19990412
(gcc2 ss-980929 experimental)
=== g++ tests ===
Running target unix
XPASS: g++.mike/eh33.C (test for excess errors)
XPASS: g++.mike/eh33.C Execution test
XPASS: g++.mike/eh50.C (test for excess errors)
XPASS: g++.mike/eh50.C Execution test
XPASS: g++.pt/instantiate6.C (test for excess errors)
FAIL: g++.pt/static6.C (test for excess errors)
=== g++ Summary ===
# of expected passes 5086
# of unexpected failures 1
# of unexpected successes 5
# of expected failures 81
# of untested testcases 10
/devel/span/rdb/src/egcs-19990412.obj/gcc/testsuite/../xgcc version egcs-2.93.18
19990412 (gcc2 ss-980929 experimental)
=== g77 tests ===
Running target unix
FAIL: g77.f-torture/execute/19990325-0.f execution, -O0
FAIL: g77.f-torture/execute/19990325-0.f execution, -O1
FAIL: g77.f-torture/execute/19990325-0.f execution, -O2
FAIL: g77.f-torture/execute/19990325-0.f execution, -O2 -fomit-frame-pointer
-finline-functions
FAIL: g77.f-torture/execute/19990325-0.f execution, -Os
FAIL: g77.f-torture/execute/19990325-1.f execution, -O0
FAIL: g77.f-torture/execute/19990325-1.f execution, -O1
FAIL: g77.f-torture/execute/19990325-1.f execution, -O2
FAIL: g77.f-torture/execute/19990325-1.f execution, -O2 -fomit-frame-pointer
-finline-functions
FAIL: g77.f-torture/execute/19990325-1.f execution, -Os
=== g77 Summary ===
# of expected passes 561
# of unexpected failures 10
=== objc tests ===
Running target unix
=== objc Summary ===
# of expected passes 38
/devel/span/rdb/src/egcs-19990412.obj/gcc/xgcc version egcs-2.93.18 19990412
(gcc2 ss-980929 experimental)
Compiler version: egcs-2.93.18 19990412 (gcc2 ss-980929 experimental)
Platform: hppa2.0-hp-hpux10.20
configure flags:
--with-gcc-version-trigger=/devel/span/rdb/src/egcs-19990412/gcc/version.c
--host=hppa2.0-hp-hpux10.20 --with-gnu-as --norecursion
Counting all warnings,
there are 440 warnings in stage3 of this bootstrap.
Number of warnings per file:
37 ../../egcs-19990412/gcc/combine.c
34 ../../egcs-19990412/gcc/cse.c
29 ../../egcs-19990412/gcc/expmed.c
27 ../../egcs-19990412/gcc/optabs.c
22 ../../egcs-19990412/gcc/expr.c
19 ../../egcs-19990412/gcc/reload1.c
19 ../../egcs-19990412/gcc/config/pa/pa.c
18 ../../egcs-19990412/gcc/calls.c
15 ../../egcs-19990412/gcc/objc/objc-act.c
15 ../../egcs-19990412/gcc/integrate.c
14 ../../egcs-19990412/gcc/c-common.c
13 ../../egcs-19990412/gcc/recog.c
12 ../../../egcs-19990412/gcc/java/lex.c
10 ../../egcs-19990412/gcc/unroll.c
10 ../../../egcs-19990412/gcc/f/com.c
9 ./parse.y
9 ../../egcs-19990412/gcc/reload.c
9 ../../egcs-19990412/gcc/function.c
8 ../../egcs-19990412/gcc/varasm.c
7 ../../egcs-19990412/gcc/loop.c
6 ../../egcs-19990412/gcc/stmt.c
6 ../../egcs-19990412/gcc/fold-const.c
6 ../../egcs-19990412/gcc/emit-rtl.c
6 ../../../egcs-19990412/gcc/java/typeck.c
6 ../../../egcs-19990412/gcc/java/jcf-reader.c
5 ../../egcs-19990412/gcc/final.c
5 ../../../egcs-19990412/gcc/java/expr.c
4 cexp.y
4 ../../egcs-19990412/gcc/tlink.c
4 ../../egcs-19990412/gcc/regmove.c
4 ../../../egcs-19990412/gcc/java/lex.h
4 ../../../egcs-19990412/gcc/java/../hwint.h
3 cxxmain.c
3 ../../egcs-19990412/gcc/genopinit.c
3 ../../egcs-19990412/gcc/collect2.c
3 ../../egcs-19990412/gcc/cccp.c
3 ../../../egcs-19990412/gcc/java/verify.c
2 insn-recog.c
2 ../../egcs-19990412/gcc/local-alloc.c
2 ../../egcs-19990412/gcc/fix-header.c
2 ../../egcs-19990412/gcc/explow.c
2 ../../egcs-19990412/gcc/dbxout.c
2 ../../../egcs-19990412/gcc/java/gjavah.c
2 ../../../egcs-19990412/gcc/java/class.c
1 splay-tree.c
1 insn-attrtab.c
1 ../../egcs-19990412/gcc/toplev.c
1 ../../egcs-19990412/gcc/stupid.c
1 ../../egcs-19990412/gcc/scan-decls.c
1 ../../egcs-19990412/gcc/rtl.c
1 ../../egcs-19990412/gcc/regclass.c
1 ../../egcs-19990412/gcc/hash.c
1 ../../egcs-19990412/gcc/graph.c
1 ../../egcs-19990412/gcc/gcov-io.h
1 ../../egcs-19990412/gcc/f/g77spec.c
1 ../../../egcs-19990412/gcc/java/jcf-io.c
1 ../../../egcs-19990412/gcc/java/javaop.def
1 ../../../egcs-19990412/gcc/java/decl.c
1 ../../../egcs-19990412/gcc/cp/decl.c
Number of warning types:
265 comparison between signed and unsigned
91 \`???' might be used uninitialized in this function
40 unused parameter \`???'
12 variable \`???' might be clobbered by \`longjmp' or \`vfork'
10 implicit declaration of function \`???'
5 value computed is not used
4 unused variable \`???'
4 this is the location of the previous definition
4 \`???' redefined
3 left-hand operand of comma expression has no effect
1 initialization from incompatible pointer type
1 \`???' defined but not used
More information about the Gcc-testresults
mailing list