Results for haifa-enabled egcs-2.93.17 19990412 (gcc2 ss-980929 experimental) testsuite on powerpc-debian-linux-gnu
Daniel Jacobowitz
drow@drow.res.cmu.edu
Mon Apr 12 19:22:00 GMT 1999
Native configuration is powerpc-debian-linux-gnu
=== libio tests ===
Running target unix
=== libio Summary ===
# of expected passes 40
=== libstdc++ tests ===
Running target unix
=== libstdc++ Summary ===
# of expected passes 30
=== libg++ tests ===
Running target unix
=== libg++ Summary ===
# of expected passes 72
=== gcc tests ===
Running target unix
FAIL: gcc.c-torture/compile/980329-1.c, -O3 -fomit-frame-pointer -funroll-all-loops -finline-functions
FAIL: gcc.c-torture/execute/980608-1.c execution, -O0
FAIL: gcc.c-torture/execute/980608-1.c execution, -O1
FAIL: gcc.c-torture/execute/980608-1.c execution, -O2
FAIL: gcc.c-torture/execute/980608-1.c execution, -Os
FAIL: gcc.c-torture/execute/990130-1.c compilation, -O0
FAIL: gcc.c-torture/execute/990130-1.c compilation, -O1
FAIL: gcc.c-torture/execute/990130-1.c compilation, -O2
FAIL: gcc.c-torture/execute/990130-1.c compilation, -O3 -fomit-frame-pointer
FAIL: gcc.c-torture/execute/990130-1.c compilation, -O3 -g
FAIL: gcc.c-torture/execute/990130-1.c compilation, -Os
FAIL: gcc.c-torture/execute/complex-5.c execution, -O3 -fomit-frame-pointer
FAIL: gcc.c-torture/execute/complex-5.c execution, -O3 -g
FAIL: gcc.dg/980523-1.c execution test
=== gcc Summary ===
# of expected passes 8055
# of unexpected failures 14
# of expected failures 31
# of unresolved testcases 6
# of unsupported tests 21
/usr/src/egcs/egcs-ss-new/builddir/gcc/xgcc version egcs-2.93.17 19990412 (gcc2 ss-980929 experimental)
=== g++ tests ===
Running target unix
FAIL: g++.mike/net48.C (test for excess errors)
FAIL: g++.pt/decl2.C (test for excess errors)
=== g++ Summary ===
# of expected passes 5090
# of unexpected failures 2
# of expected failures 81
# of untested testcases 8
/usr/src/egcs/egcs-ss-new/builddir/gcc/testsuite/../xgcc version egcs-2.93.17 19990412 (gcc2 ss-980929 experimental)
=== g77 tests ===
Running target unix
FAIL: g77.f-torture/compile/980310-7.f, -O0
FAIL: g77.f-torture/compile/980310-7.f, -O1
FAIL: g77.f-torture/compile/980310-7.f, -O2
FAIL: g77.f-torture/compile/980310-7.f, -O2 -fomit-frame-pointer -finline-functions
FAIL: g77.f-torture/compile/980310-7.f, -O2 -fomit-frame-pointer -finline-functions -funroll-loops
FAIL: g77.f-torture/compile/980310-7.f, -O2 -fomit-frame-pointer -finline-functions -funroll-all-loops
FAIL: g77.f-torture/compile/980310-7.f, -Os
FAIL: g77.f-torture/execute/19990325-0.f execution, -O0
FAIL: g77.f-torture/execute/19990325-0.f execution, -O1
FAIL: g77.f-torture/execute/19990325-0.f execution, -O2
FAIL: g77.f-torture/execute/19990325-0.f execution, -O2 -fomit-frame-pointer -finline-functions
FAIL: g77.f-torture/execute/19990325-0.f execution, -Os
FAIL: g77.f-torture/execute/19990325-1.f execution, -O0
FAIL: g77.f-torture/execute/19990325-1.f execution, -O1
FAIL: g77.f-torture/execute/19990325-1.f execution, -O2
FAIL: g77.f-torture/execute/19990325-1.f execution, -O2 -fomit-frame-pointer -finline-functions
FAIL: g77.f-torture/execute/19990325-1.f execution, -Os
FAIL: g77.f-torture/execute/u77-test.f execution, -O0
FAIL: g77.f-torture/execute/u77-test.f execution, -O1
FAIL: g77.f-torture/execute/u77-test.f execution, -O2
FAIL: g77.f-torture/execute/u77-test.f execution, -O2 -fomit-frame-pointer -finline-functions
FAIL: g77.f-torture/execute/u77-test.f execution, -O2 -fomit-frame-pointer -finline-functions -funroll-loops
FAIL: g77.f-torture/execute/u77-test.f execution, -O2 -fomit-frame-pointer -finline-functions -funroll-all-loops
FAIL: g77.f-torture/execute/u77-test.f execution, -Os
=== g77 Summary ===
# of expected passes 547
# of unexpected failures 24
=== objc tests ===
Running target unix
FAIL: objc/execute/bf-1.m compilation, -O
FAIL: objc/execute/bf-10.m compilation, -O
FAIL: objc/execute/bf-11.m compilation, -O
FAIL: objc/execute/bf-12.m compilation, -O
FAIL: objc/execute/bf-13.m compilation, -O
FAIL: objc/execute/bf-14.m compilation, -O
FAIL: objc/execute/bf-15.m compilation, -O
FAIL: objc/execute/bf-16.m compilation, -O
FAIL: objc/execute/bf-17.m compilation, -O
FAIL: objc/execute/bf-18.m compilation, -O
FAIL: objc/execute/bf-19.m compilation, -O
FAIL: objc/execute/bf-2.m compilation, -O
FAIL: objc/execute/bf-3.m compilation, -O
FAIL: objc/execute/bf-4.m compilation, -O
FAIL: objc/execute/bf-5.m compilation, -O
FAIL: objc/execute/bf-6.m compilation, -O
FAIL: objc/execute/bf-7.m compilation, -O
FAIL: objc/execute/bf-8.m compilation, -O
FAIL: objc/execute/bf-9.m compilation, -O
=== objc Summary ===
# of unexpected failures 19
# of untested testcases 19
/usr/src/egcs/egcs-ss-new/builddir/gcc/xgcc version egcs-2.93.17 19990412 (gcc2 ss-980929 experimental)
Compiler version: haifa-enabled egcs-2.93.17 19990412 (gcc2 ss-980929 experimental)
Platform: powerpc-debian-linux-gnu
configure flags: --with-gcc-version-trigger=/usr/src/egcs/egcs-ss-new/gcc/version.c --host=powerpc-linux -v --prefix=/usr --enable-threads --enable-shared --enable-haifa --enable-cpplib --enable-c-cpplib --enable-c-mbchar --with-fast-fixincludes --enable-objc-gc --enable-java-gc=boehm --norecursion
BOOT_CFLAGS=-g -O2
Integrated packages in the Debian version of egcs:
../gpc-19990118.tar.gz unpacked.
../libg++-2.8.1.3.tar.gz unpacked.
Patches applied in the Debian version of egcs:
reporting:
<compiler> --help gives hint to /usr/doc/debian/bug-reporting.txt
info-name:
Compile and install the gcc.texi file to egcs.info* files.
vendor:
Set vendor field in canonical system name to `debian'.
libg++-name:
Patch to change the name of Debian libg++ package to 2.8.2. That
was the name of H.J. Lu's libg++ addons, which is now replaced
by an egcs addon named libg++ 2.8.1.2 (For slink only).
libobjc:
Find header file for Boehm garbage collector.
builtin-apply-1.2:
On Sparc, message forwarding in the GNUstep framework
(gstep-base) relies on this patch. I didn't experience any side
effects of this "workaround" on a sparc Solaris platform. However
this workaround affects the all compilers of the egcs package.
More information about the Gcc-testresults
mailing list