Results for egcs-2.93.17 19990405 (gcc2 ss-980929 experiment
rodneybrown@pmsc.com
rodneybrown@pmsc.com
Wed Apr 7 11:09:00 GMT 1999
Results for egcs-2.93.17 19990405 (gcc2 ss-980929 experimental) testsuite on
hppa1.1-hp-hpux9.04
Native configuration is hppa1.1-hp-hpux9.04
=== libio tests ===
Running target unix
=== libio Summary ===
# of expected passes 40
=== libstdc++ tests ===
Running target unix
=== libstdc++ Summary ===
# of expected passes 30
=== gcc tests ===
Running target unix
FAIL: gcc.c-torture/compile/941014-3.c, -O3 -fomit-frame-pointer
-funroll-all-loops -finline-functions
FAIL: gcc.c-torture/compile/980329-1.c, -O3 -fomit-frame-pointer
-funroll-all-loops -finline-functions
FAIL: gcc.c-torture/execute/980716-1.c execution, -O0
FAIL: gcc.c-torture/execute/990130-1.c compilation, -O0
FAIL: gcc.c-torture/execute/990130-1.c compilation, -O1
FAIL: gcc.c-torture/execute/990130-1.c compilation, -O2
FAIL: gcc.c-torture/execute/990130-1.c compilation, -O3 -fomit-frame-pointer
FAIL: gcc.c-torture/execute/990130-1.c compilation, -O3 -g
FAIL: gcc.c-torture/execute/990130-1.c compilation, -Os
FAIL: gcc.c-torture/execute/strct-stdarg-1.c execution, -O0
FAIL: gcc.c-torture/execute/strct-stdarg-1.c execution, -O1
FAIL: gcc.c-torture/execute/strct-stdarg-1.c execution, -O2
FAIL: gcc.c-torture/execute/strct-stdarg-1.c execution, -O3
-fomit-frame-pointer
FAIL: gcc.c-torture/execute/strct-stdarg-1.c execution, -O3
-fomit-frame-pointer -funroll-loops
FAIL: gcc.c-torture/execute/strct-stdarg-1.c execution, -O3
-fomit-frame-pointer -funroll-all-loops -finline-functions
FAIL: gcc.c-torture/execute/strct-stdarg-1.c execution, -O3 -g
FAIL: gcc.c-torture/execute/strct-stdarg-1.c execution, -Os
FAIL: gcc.c-torture/execute/ieee/fp-cmp-1.c execution, -O0
FAIL: gcc.c-torture/execute/ieee/mzero2.c execution, -O1
FAIL: gcc.c-torture/execute/ieee/mzero2.c execution, -O2
FAIL: gcc.c-torture/execute/ieee/mzero2.c execution, -O3 -fomit-frame-pointer
FAIL: gcc.c-torture/execute/ieee/mzero2.c execution, -O3 -g
FAIL: gcc.c-torture/execute/ieee/mzero2.c execution, -Os
FAIL: gcc.c-torture/unsorted/cp.c, -O1
FAIL: gcc.dg/990119-1.c execution test
=== gcc Summary ===
# of expected passes 8027
# of unexpected failures 25
# of expected failures 29
# of unresolved testcases 6
# of unsupported tests 23
/user4/vsb/rdb/egcs-19990405.obj/gcc/xgcc version egcs-2.93.17 19990405 (gcc2
ss-980929 experimental)
=== g++ tests ===
Running target unix
FAIL: g++.brendan/eh1.C Execution test
FAIL: g++.eh/spec2.C Execution test
FAIL: g++.eh/spec3.C Execution test
XPASS: g++.mike/eh33.C (test for excess errors)
FAIL: g++.mike/eh49.C Execution test
XPASS: g++.mike/eh50.C (test for excess errors)
FAIL: g++.mike/eh51.C Execution test
XPASS: g++.pt/instantiate6.C (test for excess errors)
FAIL: g++.pt/static3.C (test for excess errors)
FAIL: g++.pt/static6.C (test for excess errors)
=== g++ Summary ===
# of expected passes 5057
# of unexpected failures 7
# of unexpected successes 3
# of expected failures 82
# of untested testcases 8
/user4/vsb/rdb/egcs-19990405.obj/gcc/testsuite/../xgcc version egcs-2.93.17
19990405 (gcc2 ss-980929 experimental)
=== g77 tests ===
Running target unix
FAIL: g77.f-torture/execute/19990325-0.f execution, -O0
FAIL: g77.f-torture/execute/19990325-0.f execution, -O1
FAIL: g77.f-torture/execute/19990325-0.f execution, -O2
FAIL: g77.f-torture/execute/19990325-0.f execution, -O2 -fomit-frame-pointer
-finline-functions
FAIL: g77.f-torture/execute/19990325-0.f execution, -Os
FAIL: g77.f-torture/execute/19990325-1.f execution, -O0
FAIL: g77.f-torture/execute/19990325-1.f execution, -O1
FAIL: g77.f-torture/execute/19990325-1.f execution, -O2
FAIL: g77.f-torture/execute/19990325-1.f execution, -O2 -fomit-frame-pointer
-finline-functions
FAIL: g77.f-torture/execute/19990325-1.f execution, -Os
=== g77 Summary ===
# of expected passes 561
# of unexpected failures 10
=== objc tests ===
Running target unix
=== objc Summary ===
# of expected passes 38
/user4/vsb/rdb/egcs-19990405.obj/gcc/xgcc version egcs-2.93.17 19990405 (gcc2
ss-980929 experimental)
Compiler version: egcs-2.93.17 19990405 (gcc2 ss-980929 experimental)
Platform: hppa1.1-hp-hpux9.04
configure flags:
--with-gcc-version-trigger=/user4/vsb/rdb/egcs-19990405/gcc/version.c
--host=hppa1.1-hp-hpux9.04 --with-gnu-as --norecursion
Counting all warnings,
there are 453 warnings in stage3 of this bootstrap.
Number of warnings per file:
37 ../../egcs-19990405/gcc/combine.c
34 ../../egcs-19990405/gcc/cse.c
29 ../../egcs-19990405/gcc/expmed.c
27 ../../egcs-19990405/gcc/optabs.c
22 ../../egcs-19990405/gcc/expr.c
19 ../../egcs-19990405/gcc/reload1.c
19 ../../egcs-19990405/gcc/config/pa/pa.c
18 ../../egcs-19990405/gcc/calls.c
15 ../../egcs-19990405/gcc/objc/objc-act.c
15 ../../egcs-19990405/gcc/integrate.c
14 ../../egcs-19990405/gcc/c-common.c
14 ../../../egcs-19990405/gcc/java/lex.c
13 ../../egcs-19990405/gcc/recog.c
10 ./parse.y
10 ../../egcs-19990405/gcc/unroll.c
10 ../../../egcs-19990405/gcc/f/com.c
9 ../../egcs-19990405/gcc/reload.c
9 ../../egcs-19990405/gcc/loop.c
9 ../../egcs-19990405/gcc/function.c
8 ../../egcs-19990405/gcc/varasm.c
7 ../../../egcs-19990405/gcc/java/gjavah.c
6 ../../egcs-19990405/gcc/stmt.c
6 ../../egcs-19990405/gcc/fold-const.c
6 ../../egcs-19990405/gcc/emit-rtl.c
6 ../../../egcs-19990405/gcc/java/typeck.c
6 ../../../egcs-19990405/gcc/java/jcf-reader.c
5 ../../egcs-19990405/gcc/final.c
5 ../../../egcs-19990405/gcc/java/expr.c
4 cexp.y
4 ../../egcs-19990405/gcc/tlink.c
4 ../../egcs-19990405/gcc/regmove.c
3 ../../egcs-19990405/gcc/genopinit.c
3 ../../egcs-19990405/gcc/collect2.c
3 ../../egcs-19990405/gcc/cccp.c
3 ../../../egcs-19990405/gcc/java/verify.c
3 ../../../egcs-19990405/gcc/java/decl.c
3 ../../../egcs-19990405/gcc/java/class.c
2 insn-recog.c
2 cxxmain.c
2 ../../egcs-19990405/gcc/local-alloc.c
2 ../../egcs-19990405/gcc/fix-header.c
2 ../../egcs-19990405/gcc/explow.c
2 ../../egcs-19990405/gcc/dbxout.c
2 ../../egcs-19990405/gcc/cppexp.c
2 ../../../egcs-19990405/gcc/java/jcf-parse.c
2 ../../../egcs-19990405/gcc/cp/class.c
1 splay-tree.c
1 insn-attrtab.c
1 ./parse-scan.y
1 ../../egcs-19990405/gcc/toplev.c
1 ../../egcs-19990405/gcc/stupid.c
1 ../../egcs-19990405/gcc/scan-decls.c
1 ../../egcs-19990405/gcc/rtl.c
1 ../../egcs-19990405/gcc/regclass.c
1 ../../egcs-19990405/gcc/hash.c
1 ../../egcs-19990405/gcc/graph.c
1 ../../egcs-19990405/gcc/gcov-io.h
1 ../../egcs-19990405/gcc/f/g77spec.c
1 ../../egcs-19990405/gcc/cppspec.c
1 ../../egcs-19990405/gcc/cpphash.c
1 ../../egcs-19990405/gcc/cppfiles.c
1 ../../../egcs-19990405/gcc/java/jcf-io.c
1 ../../../egcs-19990405/gcc/java/javaop.def
Number of warning types:
263 comparison between signed and unsigned
94 \`???' might be used uninitialized in this function
40 unused parameter \`???'
15 implicit declaration of function \`???'
12 variable \`???' might be clobbered by \`longjmp' or \`vfork'
9 passing arg ??? of \`???' from incompatible pointer type
5 value computed is not used
5 unused variable \`???'
3 left-hand operand of comma expression has no effect
2 \`???' defined but not used
2 \`???' declared \`static' but never defined
1 initialization from incompatible pointer type
1 initialization discards qualifiers from pointer target type
1 assignment discards qualifiers from pointer target type
More information about the Gcc-testresults
mailing list