Results for egcs-2.93.14 19990403 (gcc2 ss-980929 experimental) testsuite on i686-pc-linux-gnulibc1
Peter Schmid
schmid@snake.iap.physik.tu-darmstadt.de
Sat Apr 3 09:19:00 GMT 1999
Native configuration is i686-pc-linux-gnulibc1
=== gcc tests ===
Running target unix
FAIL: gcc.c-torture/execute/990130-1.c compilation, -O0
FAIL: gcc.c-torture/execute/990130-1.c compilation, -O1
FAIL: gcc.c-torture/execute/990130-1.c compilation, -O2
FAIL: gcc.c-torture/execute/990130-1.c compilation, -O3 -fomit-frame-pointer
FAIL: gcc.c-torture/execute/990130-1.c compilation, -O3 -g
FAIL: gcc.c-torture/execute/990130-1.c compilation, -Os
FAIL: gcc.c-torture/execute/loop-2b.c execution, -O2
FAIL: gcc.c-torture/execute/loop-2b.c execution, -O3 -fomit-frame-pointer
FAIL: gcc.c-torture/execute/loop-2b.c execution, -O3 -fomit-frame-pointer -funroll-loops
FAIL: gcc.c-torture/execute/loop-2b.c execution, -O3 -fomit-frame-pointer -funroll-all-loops -finline-functions
FAIL: gcc.c-torture/execute/loop-2b.c execution, -O3 -g
FAIL: gcc.c-torture/execute/ieee/980619-1.c execution, -O1
FAIL: gcc.c-torture/execute/ieee/980619-1.c execution, -O2
FAIL: gcc.c-torture/execute/ieee/980619-1.c execution, -O3 -fomit-frame-pointer
FAIL: gcc.c-torture/execute/ieee/980619-1.c execution, -O3 -fomit-frame-pointer -funroll-loops
FAIL: gcc.c-torture/execute/ieee/980619-1.c execution, -O3 -fomit-frame-pointer -funroll-all-loops -finline-functions
FAIL: gcc.c-torture/execute/ieee/980619-1.c execution, -O3 -g
FAIL: gcc.c-torture/execute/ieee/980619-1.c execution, -Os
FAIL: gcc.dg/990119-1.c execution test
=== gcc Summary ===
# of expected passes 8030
# of unexpected failures 19
# of expected failures 29
# of unresolved testcases 6
# of unsupported tests 12
/home/schmid/trans/egcs/gcc/xgcc version egcs-2.93.14 19990403 (gcc2 ss-980929 experimental)
=== g++ tests ===
Running target unix
=== g++ Summary ===
# of expected passes 5062
# of expected failures 80
# of untested testcases 7
/home/schmid/trans/egcs/gcc/testsuite/../xgcc version egcs-2.93.14 19990403 (gcc2 ss-980929 experimental)
=== g77 tests ===
Running target unix
FAIL: g77.f-torture/execute/19990325-1.f execution, -O0
FAIL: g77.f-torture/execute/19990325-1.f execution, -O1
FAIL: g77.f-torture/execute/19990325-1.f execution, -O2
FAIL: g77.f-torture/execute/19990325-1.f execution, -O2 -fomit-frame-pointer -finline-functions
FAIL: g77.f-torture/execute/19990325-1.f execution, -Os
FAIL: g77.f-torture/execute/970625-2.f compilation, -O1
=== g77 Summary ===
# of expected passes 564
# of unexpected failures 6
# of untested testcases 1
=== objc tests ===
Running target unix
=== objc Summary ===
# of expected passes 38
/home/schmid/trans/egcs/gcc/xgcc version egcs-2.93.14 19990403 (gcc2 ss-980929 experimental)
=== libio tests ===
Running target unix
=== libio Summary ===
# of expected passes 40
=== libstdc++ tests ===
Running target unix
=== libstdc++ Summary ===
# of expected passes 30
Compiler version: egcs-2.93.14 19990403 (gcc2 ss-980929 experimental)
Platform: i686-pc-linux-gnulibc1
configure flags: --with-gcc-version-trigger=/home/schmid/trans/egcs/gcc/version.c --host=i686-pc-linux-gnulibc1 --enable-shared --norecursion
More information about the Gcc-testresults
mailing list