This is the mail archive of the gcc-testresults@gcc.gnu.org mailing list for the GCC project.
Index Nav: | [Date Index] [Subject Index] [Author Index] [Thread Index] | |
---|---|---|
Message Nav: | [Date Prev] [Date Next] | [Thread Prev] [Thread Next] |
Other format: | [Raw text] |
These results are as compiled on an EC2 instance from the SVN source. The SVN version was 278386 == Native configuration is x86_64-pc-linux-gnu === gcc tests === Running target unix FAIL: gcc.dg/Wstringop-overflow-17.c (test for warnings, line 8) FAIL: gcc.target/i386/pr57193.c scan-assembler-times movdqa 2 === gcc Summary === # of expected passes 144909 # of unexpected failures 2 # of expected failures 553 # of unsupported tests 2234 /home/ec2-user/tmp/gcctemp/gcc/xgcc version 10.0.0 20191118 (experimental) (GCC) === gfortran tests === Running target unix === gfortran Summary === # of expected passes 52261 # of expected failures 179 # of unsupported tests 96 /home/ec2-user/tmp/gcctemp/gcc/testsuite/gfortran/../../gfortran version 10.0.0 20191118 (experimental) (GCC) === g++ tests === Running target unix FAIL: g++.dg/pr80481.C -std=gnu++98 scan-assembler-not vmovaps FAIL: g++.dg/pr80481.C -std=gnu++14 scan-assembler-not vmovaps FAIL: g++.dg/pr80481.C -std=gnu++17 scan-assembler-not vmovaps FAIL: g++.dg/pr80481.C -std=gnu++2a scan-assembler-not vmovaps === g++ Summary === # of expected passes 184952 # of unexpected failures 4 # of expected failures 724 # of unsupported tests 7126 /home/ec2-user/tmp/gcctemp/gcc/testsuite/g++/../../xg++ version 10.0.0 20191118 (experimental) (GCC) === objc tests === Running target unix === objc Summary === # of expected passes 2776 # of expected failures 6 # of unsupported tests 68 /home/ec2-user/tmp/gcctemp/gcc/xgcc version 10.0.0 20191118 (experimental) (GCC) === libatomic tests === Running target unix === libatomic Summary === # of expected passes 54 === libgomp tests === Running target unix === libgomp Summary === # of expected passes 7155 # of expected failures 2 # of unsupported tests 355 === libitm tests === Running target unix === libitm Summary === # of expected passes 42 # of expected failures 3 # of unsupported tests 1 === libstdc++ tests === Running target unix === libstdc++ Summary === # of expected passes 13474 # of expected failures 92 # of unsupported tests 333 Compiler version: 10.0.0 20191118 (experimental) (GCC) Platform: x86_64-pc-linux-gnu configure flags: --disable-multilib --prefix=/shrao/testgcc
Index Nav: | [Date Index] [Subject Index] [Author Index] [Thread Index] | |
---|---|---|
Message Nav: | [Date Prev] [Date Next] | [Thread Prev] [Thread Next] |