This is the mail archive of the
gcc-testresults@gcc.gnu.org
mailing list for the GCC project.
Results for 10.0.0 20190726 (experimental) [trunk revision 273825] (GCC) testsuite on sparc-sun-solaris2.11
- From: Rainer Orth <ro at CeBiTec dot Uni-Bielefeld dot DE>
- To: gcc-testresults at gcc dot gnu dot org
- Date: Fri, 26 Jul 2019 16:09:02 +0200 (MEST)
- Subject: Results for 10.0.0 20190726 (experimental) [trunk revision 273825] (GCC) testsuite on sparc-sun-solaris2.11
LAST_UPDATED: Fri Jul 26 09:07:27 UTC 2019 (revision 273825)
=== acats tests ===
FAIL: c52102a
FAIL: cd2a31a
=== acats Summary ===
# of expected passes 2318
# of unexpected failures 2
Native configuration is sparc-sun-solaris2.11
=== g++ tests ===
Running target unix
FAIL: g++.dg/asan/default-options-1.C -O0 execution test
FAIL: g++.dg/asan/default-options-1.C -O1 execution test
FAIL: g++.dg/asan/default-options-1.C -O2 execution test
FAIL: g++.dg/asan/default-options-1.C -O2 -flto execution test
FAIL: g++.dg/asan/default-options-1.C -O2 -flto -flto-partition=none execution test
FAIL: g++.dg/asan/default-options-1.C -O3 -g execution test
FAIL: g++.dg/asan/default-options-1.C -Os execution test
FAIL: g++.dg/tree-ssa/pr19807.C -std=gnu++14 scan-tree-dump-times optimized "&MEM\\\\[\\\\(void .\\\\)&a \\\\+ 8B\\\\]" 3
FAIL: g++.dg/tree-ssa/pr19807.C -std=gnu++17 scan-tree-dump-times optimized "&MEM\\\\[\\\\(void .\\\\)&a \\\\+ 8B\\\\]" 3
FAIL: g++.dg/tree-ssa/pr19807.C -std=gnu++98 scan-tree-dump-times optimized "&MEM\\\\[\\\\(void .\\\\)&a \\\\+ 8B\\\\]" 3
FAIL: g++.dg/tree-ssa/ssa-dse-1.C scan-tree-dump-times dse1 "MEM\\\\[\\\\(struct FixBuf \\\\*\\\\)&<retval> \\\\+ [0-9]+B\\\\] = {}" 1
FAIL: g++.dg/gcov/pr16855-priority.C -std=gnu++14 gcov: 1 failures in line counts, 0 in branch percentages, 0 in return percentages, 0 in intermediate format
FAIL: g++.dg/gcov/pr16855-priority.C -std=gnu++14 line 22: is #####:should be 1
FAIL: g++.dg/gcov/pr16855-priority.C -std=gnu++17 gcov: 1 failures in line counts, 0 in branch percentages, 0 in return percentages, 0 in intermediate format
FAIL: g++.dg/gcov/pr16855-priority.C -std=gnu++17 line 22: is #####:should be 1
FAIL: g++.dg/gcov/pr16855-priority.C -std=gnu++98 gcov: 1 failures in line counts, 0 in branch percentages, 0 in return percentages, 0 in intermediate format
FAIL: g++.dg/gcov/pr16855-priority.C -std=gnu++98 line 22: is #####:should be 1
FAIL: g++.dg/gcov/pr16855.C -std=gnu++14 gcov: 1 failures in line counts, 0 in branch percentages, 0 in return percentages, 0 in intermediate format
FAIL: g++.dg/gcov/pr16855.C -std=gnu++14 line 24: is #####:should be 1
FAIL: g++.dg/gcov/pr16855.C -std=gnu++17 gcov: 1 failures in line counts, 0 in branch percentages, 0 in return percentages, 0 in intermediate format
FAIL: g++.dg/gcov/pr16855.C -std=gnu++17 line 24: is #####:should be 1
FAIL: g++.dg/gcov/pr16855.C -std=gnu++98 gcov: 1 failures in line counts, 0 in branch percentages, 0 in return percentages, 0 in intermediate format
FAIL: g++.dg/gcov/pr16855.C -std=gnu++98 line 24: is #####:should be 1
FAIL: g++.dg/lto/pr89330 cp_lto_pr89330_0.o-cp_lto_pr89330_1.o link, -O3 -g -flto -shared -Wno-odr
FAIL: g++.dg/lto/pr89335 cp_lto_pr89335_0.o assemble, -O2 -flto -Wsuggest-final-methods
=== g++ Summary for unix ===
# of expected passes 130661
# of unexpected failures 25
# of expected failures 518
# of unsupported tests 6694
Running target unix/-m64
FAIL: g++.dg/tree-ssa/pr19807.C -std=gnu++14 scan-tree-dump-times optimized "&MEM\\\\[\\\\(void .\\\\)&a \\\\+ 8B\\\\]" 3
FAIL: g++.dg/tree-ssa/pr19807.C -std=gnu++17 scan-tree-dump-times optimized "&MEM\\\\[\\\\(void .\\\\)&a \\\\+ 8B\\\\]" 3
FAIL: g++.dg/tree-ssa/pr19807.C -std=gnu++98 scan-tree-dump-times optimized "&MEM\\\\[\\\\(void .\\\\)&a \\\\+ 8B\\\\]" 3
FAIL: g++.dg/tree-ssa/ssa-dse-1.C scan-tree-dump-times dse1 "MEM\\\\[\\\\(struct FixBuf \\\\*\\\\)&<retval> \\\\+ [0-9]+B\\\\] = {}" 1
FAIL: g++.dg/gcov/pr16855-priority.C -std=gnu++14 gcov: 1 failures in line counts, 0 in branch percentages, 0 in return percentages, 0 in intermediate format
FAIL: g++.dg/gcov/pr16855-priority.C -std=gnu++14 line 22: is #####:should be 1
FAIL: g++.dg/gcov/pr16855-priority.C -std=gnu++17 gcov: 1 failures in line counts, 0 in branch percentages, 0 in return percentages, 0 in intermediate format
FAIL: g++.dg/gcov/pr16855-priority.C -std=gnu++17 line 22: is #####:should be 1
FAIL: g++.dg/gcov/pr16855-priority.C -std=gnu++98 gcov: 1 failures in line counts, 0 in branch percentages, 0 in return percentages, 0 in intermediate format
FAIL: g++.dg/gcov/pr16855-priority.C -std=gnu++98 line 22: is #####:should be 1
FAIL: g++.dg/gcov/pr16855.C -std=gnu++14 gcov: 1 failures in line counts, 0 in branch percentages, 0 in return percentages, 0 in intermediate format
FAIL: g++.dg/gcov/pr16855.C -std=gnu++14 line 24: is #####:should be 1
FAIL: g++.dg/gcov/pr16855.C -std=gnu++17 gcov: 1 failures in line counts, 0 in branch percentages, 0 in return percentages, 0 in intermediate format
FAIL: g++.dg/gcov/pr16855.C -std=gnu++17 line 24: is #####:should be 1
FAIL: g++.dg/gcov/pr16855.C -std=gnu++98 gcov: 1 failures in line counts, 0 in branch percentages, 0 in return percentages, 0 in intermediate format
FAIL: g++.dg/gcov/pr16855.C -std=gnu++98 line 24: is #####:should be 1
FAIL: g++.dg/lto/pr89330 cp_lto_pr89330_0.o-cp_lto_pr89330_1.o link, -O3 -g -flto -shared -Wno-odr
FAIL: g++.dg/lto/pr89335 cp_lto_pr89335_0.o assemble, -O2 -flto -Wsuggest-final-methods
=== g++ Summary for unix/-m64 ===
# of expected passes 130808
# of unexpected failures 18
# of expected failures 521
# of unsupported tests 6411
=== g++ Summary ===
# of expected passes 261469
# of unexpected failures 43
# of expected failures 1039
# of unsupported tests 13105
/var/gcc/regression/trunk/11.5-gcc/build/gcc/xg++ version 10.0.0 20190726 (experimental) [trunk revision 273825] (GCC)
=== gcc tests ===
Running target unix
XPASS: gcc.dg/graphite/scop-21.c scan-tree-dump-times graphite "number of SCoPs: 1" 1
FAIL: gcc.dg/ipa/ipa-icf-38.c scan-ltrans-tree-dump-not optimized "Function bar"
FAIL: gcc.dg/simulate-thread/atomic-other-int.c -O2 -g thread simulation test
FAIL: gcc.dg/simulate-thread/atomic-other-int.c -O3 -g thread simulation test
FAIL: gcc.dg/simulate-thread/speculative-store-4.c -O0 -g thread simulation test
FAIL: gcc.dg/simulate-thread/speculative-store-4.c -O2 -g thread simulation test
FAIL: gcc.dg/simulate-thread/speculative-store-4.c -O3 -g thread simulation test
FAIL: gcc.dg/simulate-thread/speculative-store.c -O0 -g thread simulation test
FAIL: gcc.dg/tree-prof/stringop-2.c scan-tree-dump optimized "MEM\\\\[\\\\(void .\\\\)&a\\\\] = 168430090"
XPASS: gcc.dg/vect/bb-slp-div-1.c -flto -ffat-lto-objects scan-tree-dump slp2 "basic block vectorized"
XPASS: gcc.dg/vect/bb-slp-div-1.c scan-tree-dump slp2 "basic block vectorized"
=== gcc Summary for unix ===
# of expected passes 115931
# of unexpected failures 8
# of unexpected successes 3
# of expected failures 608
# of unsupported tests 3472
Running target unix/-m64
XPASS: gcc.dg/graphite/scop-21.c scan-tree-dump-times graphite "number of SCoPs: 1" 1
FAIL: gcc.dg/ipa/ipa-icf-38.c scan-ltrans-tree-dump-not optimized "Function bar"
FAIL: gcc.dg/tree-prof/stringop-2.c scan-tree-dump optimized "MEM\\\\[\\\\(void .\\\\)&a\\\\] = 168430090"
XPASS: gcc.dg/vect/bb-slp-div-1.c -flto -ffat-lto-objects scan-tree-dump slp2 "basic block vectorized"
XPASS: gcc.dg/vect/bb-slp-div-1.c scan-tree-dump slp2 "basic block vectorized"
WARNING: gcc.target/sparc/ultrasp12.c (test for excess errors) program timed out.
FAIL: gcc.target/sparc/ultrasp12.c (test for excess errors)
=== gcc Summary for unix/-m64 ===
# of expected passes 115461
# of unexpected failures 3
# of unexpected successes 3
# of expected failures 601
# of unsupported tests 2882
=== gcc Summary ===
# of expected passes 231392
# of unexpected failures 11
# of unexpected successes 6
# of expected failures 1209
# of unsupported tests 6354
/var/gcc/regression/trunk/11.5-gcc/build/gcc/xgcc version 10.0.0 20190726 (experimental) [trunk revision 273825] (GCC)
=== gdc tests ===
Running target unix
FAIL: gdc.test/runnable/mars1.d -O2 (internal compiler error)
FAIL: gdc.test/runnable/mars1.d -O2 -finline-functions (internal compiler error)
WARNING: gdc.test/runnable/test17338.d (test for excess errors) program timed out.
=== gdc Summary for unix ===
# of expected passes 22827
# of unexpected failures 2
# of unsupported tests 40
Running target unix/-m64
=== gdc Summary for unix/-m64 ===
# of expected passes 22827
# of unsupported tests 40
=== gdc Summary ===
# of expected passes 45654
# of unexpected failures 2
# of unsupported tests 80
/var/gcc/regression/trunk/11.5-gcc/build/gcc/gdc version 10.0.0 20190726 (experimental) [trunk revision 273825] (GCC)
=== gfortran tests ===
Running target unix
FAIL: gfortran.dg/elemental_subroutine_3.f90 -O1 (test for excess errors)
FAIL: gfortran.dg/elemental_subroutine_3.f90 -O2 (test for excess errors)
FAIL: gfortran.dg/elemental_subroutine_3.f90 -O3 -fomit-frame-pointer -funroll-loops -fpeel-loops -ftracer -finline-functions (test for excess errors)
FAIL: gfortran.dg/elemental_subroutine_3.f90 -O3 -g (test for excess errors)
FAIL: gfortran.dg/elemental_subroutine_3.f90 -Os (test for excess errors)
=== gfortran Summary for unix ===
# of expected passes 49934
# of unexpected failures 5
# of expected failures 188
# of unsupported tests 276
Running target unix/-m64
FAIL: gfortran.dg/elemental_subroutine_3.f90 -O1 (test for excess errors)
FAIL: gfortran.dg/elemental_subroutine_3.f90 -O2 (test for excess errors)
FAIL: gfortran.dg/elemental_subroutine_3.f90 -O3 -fomit-frame-pointer -funroll-loops -fpeel-loops -ftracer -finline-functions (test for excess errors)
FAIL: gfortran.dg/elemental_subroutine_3.f90 -O3 -g (test for excess errors)
FAIL: gfortran.dg/elemental_subroutine_3.f90 -Os (test for excess errors)
=== gfortran Summary for unix/-m64 ===
# of expected passes 50193
# of unexpected failures 5
# of expected failures 188
# of unsupported tests 149
=== gfortran Summary ===
# of expected passes 100127
# of unexpected failures 10
# of expected failures 376
# of unsupported tests 425
/var/gcc/regression/trunk/11.5-gcc/build/gcc/gfortran version 10.0.0 20190726 (experimental) [trunk revision 273825] (GCC)
=== gnat tests ===
Running target unix
FAIL: gnat.dg/opt78.adb (test for excess errors)
=== gnat Summary for unix ===
# of expected passes 3081
# of unexpected failures 1
# of expected failures 23
# of unsupported tests 32
Running target unix/-m64
FAIL: gnat.dg/opt78.adb (test for excess errors)
=== gnat Summary for unix/-m64 ===
# of expected passes 3081
# of unexpected failures 1
# of expected failures 23
# of unsupported tests 32
=== gnat Summary ===
# of expected passes 6162
# of unexpected failures 2
# of expected failures 46
# of unsupported tests 64
/var/gcc/regression/trunk/11.5-gcc/build/gcc/gnatmake version 10.0.0 20190726 (experimental) [trunk revision 273825]
=== go tests ===
Running target unix
FAIL: ./index0-out.go execution, -O0 -g -fno-var-tracking-assignments
FAIL: go.test/test/fixedbugs/issue4085b.go execution, -O2 -g
FAIL: go.test/test/fixedbugs/issue4562.go execution, -O2 -g
=== go Summary for unix ===
# of expected passes 7469
# of unexpected failures 3
# of expected failures 1
# of untested testcases 11
# of unsupported tests 3
Running target unix/-m64
FAIL: ./index0-out.go execution, -O0 -g -fno-var-tracking-assignments
FAIL: go.test/test/fixedbugs/issue4348.go -O (test for excess errors)
=== go Summary for unix/-m64 ===
# of expected passes 7350
# of unexpected failures 2
# of expected failures 1
# of untested testcases 11
# of unsupported tests 3
=== go Summary ===
# of expected passes 14819
# of unexpected failures 5
# of expected failures 2
# of untested testcases 22
# of unsupported tests 6
=== obj-c++ tests ===
Running target unix
=== obj-c++ Summary for unix ===
# of expected passes 1450
# of expected failures 2
# of unsupported tests 77
Running target unix/-m64
=== obj-c++ Summary for unix/-m64 ===
# of expected passes 1442
# of expected failures 10
# of unsupported tests 77
=== obj-c++ Summary ===
# of expected passes 2892
# of expected failures 12
# of unsupported tests 154
/var/gcc/regression/trunk/11.5-gcc/build/gcc/xg++ version 10.0.0 20190726 (experimental) [trunk revision 273825] (GCC)
=== objc tests ===
Running target unix
=== objc Summary for unix ===
# of expected passes 2782
# of unsupported tests 68
Running target unix/-m64
=== objc Summary for unix/-m64 ===
# of expected passes 2782
# of unsupported tests 68
=== objc Summary ===
# of expected passes 5564
# of unsupported tests 136
/var/gcc/regression/trunk/11.5-gcc/build/gcc/xgcc version 10.0.0 20190726 (experimental) [trunk revision 273825] (GCC)
=== gotools tests ===
FAIL: go test cmd/go
FAIL: go test runtime
FAIL: go test misc/cgo/test
FAIL: go test misc/cgo/testcarchive
FAIL: TestVet
FAIL: go test cmd/vet
=== gotools Summary ===
# of expected passes 32
# of unexpected failures 6
# of untested testcases 12
/var/gcc/regression/trunk/11.5-gcc/build/./gcc/gccgo version 10.0.0 20190726 (experimental) [trunk revision 273825] (GCC)
=== libatomic tests ===
Running target unix
=== libatomic Summary for unix ===
# of expected passes 44
# of unsupported tests 5
Running target unix/-m64
=== libatomic Summary for unix/-m64 ===
# of expected passes 54
=== libatomic Summary ===
# of expected passes 98
# of unsupported tests 5
=== libffi tests ===
Running target unix
=== libffi Summary for unix ===
# of expected passes 2214
Running target unix/-m64
=== libffi Summary for unix/-m64 ===
# of expected passes 2214
=== libffi Summary ===
# of expected passes 4428
=== libgo tests ===
Running target unix
FAIL: archive/zip
FAIL: cmd/go/internal/par
FAIL: go/build
FAIL: go/types
FAIL: internal/x/crypto/cryptobyte
FAIL: net/http
FAIL: net/http/cgi
FAIL: os/exec
FAIL: os/signal
FAIL: runtime
FAIL: runtime/pprof
FAIL: runtime/trace
FAIL: sync
FAIL: sync/atomic
=== libgo Summary for unix ===
# of expected passes 171
# of unexpected failures 14
Running target unix/-m64
FAIL: cmd/go/internal/par
FAIL: go/build
FAIL: net/http
FAIL: net/http/pprof
FAIL: runtime
FAIL: runtime/pprof
FAIL: sync/atomic
=== libgo Summary for unix/-m64 ===
# of expected passes 178
# of unexpected failures 7
=== libgo Summary ===
# of expected passes 349
# of unexpected failures 21
/var/gcc/regression/trunk/11.5-gcc/build/./gcc/gccgo version 10.0.0 20190726 (experimental) [trunk revision 273825] (GCC)
=== libgomp tests ===
Running target unix
WARNING: libgomp.c++/task-reduction-11.C execution test program timed out.
FAIL: libgomp.c++/task-reduction-11.C execution test
WARNING: libgomp.c++/task-reduction-8.C execution test program timed out.
FAIL: libgomp.c++/task-reduction-8.C execution test
=== libgomp Summary for unix ===
# of expected passes 6575
# of unexpected failures 2
# of expected failures 4
# of unsupported tests 424
Running target unix/-m64
WARNING: libgomp.c++/../libgomp.c-c++-common/for-11.c (test for excess errors) program timed out.
FAIL: libgomp.c++/../libgomp.c-c++-common/for-11.c (test for excess errors)
UNRESOLVED: libgomp.c++/../libgomp.c-c++-common/for-11.c compilation failed to produce executable
WARNING: libgomp.c++/task-reduction-10.C execution test program timed out.
FAIL: libgomp.c++/task-reduction-10.C execution test
WARNING: libgomp.c++/task-reduction-11.C execution test program timed out.
FAIL: libgomp.c++/task-reduction-11.C execution test
WARNING: libgomp.c++/task-reduction-8.C execution test program timed out.
FAIL: libgomp.c++/task-reduction-8.C execution test
=== libgomp Summary for unix/-m64 ===
# of expected passes 6572
# of unexpected failures 4
# of expected failures 4
# of unresolved testcases 1
# of unsupported tests 424
=== libgomp Summary ===
# of expected passes 13147
# of unexpected failures 6
# of expected failures 8
# of unresolved testcases 1
# of unsupported tests 848
=== libitm tests ===
Running target unix
=== libitm Summary for unix ===
# of expected passes 42
# of expected failures 3
# of unsupported tests 1
Running target unix/-m64
=== libitm Summary for unix/-m64 ===
# of expected passes 42
# of expected failures 3
# of unsupported tests 1
=== libitm Summary ===
# of expected passes 84
# of expected failures 6
# of unsupported tests 2
=== libstdc++ tests ===
Running target unix
=== libstdc++ Summary for unix ===
# of expected passes 12130
# of expected failures 79
# of unsupported tests 713
Running target unix/-m64
=== libstdc++ Summary for unix/-m64 ===
# of expected passes 12130
# of expected failures 79
# of unsupported tests 713
=== libstdc++ Summary ===
# of expected passes 24260
# of expected failures 158
# of unsupported tests 1426
Compiler version: 10.0.0 20190726 (experimental) [trunk revision 273825] (GCC)
Platform: sparc-sun-solaris2.11
configure flags: --prefix=/vol/gcc --target=sparc-sun-solaris2.11 --enable-objc-gc --with-target-bdw-gc-include=/vol/gcc/include --with-target-bdw-gc-lib=/vol/gcc/lib,sparcv9=/vol/gcc/lib/sparcv9 --with-as=/usr/ccs/bin/as --without-gnu-as --with-gmp-include=/vol/gcc/include --with-gmp-lib=/vol/gcc/lib --with-mpfr-include=/vol/gcc/include --with-mpfr-lib=/vol/gcc/lib --with-mpc-include=/vol/gcc/include --with-mpc-lib=/vol/gcc/lib --enable-languages=all,ada,obj-c++,go --with-isl-include=/vol/gcc/include --with-isl-lib=/vol/gcc/lib --with-zstd-include=/vol/gcc/include --with-zstd-lib=/vol/gcc/lib --build=sparc-sun-solaris2.11 --host=sparc-sun-solaris2.11
BOOT_CFLAGS=-g -O2