This is the mail archive of the
gcc-testresults@gcc.gnu.org
mailing list for the GCC project.
Results for 10.0.0 20190705 (experimental) [trunk revision 273133] (GCC) testsuite on sparc-sun-solaris2.11
- From: Rainer Orth <ro at CeBiTec dot Uni-Bielefeld dot DE>
- To: gcc-testresults at gcc dot gnu dot org
- Date: Fri, 5 Jul 2019 22:02:21 +0200 (MEST)
- Subject: Results for 10.0.0 20190705 (experimental) [trunk revision 273133] (GCC) testsuite on sparc-sun-solaris2.11
LAST_UPDATED: Fri Jul 5 12:11:27 UTC 2019 (revision 273133)
=== acats tests ===
=== acats Summary ===
# of expected passes 2320
# of unexpected failures 0
Native configuration is sparc-sun-solaris2.11
=== g++ tests ===
Running target unix
FAIL: g++.dg/asan/default-options-1.C -O0 execution test
FAIL: g++.dg/asan/default-options-1.C -O1 execution test
FAIL: g++.dg/asan/default-options-1.C -O2 execution test
FAIL: g++.dg/asan/default-options-1.C -O2 -flto execution test
FAIL: g++.dg/asan/default-options-1.C -O2 -flto -flto-partition=none execution test
FAIL: g++.dg/asan/default-options-1.C -O3 -g execution test
FAIL: g++.dg/asan/default-options-1.C -Os execution test
FAIL: g++.dg/tree-ssa/pr19807.C -std=gnu++14 scan-tree-dump-times optimized "&MEM\\\\[\\\\(void .\\\\)&a \\\\+ 8B\\\\]" 3
FAIL: g++.dg/tree-ssa/pr19807.C -std=gnu++17 scan-tree-dump-times optimized "&MEM\\\\[\\\\(void .\\\\)&a \\\\+ 8B\\\\]" 3
FAIL: g++.dg/tree-ssa/pr19807.C -std=gnu++98 scan-tree-dump-times optimized "&MEM\\\\[\\\\(void .\\\\)&a \\\\+ 8B\\\\]" 3
FAIL: g++.dg/tree-ssa/ssa-dse-1.C scan-tree-dump-times dse1 "MEM\\\\[\\\\(struct FixBuf \\\\*\\\\)&<retval> \\\\+ [0-9]+B\\\\] = {}" 1
FAIL: g++.dg/gcov/pr16855-priority.C -std=gnu++14 gcov: 1 failures in line counts, 0 in branch percentages, 0 in return percentages, 0 in intermediate format
FAIL: g++.dg/gcov/pr16855-priority.C -std=gnu++14 line 22: is #####:should be 1
FAIL: g++.dg/gcov/pr16855-priority.C -std=gnu++17 gcov: 1 failures in line counts, 0 in branch percentages, 0 in return percentages, 0 in intermediate format
FAIL: g++.dg/gcov/pr16855-priority.C -std=gnu++17 line 22: is #####:should be 1
FAIL: g++.dg/gcov/pr16855-priority.C -std=gnu++98 gcov: 1 failures in line counts, 0 in branch percentages, 0 in return percentages, 0 in intermediate format
FAIL: g++.dg/gcov/pr16855-priority.C -std=gnu++98 line 22: is #####:should be 1
FAIL: g++.dg/gcov/pr16855.C -std=gnu++14 gcov: 1 failures in line counts, 0 in branch percentages, 0 in return percentages, 0 in intermediate format
FAIL: g++.dg/gcov/pr16855.C -std=gnu++14 line 21: is #####:should be 1
FAIL: g++.dg/gcov/pr16855.C -std=gnu++17 gcov: 1 failures in line counts, 0 in branch percentages, 0 in return percentages, 0 in intermediate format
FAIL: g++.dg/gcov/pr16855.C -std=gnu++17 line 21: is #####:should be 1
FAIL: g++.dg/gcov/pr16855.C -std=gnu++98 gcov: 1 failures in line counts, 0 in branch percentages, 0 in return percentages, 0 in intermediate format
FAIL: g++.dg/gcov/pr16855.C -std=gnu++98 line 21: is #####:should be 1
FAIL: g++.dg/lto/alias-1 cp_lto_alias-1_0.o-cp_lto_alias-1_1.o execute -O2 -flto
FAIL: g++.dg/lto/alias-2 cp_lto_alias-2_0.o-cp_lto_alias-2_1.o execute -O2 -flto
FAIL: g++.dg/lto/pr89335 cp_lto_pr89335_0.o assemble, -O2 -flto -Wsuggest-final-methods
=== g++ Summary for unix ===
# of expected passes 130224
# of unexpected failures 26
# of expected failures 521
# of unsupported tests 6663
Running target unix/-m64
FAIL: g++.dg/tree-ssa/pr19807.C -std=gnu++14 scan-tree-dump-times optimized "&MEM\\\\[\\\\(void .\\\\)&a \\\\+ 8B\\\\]" 3
FAIL: g++.dg/tree-ssa/pr19807.C -std=gnu++17 scan-tree-dump-times optimized "&MEM\\\\[\\\\(void .\\\\)&a \\\\+ 8B\\\\]" 3
FAIL: g++.dg/tree-ssa/pr19807.C -std=gnu++98 scan-tree-dump-times optimized "&MEM\\\\[\\\\(void .\\\\)&a \\\\+ 8B\\\\]" 3
FAIL: g++.dg/tree-ssa/ssa-dse-1.C scan-tree-dump-times dse1 "MEM\\\\[\\\\(struct FixBuf \\\\*\\\\)&<retval> \\\\+ [0-9]+B\\\\] = {}" 1
FAIL: g++.dg/gcov/pr16855-priority.C -std=gnu++14 gcov: 1 failures in line counts, 0 in branch percentages, 0 in return percentages, 0 in intermediate format
FAIL: g++.dg/gcov/pr16855-priority.C -std=gnu++14 line 22: is #####:should be 1
FAIL: g++.dg/gcov/pr16855-priority.C -std=gnu++17 gcov: 1 failures in line counts, 0 in branch percentages, 0 in return percentages, 0 in intermediate format
FAIL: g++.dg/gcov/pr16855-priority.C -std=gnu++17 line 22: is #####:should be 1
FAIL: g++.dg/gcov/pr16855-priority.C -std=gnu++98 gcov: 1 failures in line counts, 0 in branch percentages, 0 in return percentages, 0 in intermediate format
FAIL: g++.dg/gcov/pr16855-priority.C -std=gnu++98 line 22: is #####:should be 1
FAIL: g++.dg/gcov/pr16855.C -std=gnu++14 gcov: 1 failures in line counts, 0 in branch percentages, 0 in return percentages, 0 in intermediate format
FAIL: g++.dg/gcov/pr16855.C -std=gnu++14 line 21: is #####:should be 1
FAIL: g++.dg/gcov/pr16855.C -std=gnu++17 gcov: 1 failures in line counts, 0 in branch percentages, 0 in return percentages, 0 in intermediate format
FAIL: g++.dg/gcov/pr16855.C -std=gnu++17 line 21: is #####:should be 1
FAIL: g++.dg/gcov/pr16855.C -std=gnu++98 gcov: 1 failures in line counts, 0 in branch percentages, 0 in return percentages, 0 in intermediate format
FAIL: g++.dg/gcov/pr16855.C -std=gnu++98 line 21: is #####:should be 1
FAIL: g++.dg/lto/alias-1 cp_lto_alias-1_0.o-cp_lto_alias-1_1.o execute -O2 -flto
FAIL: g++.dg/lto/alias-2 cp_lto_alias-2_0.o-cp_lto_alias-2_1.o execute -O2 -flto
FAIL: g++.dg/lto/pr89335 cp_lto_pr89335_0.o assemble, -O2 -flto -Wsuggest-final-methods
=== g++ Summary for unix/-m64 ===
# of expected passes 130371
# of unexpected failures 19
# of expected failures 524
# of unsupported tests 6380
=== g++ Summary ===
# of expected passes 260595
# of unexpected failures 45
# of expected failures 1045
# of unsupported tests 13043
/var/gcc/regression/trunk/11.5-gcc-gas/build/gcc/xg++ version 10.0.0 20190705 (experimental) [trunk revision 273133] (GCC)
=== gcc tests ===
Running target unix
FAIL: gcc.dg/ipa/ipa-icf-38.c scan-ltrans-tree-dump-not optimized "Function bar"
FAIL: gcc.dg/simulate-thread/atomic-other-int.c -O2 -g thread simulation test
FAIL: gcc.dg/simulate-thread/atomic-other-int.c -O3 -g thread simulation test
FAIL: gcc.dg/simulate-thread/speculative-store-4.c -O0 -g thread simulation test
FAIL: gcc.dg/simulate-thread/speculative-store-4.c -O2 -g thread simulation test
FAIL: gcc.dg/simulate-thread/speculative-store-4.c -O3 -g thread simulation test
FAIL: gcc.dg/simulate-thread/speculative-store.c -O0 -g thread simulation test
FAIL: gcc.dg/tree-prof/stringop-2.c scan-tree-dump optimized "MEM\\\\[\\\\(void .\\\\)&a\\\\] = 168430090"
XPASS: gcc.dg/vect/bb-slp-div-1.c -flto -ffat-lto-objects scan-tree-dump slp2 "basic block vectorized"
XPASS: gcc.dg/vect/bb-slp-div-1.c scan-tree-dump slp2 "basic block vectorized"
=== gcc Summary for unix ===
# of expected passes 115357
# of unexpected failures 8
# of unexpected successes 2
# of expected failures 604
# of unsupported tests 3454
Running target unix/-m64
FAIL: gcc.dg/ipa/ipa-icf-38.c scan-ltrans-tree-dump-not optimized "Function bar"
FAIL: gcc.dg/tree-prof/stringop-2.c scan-tree-dump optimized "MEM\\\\[\\\\(void .\\\\)&a\\\\] = 168430090"
XPASS: gcc.dg/vect/bb-slp-div-1.c -flto -ffat-lto-objects scan-tree-dump slp2 "basic block vectorized"
XPASS: gcc.dg/vect/bb-slp-div-1.c scan-tree-dump slp2 "basic block vectorized"
WARNING: gcc.target/sparc/ultrasp12.c (test for excess errors) program timed out.
FAIL: gcc.target/sparc/ultrasp12.c (test for excess errors)
=== gcc Summary for unix/-m64 ===
# of expected passes 114886
# of unexpected failures 3
# of unexpected successes 2
# of expected failures 597
# of unsupported tests 2865
=== gcc Summary ===
# of expected passes 230243
# of unexpected failures 11
# of unexpected successes 4
# of expected failures 1201
# of unsupported tests 6319
/var/gcc/regression/trunk/11.5-gcc-gas/build/gcc/xgcc version 10.0.0 20190705 (experimental) [trunk revision 273133] (GCC)
=== gdc tests ===
Running target unix
FAIL: gdc.dg/lto/ltotests d_lto_ltotests_0.o-d_lto_ltotests_1.o link, -O0 -flto (internal compiler error)
FAIL: gdc.dg/lto/ltotests d_lto_ltotests_0.o-d_lto_ltotests_1.o link, -O0 -flto -flto-partition=1to1 (internal compiler error)
FAIL: gdc.dg/lto/ltotests d_lto_ltotests_0.o-d_lto_ltotests_1.o link, -O0 -flto -flto-partition=none (internal compiler error)
FAIL: gdc.dg/lto/ltotests d_lto_ltotests_0.o-d_lto_ltotests_1.o link, -O2 -flto (internal compiler error)
FAIL: gdc.dg/lto/ltotests d_lto_ltotests_0.o-d_lto_ltotests_1.o link, -O2 -flto -flto-partition=1to1 (internal compiler error)
FAIL: gdc.dg/lto/ltotests d_lto_ltotests_0.o-d_lto_ltotests_1.o link, -O2 -flto -flto-partition=none (internal compiler error)
FAIL: gdc.test/runnable/cpp_abi_tests.d -O2 execution test
FAIL: gdc.test/runnable/cpp_abi_tests.d -O2 -g execution test
FAIL: gdc.test/runnable/cpp_abi_tests.d -O2 -g -shared-libphobos execution test
FAIL: gdc.test/runnable/cpp_abi_tests.d -O2 -shared-libphobos execution test
FAIL: gdc.test/runnable/eh.d -fPIC -shared-libphobos execution test
FAIL: gdc.test/runnable/eh.d -shared-libphobos execution test
FAIL: gdc.test/runnable/mars1.d -O2 (internal compiler error)
UNRESOLVED: gdc.test/runnable/mars1.d -O2 compilation failed to produce executable
FAIL: gdc.test/runnable/mars1.d -O2 -finline-functions (internal compiler error)
UNRESOLVED: gdc.test/runnable/mars1.d -O2 -finline-functions compilation failed to produce executable
FAIL: gdc.test/runnable/mars1.d -O2 -finline-functions -shared-libphobos (internal compiler error)
UNRESOLVED: gdc.test/runnable/mars1.d -O2 -finline-functions -shared-libphobos compilation failed to produce executable
FAIL: gdc.test/runnable/mars1.d -O2 -shared-libphobos (internal compiler error)
UNRESOLVED: gdc.test/runnable/mars1.d -O2 -shared-libphobos compilation failed to produce executable
WARNING: gdc.test/runnable/test17338.d (test for excess errors) program timed out.
UNRESOLVED: gdc.test/runnable/test17338.d compilation failed to produce executable
FAIL: gdc.test/runnable/test42.d execution test
FAIL: gdc.test/runnable/test42.d -g execution test
FAIL: gdc.test/runnable/test42.d -g -shared-libphobos execution test
FAIL: gdc.test/runnable/test42.d -shared-libphobos execution test
=== gdc Summary for unix ===
# of expected passes 29787
# of unexpected failures 20
# of unresolved testcases 5
Running target unix/-m64
FAIL: gdc.dg/runnable.d -O0 execution test
FAIL: gdc.dg/runnable.d -O0 -g execution test
FAIL: gdc.dg/runnable.d -O1 execution test
FAIL: gdc.dg/runnable.d -O1 -g execution test
FAIL: gdc.dg/runnable.d -O2 execution test
FAIL: gdc.dg/runnable.d -O2 -g execution test
FAIL: gdc.dg/runnable.d -O3 execution test
FAIL: gdc.dg/runnable.d -O3 -g execution test
FAIL: gdc.dg/runnable.d -Os execution test
FAIL: gdc.dg/runnable.d -Os -g execution test
FAIL: gdc.dg/lto/ltotests d_lto_ltotests_0.o-d_lto_ltotests_1.o link, -O0 -flto (internal compiler error)
FAIL: gdc.dg/lto/ltotests d_lto_ltotests_0.o-d_lto_ltotests_1.o link, -O0 -flto -flto-partition=1to1 (internal compiler error)
FAIL: gdc.dg/lto/ltotests d_lto_ltotests_0.o-d_lto_ltotests_1.o link, -O0 -flto -flto-partition=none (internal compiler error)
FAIL: gdc.dg/lto/ltotests d_lto_ltotests_0.o-d_lto_ltotests_1.o link, -O2 -flto (internal compiler error)
FAIL: gdc.dg/lto/ltotests d_lto_ltotests_0.o-d_lto_ltotests_1.o link, -O2 -flto -flto-partition=1to1 (internal compiler error)
FAIL: gdc.dg/lto/ltotests d_lto_ltotests_0.o-d_lto_ltotests_1.o link, -O2 -flto -flto-partition=none (internal compiler error)
FAIL: gdc.test/runnable/cpp_abi_tests.d -O2 execution test
FAIL: gdc.test/runnable/cpp_abi_tests.d -O2 -g execution test
FAIL: gdc.test/runnable/cpp_abi_tests.d -O2 -g -shared-libphobos execution test
FAIL: gdc.test/runnable/cpp_abi_tests.d -O2 -shared-libphobos execution test
FAIL: gdc.test/runnable/foreach5.d execution test
FAIL: gdc.test/runnable/foreach5.d -O2 execution test
FAIL: gdc.test/runnable/foreach5.d -O2 -g execution test
FAIL: gdc.test/runnable/foreach5.d -O2 -g -shared-libphobos execution test
FAIL: gdc.test/runnable/foreach5.d -O2 -shared-libphobos execution test
FAIL: gdc.test/runnable/foreach5.d -frelease execution test
FAIL: gdc.test/runnable/foreach5.d -frelease -g execution test
FAIL: gdc.test/runnable/foreach5.d -frelease -g -shared-libphobos execution test
FAIL: gdc.test/runnable/foreach5.d -frelease -shared-libphobos execution test
FAIL: gdc.test/runnable/foreach5.d -g execution test
FAIL: gdc.test/runnable/foreach5.d -g -shared-libphobos execution test
FAIL: gdc.test/runnable/foreach5.d -shared-libphobos execution test
FAIL: gdc.test/runnable/inline.d execution test
FAIL: gdc.test/runnable/inline.d -O2 execution test
FAIL: gdc.test/runnable/inline.d -O2 -g execution test
FAIL: gdc.test/runnable/inline.d -O2 -g -shared-libphobos execution test
FAIL: gdc.test/runnable/inline.d -O2 -shared-libphobos execution test
FAIL: gdc.test/runnable/inline.d -g execution test
FAIL: gdc.test/runnable/inline.d -g -shared-libphobos execution test
FAIL: gdc.test/runnable/inline.d -shared-libphobos execution test
FAIL: gdc.test/runnable/test42.d execution test
FAIL: gdc.test/runnable/test42.d -g execution test
FAIL: gdc.test/runnable/test42.d -g -shared-libphobos execution test
FAIL: gdc.test/runnable/test42.d -shared-libphobos execution test
=== gdc Summary for unix/-m64 ===
# of expected passes 29764
# of unexpected failures 44
=== gdc Summary ===
# of expected passes 59551
# of unexpected failures 64
# of unresolved testcases 5
/var/gcc/regression/trunk/11.5-gcc-gas/build/gcc/gdc version 10.0.0 20190705 (experimental) [trunk revision 273133] (GCC)
=== gfortran tests ===
Running target unix
FAIL: gfortran.dg/elemental_subroutine_3.f90 -O1 (test for excess errors)
FAIL: gfortran.dg/elemental_subroutine_3.f90 -O2 (test for excess errors)
FAIL: gfortran.dg/elemental_subroutine_3.f90 -O3 -fomit-frame-pointer -funroll-loops -fpeel-loops -ftracer -finline-functions (test for excess errors)
FAIL: gfortran.dg/elemental_subroutine_3.f90 -O3 -g (test for excess errors)
FAIL: gfortran.dg/elemental_subroutine_3.f90 -Os (test for excess errors)
=== gfortran Summary for unix ===
# of expected passes 49790
# of unexpected failures 5
# of expected failures 188
# of unsupported tests 276
Running target unix/-m64
FAIL: gfortran.dg/elemental_subroutine_3.f90 -O1 (test for excess errors)
FAIL: gfortran.dg/elemental_subroutine_3.f90 -O2 (test for excess errors)
FAIL: gfortran.dg/elemental_subroutine_3.f90 -O3 -fomit-frame-pointer -funroll-loops -fpeel-loops -ftracer -finline-functions (test for excess errors)
FAIL: gfortran.dg/elemental_subroutine_3.f90 -O3 -g (test for excess errors)
FAIL: gfortran.dg/elemental_subroutine_3.f90 -Os (test for excess errors)
=== gfortran Summary for unix/-m64 ===
# of expected passes 50049
# of unexpected failures 5
# of expected failures 188
# of unsupported tests 149
=== gfortran Summary ===
# of expected passes 99839
# of unexpected failures 10
# of expected failures 376
# of unsupported tests 425
/var/gcc/regression/trunk/11.5-gcc-gas/build/gcc/gfortran version 10.0.0 20190705 (experimental) [trunk revision 273133] (GCC)
=== gnat tests ===
Running target unix
=== gnat Summary for unix ===
# of expected passes 3001
# of expected failures 23
# of unsupported tests 29
Running target unix/-m64
=== gnat Summary for unix/-m64 ===
# of expected passes 3001
# of expected failures 23
# of unsupported tests 29
=== gnat Summary ===
# of expected passes 6002
# of expected failures 46
# of unsupported tests 58
/var/gcc/regression/trunk/11.5-gcc-gas/build/gcc/gnatmake version 10.0.0 20190705 (experimental) [trunk revision 273133]
=== go tests ===
Running target unix
FAIL: ./index0-out.go execution, -O0 -g -fno-var-tracking-assignments
FAIL: go.test/test/chan/nonblock.go execution, -O2 -g
FAIL: go.test/test/fixedbugs/issue4085b.go execution, -O2 -g
=== go Summary for unix ===
# of expected passes 7469
# of unexpected failures 3
# of expected failures 1
# of untested testcases 11
# of unsupported tests 3
Running target unix/-m64
FAIL: ./index0-out.go execution, -O0 -g -fno-var-tracking-assignments
FAIL: go.test/test/chan/nonblock.go execution, -O2 -g
WARNING: go.test/test/cmplxdivide.go program timed out.
FAIL: go.test/test/cmplxdivide.go
=== go Summary for unix/-m64 ===
# of expected passes 7349
# of unexpected failures 3
# of expected failures 1
# of untested testcases 11
# of unsupported tests 3
=== go Summary ===
# of expected passes 14818
# of unexpected failures 6
# of expected failures 2
# of untested testcases 22
# of unsupported tests 6
=== obj-c++ tests ===
Running target unix
=== obj-c++ Summary for unix ===
# of expected passes 1450
# of expected failures 2
# of unsupported tests 77
Running target unix/-m64
=== obj-c++ Summary for unix/-m64 ===
# of expected passes 1442
# of expected failures 10
# of unsupported tests 77
=== obj-c++ Summary ===
# of expected passes 2892
# of expected failures 12
# of unsupported tests 154
/var/gcc/regression/trunk/11.5-gcc-gas/build/gcc/xg++ version 10.0.0 20190705 (experimental) [trunk revision 273133] (GCC)
=== objc tests ===
Running target unix
=== objc Summary for unix ===
# of expected passes 2782
# of unsupported tests 68
Running target unix/-m64
=== objc Summary for unix/-m64 ===
# of expected passes 2782
# of unsupported tests 68
=== objc Summary ===
# of expected passes 5564
# of unsupported tests 136
/var/gcc/regression/trunk/11.5-gcc-gas/build/gcc/xgcc version 10.0.0 20190705 (experimental) [trunk revision 273133] (GCC)
=== gotools tests ===
FAIL: go test cmd/go
FAIL: TestAbort
FAIL: TestBreakpoint
FAIL: TestCgoSignalDeadlock
FAIL: TestGccgoCrashTracebackNodebug
FAIL: TestPanicInlined
FAIL: TestRuntimePanic
FAIL: TestSelectStackAdjust
FAIL: go test runtime
FAIL: go test misc/cgo/test
FAIL: TestCompileWithoutShared
FAIL: TestEarlySignalHandler
FAIL: TestOsSignal
FAIL: TestSigaltstack
FAIL: TestSignalForwarding
FAIL: TestSignalForwardingExternal
FAIL: go test misc/cgo/testcarchive
FAIL: TestVet
FAIL: go test cmd/vet
=== gotools Summary ===
# of expected passes 109
# of unexpected failures 19
# of untested testcases 61
/var/gcc/regression/trunk/11.5-gcc-gas/build/./gcc/gccgo version 10.0.0 20190705 (experimental) [trunk revision 273133] (GCC)
=== libatomic tests ===
Running target unix
=== libatomic Summary for unix ===
# of expected passes 44
# of unsupported tests 5
Running target unix/-m64
=== libatomic Summary for unix/-m64 ===
# of expected passes 54
=== libatomic Summary ===
# of expected passes 98
# of unsupported tests 5
=== libffi tests ===
Running target unix
=== libffi Summary for unix ===
# of expected passes 2214
Running target unix/-m64
=== libffi Summary for unix/-m64 ===
# of expected passes 2214
=== libffi Summary ===
# of expected passes 4428
=== libgo tests ===
Running target unix
FAIL: cmd/go/internal/par
FAIL: compress/gzip
FAIL: go/build
FAIL: internal/x/crypto/cryptobyte
FAIL: net/http
FAIL: net/http/cgi
FAIL: os/exec
FAIL: os/signal
FAIL: runtime
FAIL: runtime/pprof
FAIL: sync/atomic
=== libgo Summary for unix ===
# of expected passes 174
# of unexpected failures 11
Running target unix/-m64
FAIL: go/build
FAIL: image/jpeg
FAIL: net/http
FAIL: runtime
FAIL: runtime/pprof
FAIL: sync/atomic
=== libgo Summary for unix/-m64 ===
# of expected passes 179
# of unexpected failures 6
=== libgo Summary ===
# of expected passes 353
# of unexpected failures 17
/var/gcc/regression/trunk/11.5-gcc-gas/build/./gcc/gccgo version 10.0.0 20190705 (experimental) [trunk revision 273133] (GCC)
=== libgomp tests ===
Running target unix
WARNING: libgomp.c++/task-reduction-10.C execution test program timed out.
FAIL: libgomp.c++/task-reduction-10.C execution test
=== libgomp Summary for unix ===
# of expected passes 6536
# of unexpected failures 1
# of expected failures 4
# of unsupported tests 424
Running target unix/-m64
=== libgomp Summary for unix/-m64 ===
# of expected passes 6537
# of expected failures 4
# of unsupported tests 424
=== libgomp Summary ===
# of expected passes 13073
# of unexpected failures 1
# of expected failures 8
# of unsupported tests 848
=== libitm tests ===
Running target unix
=== libitm Summary for unix ===
# of expected passes 42
# of expected failures 3
# of unsupported tests 1
Running target unix/-m64
=== libitm Summary for unix/-m64 ===
# of expected passes 42
# of expected failures 3
# of unsupported tests 1
=== libitm Summary ===
# of expected passes 84
# of expected failures 6
# of unsupported tests 2
=== libphobos tests ===
Running target unix
FAIL: libphobos.phobos_shared/std/datetime/systime.d execution test
FAIL: libphobos.phobos_shared/std/datetime/timezone.d execution test
FAIL: libphobos.phobos_shared/std/digest/murmurhash.d execution test
FAIL: libphobos.phobos_shared/std/experimental/allocator/building_blocks/region.d execution test
FAIL: libphobos.phobos_shared/std/format.d execution test
FAIL: libphobos.phobos_shared/std/internal/math/errorfunction.d execution test
FAIL: libphobos.phobos_shared/std/internal/math/gammafunction.d execution test
FAIL: libphobos.phobos_shared/std/math.d execution test
WARNING: libphobos.phobos_shared/std/net/curl.d execution test program timed out.
FAIL: libphobos.phobos_shared/std/net/curl.d execution test
FAIL: libphobos.phobos_shared/std/net/isemail.d execution test
FAIL: libphobos.phobos_shared/std/numeric.d execution test
FAIL: libphobos.phobos_shared/std/parallelism.d execution test
WARNING: libphobos.phobos_shared/std/range/package.d (test for excess errors) program timed out.
FAIL: libphobos.phobos_shared/std/range/package.d (test for excess errors)
UNRESOLVED: libphobos.phobos_shared/std/range/package.d compilation failed to produce executable
FAIL: libphobos.phobos_shared/std/regex/internal/kickstart.d execution test
FAIL: libphobos.phobos_shared/std/regex/internal/tests.d execution test
FAIL: libphobos.phobos_shared/std/regex/package.d execution test
FAIL: libphobos.phobos_shared/std/socket.d execution test
FAIL: libphobos.phobos_shared/std/stdio.d execution test
FAIL: libphobos.phobos_shared/std/variant.d execution test
FAIL: libphobos.shared/finalize.d -shared-libphobos -ldl execution test
FAIL: libphobos.shared/linkD.c lib.so -ldl -pthread execution test
FAIL: libphobos.shared/load.d -shared-libphobos -ldl execution test
FAIL: libphobos.shared/load_13414.d -shared-libphobos -ldl execution test
FAIL: libphobos.thread/fiber_guard_page.d execution test
=== libphobos Summary for unix ===
# of expected passes 399
# of unexpected failures 24
# of unresolved testcases 1
Running target unix/-m64
FAIL: libphobos.phobos_shared/std/datetime/systime.d execution test
FAIL: libphobos.phobos_shared/std/datetime/timezone.d execution test
FAIL: libphobos.phobos_shared/std/digest/murmurhash.d execution test
FAIL: libphobos.phobos_shared/std/format.d execution test
FAIL: libphobos.phobos_shared/std/internal/math/errorfunction.d execution test
FAIL: libphobos.phobos_shared/std/internal/math/gammafunction.d execution test
FAIL: libphobos.phobos_shared/std/math.d execution test
FAIL: libphobos.phobos_shared/std/numeric.d execution test
FAIL: libphobos.phobos_shared/std/parallelism.d execution test
WARNING: libphobos.phobos_shared/std/range/package.d (test for excess errors) program timed out.
FAIL: libphobos.phobos_shared/std/range/package.d (test for excess errors)
UNRESOLVED: libphobos.phobos_shared/std/range/package.d compilation failed to produce executable
FAIL: libphobos.phobos_shared/std/regex/internal/kickstart.d execution test
FAIL: libphobos.phobos_shared/std/regex/internal/tests.d execution test
FAIL: libphobos.phobos_shared/std/regex/package.d execution test
FAIL: libphobos.shared/finalize.d -shared-libphobos -ldl execution test
FAIL: libphobos.shared/linkD.c lib.so -ldl -pthread execution test
FAIL: libphobos.shared/load.d -shared-libphobos -ldl execution test
FAIL: libphobos.shared/load_13414.d -shared-libphobos -ldl execution test
FAIL: libphobos.thread/fiber_guard_page.d execution test
=== libphobos Summary for unix/-m64 ===
# of expected passes 405
# of unexpected failures 18
# of unresolved testcases 1
=== libphobos Summary ===
# of expected passes 804
# of unexpected failures 42
# of unresolved testcases 2
=== libstdc++ tests ===
Running target unix
=== libstdc++ Summary for unix ===
# of expected passes 12116
# of expected failures 78
# of unsupported tests 713
Running target unix/-m64
=== libstdc++ Summary for unix/-m64 ===
# of expected passes 12116
# of expected failures 78
# of unsupported tests 713
=== libstdc++ Summary ===
# of expected passes 24232
# of expected failures 156
# of unsupported tests 1426
Compiler version: 10.0.0 20190705 (experimental) [trunk revision 273133] (GCC)
Platform: sparc-sun-solaris2.11
configure flags: --prefix=/vol/gcc --target=sparc-sun-solaris2.11 --enable-objc-gc --with-target-bdw-gc-include=/vol/gcc/include --with-target-bdw-gc-lib=/vol/gcc/lib,sparcv9=/vol/gcc/lib/sparcv9 --with-as=/vol/gcc/bin/gas-2.32 --with-gnu-as --with-gmp-include=/vol/gcc/include --with-gmp-lib=/vol/gcc/lib --with-mpfr-include=/vol/gcc/include --with-mpfr-lib=/vol/gcc/lib --with-mpc-include=/vol/gcc/include --with-mpc-lib=/vol/gcc/lib --enable-languages=all,ada,obj-c++,go --with-isl-include=/vol/gcc/include --with-isl-lib=/vol/gcc/lib --with-zstd-include=/vol/gcc/include --with-zstd-lib=/vol/gcc/lib --build=sparc-sun-solaris2.11 --host=sparc-sun-solaris2.11
BOOT_CFLAGS=-g -O2