This is the mail archive of the
gcc-testresults@gcc.gnu.org
mailing list for the GCC project.
Results for 10.0.0 20190629 (experimental) [trunk revision 272827] (GCC) testsuite on x86_64-apple-darwin14
- From: Iain Sandoe <iains dot gcc at gmail dot com>
- To: GCC-testresults at gcc dot gnu dot org
- Date: Mon, 1 Jul 2019 08:24:10 +0100
- Subject: Results for 10.0.0 20190629 (experimental) [trunk revision 272827] (GCC) testsuite on x86_64-apple-darwin14
LAST_UPDATED: Sat Jun 29 19:12:53 UTC 2019 (revision 272827)
=== acats tests ===
=== acats Summary ===
# of expected passes 2320
# of unexpected failures 0
Native configuration is x86_64-apple-darwin14
=== g++ tests ===
Running target unix/-m32
FAIL: g++.dg/cpp0x/gen-attrs-67.C -std=c++14 (test for excess errors)
FAIL: g++.dg/cpp0x/gen-attrs-67.C -std=c++17 (test for excess errors)
WARNING: g++.dg/cpp2a/desig2.C -std=gnu++14 (test for errors, line 10) program timed out.
FAIL: g++.dg/ext/pr84828.C -std=gnu++14 (internal compiler error)
FAIL: g++.dg/ext/pr84828.C -std=gnu++14 (test for excess errors)
FAIL: g++.dg/ext/pr84828.C -std=gnu++17 (internal compiler error)
FAIL: g++.dg/ext/pr84828.C -std=gnu++17 (test for excess errors)
FAIL: g++.dg/ext/pr84828.C -std=gnu++98 (internal compiler error)
FAIL: g++.dg/ext/pr84828.C -std=gnu++98 (test for excess errors)
FAIL: g++.dg/ipa/pr67056.C scan-ipa-dump cp "Speculative outer type:struct CompositeClass"
FAIL: g++.dg/opt/flifetime-dse2.C -std=gnu++14 execution test
FAIL: g++.dg/opt/flifetime-dse2.C -std=gnu++17 execution test
FAIL: g++.dg/opt/flifetime-dse2.C -std=gnu++98 execution test
FAIL: g++.dg/opt/flifetime-dse4.C -std=gnu++14 execution test
FAIL: g++.dg/opt/flifetime-dse4.C -std=gnu++17 execution test
FAIL: g++.dg/opt/flifetime-dse4.C -std=gnu++98 execution test
FAIL: g++.dg/pr80481.C -std=gnu++14 scan-assembler-not vmovaps
FAIL: g++.dg/pr80481.C -std=gnu++17 scan-assembler-not vmovaps
FAIL: g++.dg/pr80481.C -std=gnu++98 scan-assembler-not vmovaps
WARNING: g++.dg/template/ref6.C -std=c++14 (test for excess errors) program timed out.
FAIL: g++.dg/template/ref6.C -std=c++14 (test for excess errors)
FAIL: g++.dg/warn/Warray-bounds-4.C -std=gnu++14 (test for warnings, line 25)
FAIL: g++.dg/warn/Warray-bounds-4.C -std=gnu++17 (test for warnings, line 25)
FAIL: g++.dg/warn/Warray-bounds-4.C -std=gnu++98 (test for warnings, line 25)
FAIL: g++.dg/gcov/pr16855.C -std=gnu++14 gcov: 2 failures in line counts, 0 in branch percentages, 0 in return percentages, 0 in intermediate format
FAIL: g++.dg/gcov/pr16855.C -std=gnu++14 line 21: is #####:should be 1
FAIL: g++.dg/gcov/pr16855.C -std=gnu++14 line 45: is #####:should be 1
FAIL: g++.dg/gcov/pr16855.C -std=gnu++17 gcov: 2 failures in line counts, 0 in branch percentages, 0 in return percentages, 0 in intermediate format
FAIL: g++.dg/gcov/pr16855.C -std=gnu++17 line 21: is #####:should be 1
FAIL: g++.dg/gcov/pr16855.C -std=gnu++17 line 45: is #####:should be 1
FAIL: g++.dg/gcov/pr16855.C -std=gnu++98 gcov: 2 failures in line counts, 0 in branch percentages, 0 in return percentages, 0 in intermediate format
FAIL: g++.dg/gcov/pr16855.C -std=gnu++98 line 21: is #####:should be 1
FAIL: g++.dg/gcov/pr16855.C -std=gnu++98 line 45: is #####:should be 1
FAIL: g++.dg/lto/alias-1 cp_lto_alias-1_0.o-cp_lto_alias-1_1.o execute -O2 -flto
FAIL: g++.dg/lto/alias-2 cp_lto_alias-2_0.o-cp_lto_alias-2_1.o execute -O2 -flto
FAIL: g++.dg/lto/pr65276 cp_lto_pr65276_0.o-cp_lto_pr65276_1.o link, -flto -O0 -std=c++11
FAIL: g++.dg/lto/pr87906 cp_lto_pr87906_0.o-cp_lto_pr87906_1.o link, -O -fPIC -flto
FAIL: g++.dg/lto/pr89335 cp_lto_pr89335_0.o assemble, -O2 -flto -Wsuggest-final-methods
=== g++ Summary for unix/-m32 ===
# of expected passes 130022
# of unexpected failures 36
# of expected failures 540
# of unsupported tests 6310
Running target unix/-m64
WARNING: g++.dg/cpp0x/gen-attrs-3.C -std=gnu++14 (test for excess errors) program timed out.
FAIL: g++.dg/cpp0x/gen-attrs-3.C -std=gnu++14 (test for excess errors)
FAIL: g++.dg/cpp0x/gen-attrs-67.C -std=c++14 (test for excess errors)
FAIL: g++.dg/cpp0x/gen-attrs-67.C -std=c++17 (test for excess errors)
FAIL: g++.dg/ipa/pr67056.C scan-ipa-dump cp "Speculative outer type:struct CompositeClass"
FAIL: g++.dg/opt/flifetime-dse2.C -std=gnu++14 execution test
FAIL: g++.dg/opt/flifetime-dse2.C -std=gnu++17 execution test
FAIL: g++.dg/opt/flifetime-dse2.C -std=gnu++98 execution test
FAIL: g++.dg/opt/flifetime-dse4.C -std=gnu++14 execution test
FAIL: g++.dg/opt/flifetime-dse4.C -std=gnu++17 execution test
FAIL: g++.dg/opt/flifetime-dse4.C -std=gnu++98 execution test
FAIL: g++.dg/pr80481.C -std=gnu++14 scan-assembler-not vmovaps
FAIL: g++.dg/pr80481.C -std=gnu++17 scan-assembler-not vmovaps
FAIL: g++.dg/pr80481.C -std=gnu++98 scan-assembler-not vmovaps
WARNING: g++.dg/template/member7.C -std=c++14 (test for excess errors) program timed out.
FAIL: g++.dg/template/member7.C -std=c++14 (test for excess errors)
FAIL: g++.dg/tree-ssa/ivopts-3.C -std=gnu++98 scan-tree-dump ivopts "Selected IV set for loop [0-9]* at [^ ]*:64, 3 avg niters, 1 IVs"
WARNING: g++.dg/tree-ssa/pr22488.C -std=gnu++14 (test for excess errors) program timed out.
FAIL: g++.dg/tree-ssa/pr22488.C -std=gnu++14 (test for excess errors)
FAIL: g++.dg/warn/Warray-bounds-4.C -std=gnu++14 (test for warnings, line 25)
FAIL: g++.dg/warn/Warray-bounds-4.C -std=gnu++17 (test for warnings, line 25)
FAIL: g++.dg/warn/Warray-bounds-4.C -std=gnu++98 (test for warnings, line 25)
FAIL: g++.dg/gcov/pr16855.C -std=gnu++14 gcov: 2 failures in line counts, 0 in branch percentages, 0 in return percentages, 0 in intermediate format
FAIL: g++.dg/gcov/pr16855.C -std=gnu++14 line 21: is #####:should be 1
FAIL: g++.dg/gcov/pr16855.C -std=gnu++14 line 45: is #####:should be 1
FAIL: g++.dg/gcov/pr16855.C -std=gnu++17 gcov: 2 failures in line counts, 0 in branch percentages, 0 in return percentages, 0 in intermediate format
FAIL: g++.dg/gcov/pr16855.C -std=gnu++17 line 21: is #####:should be 1
FAIL: g++.dg/gcov/pr16855.C -std=gnu++17 line 45: is #####:should be 1
FAIL: g++.dg/gcov/pr16855.C -std=gnu++98 gcov: 2 failures in line counts, 0 in branch percentages, 0 in return percentages, 0 in intermediate format
FAIL: g++.dg/gcov/pr16855.C -std=gnu++98 line 21: is #####:should be 1
FAIL: g++.dg/gcov/pr16855.C -std=gnu++98 line 45: is #####:should be 1
FAIL: g++.dg/lto/alias-1 cp_lto_alias-1_0.o-cp_lto_alias-1_1.o execute -O2 -flto
FAIL: g++.dg/lto/alias-2 cp_lto_alias-2_0.o-cp_lto_alias-2_1.o execute -O2 -flto
FAIL: g++.dg/lto/pr65276 cp_lto_pr65276_0.o-cp_lto_pr65276_1.o link, -flto -O0 -std=c++11
FAIL: g++.dg/lto/pr87906 cp_lto_pr87906_0.o-cp_lto_pr87906_1.o link, -O -fPIC -flto
FAIL: g++.dg/lto/pr89335 cp_lto_pr89335_0.o assemble, -O2 -flto -Wsuggest-final-methods
WARNING: g++.dg/pch/pch.C -g -I. -Dwith_PCH (test for excess errors) program timed out.
FAIL: g++.dg/pch/pch.C -g -I. -Dwith_PCH (test for excess errors)
FAIL: g++.dg/pch/pch.C -g assembly comparison
WARNING: c-c++-common/ubsan/vla-2.c -O2 -flto -flto-partition=none (test for excess errors) program timed out.
FAIL: c-c++-common/ubsan/vla-2.c -O2 -flto -flto-partition=none (test for excess errors)
WARNING: g++.dg/vect/pr58513.cc -std=c++17 (test for excess errors) program timed out.
FAIL: g++.dg/vect/pr58513.cc -std=c++17 (test for excess errors)
WARNING: g++.old-deja/g++.abi/vtable3d.C -std=c++14 (test for excess errors) program timed out.
FAIL: g++.old-deja/g++.abi/vtable3d.C -std=c++14 (test for excess errors)
=== g++ Summary for unix/-m64 ===
# of expected passes 131625
# of unexpected failures 38
# of expected failures 543
# of unsupported tests 6452
=== g++ Summary ===
# of expected passes 261647
# of unexpected failures 74
# of expected failures 1083
# of unsupported tests 12762
/Volumes/compilers-osx-10/10-10-yos/gcc-trunk/gcc/xg++ version 10.0.0 20190629 (experimental) [trunk revision 272827] (GCC)
=== gcc tests ===
Running target unix/-m32
FAIL: c-c++-common/asan/strncpy-overflow-1.c -O0 output pattern test
WARNING: gcc.dg/debug/pr41717.c -gdwarf-2 -g3 -O (test for excess errors) program timed out.
FAIL: gcc.dg/debug/pr41717.c -gdwarf-2 -g3 -O (test for excess errors)
WARNING: gcc.dg/debug/pr46409.c -gdwarf-2 -g3 -O (test for excess errors) program timed out.
FAIL: gcc.dg/debug/pr46409.c -gdwarf-2 -g3 -O (test for excess errors)
FAIL: gcc.dg/debug/dwarf2/inline4.c scan-assembler DW_TAG_inlined_subroutine[^\\\\(]*\\\\([^\\\\)]*\\\\)[^\\\\(]*\\\\(DIE \\\\(0x[0-9a-f]*\\\\) DW_TAG_formal_parameter[^\\\\(]*\\\\(DIE \\\\(0x[0-9a-f]*\\\\) DW_TAG_variable
FAIL: gcc.dg/debug/dwarf2/inline5.c scan-assembler-not \\\\(DIE \\\\(0x([0-9a-f]*)\\\\) DW_TAG_lexical_block\\\\)[^#/!@;\\\\|]*[#/!@;\\\\|]+ +[^(].*DW_TAG_lexical_block\\\\)[^#/!@;\\\\|x]*x\\\\1[^#/!@;\\\\|]*[#/!@;\\\\|] +DW_AT_abstract_origin
FAIL: gcc.dg/20020312-2.c (test for excess errors)
FAIL: gcc.dg/Wnonnull.c (test for warnings, line 21)
FAIL: gcc.dg/Wnonnull.c (test for warnings, line 24)
FAIL: gcc.dg/framework-1.c (test for excess errors)
FAIL: gcc.dg/pr57438-2.c scan-assembler nop\\\\nLFE.*
WARNING: gcc.dg/pr84721.c (test for errors, line 5) program timed out.
FAIL: gcc.dg/stack-layout-dynamic-1.c (test for excess errors)
UNRESOLVED: gcc.dg/stack-layout-dynamic-1.c scan-assembler-not cfi_def_cfa_register
FAIL: c-c++-common/goacc/firstprivate-mappings-1.c scan-tree-dump omplower "(?n)#pragma omp target oacc_parallel map\\\\(from:array_so \\\\[len: 4\\\\]\\\\) firstprivate\\\\(array_li.[0-9]+\\\\) map\\\\(tofrom:\\\\(\\\\*array.[0-9]+\\\\) \\\\[len: D\\\\.[0-9]+\\\\]\\\\) map\\\\(firstprivate:array \\\\[pointer assign, bias: 0\\\\]\\\\) \\\\["
FAIL: gcc.dg/graphite/scop-19.c scan-tree-dump-times graphite "number of SCoPs: 0" 1
FAIL: gcc.dg/ipa/ipa-icf-38.c scan-ltrans-tree-dump-not optimized "Function bar"
WARNING: ./macro-1.h -Os (test for excess errors) program timed out.
FAIL: ./macro-1.h -Os (test for excess errors)
WARNING: ./pushpop-1.h -O3 -g (test for excess errors) program timed out.
FAIL: ./pushpop-1.h -O3 -g (test for excess errors)
WARNING: gcc.dg/pch/save-temps-1.c -O0 -g -I. -Dwith_PCH (test for excess errors) program timed out.
FAIL: gcc.dg/pch/save-temps-1.c -O0 -g -I. -Dwith_PCH (test for excess errors)
FAIL: gcc.dg/pch/save-temps-1.c -O0 -g assembly comparison
FAIL: gcc.dg/torture/builtin-self.c -O0 scan-assembler-not \\tcall
FAIL: gcc.dg/torture/ftrapv-1.c -O0 execution test
FAIL: gcc.dg/torture/ftrapv-1.c -O1 execution test
FAIL: gcc.dg/torture/ftrapv-1.c -O2 execution test
FAIL: gcc.dg/torture/ftrapv-1.c -O2 -flto execution test
FAIL: gcc.dg/torture/ftrapv-1.c -O2 -flto -flto-partition=none execution test
FAIL: gcc.dg/torture/ftrapv-1.c -O3 -fomit-frame-pointer -funroll-loops -fpeel-loops -ftracer -finline-functions execution test
FAIL: gcc.dg/torture/ftrapv-1.c -O3 -g execution test
FAIL: gcc.dg/torture/ftrapv-1.c -Os execution test
FAIL: gcc.dg/torture/ftrapv-2.c -O0 execution test
FAIL: gcc.dg/torture/ftrapv-2.c -O1 execution test
FAIL: gcc.dg/torture/ftrapv-2.c -O2 execution test
FAIL: gcc.dg/torture/ftrapv-2.c -O3 -fomit-frame-pointer -funroll-loops -fpeel-loops -ftracer -finline-functions execution test
FAIL: gcc.dg/torture/ftrapv-2.c -O3 -g execution test
FAIL: gcc.dg/torture/ftrapv-2.c -Os execution test
WARNING: gcc.dg/torture/stackalign/builtin-apply-3.c -O2 -flto -mforce-drap (test for excess errors) program timed out.
FAIL: gcc.dg/torture/stackalign/builtin-apply-3.c -O2 -flto -mforce-drap (test for excess errors)
FAIL: gcc.dg/tree-ssa/ssa-dse-36.c scan-tree-dump-times dse1 "Deleted redundant call" 3
XPASS: gcc.dg/vect/vect-reduc-in-order-1.c -flto -ffat-lto-objects execution test
XPASS: gcc.dg/vect/vect-reduc-in-order-1.c execution test
XPASS: gcc.dg/vect/vect-reduc-in-order-2.c -flto -ffat-lto-objects execution test
XPASS: gcc.dg/vect/vect-reduc-in-order-2.c execution test
XPASS: gcc.dg/vect/vect-reduc-in-order-3.c -flto -ffat-lto-objects execution test
XPASS: gcc.dg/vect/vect-reduc-in-order-3.c execution test
XPASS: gcc.dg/vect/vect-reduc-in-order-4.c -flto -ffat-lto-objects execution test
XPASS: gcc.dg/vect/vect-reduc-in-order-4.c execution test
FAIL: gcc.target/i386/avx512vp2intersect-2intersect-1b.c (test for excess errors)
UNRESOLVED: gcc.target/i386/avx512vp2intersect-2intersect-1b.c compilation failed to produce executable
FAIL: gcc.target/i386/avx512vp2intersect-2intersectvl-1b.c (test for excess errors)
UNRESOLVED: gcc.target/i386/avx512vp2intersect-2intersectvl-1b.c compilation failed to produce executable
FAIL: gcc.target/i386/pr15184-1.c scan-assembler-times movb[ \\\\t]+%al 4
FAIL: gcc.target/i386/pr15184-2.c scan-assembler-times movb[ \\\\t]+%al 2
FAIL: gcc.target/i386/pr54855-3.c scan-assembler-not movsd
FAIL: gcc.target/i386/pr54855-7.c scan-assembler-not movss
FAIL: gcc.target/i386/pr57193.c scan-assembler-times movdqa 2
FAIL: gcc.target/i386/pr66334.c scan-assembler movl[ \\\\t].+, %ebx
FAIL: gcc.target/i386/pr71245-1.c scan-assembler-not (fistp|fild)
FAIL: gcc.target/i386/pr71245-2.c scan-assembler-not movlps
FAIL: gcc.target/i386/pr78035.c scan-assembler-times cmp 2
FAIL: gcc.target/i386/pr81736-5.c scan-assembler-not %[re]bp
FAIL: gcc.target/i386/pr84278.c scan-assembler-not \\\\(%.sp\\\\)
FAIL: gcc.target/i386/pr85667-6.c scan-assembler-times flds[^\\n\\r]* 1
FAIL: gcc.target/i386/pr88414.c (internal compiler error)
FAIL: gcc.target/i386/pr88414.c (test for excess errors)
=== gcc Summary for unix/-m32 ===
# of expected passes 134499
# of unexpected failures 51
# of unexpected successes 8
# of expected failures 533
# of unresolved testcases 3
# of unsupported tests 3141
Running target unix/-m64
WARNING: gcc.c-torture/compile/20030405-1.c -O1 (test for excess errors) program timed out.
FAIL: gcc.c-torture/compile/20030405-1.c -O1 (test for excess errors)
WARNING: gcc.c-torture/compile/andsparc.c -Os (test for excess errors) program timed out.
FAIL: gcc.c-torture/compile/andsparc.c -Os (test for excess errors)
WARNING: gcc.c-torture/compile/pr43186.c -O2 -flto (test for excess errors) program timed out.
FAIL: gcc.c-torture/compile/pr43186.c -O2 -flto (test for excess errors)
WARNING: gcc.c-torture/compile/pr44946.c -Os (test for excess errors) program timed out.
FAIL: gcc.c-torture/compile/pr44946.c -Os (test for excess errors)
WARNING: gcc.c-torture/execute/20120207-1.c -O0 (test for excess errors) program timed out.
FAIL: gcc.c-torture/execute/20120207-1.c -O0 (test for excess errors)
WARNING: gcc.c-torture/execute/pr17133.c -O0 (test for excess errors) program timed out.
FAIL: gcc.c-torture/execute/pr17133.c -O0 (test for excess errors)
FAIL: gcc.c-torture/execute/pr59358.c -O2 -flto -flto-partition=none (test for excess errors)
UNRESOLVED: gcc.c-torture/execute/pr59358.c -O2 -flto -flto-partition=none compilation failed to produce executable
FAIL: c-c++-common/asan/strncpy-overflow-1.c -O0 execution test
FAIL: gcc.dg/debug/dwarf2/inline4.c scan-assembler DW_TAG_inlined_subroutine[^\\\\(]*\\\\([^\\\\)]*\\\\)[^\\\\(]*\\\\(DIE \\\\(0x[0-9a-f]*\\\\) DW_TAG_formal_parameter[^\\\\(]*\\\\(DIE \\\\(0x[0-9a-f]*\\\\) DW_TAG_variable
FAIL: gcc.dg/debug/dwarf2/inline5.c scan-assembler-not \\\\(DIE \\\\(0x([0-9a-f]*)\\\\) DW_TAG_lexical_block\\\\)[^#/!@;\\\\|]*[#/!@;\\\\|]+ +[^(].*DW_TAG_lexical_block\\\\)[^#/!@;\\\\|x]*x\\\\1[^#/!@;\\\\|]*[#/!@;\\\\|] +DW_AT_abstract_origin
FAIL: gcc.dg/Wnonnull.c (test for warnings, line 21)
FAIL: gcc.dg/Wnonnull.c (test for warnings, line 24)
FAIL: gcc.dg/framework-1.c (test for excess errors)
WARNING: gcc.dg/pr44028.c (test for excess errors) program timed out.
FAIL: gcc.dg/pr44028.c (test for excess errors)
FAIL: gcc.dg/pr57438-2.c scan-assembler nop\\\\nLFE.*
FAIL: gcc.dg/stack-layout-dynamic-1.c (test for excess errors)
UNRESOLVED: gcc.dg/stack-layout-dynamic-1.c scan-assembler-not cfi_def_cfa_register
FAIL: gcc.dg/graphite/scop-19.c scan-tree-dump-times graphite "number of SCoPs: 0" 1
FAIL: gcc.dg/ipa/ipa-icf-38.c scan-ltrans-tree-dump-not optimized "Function bar"
WARNING: ./counter-1.h -O0 -g (test for excess errors) program timed out.
FAIL: ./counter-1.h -O0 -g (test for excess errors)
WARNING: gcc.dg/pch/import-2.c -O0 -I. -Dwith_PCH (test for excess errors) program timed out.
FAIL: gcc.dg/pch/import-2.c -O0 -I. -Dwith_PCH (test for excess errors)
FAIL: gcc.dg/torture/fp-int-convert-timode-3.c -O0 execution test
FAIL: gcc.dg/torture/fp-int-convert-timode-3.c -O1 execution test
FAIL: gcc.dg/torture/fp-int-convert-timode-3.c -O2 execution test
FAIL: gcc.dg/torture/fp-int-convert-timode-3.c -O2 -flto execution test
FAIL: gcc.dg/torture/fp-int-convert-timode-3.c -O2 -flto -flto-partition=none execution test
FAIL: gcc.dg/torture/fp-int-convert-timode-3.c -O3 -g execution test
FAIL: gcc.dg/torture/fp-int-convert-timode-3.c -Os execution test
FAIL: gcc.dg/torture/fp-int-convert-timode-4.c -O0 execution test
FAIL: gcc.dg/torture/fp-int-convert-timode-4.c -O1 execution test
FAIL: gcc.dg/torture/fp-int-convert-timode-4.c -O2 execution test
FAIL: gcc.dg/torture/fp-int-convert-timode-4.c -O2 -flto execution test
FAIL: gcc.dg/torture/fp-int-convert-timode-4.c -O2 -flto -flto-partition=none execution test
FAIL: gcc.dg/torture/fp-int-convert-timode-4.c -O3 -g execution test
FAIL: gcc.dg/torture/fp-int-convert-timode-4.c -Os execution test
FAIL: gcc.dg/torture/ftrapv-1.c -O0 execution test
FAIL: gcc.dg/torture/ftrapv-1.c -O1 execution test
FAIL: gcc.dg/torture/ftrapv-1.c -O2 execution test
FAIL: gcc.dg/torture/ftrapv-1.c -O2 -flto execution test
FAIL: gcc.dg/torture/ftrapv-1.c -O2 -flto -flto-partition=none execution test
FAIL: gcc.dg/torture/ftrapv-1.c -O3 -fomit-frame-pointer -funroll-loops -fpeel-loops -ftracer -finline-functions execution test
FAIL: gcc.dg/torture/ftrapv-1.c -O3 -g execution test
FAIL: gcc.dg/torture/ftrapv-1.c -Os execution test
FAIL: gcc.dg/torture/ftrapv-2.c -O0 execution test
FAIL: gcc.dg/torture/ftrapv-2.c -O1 execution test
FAIL: gcc.dg/torture/ftrapv-2.c -O2 execution test
FAIL: gcc.dg/torture/ftrapv-2.c -O3 -fomit-frame-pointer -funroll-loops -fpeel-loops -ftracer -finline-functions execution test
FAIL: gcc.dg/torture/ftrapv-2.c -O3 -g execution test
FAIL: gcc.dg/torture/ftrapv-2.c -Os execution test
WARNING: gcc.dg/torture/matrix-4.c -O0 (test for excess errors) program timed out.
FAIL: gcc.dg/torture/matrix-4.c -O0 (test for excess errors)
FAIL: gcc.dg/tree-ssa/pr84512.c scan-tree-dump optimized "return 285;"
FAIL: gcc.dg/tree-ssa/ssa-dse-36.c scan-tree-dump-times dse1 "Deleted redundant call" 3
WARNING: gcc.dg/vect/vect-72.c -flto -ffat-lto-objects (test for excess errors) program timed out.
FAIL: gcc.dg/vect/vect-72.c -flto -ffat-lto-objects (test for excess errors)
FAIL: gcc.target/i386/avx512vl-vcvtpd2dq-2.c (test for excess errors)
UNRESOLVED: gcc.target/i386/avx512vl-vcvtpd2dq-2.c compilation failed to produce executable
FAIL: gcc.target/i386/avx512vl-vcvtpd2udq-2.c (test for excess errors)
UNRESOLVED: gcc.target/i386/avx512vl-vcvtpd2udq-2.c compilation failed to produce executable
FAIL: gcc.target/i386/avx512vl-vcvtqq2ps-2.c (test for excess errors)
UNRESOLVED: gcc.target/i386/avx512vl-vcvtqq2ps-2.c compilation failed to produce executable
FAIL: gcc.target/i386/avx512vl-vcvtuqq2ps-2.c (test for excess errors)
UNRESOLVED: gcc.target/i386/avx512vl-vcvtuqq2ps-2.c compilation failed to produce executable
FAIL: gcc.target/i386/avx512vl-vfpclasspd-2.c (test for excess errors)
UNRESOLVED: gcc.target/i386/avx512vl-vfpclasspd-2.c compilation failed to produce executable
FAIL: gcc.target/i386/avx512vl-vfpclassps-2.c (test for excess errors)
UNRESOLVED: gcc.target/i386/avx512vl-vfpclassps-2.c compilation failed to produce executable
FAIL: gcc.target/i386/avx512vp2intersect-2intersect-1b.c (test for excess errors)
UNRESOLVED: gcc.target/i386/avx512vp2intersect-2intersect-1b.c compilation failed to produce executable
FAIL: gcc.target/i386/avx512vp2intersect-2intersectvl-1b.c (test for excess errors)
UNRESOLVED: gcc.target/i386/avx512vp2intersect-2intersectvl-1b.c compilation failed to produce executable
FAIL: gcc.target/i386/pr57193.c scan-assembler-times movdqa 2
FAIL: gcc.target/i386/pr78035.c scan-assembler-times cmp 2
FAIL: gcc.target/i386/stackalign/pr88483-1.c -mno-stackrealign scan-assembler-not and[lq]?[^\\\\n]*-[0-9]+,[^\\\\n]*sp
FAIL: gcc.target/i386/stackalign/pr88483-1.c -mstackrealign scan-assembler-not and[lq]?[^\\\\n]*-[0-9]+,[^\\\\n]*sp
FAIL: gcc.target/i386/stackalign/pr88483-2.c -mno-stackrealign scan-assembler-not (sub|add)(l|q)[\\\\t ]*\\\\\$[0-9]*,[\\\\t ]*%[re]?sp
FAIL: gcc.target/i386/stackalign/pr88483-2.c -mno-stackrealign scan-assembler-not and[lq]?[^\\\\n]*-[0-9]+,[^\\\\n]*sp
FAIL: gcc.target/i386/stackalign/pr88483-2.c -mstackrealign scan-assembler-not (sub|add)(l|q)[\\\\t ]*\\\\\$[0-9]*,[\\\\t ]*%[re]?sp
FAIL: gcc.target/i386/stackalign/pr88483-2.c -mstackrealign scan-assembler-not and[lq]?[^\\\\n]*-[0-9]+,[^\\\\n]*sp
=== gcc Summary for unix/-m64 ===
# of expected passes 136690
# of unexpected failures 68
# of expected failures 538
# of unresolved testcases 10
# of unsupported tests 2849
=== gcc Summary ===
# of expected passes 271189
# of unexpected failures 119
# of unexpected successes 8
# of expected failures 1071
# of unresolved testcases 13
# of unsupported tests 5990
/Volumes/compilers-osx-10/10-10-yos/gcc-trunk/gcc/xgcc version 10.0.0 20190629 (experimental) [trunk revision 272827] (GCC)
=== gfortran tests ===
Running target unix/-m32
WARNING: gfortran.dg/dec_structure_25.f90 -O0 (test for excess errors) program timed out.
FAIL: gfortran.dg/dec_structure_25.f90 -O0 (test for excess errors)
WARNING: gfortran.dg/widechar_intrinsics_10.f90 -O1 (test for excess errors) program timed out.
FAIL: gfortran.dg/widechar_intrinsics_10.f90 -O1 (test for excess errors)
=== gfortran Summary for unix/-m32 ===
# of expected passes 49868
# of unexpected failures 2
# of expected failures 188
# of unsupported tests 189
Running target unix/-m64
FAIL: gfortran.dg/typebound_operator_9.f03 -O1 (test for excess errors)
UNRESOLVED: gfortran.dg/typebound_operator_9.f03 -O1 compilation failed to produce executable
=== gfortran Summary for unix/-m64 ===
# of expected passes 50097
# of unexpected failures 1
# of expected failures 188
# of unresolved testcases 1
# of unsupported tests 80
=== gfortran Summary ===
# of expected passes 99965
# of unexpected failures 3
# of expected failures 376
# of unresolved testcases 1
# of unsupported tests 269
/Volumes/compilers-osx-10/10-10-yos/gcc-trunk/gcc/gfortran version 10.0.0 20190629 (experimental) [trunk revision 272827] (GCC)
=== gnat tests ===
Running target unix/-m32
=== gnat Summary for unix/-m32 ===
# of expected passes 2985
# of expected failures 23
# of unsupported tests 12
Running target unix/-m64
WARNING: gnat.dg/loop_optimization7.adb (test for excess errors) program timed out.
=== gnat Summary for unix/-m64 ===
# of expected passes 2985
# of expected failures 23
# of unsupported tests 12
=== gnat Summary ===
# of expected passes 5970
# of expected failures 46
# of unsupported tests 24
/Volumes/compilers-osx-10/10-10-yos/gcc-trunk/gcc/gnatmake version 10.0.0 20190629 (experimental) [trunk revision 272827]
=== obj-c++ tests ===
Running target unix/-m64
FAIL: obj-c++.dg/bitfield-2.mm -fnext-runtime execution test
FAIL: obj-c++.dg/gnu-api-2-objc.mm -fnext-runtime execution test
FAIL: obj-c++.dg/try-catch-2.mm -fnext-runtime execution test
FAIL: obj-c++.dg/try-catch-9.mm -fnext-runtime execution test
FAIL: obj-c++.dg/plugin/diagnostic-test-expressions-1.mm -fplugin=./diagnostic_plugin_test_tree_expression_range.so (test for warnings, line 60)
FAIL: obj-c++.dg/plugin/diagnostic-test-expressions-1.mm -fplugin=./diagnostic_plugin_test_tree_expression_range.so (test for warnings, line 68)
FAIL: obj-c++.dg/plugin/diagnostic-test-expressions-1.mm -fplugin=./diagnostic_plugin_test_tree_expression_range.so expected multiline pattern lines 62-63 not found: " __emit_expression_range \\( 0, @selector\\(func0\\) \\);.*\\n \\^~~~~~~~~~~~~~~~\\n"
FAIL: obj-c++.dg/plugin/diagnostic-test-expressions-1.mm -fplugin=./diagnostic_plugin_test_tree_expression_range.so expected multiline pattern lines 70-71 not found: " __emit_expression_range \\( 0, @protocol\\(prot\\) \\);.*\\n \\^~~~~~~~~~~~~~~\\n"
FAIL: obj-c++.dg/plugin/diagnostic-test-expressions-1.mm -fplugin=./diagnostic_plugin_test_tree_expression_range.so (test for excess errors)
FAIL: obj-c++.dg/property/synthesize-10.mm -fnext-runtime execution test
=== obj-c++ Summary for unix/-m64 ===
# of expected passes 3047
# of unexpected failures 10
# of expected failures 18
# of unsupported tests 69
Running target unix/-m32
FAIL: obj-c++.dg/gnu-api-2-objc.mm -fnext-runtime execution test
FAIL: obj-c++.dg/plugin/diagnostic-test-expressions-1.mm -fplugin=./diagnostic_plugin_test_tree_expression_range.so (test for warnings, line 60)
FAIL: obj-c++.dg/plugin/diagnostic-test-expressions-1.mm -fplugin=./diagnostic_plugin_test_tree_expression_range.so expected multiline pattern lines 62-63 not found: " __emit_expression_range \\( 0, @selector\\(func0\\) \\);.*\\n \\^~~~~~~~~~~~~~~~\\n"
FAIL: obj-c++.dg/plugin/diagnostic-test-expressions-1.mm -fplugin=./diagnostic_plugin_test_tree_expression_range.so (test for excess errors)
=== obj-c++ Summary for unix/-m32 ===
# of expected passes 3113
# of unexpected failures 4
# of expected failures 2
# of unsupported tests 63
=== obj-c++ Summary ===
# of expected passes 6160
# of unexpected failures 14
# of expected failures 20
# of unsupported tests 132
/Volumes/compilers-osx-10/10-10-yos/gcc-trunk/gcc/xg++ version 10.0.0 20190629 (experimental) [trunk revision 272827] (GCC)
=== objc tests ===
Running target unix/-m32
FAIL: objc.dg/call-super-2.m -fnext-runtime (test for warnings, line 104)
FAIL: objc.dg/call-super-2.m -fnext-runtime (test for warnings, line 74)
FAIL: objc.dg/gnu-api-2-objc.m -fnext-runtime execution test
FAIL: objc.dg/ivar-scope-4.m -fnext-runtime execution test
FAIL: objc.dg/plugin/diagnostic-test-expressions-1.m -fplugin=./diagnostic_plugin_test_tree_expression_range.so (test for warnings, line 60)
FAIL: objc.dg/plugin/diagnostic-test-expressions-1.m -fplugin=./diagnostic_plugin_test_tree_expression_range.so expected multiline pattern lines 62-63 not found: " __emit_expression_range \\( 0, @selector\\(func0\\) \\);.*\\n \\^~~~~~~~~~~~~~~~\\n"
FAIL: objc.dg/plugin/diagnostic-test-expressions-1.m -fplugin=./diagnostic_plugin_test_tree_expression_range.so (test for excess errors)
=== objc Summary for unix/-m32 ===
# of expected passes 5638
# of unexpected failures 7
# of expected failures 7
# of unsupported tests 80
Running target unix/-m64
FAIL: objc.dg/call-super-2.m -fnext-runtime (test for warnings, line 104)
FAIL: objc.dg/call-super-2.m -fnext-runtime (test for warnings, line 74)
FAIL: objc.dg/exceptions-2.m -fnext-runtime execution test
FAIL: objc.dg/gnu-api-2-objc.m -fnext-runtime execution test
FAIL: objc.dg/plugin/diagnostic-test-expressions-1.m -fplugin=./diagnostic_plugin_test_tree_expression_range.so (test for warnings, line 60)
FAIL: objc.dg/plugin/diagnostic-test-expressions-1.m -fplugin=./diagnostic_plugin_test_tree_expression_range.so (test for warnings, line 68)
FAIL: objc.dg/plugin/diagnostic-test-expressions-1.m -fplugin=./diagnostic_plugin_test_tree_expression_range.so expected multiline pattern lines 62-63 not found: " __emit_expression_range \\( 0, @selector\\(func0\\) \\);.*\\n \\^~~~~~~~~~~~~~~~\\n"
FAIL: objc.dg/plugin/diagnostic-test-expressions-1.m -fplugin=./diagnostic_plugin_test_tree_expression_range.so expected multiline pattern lines 70-71 not found: " __emit_expression_range \\( 0, @protocol\\(prot\\) \\);.*\\n ~~~~~~~~~~~~~~~\\n"
FAIL: objc.dg/plugin/diagnostic-test-expressions-1.m -fplugin=./diagnostic_plugin_test_tree_expression_range.so (test for excess errors)
FAIL: objc.dg/torture/forward-1.m -O0 -fnext-runtime execution test
FAIL: objc.dg/torture/forward-1.m -O1 -fnext-runtime execution test
FAIL: objc.dg/torture/forward-1.m -O2 -fnext-runtime execution test
FAIL: objc.dg/torture/forward-1.m -O2 -flto -fnext-runtime execution test
FAIL: objc.dg/torture/forward-1.m -O2 -flto -flto-partition=none -fnext-runtime execution test
FAIL: objc.dg/torture/forward-1.m -O3 -fomit-frame-pointer -funroll-loops -fpeel-loops -ftracer -finline-functions -fnext-runtime execution test
FAIL: objc.dg/torture/forward-1.m -O3 -g -fnext-runtime execution test
FAIL: objc.dg/torture/forward-1.m -Os -fnext-runtime execution test
=== objc Summary for unix/-m64 ===
# of expected passes 5488
# of unexpected failures 17
# of expected failures 7
# of unsupported tests 87
=== objc Summary ===
# of expected passes 11126
# of unexpected failures 24
# of expected failures 14
# of unsupported tests 167
/Volumes/compilers-osx-10/10-10-yos/gcc-trunk/gcc/xgcc version 10.0.0 20190629 (experimental) [trunk revision 272827] (GCC)
=== libatomic tests ===
Running target unix/-m64
=== libatomic Summary for unix/-m64 ===
# of expected passes 54
Running target unix/-m32
=== libatomic Summary for unix/-m32 ===
# of expected passes 44
# of unsupported tests 5
=== libatomic Summary ===
# of expected passes 98
# of unsupported tests 5
=== libgomp tests ===
Running target unix/-m64
=== libgomp Summary for unix/-m64 ===
# of expected passes 6623
# of expected failures 4
# of unsupported tests 363
Running target unix/-m32
WARNING: program timed out
FAIL: libgomp.fortran/examples-4/target_data-5.f90 -O1 (test for excess errors)
WARNING: program timed out
FAIL: libgomp.oacc-c++/../libgomp.oacc-c-c++-common/reduction-3.c -DACC_DEVICE_TYPE_host=1 -DACC_MEM_SHARED=1 -foffload=disable -O2 (test for excess errors)
=== libgomp Summary for unix/-m32 ===
# of expected passes 6621
# of unexpected failures 2
# of expected failures 4
# of unsupported tests 363
=== libgomp Summary ===
# of expected passes 13244
# of unexpected failures 2
# of expected failures 8
# of unsupported tests 726
=== libitm tests ===
Running target unix/-m64
=== libitm Summary for unix/-m64 ===
# of expected passes 40
# of expected failures 3
# of unsupported tests 2
Running target unix/-m32
=== libitm Summary for unix/-m32 ===
# of expected passes 40
# of expected failures 3
# of unsupported tests 2
=== libitm Summary ===
# of expected passes 80
# of expected failures 6
# of unsupported tests 4
=== libstdc++ tests ===
Running target unix/-m32
FAIL: 17_intro/names.cc (test for excess errors)
WARNING: 30_threads/condition_variable/54185.cc execution test program timed out.
FAIL: 30_threads/condition_variable/54185.cc execution test
FAIL: experimental/iterator/requirements.cc (test for excess errors)
FAIL: experimental/names.cc (test for excess errors)
=== libstdc++ Summary for unix/-m32 ===
# of expected passes 12050
# of unexpected failures 4
# of expected failures 78
# of unsupported tests 745
Running target unix/-m64
FAIL: 17_intro/names.cc (test for excess errors)
WARNING: 20_util/extent/requirements/explicit_instantiation.cc (test for excess errors) program timed out.
FAIL: 20_util/extent/requirements/explicit_instantiation.cc (test for excess errors)
WARNING: 30_threads/condition_variable/54185.cc execution test program timed out.
FAIL: 30_threads/condition_variable/54185.cc execution test
FAIL: experimental/iterator/requirements.cc (test for excess errors)
FAIL: experimental/names.cc (test for excess errors)
WARNING: tr1/4_metaprogramming/has_trivial_destructor/value.cc (test for excess errors) program timed out.
FAIL: tr1/4_metaprogramming/has_trivial_destructor/value.cc (test for excess errors)
=== libstdc++ Summary for unix/-m64 ===
# of expected passes 12046
# of unexpected failures 6
# of expected failures 78
# of unsupported tests 746
=== libstdc++ Summary ===
# of expected passes 24096
# of unexpected failures 10
# of expected failures 156
# of unsupported tests 1491
Compiler version: 10.0.0 20190629 (experimental) [trunk revision 272827] (GCC)
Platform: x86_64-apple-darwin14
configure flags: --prefix=/opt/iains/x86_64-apple-darwin16/gcc-10-0-0 --target=x86_64-apple-darwin14 --host=x86_64-apple-darwin14 --build=x86_64-apple-darwin14 --with-iconv-prefix=/usr --enable-checking=yes --disable-nls --disable-libstdcxx-pch --with-sysroot=/opt/iains/SDKs/darwin14 --enable-version-specific-runtime-libs --enable-languages=all --with-as=/opt/iains/x86_64-apple-darwin/xtools-2-2-3/bin/llas --with-ld=/opt/iains/x86_64-apple-darwin/xtools-2-2-3/bin/ld