This is the mail archive of the gcc-testresults@gcc.gnu.org mailing list for the GCC project.


Index Nav: [Date Index] [Subject Index] [Author Index] [Thread Index]
Message Nav: [Date Prev] [Date Next] [Thread Prev] [Thread Next]
Other format: [Raw text]

Results for 10.0.0 20190531 (experimental) [trunk revision 271803] (GCC) testsuite on sparc-sun-solaris2.11


LAST_UPDATED: Fri May 31 08:42:08 UTC 2019 (revision 271803)

		=== acats tests ===

		=== acats Summary ===
# of expected passes		2320
# of unexpected failures	0
Native configuration is sparc-sun-solaris2.11

		=== g++ tests ===


Running target unix
FAIL: g++.dg/lto/pr89335 cp_lto_pr89335_0.o assemble, -O2 -flto -Wsuggest-final-methods

		=== g++ Summary for unix ===

# of expected passes		129306
# of unexpected failures	1
# of expected failures		516
# of unsupported tests		6652

Running target unix/-m64
FAIL: g++.dg/lto/pr89335 cp_lto_pr89335_0.o assemble, -O2 -flto -Wsuggest-final-methods

		=== g++ Summary for unix/-m64 ===

# of expected passes		129436
# of unexpected failures	1
# of expected failures		519
# of unsupported tests		6372

		=== g++ Summary ===

# of expected passes		258742
# of unexpected failures	2
# of expected failures		1035
# of unsupported tests		13024
/var/gcc/regression/trunk/11.3-gcc/build/gcc/xg++  version 10.0.0 20190531 (experimental) [trunk revision 271803] (GCC) 

		=== gcc tests ===


Running target unix
FAIL: gcc.c-torture/compile/20030921-1.c   -O2 -flto -flto-partition=none  (test for excess errors)
FAIL: gcc.c-torture/compile/20031023-1.c   -O2 -flto  (test for excess errors)
FAIL: gcc.c-torture/execute/pr64242.c   -O2  execution test
FAIL: gcc.c-torture/execute/pr64242.c   -O2 -flto  execution test
FAIL: gcc.c-torture/execute/pr64242.c   -O2 -flto -flto-partition=none  execution test
FAIL: gcc.c-torture/execute/pr64242.c   -O3 -g  execution test
FAIL: gcc.c-torture/execute/pr64242.c   -Os  execution test
FAIL: gcc.dg/pr84877.c execution test
FAIL: gcc.dg/visibility-22.c execution test
FAIL: gcc.dg/ipa/ipa-icf-38.c scan-ltrans-tree-dump-not optimized "Function bar"
FAIL: gcc.dg/simulate-thread/atomic-other-int.c   -O2 -g  thread simulation test
FAIL: gcc.dg/simulate-thread/atomic-other-int.c   -O3 -g  thread simulation test
FAIL: gcc.dg/simulate-thread/speculative-store-4.c   -O0 -g  thread simulation test
FAIL: gcc.dg/simulate-thread/speculative-store-4.c   -O2 -g  thread simulation test
FAIL: gcc.dg/simulate-thread/speculative-store-4.c   -O3 -g  thread simulation test
FAIL: gcc.dg/simulate-thread/speculative-store.c   -O0 -g  thread simulation test
FAIL: gcc.dg/torture/pr60092.c   -O0  execution test
XPASS: gcc.dg/vect/bb-slp-div-1.c -flto -ffat-lto-objects  scan-tree-dump slp2 "basic block vectorized"
XPASS: gcc.dg/vect/bb-slp-div-1.c scan-tree-dump slp2 "basic block vectorized"

		=== gcc Summary for unix ===

# of expected passes		114548
# of unexpected failures	17
# of unexpected successes	2
# of expected failures		603
# of unsupported tests		3471

Running target unix/-m64
FAIL: gcc.c-torture/execute/pr64242.c   -O2  execution test
FAIL: gcc.c-torture/execute/pr64242.c   -O2 -flto  execution test
FAIL: gcc.c-torture/execute/pr64242.c   -O2 -flto -flto-partition=none  execution test
FAIL: gcc.c-torture/execute/pr64242.c   -O3 -g  execution test
FAIL: gcc.c-torture/execute/pr64242.c   -Os  execution test
FAIL: gcc.dg/visibility-22.c execution test
FAIL: gcc.dg/ipa/ipa-icf-38.c scan-ltrans-tree-dump-not optimized "Function bar"
FAIL: gcc.dg/torture/pr60092.c   -O0  execution test
XPASS: gcc.dg/vect/bb-slp-div-1.c -flto -ffat-lto-objects  scan-tree-dump slp2 "basic block vectorized"
XPASS: gcc.dg/vect/bb-slp-div-1.c scan-tree-dump slp2 "basic block vectorized"

		=== gcc Summary for unix/-m64 ===

# of expected passes		114081
# of unexpected failures	8
# of unexpected successes	2
# of expected failures		597
# of unsupported tests		2882

		=== gcc Summary ===

# of expected passes		228629
# of unexpected failures	25
# of unexpected successes	4
# of expected failures		1200
# of unsupported tests		6353
/var/gcc/regression/trunk/11.3-gcc/build/gcc/xgcc  version 10.0.0 20190531 (experimental) [trunk revision 271803] (GCC) 

		=== gdc tests ===


Running target unix
FAIL: gdc.test/runnable/mars1.d -O2   (internal compiler error)
FAIL: gdc.test/runnable/mars1.d -O2 -finline-functions   (internal compiler error)

		=== gdc Summary for unix ===

# of expected passes		22445
# of unexpected failures	2
# of unsupported tests		40

Running target unix/-m64

		=== gdc Summary for unix/-m64 ===

# of expected passes		22445
# of unsupported tests		40

		=== gdc Summary ===

# of expected passes		44890
# of unexpected failures	2
# of unsupported tests		80
/var/gcc/regression/trunk/11.3-gcc/build/gcc/gdc  version 10.0.0 20190531 (experimental) [trunk revision 271803] (GCC) 

		=== gfortran tests ===


Running target unix
FAIL: gfortran.dg/elemental_subroutine_3.f90   -O1  (test for excess errors)
FAIL: gfortran.dg/elemental_subroutine_3.f90   -O2  (test for excess errors)
FAIL: gfortran.dg/elemental_subroutine_3.f90   -O3 -fomit-frame-pointer -funroll-loops -fpeel-loops -ftracer -finline-functions  (test for excess errors)
FAIL: gfortran.dg/elemental_subroutine_3.f90   -O3 -g  (test for excess errors)
FAIL: gfortran.dg/elemental_subroutine_3.f90   -Os  (test for excess errors)

		=== gfortran Summary for unix ===

# of expected passes		49636
# of unexpected failures	5
# of expected failures		188
# of unsupported tests		275

Running target unix/-m64
FAIL: gfortran.dg/elemental_subroutine_3.f90   -O1  (test for excess errors)
FAIL: gfortran.dg/elemental_subroutine_3.f90   -O2  (test for excess errors)
FAIL: gfortran.dg/elemental_subroutine_3.f90   -O3 -fomit-frame-pointer -funroll-loops -fpeel-loops -ftracer -finline-functions  (test for excess errors)
FAIL: gfortran.dg/elemental_subroutine_3.f90   -O3 -g  (test for excess errors)
FAIL: gfortran.dg/elemental_subroutine_3.f90   -Os  (test for excess errors)

		=== gfortran Summary for unix/-m64 ===

# of expected passes		49895
# of unexpected failures	5
# of expected failures		188
# of unsupported tests		148

		=== gfortran Summary ===

# of expected passes		99531
# of unexpected failures	10
# of expected failures		376
# of unsupported tests		423
/var/gcc/regression/trunk/11.3-gcc/build/gcc/gfortran  version 10.0.0 20190531 (experimental) [trunk revision 271803] (GCC) 

		=== gnat tests ===


Running target unix

		=== gnat Summary for unix ===

# of expected passes		2936
# of expected failures		23
# of unsupported tests		31

Running target unix/-m64

		=== gnat Summary for unix/-m64 ===

# of expected passes		2936
# of expected failures		23
# of unsupported tests		31

		=== gnat Summary ===

# of expected passes		5872
# of expected failures		46
# of unsupported tests		62
/var/gcc/regression/trunk/11.3-gcc/build/gcc/gnatmake version 10.0.0 20190531 (experimental) [trunk revision 271803]

		=== go tests ===


Running target unix
FAIL: ./index0-out.go execution,  -O0 -g -fno-var-tracking-assignments 

		=== go Summary for unix ===

# of expected passes		7469
# of unexpected failures	1
# of expected failures		1
# of untested testcases		11
# of unsupported tests		3

Running target unix/-m64
FAIL: ./index0-out.go execution,  -O0 -g -fno-var-tracking-assignments 

		=== go Summary for unix/-m64 ===

# of expected passes		7349
# of unexpected failures	1
# of expected failures		1
# of untested testcases		11
# of unsupported tests		3

		=== go Summary ===

# of expected passes		14818
# of unexpected failures	2
# of expected failures		2
# of untested testcases		22
# of unsupported tests		6
		=== obj-c++ tests ===


Running target unix

		=== obj-c++ Summary for unix ===

# of expected passes		1450
# of expected failures		2
# of unsupported tests		77

Running target unix/-m64

		=== obj-c++ Summary for unix/-m64 ===

# of expected passes		1442
# of expected failures		10
# of unsupported tests		77

		=== obj-c++ Summary ===

# of expected passes		2892
# of expected failures		12
# of unsupported tests		154
/var/gcc/regression/trunk/11.3-gcc/build/gcc/xg++  version 10.0.0 20190531 (experimental) [trunk revision 271803] (GCC) 

		=== objc tests ===


Running target unix

		=== objc Summary for unix ===

# of expected passes		2782
# of unsupported tests		68

Running target unix/-m64

		=== objc Summary for unix/-m64 ===

# of expected passes		2782
# of unsupported tests		68

		=== objc Summary ===

# of expected passes		5564
# of unsupported tests		136
/var/gcc/regression/trunk/11.3-gcc/build/gcc/xgcc  version 10.0.0 20190531 (experimental) [trunk revision 271803] (GCC) 

		=== gotools tests ===

FAIL: go test cmd/go
FAIL: TestCgoSignalDeadlock
FAIL: TestSelectStackAdjust
FAIL: go test runtime
FAIL: go test misc/cgo/test
FAIL: go test misc/cgo/testcarchive
FAIL: TestTags
FAIL: TestVet
FAIL: go test cmd/vet

		=== gotools Summary ===
# of expected passes		92
# of unexpected failures	9
# of untested testcases		87
/var/gcc/regression/trunk/11.3-gcc/build/./gcc/gccgo version 10.0.0 20190531 (experimental) [trunk revision 271803] (GCC)

		=== libatomic tests ===


Running target unix

		=== libatomic Summary for unix ===

# of expected passes		44
# of unsupported tests		5

Running target unix/-m64

		=== libatomic Summary for unix/-m64 ===

# of expected passes		54

		=== libatomic Summary ===

# of expected passes		98
# of unsupported tests		5
		=== libffi tests ===


Running target unix
FAIL: libffi.call/return_fl.c -W -Wall -Wno-psabi -O2 -fomit-frame-pointer (test for excess errors)
UNRESOLVED: libffi.call/return_fl.c -W -Wall -Wno-psabi -O2 -fomit-frame-pointer compilation failed to produce executable

		=== libffi Summary for unix ===

# of expected passes		2212
# of unexpected failures	1
# of unresolved testcases	1

Running target unix/-m64

		=== libffi Summary for unix/-m64 ===

# of expected passes		2214

		=== libffi Summary ===

# of expected passes		4426
# of unexpected failures	1
# of unresolved testcases	1
		=== libgo tests ===


Running target unix
FAIL: cmd/go/internal/par
FAIL: go/build
FAIL: internal/x/crypto/cryptobyte
FAIL: os
FAIL: os/signal
FAIL: runtime
FAIL: runtime/pprof
FAIL: sync/atomic

		=== libgo Summary for unix ===

# of expected passes		177
# of unexpected failures	8

Running target unix/-m64
FAIL: go/build
FAIL: image/jpeg
FAIL: os/signal
FAIL: runtime
FAIL: runtime/pprof
FAIL: sync/atomic

		=== libgo Summary for unix/-m64 ===

# of expected passes		179
# of unexpected failures	6

		=== libgo Summary ===

# of expected passes		356
# of unexpected failures	14
/var/gcc/regression/trunk/11.3-gcc/build/./gcc/gccgo version 10.0.0 20190531 (experimental) [trunk revision 271803] (GCC)

		=== libgomp tests ===


Running target unix
WARNING: libgomp.c++/task-reduction-11.C execution test program timed out.
FAIL: libgomp.c++/task-reduction-11.C execution test
WARNING: libgomp.c++/task-reduction-13.C execution test program timed out.
FAIL: libgomp.c++/task-reduction-13.C execution test
WARNING: libgomp.c++/task-reduction-8.C execution test program timed out.
FAIL: libgomp.c++/task-reduction-8.C execution test

		=== libgomp Summary for unix ===

# of expected passes		6394
# of unexpected failures	3
# of expected failures		4
# of unsupported tests		424

Running target unix/-m64
WARNING: libgomp.c++/task-reduction-10.C execution test program timed out.
FAIL: libgomp.c++/task-reduction-10.C execution test
WARNING: libgomp.c++/task-reduction-11.C execution test program timed out.
FAIL: libgomp.c++/task-reduction-11.C execution test
WARNING: libgomp.c++/task-reduction-13.C execution test program timed out.
FAIL: libgomp.c++/task-reduction-13.C execution test

		=== libgomp Summary for unix/-m64 ===

# of expected passes		6394
# of unexpected failures	3
# of expected failures		4
# of unsupported tests		424

		=== libgomp Summary ===

# of expected passes		12788
# of unexpected failures	6
# of expected failures		8
# of unsupported tests		848
		=== libitm tests ===


Running target unix

		=== libitm Summary for unix ===

# of expected passes		42
# of expected failures		3
# of unsupported tests		1

Running target unix/-m64

		=== libitm Summary for unix/-m64 ===

# of expected passes		42
# of expected failures		3
# of unsupported tests		1

		=== libitm Summary ===

# of expected passes		84
# of expected failures		6
# of unsupported tests		2
		=== libstdc++ tests ===


Running target unix
FAIL: experimental/net/internet/resolver/ops/lookup.cc execution test

		=== libstdc++ Summary for unix ===

# of expected passes		12011
# of unexpected failures	1
# of expected failures		78
# of unsupported tests		718

Running target unix/-m64
FAIL: experimental/net/internet/resolver/ops/lookup.cc execution test

		=== libstdc++ Summary for unix/-m64 ===

# of expected passes		12011
# of unexpected failures	1
# of expected failures		78
# of unsupported tests		718

		=== libstdc++ Summary ===

# of expected passes		24022
# of unexpected failures	2
# of expected failures		156
# of unsupported tests		1436

Compiler version: 10.0.0 20190531 (experimental) [trunk revision 271803] (GCC) 
Platform: sparc-sun-solaris2.11
configure flags: --prefix=/vol/gcc --target=sparc-sun-solaris2.11 --enable-objc-gc --with-target-bdw-gc-include=/vol/gcc/include --with-target-bdw-gc-lib=/vol/gcc/lib,sparcv9=/vol/gcc/lib/sparcv9 --with-as=/usr/ccs/bin/as --without-gnu-as --with-gmp-include=/vol/gcc/include --with-gmp-lib=/vol/gcc/lib --with-mpfr-include=/vol/gcc/include --with-mpfr-lib=/vol/gcc/lib --with-mpc-include=/vol/gcc/include --with-mpc-lib=/vol/gcc/lib --enable-languages=all,ada,obj-c++,go --with-isl-include=/vol/gcc/include --with-isl-lib=/vol/gcc/lib --build=sparc-sun-solaris2.11 --host=sparc-sun-solaris2.11
BOOT_CFLAGS=-g -O2


Index Nav: [Date Index] [Subject Index] [Author Index] [Thread Index]
Message Nav: [Date Prev] [Date Next] [Thread Prev] [Thread Next]