This is the mail archive of the gcc-testresults@gcc.gnu.org mailing list for the GCC project.


Index Nav: [Date Index] [Subject Index] [Author Index] [Thread Index]
Message Nav: [Date Prev] [Date Next] [Thread Prev] [Thread Next]
Other format: [Raw text]

Results for 10.0.0 20190531 (experimental) [trunk revision 271803] (GCC) testsuite on sparc-sun-solaris2.11


LAST_UPDATED: Fri May 31 08:42:08 UTC 2019 (revision 271803)

		=== acats tests ===

		=== acats Summary ===
# of expected passes		2320
# of unexpected failures	0
Native configuration is sparc-sun-solaris2.11

		=== g++ tests ===


Running target unix
FAIL: c-c++-common/asan/alloca_overflow_partial.c   -O2  (test for excess errors)
UNRESOLVED: c-c++-common/asan/alloca_overflow_partial.c   -O2  compilation failed to produce executable
FAIL: g++.dg/asan/default-options-1.C   -O0  execution test
FAIL: g++.dg/asan/default-options-1.C   -O1  execution test
FAIL: g++.dg/asan/default-options-1.C   -O2  execution test
FAIL: g++.dg/asan/default-options-1.C   -O2 -flto  execution test
FAIL: g++.dg/asan/default-options-1.C   -O2 -flto -flto-partition=none  execution test
FAIL: g++.dg/asan/default-options-1.C   -O3 -g  execution test
FAIL: g++.dg/asan/default-options-1.C   -Os  execution test
FAIL: g++.dg/gcov/pr16855-priority.C  -std=gnu++14  gcov: 1 failures in line counts, 0 in branch percentages, 0 in return percentages, 0 in intermediate format
FAIL: g++.dg/gcov/pr16855-priority.C  -std=gnu++14  line 22: is #####:should be 1
FAIL: g++.dg/gcov/pr16855-priority.C  -std=gnu++17  gcov: 1 failures in line counts, 0 in branch percentages, 0 in return percentages, 0 in intermediate format
FAIL: g++.dg/gcov/pr16855-priority.C  -std=gnu++17  line 22: is #####:should be 1
FAIL: g++.dg/gcov/pr16855-priority.C  -std=gnu++98  gcov: 1 failures in line counts, 0 in branch percentages, 0 in return percentages, 0 in intermediate format
FAIL: g++.dg/gcov/pr16855-priority.C  -std=gnu++98  line 22: is #####:should be 1
FAIL: g++.dg/gcov/pr16855.C  -std=gnu++14  gcov: 1 failures in line counts, 0 in branch percentages, 0 in return percentages, 0 in intermediate format
FAIL: g++.dg/gcov/pr16855.C  -std=gnu++14  line 21: is #####:should be 1
FAIL: g++.dg/gcov/pr16855.C  -std=gnu++17  gcov: 1 failures in line counts, 0 in branch percentages, 0 in return percentages, 0 in intermediate format
FAIL: g++.dg/gcov/pr16855.C  -std=gnu++17  line 21: is #####:should be 1
FAIL: g++.dg/gcov/pr16855.C  -std=gnu++98  gcov: 1 failures in line counts, 0 in branch percentages, 0 in return percentages, 0 in intermediate format
FAIL: g++.dg/gcov/pr16855.C  -std=gnu++98  line 21: is #####:should be 1
FAIL: g++.dg/lto/pr89335 cp_lto_pr89335_0.o assemble, -O2 -flto -Wsuggest-final-methods

		=== g++ Summary for unix ===

# of expected passes		129413
# of unexpected failures	21
# of expected failures		513
# of unresolved testcases	1
# of unsupported tests		6604

Running target unix/-m64
FAIL: g++.dg/gcov/pr16855-priority.C  -std=gnu++14  gcov: 1 failures in line counts, 0 in branch percentages, 0 in return percentages, 0 in intermediate format
FAIL: g++.dg/gcov/pr16855-priority.C  -std=gnu++14  line 22: is #####:should be 1
FAIL: g++.dg/gcov/pr16855-priority.C  -std=gnu++17  gcov: 1 failures in line counts, 0 in branch percentages, 0 in return percentages, 0 in intermediate format
FAIL: g++.dg/gcov/pr16855-priority.C  -std=gnu++17  line 22: is #####:should be 1
FAIL: g++.dg/gcov/pr16855-priority.C  -std=gnu++98  gcov: 1 failures in line counts, 0 in branch percentages, 0 in return percentages, 0 in intermediate format
FAIL: g++.dg/gcov/pr16855-priority.C  -std=gnu++98  line 22: is #####:should be 1
FAIL: g++.dg/gcov/pr16855.C  -std=gnu++14  gcov: 1 failures in line counts, 0 in branch percentages, 0 in return percentages, 0 in intermediate format
FAIL: g++.dg/gcov/pr16855.C  -std=gnu++14  line 21: is #####:should be 1
FAIL: g++.dg/gcov/pr16855.C  -std=gnu++17  gcov: 1 failures in line counts, 0 in branch percentages, 0 in return percentages, 0 in intermediate format
FAIL: g++.dg/gcov/pr16855.C  -std=gnu++17  line 21: is #####:should be 1
FAIL: g++.dg/gcov/pr16855.C  -std=gnu++98  gcov: 1 failures in line counts, 0 in branch percentages, 0 in return percentages, 0 in intermediate format
FAIL: g++.dg/gcov/pr16855.C  -std=gnu++98  line 21: is #####:should be 1
FAIL: g++.dg/lto/pr89335 cp_lto_pr89335_0.o assemble, -O2 -flto -Wsuggest-final-methods

		=== g++ Summary for unix/-m64 ===

# of expected passes		129560
# of unexpected failures	13
# of expected failures		516
# of unsupported tests		6324

		=== g++ Summary ===

# of expected passes		258973
# of unexpected failures	34
# of expected failures		1029
# of unresolved testcases	1
# of unsupported tests		12928
/var/gcc/regression/trunk/11-gcc/build/gcc/xg++  version 10.0.0 20190531 (experimental) [trunk revision 271803] (GCC) 

		=== gcc tests ===


Running target unix
FAIL: gcc.c-torture/compile/20001226-1.c   -O0  (test for excess errors)
FAIL: gcc.c-torture/compile/20001226-1.c   -O1  (test for excess errors)
FAIL: gcc.c-torture/compile/20010209-1.c   -O1  (test for excess errors)
FAIL: gcc.c-torture/execute/pr64242.c   -O2  execution test
FAIL: gcc.c-torture/execute/pr64242.c   -O2 -flto  execution test
FAIL: gcc.c-torture/execute/pr64242.c   -O2 -flto -flto-partition=none  execution test
FAIL: gcc.c-torture/execute/pr64242.c   -O3 -g  execution test
FAIL: gcc.c-torture/execute/pr64242.c   -Os  execution test
FAIL: gcc.dg/pr84877.c execution test
FAIL: gcc.dg/ipa/ipa-icf-38.c scan-ltrans-tree-dump-not optimized "Function bar"
FAIL: gcc.dg/simulate-thread/atomic-other-int.c   -O2 -g  thread simulation test
FAIL: gcc.dg/simulate-thread/atomic-other-int.c   -O3 -g  thread simulation test
FAIL: gcc.dg/simulate-thread/speculative-store-4.c   -O0 -g  thread simulation test
FAIL: gcc.dg/simulate-thread/speculative-store-4.c   -O2 -g  thread simulation test
FAIL: gcc.dg/simulate-thread/speculative-store-4.c   -O3 -g  thread simulation test
FAIL: gcc.dg/simulate-thread/speculative-store.c   -O0 -g  thread simulation test
XPASS: gcc.dg/vect/bb-slp-div-1.c -flto -ffat-lto-objects  scan-tree-dump slp2 "basic block vectorized"
XPASS: gcc.dg/vect/bb-slp-div-1.c scan-tree-dump slp2 "basic block vectorized"

		=== gcc Summary for unix ===

# of expected passes		114739
# of unexpected failures	16
# of unexpected successes	2
# of expected failures		603
# of unsupported tests		3457

Running target unix/-m64
FAIL: gcc.c-torture/execute/pr64242.c   -O2  execution test
FAIL: gcc.c-torture/execute/pr64242.c   -O2 -flto  execution test
FAIL: gcc.c-torture/execute/pr64242.c   -O2 -flto -flto-partition=none  execution test
FAIL: gcc.c-torture/execute/pr64242.c   -O3 -g  execution test
FAIL: gcc.c-torture/execute/pr64242.c   -Os  execution test
FAIL: gcc.dg/ipa/ipa-icf-38.c scan-ltrans-tree-dump-not optimized "Function bar"
XPASS: gcc.dg/vect/bb-slp-div-1.c -flto -ffat-lto-objects  scan-tree-dump slp2 "basic block vectorized"
XPASS: gcc.dg/vect/bb-slp-div-1.c scan-tree-dump slp2 "basic block vectorized"

		=== gcc Summary for unix/-m64 ===

# of expected passes		114273
# of unexpected failures	6
# of unexpected successes	2
# of expected failures		597
# of unsupported tests		2868

		=== gcc Summary ===

# of expected passes		229012
# of unexpected failures	22
# of unexpected successes	4
# of expected failures		1200
# of unsupported tests		6325
/var/gcc/regression/trunk/11-gcc/build/gcc/xgcc  version 10.0.0 20190531 (experimental) [trunk revision 271803] (GCC) 

		=== gdc tests ===


Running target unix
FAIL: gdc.dg/compilable.d   -O3 -frelease  (test for excess errors)
FAIL: gdc.test/runnable/mars1.d -O2   (internal compiler error)
FAIL: gdc.test/runnable/mars1.d -O2 -finline-functions   (internal compiler error)

		=== gdc Summary for unix ===

# of expected passes		22444
# of unexpected failures	3
# of unsupported tests		40

Running target unix/-m64

		=== gdc Summary for unix/-m64 ===

# of expected passes		22445
# of unsupported tests		40

		=== gdc Summary ===

# of expected passes		44889
# of unexpected failures	3
# of unsupported tests		80
/var/gcc/regression/trunk/11-gcc/build/gcc/gdc  version 10.0.0 20190531 (experimental) [trunk revision 271803] (GCC) 

		=== gfortran tests ===


Running target unix
FAIL: gfortran.dg/coarray/coindexed_1.f90 -fcoarray=lib  -O2  -lcaf_single -latomic (test for excess errors)
UNRESOLVED: gfortran.dg/coarray/coindexed_1.f90 -fcoarray=lib  -O2  -lcaf_single -latomic compilation failed to produce executable
FAIL: gfortran.dg/elemental_subroutine_3.f90   -O1  (test for excess errors)
FAIL: gfortran.dg/elemental_subroutine_3.f90   -O2  (test for excess errors)
FAIL: gfortran.dg/elemental_subroutine_3.f90   -O3 -fomit-frame-pointer -funroll-loops -fpeel-loops -ftracer -finline-functions  (test for excess errors)
FAIL: gfortran.dg/elemental_subroutine_3.f90   -O3 -g  (test for excess errors)
FAIL: gfortran.dg/elemental_subroutine_3.f90   -Os  (test for excess errors)

		=== gfortran Summary for unix ===

# of expected passes		49634
# of unexpected failures	6
# of expected failures		188
# of unresolved testcases	1
# of unsupported tests		275

Running target unix/-m64
FAIL: gfortran.dg/elemental_subroutine_3.f90   -O1  (test for excess errors)
FAIL: gfortran.dg/elemental_subroutine_3.f90   -O2  (test for excess errors)
FAIL: gfortran.dg/elemental_subroutine_3.f90   -O3 -fomit-frame-pointer -funroll-loops -fpeel-loops -ftracer -finline-functions  (test for excess errors)
FAIL: gfortran.dg/elemental_subroutine_3.f90   -O3 -g  (test for excess errors)
FAIL: gfortran.dg/elemental_subroutine_3.f90   -Os  (test for excess errors)

		=== gfortran Summary for unix/-m64 ===

# of expected passes		49895
# of unexpected failures	5
# of expected failures		188
# of unsupported tests		148

		=== gfortran Summary ===

# of expected passes		99529
# of unexpected failures	11
# of expected failures		376
# of unresolved testcases	1
# of unsupported tests		423
/var/gcc/regression/trunk/11-gcc/build/gcc/gfortran  version 10.0.0 20190531 (experimental) [trunk revision 271803] (GCC) 

		=== gnat tests ===


Running target unix
FAIL: gnat.dg/assign_from_packed.adb (test for excess errors)
UNRESOLVED: gnat.dg/assign_from_packed.adb compilation failed to produce executable

		=== gnat Summary for unix ===

# of expected passes		2934
# of unexpected failures	1
# of expected failures		23
# of unresolved testcases	1
# of unsupported tests		31

Running target unix/-m64

		=== gnat Summary for unix/-m64 ===

# of expected passes		2936
# of expected failures		23
# of unsupported tests		31

		=== gnat Summary ===

# of expected passes		5870
# of unexpected failures	1
# of expected failures		46
# of unresolved testcases	1
# of unsupported tests		62
/var/gcc/regression/trunk/11-gcc/build/gcc/gnatmake version 10.0.0 20190531 (experimental) [trunk revision 271803]

		=== go tests ===


Running target unix
FAIL: go.go-torture/execute/for-2.go execution,  -O2 
FAIL: go.go-torture/execute/map-1.go execution, -flto
FAIL: ./index0-out.go execution,  -O0 -g -fno-var-tracking-assignments 
FAIL: go.test/test/fixedbugs/issue4562.go execution,  -O2 -g 

		=== go Summary for unix ===

# of expected passes		7466
# of unexpected failures	4
# of expected failures		1
# of untested testcases		11
# of unsupported tests		3

Running target unix/-m64
FAIL: ./index0-out.go execution,  -O0 -g -fno-var-tracking-assignments 

		=== go Summary for unix/-m64 ===

# of expected passes		7349
# of unexpected failures	1
# of expected failures		1
# of untested testcases		11
# of unsupported tests		3

		=== go Summary ===

# of expected passes		14815
# of unexpected failures	5
# of expected failures		2
# of untested testcases		22
# of unsupported tests		6
		=== obj-c++ tests ===


Running target unix
FAIL: obj-c++.dg/gnu-api-2-resolve-method.mm -fgnu-runtime execution test

		=== obj-c++ Summary for unix ===

# of expected passes		1449
# of unexpected failures	1
# of expected failures		2
# of unsupported tests		77

Running target unix/-m64

		=== obj-c++ Summary for unix/-m64 ===

# of expected passes		1442
# of expected failures		10
# of unsupported tests		77

		=== obj-c++ Summary ===

# of expected passes		2891
# of unexpected failures	1
# of expected failures		12
# of unsupported tests		154
/var/gcc/regression/trunk/11-gcc/build/gcc/xg++  version 10.0.0 20190531 (experimental) [trunk revision 271803] (GCC) 

		=== objc tests ===


Running target unix

		=== objc Summary for unix ===

# of expected passes		2782
# of unsupported tests		68

Running target unix/-m64

		=== objc Summary for unix/-m64 ===

# of expected passes		2782
# of unsupported tests		68

		=== objc Summary ===

# of expected passes		5564
# of unsupported tests		136
/var/gcc/regression/trunk/11-gcc/build/gcc/xgcc  version 10.0.0 20190531 (experimental) [trunk revision 271803] (GCC) 

		=== gotools tests ===

FAIL: go test cmd/go
FAIL: go test runtime
FAIL: go test misc/cgo/test
FAIL: TestCompileWithoutShared
FAIL: TestEarlySignalHandler
FAIL: TestOsSignal
FAIL: TestSigaltstack
FAIL: TestSignalForwarding
FAIL: TestSignalForwardingExternal
FAIL: go test misc/cgo/testcarchive
FAIL: TestTags
FAIL: TestVet
FAIL: go test cmd/vet

		=== gotools Summary ===
# of expected passes		4
# of unexpected failures	13
# of untested testcases		1
/var/gcc/regression/trunk/11-gcc/build/./gcc/gccgo version 10.0.0 20190531 (experimental) [trunk revision 271803] (GCC)

		=== libatomic tests ===


Running target unix

		=== libatomic Summary for unix ===

# of expected passes		44
# of unsupported tests		5

Running target unix/-m64

		=== libatomic Summary for unix/-m64 ===

# of expected passes		54

		=== libatomic Summary ===

# of expected passes		98
# of unsupported tests		5
		=== libffi tests ===


Running target unix

		=== libffi Summary for unix ===

# of expected passes		2214

Running target unix/-m64

		=== libffi Summary for unix/-m64 ===

# of expected passes		2214

		=== libffi Summary ===

# of expected passes		4428
		=== libgo tests ===


Running target unix
FAIL: go/build
FAIL: internal/x/crypto/cryptobyte
FAIL: os/signal
FAIL: runtime
FAIL: runtime/pprof
FAIL: sync/atomic

		=== libgo Summary for unix ===

# of expected passes		179
# of unexpected failures	6

Running target unix/-m64
FAIL: go/build
FAIL: runtime
FAIL: runtime/pprof
FAIL: sync/atomic

		=== libgo Summary for unix/-m64 ===

# of expected passes		181
# of unexpected failures	4

		=== libgo Summary ===

# of expected passes		360
# of unexpected failures	10
/var/gcc/regression/trunk/11-gcc/build/./gcc/gccgo version 10.0.0 20190531 (experimental) [trunk revision 271803] (GCC)

		=== libgomp tests ===


Running target unix
FAIL: libgomp.c/../libgomp.c-c++-common/for-11.c execution test
FAIL: libgomp.c/../libgomp.c-c++-common/for-3.c execution test
FAIL: libgomp.c/cancel-for-2.c execution test
FAIL: libgomp.c/copyin-2.c execution test

		=== libgomp Summary for unix ===

# of expected passes		6393
# of unexpected failures	4
# of expected failures		4
# of unsupported tests		424

Running target unix/-m64

		=== libgomp Summary for unix/-m64 ===

# of expected passes		6397
# of expected failures		4
# of unsupported tests		424

		=== libgomp Summary ===

# of expected passes		12790
# of unexpected failures	4
# of expected failures		8
# of unsupported tests		848
		=== libitm tests ===


Running target unix

		=== libitm Summary for unix ===

# of expected passes		42
# of expected failures		3
# of unsupported tests		1

Running target unix/-m64

		=== libitm Summary for unix/-m64 ===

# of expected passes		42
# of expected failures		3
# of unsupported tests		1

		=== libitm Summary ===

# of expected passes		84
# of expected failures		6
# of unsupported tests		2
		=== libstdc++ tests ===


Running target unix
ERROR: could not compile testsuite_allocator.cc
ERROR: could not compile testsuite_allocator.cc
ERROR: tcl error sourcing /vol/gcc/src/hg/trunk/local/libstdc++-v3/testsuite/libstdc++-dg/conformance.exp.
ERROR: tcl error sourcing /vol/gcc/src/hg/trunk/local/libstdc++-v3/testsuite/libstdc++-dg/conformance.exp.

		=== libstdc++ Summary for unix ===

# of expected passes		8876
# of expected failures		58
# of unsupported tests		494

Running target unix/-m64

		=== libstdc++ Summary for unix/-m64 ===

# of expected passes		15205
# of expected failures		102
# of unsupported tests		921

		=== libstdc++ Summary ===

# of expected passes		24081
# of expected failures		160
# of unsupported tests		1415

Compiler version: 10.0.0 20190531 (experimental) [trunk revision 271803] (GCC) 
Platform: sparc-sun-solaris2.11
configure flags: --prefix=/vol/gcc --target=sparc-sun-solaris2.11 --enable-objc-gc --with-target-bdw-gc-include=/vol/gcc/include --with-target-bdw-gc-lib=/vol/gcc/lib,sparcv9=/vol/gcc/lib/sparcv9 --with-as=/usr/ccs/bin/as --without-gnu-as --with-gmp-include=/vol/gcc/include --with-gmp-lib=/vol/gcc/lib --with-mpfr-include=/vol/gcc/include --with-mpfr-lib=/vol/gcc/lib --with-mpc-include=/vol/gcc/include --with-mpc-lib=/vol/gcc/lib --enable-languages=all,ada,obj-c++,go --with-isl-include=/vol/gcc/include --with-isl-lib=/vol/gcc/lib --build=sparc-sun-solaris2.11 --host=sparc-sun-solaris2.11
BOOT_CFLAGS=-g -O2


Index Nav: [Date Index] [Subject Index] [Author Index] [Thread Index]
Message Nav: [Date Prev] [Date Next] [Thread Prev] [Thread Next]