This is the mail archive of the gcc-testresults@gcc.gnu.org mailing list for the GCC project.


Index Nav: [Date Index] [Subject Index] [Author Index] [Thread Index]
Message Nav: [Date Prev] [Date Next] [Thread Prev] [Thread Next]
Other format: [Raw text]

Results for 9.1.1 20190524 [gcc-9-branch revision 271593] (GCC) testsuite on sparc-sun-solaris2.11


LAST_UPDATED: Fri May 24 08:46:18 UTC 2019 (revision 271593)

		=== acats tests ===
FAIL:	c35503o

		=== acats Summary ===
# of expected passes		2319
# of unexpected failures	1
Native configuration is sparc-sun-solaris2.11

		=== g++ tests ===


Running target unix
FAIL: g++.dg/asan/default-options-1.C   -O0  execution test
FAIL: g++.dg/asan/default-options-1.C   -O1  execution test
FAIL: g++.dg/asan/default-options-1.C   -O2  execution test
FAIL: g++.dg/asan/default-options-1.C   -O2 -flto  execution test
FAIL: g++.dg/asan/default-options-1.C   -O2 -flto -flto-partition=none  execution test
FAIL: g++.dg/asan/default-options-1.C   -O3 -g  execution test
FAIL: g++.dg/asan/default-options-1.C   -Os  execution test
FAIL: g++.dg/gcov/pr16855-priority.C  -std=gnu++14  gcov: 1 failures in line counts, 0 in branch percentages, 0 in return percentages, 0 in intermediate format
FAIL: g++.dg/gcov/pr16855-priority.C  -std=gnu++14  line 22: is #####:should be 1
FAIL: g++.dg/gcov/pr16855-priority.C  -std=gnu++17  gcov: 1 failures in line counts, 0 in branch percentages, 0 in return percentages, 0 in intermediate format
FAIL: g++.dg/gcov/pr16855-priority.C  -std=gnu++17  line 22: is #####:should be 1
FAIL: g++.dg/gcov/pr16855-priority.C  -std=gnu++98  gcov: 1 failures in line counts, 0 in branch percentages, 0 in return percentages, 0 in intermediate format
FAIL: g++.dg/gcov/pr16855-priority.C  -std=gnu++98  line 22: is #####:should be 1
FAIL: g++.dg/gcov/pr16855.C  -std=gnu++14  gcov: 1 failures in line counts, 0 in branch percentages, 0 in return percentages, 0 in intermediate format
FAIL: g++.dg/gcov/pr16855.C  -std=gnu++14  line 21: is #####:should be 1
FAIL: g++.dg/gcov/pr16855.C  -std=gnu++17  gcov: 1 failures in line counts, 0 in branch percentages, 0 in return percentages, 0 in intermediate format
FAIL: g++.dg/gcov/pr16855.C  -std=gnu++17  line 21: is #####:should be 1
FAIL: g++.dg/gcov/pr16855.C  -std=gnu++98  gcov: 1 failures in line counts, 0 in branch percentages, 0 in return percentages, 0 in intermediate format
FAIL: g++.dg/gcov/pr16855.C  -std=gnu++98  line 21: is #####:should be 1
FAIL: g++.dg/lto/pr89335 cp_lto_pr89335_0.o assemble, -O2 -flto -Wsuggest-final-methods

		=== g++ Summary for unix ===

# of expected passes		128434
# of unexpected failures	20
# of expected failures		511
# of unsupported tests		6562

Running target unix/-m64
FAIL: g++.dg/gcov/pr16855-priority.C  -std=gnu++14  gcov: 1 failures in line counts, 0 in branch percentages, 0 in return percentages, 0 in intermediate format
FAIL: g++.dg/gcov/pr16855-priority.C  -std=gnu++14  line 22: is #####:should be 1
FAIL: g++.dg/gcov/pr16855-priority.C  -std=gnu++17  gcov: 1 failures in line counts, 0 in branch percentages, 0 in return percentages, 0 in intermediate format
FAIL: g++.dg/gcov/pr16855-priority.C  -std=gnu++17  line 22: is #####:should be 1
FAIL: g++.dg/gcov/pr16855-priority.C  -std=gnu++98  gcov: 1 failures in line counts, 0 in branch percentages, 0 in return percentages, 0 in intermediate format
FAIL: g++.dg/gcov/pr16855-priority.C  -std=gnu++98  line 22: is #####:should be 1
FAIL: g++.dg/gcov/pr16855.C  -std=gnu++14  gcov: 1 failures in line counts, 0 in branch percentages, 0 in return percentages, 0 in intermediate format
FAIL: g++.dg/gcov/pr16855.C  -std=gnu++14  line 21: is #####:should be 1
FAIL: g++.dg/gcov/pr16855.C  -std=gnu++17  gcov: 1 failures in line counts, 0 in branch percentages, 0 in return percentages, 0 in intermediate format
FAIL: g++.dg/gcov/pr16855.C  -std=gnu++17  line 21: is #####:should be 1
FAIL: g++.dg/gcov/pr16855.C  -std=gnu++98  gcov: 1 failures in line counts, 0 in branch percentages, 0 in return percentages, 0 in intermediate format
FAIL: g++.dg/gcov/pr16855.C  -std=gnu++98  line 21: is #####:should be 1
FAIL: g++.dg/lto/pr89335 cp_lto_pr89335_0.o assemble, -O2 -flto -Wsuggest-final-methods

		=== g++ Summary for unix/-m64 ===

# of expected passes		128578
# of unexpected failures	13
# of expected failures		514
# of unsupported tests		6282

		=== g++ Summary ===

# of expected passes		257012
# of unexpected failures	33
# of expected failures		1025
# of unsupported tests		12844
/var/gcc/regression/gcc-9-branch/11-gcc-gas/build/gcc/xg++  version 9.1.1 20190524 [gcc-9-branch revision 271593] (GCC) 

		=== gcc tests ===


Running target unix
FAIL: gcc.c-torture/execute/pr64242.c   -O2  execution test
FAIL: gcc.c-torture/execute/pr64242.c   -O2 -flto  execution test
FAIL: gcc.c-torture/execute/pr64242.c   -O2 -flto -flto-partition=none  execution test
FAIL: gcc.c-torture/execute/pr64242.c   -O3 -g  execution test
FAIL: gcc.c-torture/execute/pr64242.c   -Os  execution test
FAIL: gcc.dg/ipa/ipa-icf-38.c scan-ltrans-tree-dump-not optimized "Function bar"
FAIL: gcc.dg/simulate-thread/atomic-other-int.c   -O2 -g  thread simulation test
FAIL: gcc.dg/simulate-thread/atomic-other-int.c   -O3 -g  thread simulation test
FAIL: gcc.dg/simulate-thread/speculative-store-4.c   -O0 -g  thread simulation test
FAIL: gcc.dg/simulate-thread/speculative-store-4.c   -O2 -g  thread simulation test
FAIL: gcc.dg/simulate-thread/speculative-store-4.c   -O3 -g  thread simulation test
FAIL: gcc.dg/simulate-thread/speculative-store.c   -O0 -g  thread simulation test
XPASS: gcc.dg/vect/bb-slp-div-1.c -flto -ffat-lto-objects  scan-tree-dump slp2 "basic block vectorized"
XPASS: gcc.dg/vect/bb-slp-div-1.c scan-tree-dump slp2 "basic block vectorized"

		=== gcc Summary for unix ===

# of expected passes		114319
# of unexpected failures	12
# of unexpected successes	2
# of expected failures		602
# of unsupported tests		3435

Running target unix/-m64
FAIL: gcc.c-torture/execute/pr64242.c   -O2  execution test
FAIL: gcc.c-torture/execute/pr64242.c   -O2 -flto  execution test
FAIL: gcc.c-torture/execute/pr64242.c   -O2 -flto -flto-partition=none  execution test
FAIL: gcc.c-torture/execute/pr64242.c   -O3 -g  execution test
FAIL: gcc.c-torture/execute/pr64242.c   -Os  execution test
FAIL: gcc.dg/ipa/ipa-icf-38.c scan-ltrans-tree-dump-not optimized "Function bar"
XPASS: gcc.dg/vect/bb-slp-div-1.c -flto -ffat-lto-objects  scan-tree-dump slp2 "basic block vectorized"
XPASS: gcc.dg/vect/bb-slp-div-1.c scan-tree-dump slp2 "basic block vectorized"

		=== gcc Summary for unix/-m64 ===

# of expected passes		113849
# of unexpected failures	6
# of unexpected successes	2
# of expected failures		596
# of unsupported tests		2846

		=== gcc Summary ===

# of expected passes		228168
# of unexpected failures	18
# of unexpected successes	4
# of expected failures		1198
# of unsupported tests		6281
/var/gcc/regression/gcc-9-branch/11-gcc-gas/build/gcc/xgcc  version 9.1.1 20190524 [gcc-9-branch revision 271593] (GCC) 

		=== gdc tests ===


Running target unix

		=== gdc Summary for unix ===

# of expected passes		22445
# of unsupported tests		40

Running target unix/-m64

		=== gdc Summary for unix/-m64 ===

# of expected passes		22445
# of unsupported tests		40

		=== gdc Summary ===

# of expected passes		44890
# of unsupported tests		80
/var/gcc/regression/gcc-9-branch/11-gcc-gas/build/gcc/gdc  version 9.1.1 20190524 [gcc-9-branch revision 271593] (GCC) 

		=== gfortran tests ===


Running target unix
FAIL: gfortran.dg/elemental_subroutine_3.f90   -O1  (test for excess errors)
FAIL: gfortran.dg/elemental_subroutine_3.f90   -O2  (test for excess errors)
FAIL: gfortran.dg/elemental_subroutine_3.f90   -O3 -fomit-frame-pointer -funroll-loops -fpeel-loops -ftracer -finline-functions  (test for excess errors)
FAIL: gfortran.dg/elemental_subroutine_3.f90   -O3 -g  (test for excess errors)
FAIL: gfortran.dg/elemental_subroutine_3.f90   -Os  (test for excess errors)

		=== gfortran Summary for unix ===

# of expected passes		49793
# of unexpected failures	5
# of expected failures		188
# of unsupported tests		275

Running target unix/-m64
FAIL: gfortran.dg/elemental_subroutine_3.f90   -O1  (test for excess errors)
FAIL: gfortran.dg/elemental_subroutine_3.f90   -O2  (test for excess errors)
FAIL: gfortran.dg/elemental_subroutine_3.f90   -O3 -fomit-frame-pointer -funroll-loops -fpeel-loops -ftracer -finline-functions  (test for excess errors)
FAIL: gfortran.dg/elemental_subroutine_3.f90   -O3 -g  (test for excess errors)
FAIL: gfortran.dg/elemental_subroutine_3.f90   -Os  (test for excess errors)

		=== gfortran Summary for unix/-m64 ===

# of expected passes		50052
# of unexpected failures	5
# of expected failures		188
# of unsupported tests		148

		=== gfortran Summary ===

# of expected passes		99845
# of unexpected failures	10
# of expected failures		376
# of unsupported tests		423
/var/gcc/regression/gcc-9-branch/11-gcc-gas/build/gcc/gfortran  version 9.1.1 20190524 [gcc-9-branch revision 271593] (GCC) 

		=== gnat tests ===


Running target unix
FAIL: gnat.dg/specs/pack6.ads (test for excess errors)

		=== gnat Summary for unix ===

# of expected passes		2930
# of unexpected failures	1
# of expected failures		23
# of unsupported tests		28

Running target unix/-m64

		=== gnat Summary for unix/-m64 ===

# of expected passes		2931
# of expected failures		23
# of unsupported tests		28

		=== gnat Summary ===

# of expected passes		5861
# of unexpected failures	1
# of expected failures		46
# of unsupported tests		56
/var/gcc/regression/gcc-9-branch/11-gcc-gas/build/gcc/gnatmake version 9.1.1 20190524 [gcc-9-branch revision 271593]

		=== go tests ===


Running target unix
FAIL: ./index0-out.go execution,  -O0 -g -fno-var-tracking-assignments 

		=== go Summary for unix ===

# of expected passes		7457
# of unexpected failures	1
# of expected failures		1
# of untested testcases		11
# of unsupported tests		3

Running target unix/-m64
FAIL: ./index0-out.go execution,  -O0 -g -fno-var-tracking-assignments 

		=== go Summary for unix/-m64 ===

# of expected passes		7337
# of unexpected failures	1
# of expected failures		1
# of untested testcases		11
# of unsupported tests		3

		=== go Summary ===

# of expected passes		14794
# of unexpected failures	2
# of expected failures		2
# of untested testcases		22
# of unsupported tests		6
		=== obj-c++ tests ===


Running target unix

		=== obj-c++ Summary for unix ===

# of expected passes		1466
# of expected failures		2
# of unsupported tests		77

Running target unix/-m64

		=== obj-c++ Summary for unix/-m64 ===

# of expected passes		1458
# of expected failures		10
# of unsupported tests		77

		=== obj-c++ Summary ===

# of expected passes		2924
# of expected failures		12
# of unsupported tests		154
/var/gcc/regression/gcc-9-branch/11-gcc-gas/build/gcc/xg++  version 9.1.1 20190524 [gcc-9-branch revision 271593] (GCC) 

		=== objc tests ===


Running target unix

		=== objc Summary for unix ===

# of expected passes		2803
# of unsupported tests		68

Running target unix/-m64

		=== objc Summary for unix/-m64 ===

# of expected passes		2803
# of unsupported tests		68

		=== objc Summary ===

# of expected passes		5606
# of unsupported tests		136
/var/gcc/regression/gcc-9-branch/11-gcc-gas/build/gcc/xgcc  version 9.1.1 20190524 [gcc-9-branch revision 271593] (GCC) 

		=== gotools tests ===

FAIL: TestCgoCache
FAIL: TestScript
FAIL: go test cmd/go
FAIL: TestAbort
FAIL: TestCatchPanic
FAIL: TestCgoCCodeSIGPROF
FAIL: TestCgoCallbackGC
FAIL: TestCgoCheckBytes
FAIL: TestCgoCrashHandler
FAIL: TestCgoExecSignalMask
FAIL: TestCgoExternalThreadPanic
FAIL: TestCgoExternalThreadSIGPROF
FAIL: TestCgoExternalThreadSignal
FAIL: TestCgoLockOSThreadExit
FAIL: TestCgoNumGoroutine
FAIL: TestCgoPanicDeadlock
FAIL: TestCgoSignalDeadlock
FAIL: TestCgoTraceback
FAIL: TestCgoTracebackSigpanic
FAIL: TestEnsureDropM
FAIL: TestG0StackOverflow
FAIL: TestGccgoCrashTraceback
FAIL: TestGccgoCrashTracebackNodebug
FAIL: TestPanicInlined
FAIL: TestSelectStackAdjust
FAIL: TestSigStackSwapping
FAIL: go test runtime
FAIL: go test misc/cgo/test
FAIL: TestCompileWithoutShared
FAIL: TestEarlySignalHandler
FAIL: TestOsSignal
FAIL: TestSIGPROF
FAIL: TestSigaltstack
FAIL: TestSignalForwarding
FAIL: TestSignalForwardingExternal
FAIL: go test misc/cgo/testcarchive
FAIL: go test cmd/vet

		=== gotools Summary ===
# of expected passes		299
# of unexpected failures	37
# of untested testcases		181
/var/gcc/regression/gcc-9-branch/11-gcc-gas/build/./gcc/gccgo version 9.1.1 20190524 [gcc-9-branch revision 271593] (GCC)

		=== libatomic tests ===


Running target unix

		=== libatomic Summary for unix ===

# of expected passes		44
# of unsupported tests		5

Running target unix/-m64

		=== libatomic Summary for unix/-m64 ===

# of expected passes		54

		=== libatomic Summary ===

# of expected passes		98
# of unsupported tests		5
		=== libffi tests ===


Running target unix

		=== libffi Summary for unix ===

# of expected passes		2214

Running target unix/-m64

		=== libffi Summary for unix/-m64 ===

# of expected passes		2214

		=== libffi Summary ===

# of expected passes		4428
		=== libgo tests ===


Running target unix
FAIL: cmd/internal/buildid
FAIL: context
FAIL: go/build
FAIL: internal/x/crypto/cryptobyte
FAIL: os/signal
FAIL: runtime
FAIL: runtime/pprof

		=== libgo Summary for unix ===

# of expected passes		178
# of unexpected failures	7

Running target unix/-m64
FAIL: cmd/go/internal/work
FAIL: go/build
FAIL: runtime

		=== libgo Summary for unix/-m64 ===

# of expected passes		182
# of unexpected failures	3

		=== libgo Summary ===

# of expected passes		360
# of unexpected failures	10
/var/gcc/regression/gcc-9-branch/11-gcc-gas/build/./gcc/gccgo version 9.1.1 20190524 [gcc-9-branch revision 271593] (GCC)

		=== libgomp tests ===


Running target unix
FAIL: libgomp.c/depend-5.c execution test

		=== libgomp Summary for unix ===

# of expected passes		6348
# of unexpected failures	1
# of expected failures		4
# of unsupported tests		424

Running target unix/-m64

		=== libgomp Summary for unix/-m64 ===

# of expected passes		6349
# of expected failures		4
# of unsupported tests		424

		=== libgomp Summary ===

# of expected passes		12697
# of unexpected failures	1
# of expected failures		8
# of unsupported tests		848
		=== libitm tests ===


Running target unix

		=== libitm Summary for unix ===

# of expected passes		42
# of expected failures		3
# of unsupported tests		1

Running target unix/-m64

		=== libitm Summary for unix/-m64 ===

# of expected passes		42
# of expected failures		3
# of unsupported tests		1

		=== libitm Summary ===

# of expected passes		84
# of expected failures		6
# of unsupported tests		2
		=== libstdc++ tests ===


Running target unix
FAIL: 23_containers/unordered_map/cons/81891.cc (test for excess errors)
UNRESOLVED: 23_containers/unordered_map/cons/81891.cc compilation failed to produce executable
FAIL: 23_containers/unordered_multimap/requirements/explicit_instantiation/3.cc (test for excess errors)
FAIL: 23_containers/unordered_multiset/insert/52476.cc (test for excess errors)
UNRESOLVED: 23_containers/unordered_multiset/insert/52476.cc compilation failed to produce executable
FAIL: 23_containers/unordered_multiset/modifiers/reserve.cc (test for excess errors)
UNRESOLVED: 23_containers/unordered_multiset/modifiers/reserve.cc compilation failed to produce executable
FAIL: 23_containers/unordered_multiset/observers.cc (test for excess errors)
FAIL: 23_containers/unordered_multiset/requirements/exception/basic.cc (test for excess errors)
UNRESOLVED: 23_containers/unordered_multiset/requirements/exception/basic.cc compilation failed to produce executable
FAIL: 23_containers/unordered_multiset/requirements/explicit_instantiation/4.cc (test for excess errors)
FAIL: 23_containers/unordered_set/allocator/copy_assign.cc execution test
FAIL: 23_containers/unordered_set/allocator/swap.cc (test for excess errors)
UNRESOLVED: 23_containers/unordered_set/allocator/swap.cc compilation failed to produce executable
FAIL: 23_containers/unordered_set/erase/24061-set.cc (test for excess errors)
UNRESOLVED: 23_containers/unordered_set/erase/24061-set.cc compilation failed to produce executable
FAIL: 23_containers/unordered_set/insert/move_range.cc (test for excess errors)
UNRESOLVED: 23_containers/unordered_set/insert/move_range.cc compilation failed to produce executable
FAIL: 23_containers/unordered_set/modifiers/reserve.cc (test for excess errors)
UNRESOLVED: 23_containers/unordered_set/modifiers/reserve.cc compilation failed to produce executable
FAIL: 23_containers/unordered_set/requirements/explicit_instantiation/1.cc (test for excess errors)
FAIL: 23_containers/vector/allocator/ext_ptr.cc (test for excess errors)
UNRESOLVED: 23_containers/vector/allocator/ext_ptr.cc compilation failed to produce executable
FAIL: 23_containers/vector/bool/6886.cc (test for excess errors)
UNRESOLVED: 23_containers/vector/bool/6886.cc compilation failed to produce executable
FAIL: 23_containers/vector/bool/allocator/ext_ptr.cc (test for excess errors)
UNRESOLVED: 23_containers/vector/bool/allocator/ext_ptr.cc compilation failed to produce executable
FAIL: 23_containers/vector/bool/modifiers/insert/const_iterator.cc (test for excess errors)
FAIL: 23_containers/vector/capacity/resize/strong_guarantee.cc (test for excess errors)
UNRESOLVED: 23_containers/vector/capacity/resize/strong_guarantee.cc compilation failed to produce executable
FAIL: 23_containers/vector/capacity/shrink_to_fit.cc (test for excess errors)
UNRESOLVED: 23_containers/vector/capacity/shrink_to_fit.cc compilation failed to produce executable
FAIL: 23_containers/vector/capacity/shrink_to_fit2.cc (test for excess errors)
UNRESOLVED: 23_containers/vector/capacity/shrink_to_fit2.cc compilation failed to produce executable
FAIL: 23_containers/vector/check_construct_destroy.cc (test for excess errors)
UNRESOLVED: 23_containers/vector/check_construct_destroy.cc compilation failed to produce executable
FAIL: 23_containers/vector/erasure.cc (test for excess errors)
UNRESOLVED: 23_containers/vector/erasure.cc compilation failed to produce executable
FAIL: 23_containers/vector/ext_pointer/citerators.cc (test for excess errors)
UNRESOLVED: 23_containers/vector/ext_pointer/citerators.cc compilation failed to produce executable

		=== libstdc++ Summary for unix ===

# of expected passes		11950
# of unexpected failures	23
# of expected failures		77
# of unresolved testcases	17
# of unsupported tests		715

Running target unix/-m64

		=== libstdc++ Summary for unix/-m64 ===

# of expected passes		11990
# of expected failures		77
# of unsupported tests		715

		=== libstdc++ Summary ===

# of expected passes		23940
# of unexpected failures	23
# of expected failures		154
# of unresolved testcases	17
# of unsupported tests		1430

Compiler version: 9.1.1 20190524 [gcc-9-branch revision 271593] (GCC) 
Platform: sparc-sun-solaris2.11
configure flags: --prefix=/vol/gcc --target=sparc-sun-solaris2.11 --enable-objc-gc --with-target-bdw-gc-include=/vol/gcc/include --with-target-bdw-gc-lib=/vol/gcc/lib,sparcv9=/vol/gcc/lib/sparcv9 --with-as=/vol/gcc/bin/gas-2.32 --with-gnu-as --with-gmp-include=/vol/gcc/include --with-gmp-lib=/vol/gcc/lib --with-mpfr-include=/vol/gcc/include --with-mpfr-lib=/vol/gcc/lib --with-mpc-include=/vol/gcc/include --with-mpc-lib=/vol/gcc/lib --enable-languages=all,ada,obj-c++,go --with-isl-include=/vol/gcc/include --with-isl-lib=/vol/gcc/lib --build=sparc-sun-solaris2.11 --host=sparc-sun-solaris2.11
BOOT_CFLAGS=-g -O2


Index Nav: [Date Index] [Subject Index] [Author Index] [Thread Index]
Message Nav: [Date Prev] [Date Next] [Thread Prev] [Thread Next]