This is the mail archive of the gcc-testresults@gcc.gnu.org mailing list for the GCC project.


Index Nav: [Date Index] [Subject Index] [Author Index] [Thread Index]
Message Nav: [Date Prev] [Date Next] [Thread Prev] [Thread Next]
Other format: [Raw text]

Results for 9.1.1 20190522 [gcc-9-branch revision 271514] (GCC) testsuite on hppa2.0w-hp-hpux11.11


		=== acats tests ===
FAIL:	c974013
FAIL:	c9a011b

		=== acats Summary ===
# of expected passes		2318
# of unexpected failures	2
Native configuration is hppa2.0w-hp-hpux11.11

		=== g++ tests ===


Running target unix
WARNING: program timed out.
FAIL: c-c++-common/simulate-thread/bitfields-1.c   -O2 -g -std=c++98  thread simulation test
FAIL: c-c++-common/simulate-thread/bitfields-1.c   -O3 -g -std=c++11  thread simulation test
FAIL: g++.dg/torture/pr81812.C   -O0  (test for excess errors)
FAIL: g++.dg/torture/pr81812.C   -O1  (test for excess errors)
FAIL: g++.dg/torture/pr81812.C   -O2  (test for excess errors)
FAIL: g++.dg/torture/pr81812.C   -O3 -g  (test for excess errors)
FAIL: g++.dg/torture/pr81812.C   -Os  (test for excess errors)

		=== g++ Summary ===

# of expected passes		113710
# of unexpected failures	7
# of expected failures		505
# of unsupported tests		6494
/mnt/gnu/gcc/objdir-test/gcc/testsuite/g++/../../xg++  version 9.1.1 20190522 [gcc-9-branch revision 271514] (GCC) 

		=== gcc tests ===


Running target unix
FAIL: gcc.c-torture/compile/limits-exprparen.c   -O0  (internal compiler error)
FAIL: gcc.c-torture/compile/limits-exprparen.c   -O0  (test for excess errors)
FAIL: gcc.c-torture/compile/limits-exprparen.c   -O1  (internal compiler error)
FAIL: gcc.c-torture/compile/limits-exprparen.c   -O1  (test for excess errors)
FAIL: gcc.c-torture/compile/limits-exprparen.c   -O2  (internal compiler error)
FAIL: gcc.c-torture/compile/limits-exprparen.c   -O2  (test for excess errors)
FAIL: gcc.c-torture/compile/limits-exprparen.c   -O3 -g  (internal compiler error)
FAIL: gcc.c-torture/compile/limits-exprparen.c   -O3 -g  (test for excess errors)
FAIL: gcc.c-torture/compile/limits-exprparen.c   -Os  (internal compiler error)
FAIL: gcc.c-torture/compile/limits-exprparen.c   -Os  (test for excess errors)
FAIL: gcc.c-torture/execute/pr64242.c   -O2  execution test
FAIL: gcc.c-torture/execute/pr64242.c   -O3 -g  execution test
FAIL: gcc.c-torture/execute/pr64242.c   -Os  execution test
FAIL: gcc.dg/atomic/c11-atomic-exec-5.c   -O0  execution test
FAIL: gcc.dg/atomic/c11-atomic-exec-5.c   -O1  execution test
FAIL: gcc.dg/atomic/c11-atomic-exec-5.c   -O2  execution test
FAIL: gcc.dg/atomic/c11-atomic-exec-5.c   -O3 -fomit-frame-pointer -funroll-loops -fpeel-loops -ftracer -finline-functions  execution test
FAIL: gcc.dg/atomic/c11-atomic-exec-5.c   -O3 -g  execution test
FAIL: gcc.dg/atomic/c11-atomic-exec-5.c   -Os  execution test
WARNING: program timed out.
FAIL: c-c++-common/simulate-thread/bitfields-1.c   -O2 -g  thread simulation test
FAIL: c-c++-common/simulate-thread/bitfields-1.c   -O3 -g  thread simulation test
FAIL: gcc.dg/torture/20190327-1.c   -O0  (test for excess errors)
FAIL: gcc.dg/torture/20190327-1.c   -O1  (test for excess errors)
FAIL: gcc.dg/torture/20190327-1.c   -O2  (test for excess errors)
FAIL: gcc.dg/torture/20190327-1.c   -O3 -g  (test for excess errors)
FAIL: gcc.dg/torture/20190327-1.c   -Os  (test for excess errors)
XPASS: gcc.dg/torture/pr47917.c   -O1  execution test
XPASS: gcc.dg/torture/pr47917.c   -O2  execution test
XPASS: gcc.dg/torture/pr47917.c   -O3 -g  execution test
XPASS: gcc.dg/torture/pr47917.c   -Os  execution test
FAIL: gcc.dg/torture/pr90020.c   -O0  (test for excess errors)
FAIL: gcc.dg/torture/pr90020.c   -O0  execution test
FAIL: gcc.dg/torture/pr90020.c   -O1  (test for excess errors)
FAIL: gcc.dg/torture/pr90020.c   -O1  execution test
FAIL: gcc.dg/torture/pr90020.c   -O2  (test for excess errors)
FAIL: gcc.dg/torture/pr90020.c   -O2  execution test
FAIL: gcc.dg/torture/pr90020.c   -O3 -g  (test for excess errors)
FAIL: gcc.dg/torture/pr90020.c   -O3 -g  execution test
FAIL: gcc.dg/torture/pr90020.c   -Os  (test for excess errors)
FAIL: gcc.dg/torture/pr90020.c   -Os  execution test
FAIL: gcc.dg/tree-ssa/builtin-sprintf.c execution test

		=== gcc Summary ===

# of expected passes		84929
# of unexpected failures	37
# of unexpected successes	4
# of expected failures		421
# of unsupported tests		2440
/mnt/gnu/gcc/objdir-test/gcc/xgcc  version 9.1.1 20190522 [gcc-9-branch revision 271514] (GCC) 

		=== gfortran tests ===


Running target unix
FAIL: gfortran.dg/class_61.f90   -O  (test for excess errors)
FAIL: gfortran.dg/elemental_subroutine_3.f90   -O1  (test for excess errors)
FAIL: gfortran.dg/elemental_subroutine_3.f90   -O2  (test for excess errors)
FAIL: gfortran.dg/elemental_subroutine_3.f90   -O3 -fomit-frame-pointer -funroll-loops -fpeel-loops -ftracer -finline-functions  (test for excess errors)
FAIL: gfortran.dg/elemental_subroutine_3.f90   -O3 -g  (test for excess errors)
FAIL: gfortran.dg/elemental_subroutine_3.f90   -Os  (test for excess errors)
FAIL: gfortran.dg/unlimited_polymorphic_30.f03   -O0  execution test

		=== gfortran Summary ===

# of expected passes		48028
# of unexpected failures	7
# of expected failures		198
# of unsupported tests		528
/mnt/gnu/gcc/objdir-test/gcc/testsuite/gfortran/../../gfortran  version 9.1.1 20190522 [gcc-9-branch revision 271514] (GCC) 

		=== gnat tests ===


Running target unix
FAIL: gnat.dg/config_pragma1.adb execution test
FAIL: gnat.dg/debug11_pkg.adb scan-assembler local_imported_func
FAIL: gnat.dg/debug11_pkg.adb scan-assembler local_imported_var
FAIL: gnat.dg/debug11_pkg.adb scan-assembler global_imported_func
FAIL: gnat.dg/debug11_pkg.adb scan-assembler global_imported_var

		=== gnat Summary ===

# of expected passes		2907
# of unexpected failures	5
# of expected failures		23
# of unsupported tests		36
/mnt/gnu/gcc/objdir-test/gcc/gnatmake version 9.1.1 20190522 [gcc-9-branch revision 271514]

		=== obj-c++ tests ===


Running target unix

		=== obj-c++ Summary ===

# of expected passes		1408
# of expected failures		2
# of unsupported tests		60
/mnt/gnu/gcc/objdir-test/gcc/testsuite/obj-c++/../../xg++  version 9.1.1 20190522 [gcc-9-branch revision 271514] (GCC) 

		=== objc tests ===


Running target unix

		=== objc Summary ===

# of expected passes		2705
# of unsupported tests		61
/mnt/gnu/gcc/objdir-test/gcc/xgcc  version 9.1.1 20190522 [gcc-9-branch revision 271514] (GCC) 

		=== libatomic tests ===


Running target unix

		=== libatomic Summary ===

# of expected passes		44
# of unsupported tests		5
		=== libgomp tests ===


Running target unix
FAIL: libgomp.c/target-29.c (internal compiler error)
FAIL: libgomp.c/target-29.c (test for excess errors)
UNRESOLVED: libgomp.c/target-29.c compilation failed to produce executable
FAIL: libgomp.c++/target-15.C (internal compiler error)
FAIL: libgomp.c++/target-15.C (test for excess errors)
UNRESOLVED: libgomp.c++/target-15.C compilation failed to produce executable
FAIL: libgomp.c++/target-16.C (internal compiler error)
FAIL: libgomp.c++/target-16.C (test for excess errors)
UNRESOLVED: libgomp.c++/target-16.C compilation failed to produce executable
FAIL: libgomp.c++/target-17.C (internal compiler error)
FAIL: libgomp.c++/target-17.C (test for excess errors)
UNRESOLVED: libgomp.c++/target-17.C compilation failed to produce executable
FAIL: libgomp.c++/target-19.C (internal compiler error)
FAIL: libgomp.c++/target-19.C (test for excess errors)
UNRESOLVED: libgomp.c++/target-19.C compilation failed to produce executable
FAIL: libgomp.oacc-c/../libgomp.oacc-c-c++-common/atomic_update-1.c -DACC_DEVICE_TYPE_host=1 -DACC_MEM_SHARED=1 -foffload=disable  -O2  execution test
FAIL: libgomp.oacc-c++/../libgomp.oacc-c-c++-common/atomic_update-1.c -DACC_DEVICE_TYPE_host=1 -DACC_MEM_SHARED=1 -foffload=disable  -O2  execution test

		=== libgomp Summary ===

# of expected passes		6305
# of unexpected failures	12
# of expected failures		4
# of unresolved testcases	5
# of unsupported tests		440
		=== libstdc++ tests ===


Running target unix
FAIL: 17_intro/headers/c++1998/charset.cc (test for excess errors)
FAIL: 17_intro/headers/c++2011/charset.cc (test for excess errors)
FAIL: 17_intro/headers/c++2014/charset.cc (test for excess errors)
FAIL: 17_intro/headers/c++2017/charset.cc (test for excess errors)
FAIL: 17_intro/headers/c++2020/charset.cc (test for excess errors)
FAIL: libstdc++-prettyprinters/48362.cc
FAIL: libstdc++-prettyprinters/59161.cc
FAIL: libstdc++-prettyprinters/80276.cc
FAIL: libstdc++-prettyprinters/compat.cc
FAIL: libstdc++-prettyprinters/cxx11.cc
FAIL: libstdc++-prettyprinters/cxx17.cc
FAIL: libstdc++-prettyprinters/debug.cc
FAIL: libstdc++-prettyprinters/debug_cxx11.cc
FAIL: libstdc++-prettyprinters/libfundts.cc
FAIL: libstdc++-prettyprinters/shared_ptr.cc
FAIL: libstdc++-prettyprinters/simple.cc
FAIL: libstdc++-prettyprinters/simple11.cc
FAIL: libstdc++-prettyprinters/tr1.cc
FAIL: libstdc++-prettyprinters/whatis.cc
FAIL: libstdc++-prettyprinters/whatis2.cc
FAIL: libstdc++-xmethods/array.cc
FAIL: libstdc++-xmethods/associative-containers.cc
FAIL: libstdc++-xmethods/deque.cc
FAIL: libstdc++-xmethods/forwardlist.cc
FAIL: libstdc++-xmethods/list.cc
FAIL: libstdc++-xmethods/shared_ptr.cc
FAIL: libstdc++-xmethods/unique_ptr.cc
FAIL: libstdc++-xmethods/vector.cc

		=== libstdc++ Summary ===

# of expected passes		11394
# of unexpected failures	28
# of expected failures		77
# of unsupported tests		976

Compiler version: 9.1.1 20190522 [gcc-9-branch revision 271514] (GCC) 
Platform: hppa2.0w-hp-hpux11.11
configure flags:Test Run By dave on Thu May 23 11:57:04  2019


Index Nav: [Date Index] [Subject Index] [Author Index] [Thread Index]
Message Nav: [Date Prev] [Date Next] [Thread Prev] [Thread Next]