This is the mail archive of the gcc-testresults@gcc.gnu.org mailing list for the GCC project.


Index Nav: [Date Index] [Subject Index] [Author Index] [Thread Index]
Message Nav: [Date Prev] [Date Next] [Thread Prev] [Thread Next]
Other format: [Raw text]

Results for 10.0.0 20190524 (experimental) [trunk revision 271592] (GCC) testsuite on i386-pc-solaris2.11


LAST_UPDATED: Fri May 24 08:42:04 UTC 2019 (revision 271592)

		=== acats tests ===

		=== acats Summary ===
# of expected passes		2320
# of unexpected failures	0
Native configuration is i386-pc-solaris2.11

		=== g++ tests ===


Running target unix
FAIL: c-c++-common/asan/swapcontext-test-1.c   -O0  execution test
FAIL: c-c++-common/asan/swapcontext-test-1.c   -O1  execution test
FAIL: c-c++-common/asan/swapcontext-test-1.c   -O2  execution test
FAIL: c-c++-common/asan/swapcontext-test-1.c   -O2 -flto  execution test
FAIL: c-c++-common/asan/swapcontext-test-1.c   -O2 -flto -flto-partition=none  execution test
FAIL: c-c++-common/asan/swapcontext-test-1.c   -O3 -fomit-frame-pointer -funroll-loops -fpeel-loops -ftracer -finline-functions  execution test
FAIL: c-c++-common/asan/swapcontext-test-1.c   -O3 -g  execution test
FAIL: c-c++-common/asan/swapcontext-test-1.c   -Os  execution test
FAIL: g++.dg/lto/pr89335 cp_lto_pr89335_0.o assemble, -O2 -flto -Wsuggest-final-methods
FAIL: g++.old-deja/g++.pt/repo3.C  -std=gnu++14 (test for excess errors)
FAIL: g++.old-deja/g++.pt/repo3.C  -std=gnu++17 (test for excess errors)
FAIL: g++.old-deja/g++.pt/repo3.C  -std=gnu++98 (test for excess errors)

		=== g++ Summary for unix ===

# of expected passes		130814
# of unexpected failures	12
# of expected failures		532
# of unsupported tests		6190

Running target unix/-m64
FAIL: g++.dg/pr80481.C  -std=gnu++14  scan-assembler-not vmovaps
FAIL: g++.dg/pr80481.C  -std=gnu++17  scan-assembler-not vmovaps
FAIL: g++.dg/pr80481.C  -std=gnu++98  scan-assembler-not vmovaps
FAIL: g++.dg/lto/pr89335 cp_lto_pr89335_0.o assemble, -O2 -flto -Wsuggest-final-methods
FAIL: g++.old-deja/g++.pt/repo3.C  -std=gnu++14 (test for excess errors)
FAIL: g++.old-deja/g++.pt/repo3.C  -std=gnu++17 (test for excess errors)
FAIL: g++.old-deja/g++.pt/repo3.C  -std=gnu++98 (test for excess errors)

		=== g++ Summary for unix/-m64 ===

# of expected passes		130574
# of unexpected failures	7
# of expected failures		535
# of unsupported tests		6129

		=== g++ Summary ===

# of expected passes		261388
# of unexpected failures	19
# of expected failures		1067
# of unsupported tests		12319
/var/gcc/regression/trunk/11.3-gcc/build/gcc/xg++  version 10.0.0 20190524 (experimental) [trunk revision 271592] (GCC) 

		=== gcc tests ===


Running target unix
FAIL: gcc.c-torture/compile/pr61159.c   -O0  (test for excess errors)
FAIL: gcc.c-torture/compile/pr61159.c   -O1  (test for excess errors)
FAIL: gcc.c-torture/compile/pr61159.c   -O2  (test for excess errors)
FAIL: gcc.c-torture/compile/pr61159.c   -O2 -flto  (test for excess errors)
FAIL: gcc.c-torture/compile/pr61159.c   -O2 -flto -flto-partition=none  (test for excess errors)
FAIL: gcc.c-torture/compile/pr61159.c   -O3 -g  (test for excess errors)
FAIL: gcc.c-torture/compile/pr61159.c   -Os  (test for excess errors)
FAIL: c-c++-common/asan/swapcontext-test-1.c   -O0  execution test
FAIL: c-c++-common/asan/swapcontext-test-1.c   -O1  execution test
FAIL: c-c++-common/asan/swapcontext-test-1.c   -O2  execution test
FAIL: c-c++-common/asan/swapcontext-test-1.c   -O2 -flto  execution test
FAIL: c-c++-common/asan/swapcontext-test-1.c   -O2 -flto -flto-partition=none  execution test
FAIL: c-c++-common/asan/swapcontext-test-1.c   -O3 -fomit-frame-pointer -funroll-loops -fpeel-loops -ftracer -finline-functions  execution test
FAIL: c-c++-common/asan/swapcontext-test-1.c   -O3 -g  execution test
FAIL: c-c++-common/asan/swapcontext-test-1.c   -Os  execution test
FAIL: gcc.dg/attr-weakref-1.c (test for excess errors)
UNRESOLVED: gcc.dg/attr-weakref-1.c compilation failed to produce executable
UNRESOLVED: gcc.dg/cdce1.c scan-assembler jmp pow
UNRESOLVED: gcc.dg/cdce2.c scan-assembler jmp log
FAIL: gcc.dg/pr53265.c (test for excess errors)
FAIL: gcc.dg/visibility-22.c execution test
FAIL: gcc.dg/ipa/ipa-icf-38.c scan-ltrans-tree-dump-not optimized "Function bar"
FAIL: gcc.dg/torture/pr60092.c   -O0  execution test
FAIL: compiler driver --help=params --help=optimizers option(s): "maximum number of" present in output
FAIL: gcc.target/i386/avx512bw-pr86036.c (test for excess errors)
UNRESOLVED: gcc.target/i386/avx512bw-pr86036.c compilation failed to produce executable
FAIL: gcc.target/i386/avx512bw-vpmovb2m-2.c (test for excess errors)
UNRESOLVED: gcc.target/i386/avx512bw-vpmovb2m-2.c compilation failed to produce executable
FAIL: gcc.target/i386/avx512bw-vpmovm2b-2.c (test for excess errors)
UNRESOLVED: gcc.target/i386/avx512bw-vpmovm2b-2.c compilation failed to produce executable
FAIL: gcc.target/i386/avx512bw-vpmovm2w-2.c (test for excess errors)
UNRESOLVED: gcc.target/i386/avx512bw-vpmovm2w-2.c compilation failed to produce executable
FAIL: gcc.target/i386/avx512bw-vpmovw2m-2.c (test for excess errors)
UNRESOLVED: gcc.target/i386/avx512bw-vpmovw2m-2.c compilation failed to produce executable
FAIL: gcc.target/i386/avx512dq-vpmovd2m-2.c (test for excess errors)
UNRESOLVED: gcc.target/i386/avx512dq-vpmovd2m-2.c compilation failed to produce executable
FAIL: gcc.target/i386/avx512dq-vpmovm2d-2.c (test for excess errors)
UNRESOLVED: gcc.target/i386/avx512dq-vpmovm2d-2.c compilation failed to produce executable
FAIL: gcc.target/i386/avx512dq-vpmovq2m-2.c (test for excess errors)
UNRESOLVED: gcc.target/i386/avx512dq-vpmovq2m-2.c compilation failed to produce executable
FAIL: gcc.target/i386/avx512vl-pr88514-3.c (test for excess errors)
FAIL: gcc.target/i386/avx512vl-pr88547-2.c (test for excess errors)
UNRESOLVED: gcc.target/i386/avx512vl-pr88547-2.c compilation failed to produce executable
FAIL: gcc.target/i386/avx512vl-vpmovb2m-2.c (test for excess errors)
UNRESOLVED: gcc.target/i386/avx512vl-vpmovb2m-2.c compilation failed to produce executable
FAIL: gcc.target/i386/avx512vl-vpmovd2m-2.c (test for excess errors)
UNRESOLVED: gcc.target/i386/avx512vl-vpmovd2m-2.c compilation failed to produce executable
FAIL: gcc.target/i386/avx512vl-vpmovm2b-2.c (test for excess errors)
UNRESOLVED: gcc.target/i386/avx512vl-vpmovm2b-2.c compilation failed to produce executable
FAIL: gcc.target/i386/avx512vl-vpmovm2d-2.c (test for excess errors)
UNRESOLVED: gcc.target/i386/avx512vl-vpmovm2d-2.c compilation failed to produce executable
FAIL: gcc.target/i386/avx512vl-vpmovm2w-2.c (test for excess errors)
UNRESOLVED: gcc.target/i386/avx512vl-vpmovm2w-2.c compilation failed to produce executable
FAIL: gcc.target/i386/avx512vl-vpmovq2m-2.c (test for excess errors)
UNRESOLVED: gcc.target/i386/avx512vl-vpmovq2m-2.c compilation failed to produce executable
FAIL: gcc.target/i386/avx512vl-vpmovw2m-2.c (test for excess errors)
UNRESOLVED: gcc.target/i386/avx512vl-vpmovw2m-2.c compilation failed to produce executable
FAIL: gcc.target/i386/pr57193.c scan-assembler-times movdqa 2
FAIL: gcc.target/i386/pr80569.c (test for excess errors)
FAIL: gcc.target/i386/pr81563.c scan-assembler-times movl[\\\\t ]*-4\\\\(%ebp\\\\),[\\\\t ]*%edi 1
FAIL: gcc.target/i386/pr81563.c scan-assembler-times movl[\\\\t ]*-8\\\\(%ebp\\\\),[\\\\t ]*%esi 1

		=== gcc Summary for unix ===

# of expected passes		134635
# of unexpected failures	42
# of expected failures		542
# of unresolved testcases	19
# of unsupported tests		3498

Running target unix/-m64
FAIL: gcc.c-torture/compile/pr61159.c   -O0  (test for excess errors)
FAIL: gcc.c-torture/compile/pr61159.c   -O1  (test for excess errors)
FAIL: gcc.c-torture/compile/pr61159.c   -O2  (test for excess errors)
FAIL: gcc.c-torture/compile/pr61159.c   -O2 -flto  (test for excess errors)
FAIL: gcc.c-torture/compile/pr61159.c   -O2 -flto -flto-partition=none  (test for excess errors)
FAIL: gcc.c-torture/compile/pr61159.c   -O3 -g  (test for excess errors)
FAIL: gcc.c-torture/compile/pr61159.c   -Os  (test for excess errors)
FAIL: gcc.dg/attr-weakref-1.c (test for excess errors)
UNRESOLVED: gcc.dg/attr-weakref-1.c compilation failed to produce executable
UNRESOLVED: gcc.dg/cdce1.c scan-assembler jmp pow
UNRESOLVED: gcc.dg/cdce2.c scan-assembler jmp log
FAIL: gcc.dg/pr53265.c (test for excess errors)
FAIL: gcc.dg/visibility-22.c execution test
FAIL: gcc.dg/ipa/ipa-icf-38.c scan-ltrans-tree-dump-not optimized "Function bar"
FAIL: gcc.dg/torture/pr60092.c   -O0  execution test
FAIL: compiler driver --help=params --help=optimizers option(s): "maximum number of" present in output
FAIL: gcc.target/i386/avx512bw-pr86036.c (test for excess errors)
UNRESOLVED: gcc.target/i386/avx512bw-pr86036.c compilation failed to produce executable
FAIL: gcc.target/i386/avx512bw-vpmovb2m-2.c (test for excess errors)
UNRESOLVED: gcc.target/i386/avx512bw-vpmovb2m-2.c compilation failed to produce executable
FAIL: gcc.target/i386/avx512bw-vpmovm2b-2.c (test for excess errors)
UNRESOLVED: gcc.target/i386/avx512bw-vpmovm2b-2.c compilation failed to produce executable
FAIL: gcc.target/i386/avx512bw-vpmovm2w-2.c (test for excess errors)
UNRESOLVED: gcc.target/i386/avx512bw-vpmovm2w-2.c compilation failed to produce executable
FAIL: gcc.target/i386/avx512bw-vpmovw2m-2.c (test for excess errors)
UNRESOLVED: gcc.target/i386/avx512bw-vpmovw2m-2.c compilation failed to produce executable
FAIL: gcc.target/i386/avx512dq-vpmovd2m-2.c (test for excess errors)
UNRESOLVED: gcc.target/i386/avx512dq-vpmovd2m-2.c compilation failed to produce executable
FAIL: gcc.target/i386/avx512dq-vpmovm2d-2.c (test for excess errors)
UNRESOLVED: gcc.target/i386/avx512dq-vpmovm2d-2.c compilation failed to produce executable
FAIL: gcc.target/i386/avx512dq-vpmovq2m-2.c (test for excess errors)
UNRESOLVED: gcc.target/i386/avx512dq-vpmovq2m-2.c compilation failed to produce executable
FAIL: gcc.target/i386/avx512vl-pr88514-3.c (test for excess errors)
FAIL: gcc.target/i386/avx512vl-pr88547-2.c (test for excess errors)
UNRESOLVED: gcc.target/i386/avx512vl-pr88547-2.c compilation failed to produce executable
FAIL: gcc.target/i386/avx512vl-vpmovb2m-2.c (test for excess errors)
UNRESOLVED: gcc.target/i386/avx512vl-vpmovb2m-2.c compilation failed to produce executable
FAIL: gcc.target/i386/avx512vl-vpmovd2m-2.c (test for excess errors)
UNRESOLVED: gcc.target/i386/avx512vl-vpmovd2m-2.c compilation failed to produce executable
FAIL: gcc.target/i386/avx512vl-vpmovm2b-2.c (test for excess errors)
UNRESOLVED: gcc.target/i386/avx512vl-vpmovm2b-2.c compilation failed to produce executable
FAIL: gcc.target/i386/avx512vl-vpmovm2d-2.c (test for excess errors)
UNRESOLVED: gcc.target/i386/avx512vl-vpmovm2d-2.c compilation failed to produce executable
FAIL: gcc.target/i386/avx512vl-vpmovm2w-2.c (test for excess errors)
UNRESOLVED: gcc.target/i386/avx512vl-vpmovm2w-2.c compilation failed to produce executable
FAIL: gcc.target/i386/avx512vl-vpmovq2m-2.c (test for excess errors)
UNRESOLVED: gcc.target/i386/avx512vl-vpmovq2m-2.c compilation failed to produce executable
FAIL: gcc.target/i386/avx512vl-vpmovw2m-2.c (test for excess errors)
UNRESOLVED: gcc.target/i386/avx512vl-vpmovw2m-2.c compilation failed to produce executable
FAIL: gcc.target/i386/pr57193.c scan-assembler-times movdqa 2
FAIL: gcc.target/i386/pr80569.c (test for excess errors)

		=== gcc Summary for unix/-m64 ===

# of expected passes		134896
# of unexpected failures	32
# of expected failures		536
# of unresolved testcases	19
# of unsupported tests		3027

		=== gcc Summary ===

# of expected passes		269531
# of unexpected failures	74
# of expected failures		1078
# of unresolved testcases	38
# of unsupported tests		6525
/var/gcc/regression/trunk/11.3-gcc/build/gcc/xgcc  version 10.0.0 20190524 (experimental) [trunk revision 271592] (GCC) 

		=== gdc tests ===


Running target unix
FAIL: gdc.test/runnable/link15017.d   (internal compiler error)
FAIL: gdc.test/runnable/link15017.d -O2   (internal compiler error)
FAIL: gdc.test/runnable/link15017.d -O2 -frelease   (internal compiler error)
FAIL: gdc.test/runnable/link15017.d -O2 -frelease -g   (internal compiler error)
FAIL: gdc.test/runnable/link15017.d -O2 -g   (internal compiler error)
FAIL: gdc.test/runnable/link15017.d -frelease   (internal compiler error)
FAIL: gdc.test/runnable/link15017.d -frelease -g   (internal compiler error)
FAIL: gdc.test/runnable/link15017.d -g   (internal compiler error)
FAIL: gdc.test/runnable/mars1.d -O2   (internal compiler error)
FAIL: gdc.test/runnable/mars1.d -O2 -finline-functions   (internal compiler error)
FAIL: gdc.test/runnable/sdtor.d   (internal compiler error)
FAIL: gdc.test/runnable/sdtor.d -O2   (internal compiler error)
FAIL: gdc.test/runnable/sdtor.d -O2 -finline-functions   (internal compiler error)
FAIL: gdc.test/runnable/sdtor.d -O2 -finline-functions -frelease   (internal compiler error)
FAIL: gdc.test/runnable/sdtor.d -O2 -finline-functions -frelease -funittest   (internal compiler error)
FAIL: gdc.test/runnable/sdtor.d -O2 -finline-functions -frelease -funittest -g   (internal compiler error)
FAIL: gdc.test/runnable/sdtor.d -O2 -finline-functions -frelease -g   (internal compiler error)
FAIL: gdc.test/runnable/sdtor.d -O2 -finline-functions -funittest   (internal compiler error)
FAIL: gdc.test/runnable/sdtor.d -O2 -finline-functions -funittest -g   (internal compiler error)
FAIL: gdc.test/runnable/sdtor.d -O2 -finline-functions -g   (internal compiler error)
FAIL: gdc.test/runnable/sdtor.d -O2 -frelease   (internal compiler error)
FAIL: gdc.test/runnable/sdtor.d -O2 -frelease -funittest   (internal compiler error)
FAIL: gdc.test/runnable/sdtor.d -O2 -frelease -funittest -g   (internal compiler error)
FAIL: gdc.test/runnable/sdtor.d -O2 -frelease -g   (internal compiler error)
FAIL: gdc.test/runnable/sdtor.d -O2 -funittest   (internal compiler error)
FAIL: gdc.test/runnable/sdtor.d -O2 -funittest -g   (internal compiler error)
FAIL: gdc.test/runnable/sdtor.d -O2 -g   (internal compiler error)
FAIL: gdc.test/runnable/sdtor.d -finline-functions   (internal compiler error)
FAIL: gdc.test/runnable/sdtor.d -finline-functions -frelease   (internal compiler error)
FAIL: gdc.test/runnable/sdtor.d -finline-functions -frelease -funittest   (internal compiler error)
FAIL: gdc.test/runnable/sdtor.d -finline-functions -frelease -funittest -g   (internal compiler error)
FAIL: gdc.test/runnable/sdtor.d -finline-functions -frelease -g   (internal compiler error)
FAIL: gdc.test/runnable/sdtor.d -finline-functions -funittest   (internal compiler error)
FAIL: gdc.test/runnable/sdtor.d -finline-functions -funittest -g   (internal compiler error)
FAIL: gdc.test/runnable/sdtor.d -finline-functions -g   (internal compiler error)
FAIL: gdc.test/runnable/sdtor.d -frelease   (internal compiler error)
FAIL: gdc.test/runnable/sdtor.d -frelease -funittest   (internal compiler error)
FAIL: gdc.test/runnable/sdtor.d -frelease -funittest -g   (internal compiler error)
FAIL: gdc.test/runnable/sdtor.d -frelease -g   (internal compiler error)
FAIL: gdc.test/runnable/sdtor.d -funittest   (internal compiler error)
FAIL: gdc.test/runnable/sdtor.d -funittest -g   (internal compiler error)
FAIL: gdc.test/runnable/sdtor.d -g   (internal compiler error)
FAIL: gdc.test/runnable/testaa.d   (internal compiler error)
FAIL: gdc.test/runnable/testaa.d -fPIC   (internal compiler error)

		=== gdc Summary for unix ===

# of expected passes		22445
# of unexpected failures	44
# of unsupported tests		40

Running target unix/-m64
FAIL: gdc.test/runnable/link15017.d   (internal compiler error)
FAIL: gdc.test/runnable/link15017.d -O2   (internal compiler error)
FAIL: gdc.test/runnable/link15017.d -O2 -frelease   (internal compiler error)
FAIL: gdc.test/runnable/link15017.d -O2 -frelease -g   (internal compiler error)
FAIL: gdc.test/runnable/link15017.d -O2 -g   (internal compiler error)
FAIL: gdc.test/runnable/link15017.d -frelease   (internal compiler error)
FAIL: gdc.test/runnable/link15017.d -frelease -g   (internal compiler error)
FAIL: gdc.test/runnable/link15017.d -g   (internal compiler error)
FAIL: gdc.test/runnable/sdtor.d   (internal compiler error)
FAIL: gdc.test/runnable/sdtor.d -O2   (internal compiler error)
FAIL: gdc.test/runnable/sdtor.d -O2 -finline-functions   (internal compiler error)
FAIL: gdc.test/runnable/sdtor.d -O2 -finline-functions -frelease   (internal compiler error)
FAIL: gdc.test/runnable/sdtor.d -O2 -finline-functions -frelease -funittest   (internal compiler error)
FAIL: gdc.test/runnable/sdtor.d -O2 -finline-functions -frelease -funittest -g   (internal compiler error)
FAIL: gdc.test/runnable/sdtor.d -O2 -finline-functions -frelease -g   (internal compiler error)
FAIL: gdc.test/runnable/sdtor.d -O2 -finline-functions -funittest   (internal compiler error)
FAIL: gdc.test/runnable/sdtor.d -O2 -finline-functions -funittest -g   (internal compiler error)
FAIL: gdc.test/runnable/sdtor.d -O2 -finline-functions -g   (internal compiler error)
FAIL: gdc.test/runnable/sdtor.d -O2 -frelease   (internal compiler error)
FAIL: gdc.test/runnable/sdtor.d -O2 -frelease -funittest   (internal compiler error)
FAIL: gdc.test/runnable/sdtor.d -O2 -frelease -funittest -g   (internal compiler error)
FAIL: gdc.test/runnable/sdtor.d -O2 -frelease -g   (internal compiler error)
FAIL: gdc.test/runnable/sdtor.d -O2 -funittest   (internal compiler error)
FAIL: gdc.test/runnable/sdtor.d -O2 -funittest -g   (internal compiler error)
FAIL: gdc.test/runnable/sdtor.d -O2 -g   (internal compiler error)
FAIL: gdc.test/runnable/sdtor.d -finline-functions   (internal compiler error)
FAIL: gdc.test/runnable/sdtor.d -finline-functions -frelease   (internal compiler error)
FAIL: gdc.test/runnable/sdtor.d -finline-functions -frelease -funittest   (internal compiler error)
FAIL: gdc.test/runnable/sdtor.d -finline-functions -frelease -funittest -g   (internal compiler error)
FAIL: gdc.test/runnable/sdtor.d -finline-functions -frelease -g   (internal compiler error)
FAIL: gdc.test/runnable/sdtor.d -finline-functions -funittest   (internal compiler error)
FAIL: gdc.test/runnable/sdtor.d -finline-functions -funittest -g   (internal compiler error)
FAIL: gdc.test/runnable/sdtor.d -finline-functions -g   (internal compiler error)
FAIL: gdc.test/runnable/sdtor.d -frelease   (internal compiler error)
FAIL: gdc.test/runnable/sdtor.d -frelease -funittest   (internal compiler error)
FAIL: gdc.test/runnable/sdtor.d -frelease -funittest -g   (internal compiler error)
FAIL: gdc.test/runnable/sdtor.d -frelease -g   (internal compiler error)
FAIL: gdc.test/runnable/sdtor.d -funittest   (internal compiler error)
FAIL: gdc.test/runnable/sdtor.d -funittest -g   (internal compiler error)
FAIL: gdc.test/runnable/sdtor.d -g   (internal compiler error)
FAIL: gdc.test/runnable/testaa.d   (internal compiler error)
FAIL: gdc.test/runnable/testaa.d -fPIC   (internal compiler error)

		=== gdc Summary for unix/-m64 ===

# of expected passes		22445
# of unexpected failures	42
# of unsupported tests		40

		=== gdc Summary ===

# of expected passes		44890
# of unexpected failures	86
# of unsupported tests		80
/var/gcc/regression/trunk/11.3-gcc/build/gcc/gdc  version 10.0.0 20190524 (experimental) [trunk revision 271592] (GCC) 

		=== gfortran tests ===


Running target unix

		=== gfortran Summary for unix ===

# of expected passes		49753
# of expected failures		188
# of unsupported tests		206

Running target unix/-m64

		=== gfortran Summary for unix/-m64 ===

# of expected passes		49982
# of expected failures		188
# of unsupported tests		97

		=== gfortran Summary ===

# of expected passes		99735
# of expected failures		376
# of unsupported tests		303
/var/gcc/regression/trunk/11.3-gcc/build/gcc/gfortran  version 10.0.0 20190524 (experimental) [trunk revision 271592] (GCC) 

		=== gnat tests ===


Running target unix

		=== gnat Summary for unix ===

# of expected passes		2966
# of expected failures		23
# of unsupported tests		10

Running target unix/-m64

		=== gnat Summary for unix/-m64 ===

# of expected passes		2966
# of expected failures		23
# of unsupported tests		10

		=== gnat Summary ===

# of expected passes		5932
# of expected failures		46
# of unsupported tests		20
/var/gcc/regression/trunk/11.3-gcc/build/gcc/gnatmake version 10.0.0 20190524 (experimental) [trunk revision 271592]

		=== go tests ===


Running target unix
FAIL: ./index0-out.go execution,  -O0 -g -fno-var-tracking-assignments 

		=== go Summary for unix ===

# of expected passes		7472
# of unexpected failures	1
# of expected failures		1
# of untested testcases		10
# of unsupported tests		2

Running target unix/-m64
FAIL: ./index0-out.go execution,  -O0 -g -fno-var-tracking-assignments 

		=== go Summary for unix/-m64 ===

# of expected passes		7353
# of unexpected failures	1
# of expected failures		1
# of untested testcases		10
# of unsupported tests		1

		=== go Summary ===

# of expected passes		14825
# of unexpected failures	2
# of expected failures		2
# of untested testcases		20
# of unsupported tests		3
		=== obj-c++ tests ===


Running target unix

		=== obj-c++ Summary for unix ===

# of expected passes		1450
# of expected failures		2
# of unsupported tests		77

Running target unix/-m64

		=== obj-c++ Summary for unix/-m64 ===

# of expected passes		1442
# of expected failures		10
# of unsupported tests		77

		=== obj-c++ Summary ===

# of expected passes		2892
# of expected failures		12
# of unsupported tests		154
/var/gcc/regression/trunk/11.3-gcc/build/gcc/xg++  version 10.0.0 20190524 (experimental) [trunk revision 271592] (GCC) 

		=== objc tests ===


Running target unix

		=== objc Summary for unix ===

# of expected passes		2776
# of expected failures		6
# of unsupported tests		68

Running target unix/-m64

		=== objc Summary for unix/-m64 ===

# of expected passes		2776
# of expected failures		6
# of unsupported tests		68

		=== objc Summary ===

# of expected passes		5552
# of expected failures		12
# of unsupported tests		136
/var/gcc/regression/trunk/11.3-gcc/build/gcc/xgcc  version 10.0.0 20190524 (experimental) [trunk revision 271592] (GCC) 

		=== gotools tests ===

FAIL: TestScript
FAIL: go test cmd/go
FAIL: TestAbort
FAIL: TestCgoSignalDeadlock
FAIL: TestCrashHandler
FAIL: TestGccgoCrashTracebackNodebug
FAIL: TestSelectStackAdjust
FAIL: go test runtime
FAIL: go test misc/cgo/test
FAIL: TestEarlySignalHandler
FAIL: TestOsSignal
FAIL: TestPIE
FAIL: TestSigaltstack
FAIL: go test misc/cgo/testcarchive

		=== gotools Summary ===
# of expected passes		322
# of unexpected failures	14
# of untested testcases		182
/var/gcc/regression/trunk/11.3-gcc/build/./gcc/gccgo version 10.0.0 20190524 (experimental) [trunk revision 271592] (GCC)

		=== libatomic tests ===


Running target unix

		=== libatomic Summary for unix ===

# of expected passes		44
# of unsupported tests		5

Running target unix/-m64

		=== libatomic Summary for unix/-m64 ===

# of expected passes		54

		=== libatomic Summary ===

# of expected passes		98
# of unsupported tests		5
		=== libffi tests ===


Running target unix

		=== libffi Summary for unix ===

# of expected passes		2799

Running target unix/-m64

		=== libffi Summary for unix/-m64 ===

# of expected passes		2214

		=== libffi Summary ===

# of expected passes		5013
		=== libgo tests ===


Running target unix
FAIL: go/build
FAIL: runtime
FAIL: runtime/pprof

		=== libgo Summary for unix ===

# of expected passes		182
# of unexpected failures	3

Running target unix/-m64
FAIL: bytes
FAIL: crypto/cipher
FAIL: crypto/ecdsa
FAIL: crypto/tls
FAIL: crypto/x509
FAIL: encoding/base32
FAIL: encoding/json
FAIL: go/build
FAIL: go/printer
FAIL: image/jpeg
FAIL: io
FAIL: math/big
FAIL: math/rand
FAIL: mime/quotedprintable
FAIL: net
FAIL: net/http
FAIL: net/http/httputil
FAIL: os/exec
FAIL: os/signal
FAIL: regexp
FAIL: runtime/pprof
FAIL: strconv
FAIL: strings
FAIL: sync
FAIL: time

		=== libgo Summary for unix/-m64 ===

# of expected passes		160
# of unexpected failures	25

		=== libgo Summary ===

# of expected passes		342
# of unexpected failures	28
/var/gcc/regression/trunk/11.3-gcc/build/./gcc/gccgo version 10.0.0 20190524 (experimental) [trunk revision 271592] (GCC)

		=== libgomp tests ===


Running target unix

		=== libgomp Summary for unix ===

# of expected passes		6375
# of expected failures		4
# of unsupported tests		423

Running target unix/-m64
WARNING: program timed out.
FAIL: libgomp.c++/task-reduction-11.C execution test

		=== libgomp Summary for unix/-m64 ===

# of expected passes		6374
# of unexpected failures	1
# of expected failures		4
# of unsupported tests		423

		=== libgomp Summary ===

# of expected passes		12749
# of unexpected failures	1
# of expected failures		8
# of unsupported tests		846
		=== libitm tests ===


Running target unix

		=== libitm Summary for unix ===

# of expected passes		42
# of expected failures		3
# of unsupported tests		1

Running target unix/-m64

		=== libitm Summary for unix/-m64 ===

# of expected passes		42
# of expected failures		3
# of unsupported tests		1

		=== libitm Summary ===

# of expected passes		84
# of expected failures		6
# of unsupported tests		2
		=== libstdc++ tests ===


Running target unix
FAIL: 20_util/shared_ptr/cons/alias-rval.cc execution test
XPASS: experimental/memory_resource/new_delete_resource.cc execution test
FAIL: experimental/net/internet/resolver/ops/lookup.cc execution test

		=== libstdc++ Summary for unix ===

# of expected passes		12029
# of unexpected failures	2
# of unexpected successes	1
# of expected failures		78
# of unsupported tests		703

Running target unix/-m64
FAIL: 20_util/shared_ptr/cons/alias-rval.cc execution test
FAIL: experimental/net/internet/resolver/ops/lookup.cc execution test

		=== libstdc++ Summary for unix/-m64 ===

# of expected passes		12022
# of unexpected failures	2
# of expected failures		78
# of unsupported tests		707

		=== libstdc++ Summary ===

# of expected passes		24051
# of unexpected failures	4
# of unexpected successes	1
# of expected failures		156
# of unsupported tests		1410

Compiler version: 10.0.0 20190524 (experimental) [trunk revision 271592] (GCC) 
Platform: i386-pc-solaris2.11
configure flags: --prefix=/vol/gcc --target=i386-pc-solaris2.11 --enable-objc-gc --with-target-bdw-gc-include=/vol/gcc/include --with-target-bdw-gc-lib=/vol/gcc/lib,amd64=/vol/gcc/lib/amd64 --with-as=/usr/ccs/bin/as --without-gnu-as --with-gmp-include=/vol/gcc/include --with-gmp-lib=/vol/gcc/lib --with-mpfr-include=/vol/gcc/include --with-mpfr-lib=/vol/gcc/lib --with-mpc-include=/vol/gcc/include --with-mpc-lib=/vol/gcc/lib --enable-languages=all,ada,obj-c++,go --with-isl-include=/vol/gcc/include --with-isl-lib=/vol/gcc/lib --build=i386-pc-solaris2.11 --host=i386-pc-solaris2.11
BOOT_CFLAGS=-g -O2


Index Nav: [Date Index] [Subject Index] [Author Index] [Thread Index]
Message Nav: [Date Prev] [Date Next] [Thread Prev] [Thread Next]