This is the mail archive of the gcc-testresults@gcc.gnu.org mailing list for the GCC project.


Index Nav: [Date Index] [Subject Index] [Author Index] [Thread Index]
Message Nav: [Date Prev] [Date Next] [Thread Prev] [Thread Next]
Other format: [Raw text]

Results for 10.0.0 20190523 (experimental) [master revision 271539] (GCC) testsuite on aarch64-unknown-linux-gnu


LAST_UPDATED: Thu May 23 08:30:21 UTC 2019 (revision 271539)

Native configuration is aarch64-unknown-linux-gnu

		=== libatomic tests ===


Running target tcwg-local

		=== libatomic Summary ===

# of expected passes		54
		=== libgomp tests ===


Running target tcwg-local

		=== libgomp Summary ===

# of expected passes		6332
# of expected failures		2
# of unsupported tests		422
		=== libitm tests ===


Running target tcwg-local

		=== libitm Summary ===

# of expected passes		42
# of expected failures		3
# of unsupported tests		1
		=== libstdc++ tests ===


Running target tcwg-local
FAIL: 23_containers/deque/cons/55977.cc (test for excess errors)
FAIL: 23_containers/vector/cons/55977.cc (test for excess errors)
FAIL: experimental/iterator/requirements.cc (test for excess errors)
FAIL: libstdc++-prettyprinters/80276.cc whatis p4
FAIL: libstdc++-prettyprinters/80276.cc whatis p4

		=== libstdc++ Summary ===

# of expected passes		12808
# of unexpected failures	5
# of expected failures		78
# of unsupported tests		667
		=== gcc tests ===


Running target tcwg-local
UNRESOLVED: gcc.dg/cdce1.c scan-assembler jmp pow
UNRESOLVED: gcc.dg/cdce2.c scan-assembler jmp log
FAIL: gcc.dg/pr67512.c (test for excess errors)
FAIL: gcc.dg/uninit-18.c  (test for bogus messages, line 13)
FAIL: gcc.dg/uninit-pr90394-1-gimple.c  (test for warnings, line 9)
FAIL: gcc.dg/gomp/pr89104.c (test for excess errors)
FAIL: gcc.dg/vect/slp-reduc-sad-2.c -flto -ffat-lto-objects  scan-tree-dump-not vect "access with gaps requires scalar epilogue loop"
FAIL: gcc.dg/vect/slp-reduc-sad-2.c scan-tree-dump-not vect "access with gaps requires scalar epilogue loop"
FAIL: compiler driver --help=params --help=optimizers option(s): "maximum number of" present in output
FAIL: gcc.target/aarch64/insv_1.c scan-assembler bfi\\tx[0-9]+, x[0-9]+, 0, 8
FAIL: gcc.target/aarch64/insv_1.c scan-assembler bfi\\tx[0-9]+, x[0-9]+, 16, 5
FAIL: gcc.target/aarch64/insv_1.c scan-assembler movk\\tx[0-9]+, 0x1d6b, lsl 32
FAIL: gcc.target/aarch64/lsl_asr_sbfiz.c scan-assembler sbfiz\\tw
FAIL: gcc.target/aarch64/sve/tls_preserve_1.c -march=armv8.2-a+sve  scan-assembler-not \\\\tst[rp]\\\\t[dqv]

		=== gcc Summary ===

# of expected passes		132750
# of unexpected failures	12
# of expected failures		606
# of unresolved testcases	2
# of unsupported tests		3482
/home/tcwg-buildslave/workspace/tcwg-buildfarm_0/_build/builds/aarch64-unknown-linux-gnu/aarch64-unknown-linux-gnu/gcc.git~master_rev_40d10c3799bf4693a8701aa9fc6ba239d1f399f5-stage2/gcc/xgcc  version 10.0.0 20190523 (experimental) [master revision 271539] (GCC) 

		=== gfortran tests ===


Running target tcwg-local
FAIL: gfortran.dg/ieee/ieee_6.f90   -O0  execution test
FAIL: gfortran.dg/ieee/ieee_6.f90   -O1  execution test
FAIL: gfortran.dg/ieee/ieee_6.f90   -O2  execution test
FAIL: gfortran.dg/ieee/ieee_6.f90   -O3 -fomit-frame-pointer -funroll-loops -fpeel-loops -ftracer -finline-functions  execution test
FAIL: gfortran.dg/ieee/ieee_6.f90   -O3 -g  execution test
FAIL: gfortran.dg/ieee/ieee_6.f90   -Os  execution test
XPASS: gfortran.dg/ieee/ieee_8.f90   -O0  execution test
XPASS: gfortran.dg/ieee/ieee_8.f90   -O1  execution test
XPASS: gfortran.dg/ieee/ieee_8.f90   -O2  execution test
XPASS: gfortran.dg/ieee/ieee_8.f90   -O3 -fomit-frame-pointer -funroll-loops -fpeel-loops -ftracer -finline-functions  execution test
XPASS: gfortran.dg/ieee/ieee_8.f90   -O3 -g  execution test
XPASS: gfortran.dg/ieee/ieee_8.f90   -Os  execution test

		=== gfortran Summary ===

# of expected passes		49261
# of unexpected failures	6
# of unexpected successes	6
# of expected failures		178
# of unsupported tests		84
/home/tcwg-buildslave/workspace/tcwg-buildfarm_0/_build/builds/aarch64-unknown-linux-gnu/aarch64-unknown-linux-gnu/gcc.git~master_rev_40d10c3799bf4693a8701aa9fc6ba239d1f399f5-stage2/gcc/gfortran  version 10.0.0 20190523 (experimental) [master revision 271539] (GCC) 

		=== g++ tests ===


Running target tcwg-local

		=== g++ Summary ===

# of expected passes		131925
# of expected failures		530
# of unsupported tests		6358
/home/tcwg-buildslave/workspace/tcwg-buildfarm_0/_build/builds/aarch64-unknown-linux-gnu/aarch64-unknown-linux-gnu/gcc.git~master_rev_40d10c3799bf4693a8701aa9fc6ba239d1f399f5-stage2/gcc/xg++  version 10.0.0 20190523 (experimental) [master revision 271539] (GCC) 

		=== obj-c++ tests ===


Running target tcwg-local

		=== obj-c++ Summary ===

# of expected passes		1442
# of expected failures		10
# of unsupported tests		77
/home/tcwg-buildslave/workspace/tcwg-buildfarm_0/_build/builds/aarch64-unknown-linux-gnu/aarch64-unknown-linux-gnu/gcc.git~master_rev_40d10c3799bf4693a8701aa9fc6ba239d1f399f5-stage2/gcc/xg++  version 10.0.0 20190523 (experimental) [master revision 271539] (GCC) 

		=== objc tests ===


Running target tcwg-local

		=== objc Summary ===

# of expected passes		2780
# of unsupported tests		69
/home/tcwg-buildslave/workspace/tcwg-buildfarm_0/_build/builds/aarch64-unknown-linux-gnu/aarch64-unknown-linux-gnu/gcc.git~master_rev_40d10c3799bf4693a8701aa9fc6ba239d1f399f5-stage2/gcc/xgcc  version 10.0.0 20190523 (experimental) [master revision 271539] (GCC) 


Compiler version: 10.0.0 20190523 (experimental) [master revision 271539] (GCC) 
Platform: aarch64-unknown-linux-gnu
configure flags: SHELL=/bin/bash --with-mpc=/home/tcwg-buildslave/workspace/tcwg-buildfarm_0/_build/builds/destdir/aarch64-unknown-linux-gnu --with-mpfr=/home/tcwg-buildslave/workspace/tcwg-buildfarm_0/_build/builds/destdir/aarch64-unknown-linux-gnu --with-gmp=/home/tcwg-buildslave/workspace/tcwg-buildfarm_0/_build/builds/destdir/aarch64-unknown-linux-gnu --with-gnu-as --with-gnu-ld --disable-libmudflap --enable-lto --enable-shared --without-included-gettext --enable-nls --with-system-zlib --disable-sjlj-exceptions --enable-gnu-unique-object --enable-linker-build-id --disable-libstdcxx-pch --enable-c99 --enable-clocale=gnu --enable-libstdcxx-debug --enable-long-long --with-cloog=no --with-ppl=no --with-isl=no --disable-multilib --enable-fix-cortex-a53-835769 --enable-fix-cortex-a53-843419 --with-arch=armv8-a --enable-threads=posix --enable-multiarch --enable-libstdcxx-time=yes --enable-gnu-indirect-function --enable-checking=yes --enable-bootstrap --enable-languages=c,c++,fortran,lto
 ,objc,obj-c++ --build=aarch64-unknown-linux-gnu --host=aarch64-unknown-linux-gnu --target=aarch64-unknown-linux-gnu --prefix=/home/tcwg-buildslave/workspace/tcwg-buildfarm_0/_build/builds/destdir/aarch64-unknown-linux-gnu


Index Nav: [Date Index] [Subject Index] [Author Index] [Thread Index]
Message Nav: [Date Prev] [Date Next] [Thread Prev] [Thread Next]