This is the mail archive of the gcc-testresults@gcc.gnu.org mailing list for the GCC project.


Index Nav: [Date Index] [Subject Index] [Author Index] [Thread Index]
Message Nav: [Date Prev] [Date Next] [Thread Prev] [Thread Next]
Other format: [Raw text]

Results for 10.0.0 20190520 (experimental) [trunk revision 271394] (GCC) testsuite on aarch64-suse-linux-gnu


LAST_UPDATED: Mon May 20 01:00:52 UTC 2019 (revision 271394)

Native configuration is aarch64-suse-linux-gnu

		=== libatomic tests ===


Running target unix/-mabi=lp64

		=== libatomic Summary for unix/-mabi=lp64 ===

# of expected passes		54

Running target unix/-mabi=ilp32

		=== libatomic Summary for unix/-mabi=ilp32 ===

# of expected passes		54

		=== libatomic Summary ===

# of expected passes		108
		=== libffi tests ===


Running target unix/-mabi=lp64

		=== libffi Summary for unix/-mabi=lp64 ===

# of expected passes		2214

Running target unix/-mabi=ilp32

		=== libffi Summary for unix/-mabi=ilp32 ===

# of expected passes		2214

		=== libffi Summary ===

# of expected passes		4428
		=== libgo tests ===


Running target unix
FAIL: go/build
FAIL: runtime/pprof

		=== libgo Summary for unix ===

# of expected passes		182
# of unexpected failures	2

Running target unix/-mabi=ilp32
FAIL: go/build
FAIL: runtime
FAIL: runtime/pprof

		=== libgo Summary for unix/-mabi=ilp32 ===

# of expected passes		181
# of unexpected failures	3

		=== libgo Summary ===

# of expected passes		363
# of unexpected failures	5
/opt/gcc/gcc-20190520/Build/./gcc/gccgo version 10.0.0 20190520 (experimental) [trunk revision 271394] (GCC)

		=== libgomp tests ===


Running target unix/-mabi=lp64

		=== libgomp Summary for unix/-mabi=lp64 ===

# of expected passes		6377
# of expected failures		4
# of unsupported tests		422

Running target unix/-mabi=ilp32

		=== libgomp Summary for unix/-mabi=ilp32 ===

# of expected passes		6377
# of expected failures		4
# of unsupported tests		422

		=== libgomp Summary ===

# of expected passes		12754
# of expected failures		8
# of unsupported tests		844
		=== libitm tests ===


Running target unix/-mabi=lp64

		=== libitm Summary for unix/-mabi=lp64 ===

# of expected passes		42
# of expected failures		3
# of unsupported tests		1

Running target unix/-mabi=ilp32

		=== libitm Summary for unix/-mabi=ilp32 ===

# of expected passes		42
# of expected failures		3
# of unsupported tests		1

		=== libitm Summary ===

# of expected passes		84
# of expected failures		6
# of unsupported tests		2
		=== libphobos tests ===


Running target unix/-mabi=ilp32
FAIL: libphobos.druntime/core/thread.d execution test
FAIL: libphobos.druntime_shared/core/thread.d execution test
FAIL: libphobos.phobos/std/concurrency.d execution test
FAIL: libphobos.phobos/std/internal/math/errorfunction.d execution test
FAIL: libphobos.phobos/std/internal/math/gammafunction.d execution test
FAIL: libphobos.phobos/std/math.d execution test
FAIL: libphobos.phobos/std/numeric.d execution test
FAIL: libphobos.phobos_shared/std/concurrency.d execution test
FAIL: libphobos.phobos_shared/std/internal/math/errorfunction.d execution test
FAIL: libphobos.phobos_shared/std/internal/math/gammafunction.d execution test
FAIL: libphobos.phobos_shared/std/math.d execution test
FAIL: libphobos.phobos_shared/std/numeric.d execution test

		=== libphobos Summary for unix/-mabi=ilp32 ===

# of expected passes		740
# of unexpected failures	12
# of unsupported tests		2

Running target unix/-mabi=lp64
FAIL: libphobos.phobos/std/datetime/systime.d execution test
FAIL: libphobos.phobos/std/internal/math/errorfunction.d execution test
FAIL: libphobos.phobos/std/internal/math/gammafunction.d execution test
FAIL: libphobos.phobos/std/math.d execution test
FAIL: libphobos.phobos/std/numeric.d execution test
FAIL: libphobos.phobos_shared/std/datetime/systime.d execution test
FAIL: libphobos.phobos_shared/std/internal/math/errorfunction.d execution test
FAIL: libphobos.phobos_shared/std/internal/math/gammafunction.d execution test
FAIL: libphobos.phobos_shared/std/math.d execution test
FAIL: libphobos.phobos_shared/std/numeric.d execution test

		=== libphobos Summary for unix/-mabi=lp64 ===

# of expected passes		742
# of unexpected failures	10
# of unsupported tests		2

		=== libphobos Summary ===

# of expected passes		1482
# of unexpected failures	22
# of unsupported tests		4
		=== libstdc++ tests ===


Running target unix/-mabi=ilp32
FAIL: libstdc++-abi/abi_check
FAIL: 22_locale/time_get/get_time/char/2.cc execution test
FAIL: 22_locale/time_get/get_time/char/wrapped_env.cc execution test
FAIL: 22_locale/time_get/get_time/char/wrapped_locale.cc execution test
FAIL: 22_locale/time_get/get_time/wchar_t/2.cc execution test
FAIL: 22_locale/time_get/get_time/wchar_t/wrapped_env.cc execution test
FAIL: 22_locale/time_get/get_time/wchar_t/wrapped_locale.cc execution test
FAIL: libstdc++-prettyprinters/80276.cc whatis p4
FAIL: libstdc++-prettyprinters/80276.cc whatis p4

		=== libstdc++ Summary for unix/-mabi=ilp32 ===

# of expected passes		13436
# of unexpected failures	9
# of expected failures		78
# of unsupported tests		351

Running target unix/-mabi=lp64
FAIL: 22_locale/time_get/get_time/char/2.cc execution test
FAIL: 22_locale/time_get/get_time/char/wrapped_env.cc execution test
FAIL: 22_locale/time_get/get_time/char/wrapped_locale.cc execution test
FAIL: 22_locale/time_get/get_time/wchar_t/2.cc execution test
FAIL: 22_locale/time_get/get_time/wchar_t/wrapped_env.cc execution test
FAIL: 22_locale/time_get/get_time/wchar_t/wrapped_locale.cc execution test
FAIL: libstdc++-prettyprinters/80276.cc whatis p4
FAIL: libstdc++-prettyprinters/80276.cc whatis p4

		=== libstdc++ Summary for unix/-mabi=lp64 ===

# of expected passes		13437
# of unexpected failures	8
# of expected failures		78
# of unsupported tests		351

		=== libstdc++ Summary ===

# of expected passes		26873
# of unexpected failures	17
# of expected failures		156
# of unsupported tests		702
		=== acats tests ===

		=== acats Summary ===
# of expected passes		2320
# of unexpected failures	0

		=== g++ tests ===


Running target unix/-mabi=ilp32
FAIL: c-c++-common/asan/alloca_big_alignment.c   -O0  output pattern test
FAIL: c-c++-common/asan/alloca_big_alignment.c   -O1  output pattern test
FAIL: c-c++-common/asan/alloca_big_alignment.c   -O2  output pattern test
FAIL: c-c++-common/asan/alloca_big_alignment.c   -O2 -flto -fno-use-linker-plugin -flto-partition=none  output pattern test
FAIL: c-c++-common/asan/alloca_big_alignment.c   -O2 -flto -fuse-linker-plugin -fno-fat-lto-objects  output pattern test
FAIL: c-c++-common/asan/alloca_big_alignment.c   -O3 -g  output pattern test
FAIL: c-c++-common/asan/alloca_big_alignment.c   -Os  output pattern test
FAIL: c-c++-common/asan/alloca_detect_custom_size.c   -O0  output pattern test
FAIL: c-c++-common/asan/alloca_detect_custom_size.c   -O1  output pattern test
FAIL: c-c++-common/asan/alloca_detect_custom_size.c   -O2  output pattern test
FAIL: c-c++-common/asan/alloca_detect_custom_size.c   -O2 -flto -fno-use-linker-plugin -flto-partition=none  output pattern test
FAIL: c-c++-common/asan/alloca_detect_custom_size.c   -O2 -flto -fuse-linker-plugin -fno-fat-lto-objects  output pattern test
FAIL: c-c++-common/asan/alloca_detect_custom_size.c   -O3 -g  output pattern test
FAIL: c-c++-common/asan/alloca_detect_custom_size.c   -Os  output pattern test
FAIL: c-c++-common/asan/alloca_loop_unpoisoning.c   -O0  execution test
FAIL: c-c++-common/asan/alloca_loop_unpoisoning.c   -O1  execution test
FAIL: c-c++-common/asan/alloca_loop_unpoisoning.c   -O2  execution test
FAIL: c-c++-common/asan/alloca_loop_unpoisoning.c   -O2 -flto -fno-use-linker-plugin -flto-partition=none  execution test
FAIL: c-c++-common/asan/alloca_loop_unpoisoning.c   -O2 -flto -fuse-linker-plugin -fno-fat-lto-objects  execution test
FAIL: c-c++-common/asan/alloca_loop_unpoisoning.c   -O3 -fomit-frame-pointer -funroll-loops -fpeel-loops -ftracer -finline-functions  execution test
FAIL: c-c++-common/asan/alloca_loop_unpoisoning.c   -O3 -g  execution test
FAIL: c-c++-common/asan/alloca_loop_unpoisoning.c   -Os  execution test
FAIL: c-c++-common/asan/alloca_overflow_partial.c   -O0  output pattern test
FAIL: c-c++-common/asan/alloca_overflow_partial.c   -O1  output pattern test
FAIL: c-c++-common/asan/alloca_overflow_partial.c   -O2  output pattern test
FAIL: c-c++-common/asan/alloca_overflow_partial.c   -O2 -flto -fno-use-linker-plugin -flto-partition=none  output pattern test
FAIL: c-c++-common/asan/alloca_overflow_partial.c   -O2 -flto -fuse-linker-plugin -fno-fat-lto-objects  output pattern test
FAIL: c-c++-common/asan/alloca_overflow_partial.c   -O3 -g  output pattern test
FAIL: c-c++-common/asan/alloca_overflow_partial.c   -Os  output pattern test
FAIL: c-c++-common/asan/alloca_overflow_right.c   -O0  output pattern test
FAIL: c-c++-common/asan/alloca_overflow_right.c   -O1  output pattern test
FAIL: c-c++-common/asan/alloca_overflow_right.c   -O2  output pattern test
FAIL: c-c++-common/asan/alloca_overflow_right.c   -O2 -flto -fno-use-linker-plugin -flto-partition=none  output pattern test
FAIL: c-c++-common/asan/alloca_overflow_right.c   -O2 -flto -fuse-linker-plugin -fno-fat-lto-objects  output pattern test
FAIL: c-c++-common/asan/alloca_overflow_right.c   -O3 -g  output pattern test
FAIL: c-c++-common/asan/alloca_overflow_right.c   -Os  output pattern test
FAIL: c-c++-common/asan/alloca_safe_access.c   -O0  execution test
FAIL: c-c++-common/asan/alloca_safe_access.c   -O1  execution test
FAIL: c-c++-common/asan/alloca_safe_access.c   -O2  execution test
FAIL: c-c++-common/asan/alloca_safe_access.c   -O2 -flto -fno-use-linker-plugin -flto-partition=none  execution test
FAIL: c-c++-common/asan/alloca_safe_access.c   -O2 -flto -fuse-linker-plugin -fno-fat-lto-objects  execution test
FAIL: c-c++-common/asan/alloca_safe_access.c   -O3 -g  execution test
FAIL: c-c++-common/asan/alloca_safe_access.c   -Os  execution test
FAIL: c-c++-common/asan/alloca_underflow_left.c   -O0  output pattern test
FAIL: c-c++-common/asan/alloca_underflow_left.c   -O1  output pattern test
FAIL: c-c++-common/asan/alloca_underflow_left.c   -O2  output pattern test
FAIL: c-c++-common/asan/alloca_underflow_left.c   -O2 -flto -fno-use-linker-plugin -flto-partition=none  output pattern test
FAIL: c-c++-common/asan/alloca_underflow_left.c   -O2 -flto -fuse-linker-plugin -fno-fat-lto-objects  output pattern test
FAIL: c-c++-common/asan/alloca_underflow_left.c   -O3 -g  output pattern test
FAIL: c-c++-common/asan/alloca_underflow_left.c   -Os  output pattern test
FAIL: c-c++-common/asan/asan-interface-1.c   -O0  execution test
FAIL: c-c++-common/asan/asan-interface-1.c   -O1  execution test
FAIL: c-c++-common/asan/asan-interface-1.c   -O2  execution test
FAIL: c-c++-common/asan/asan-interface-1.c   -O2 -flto -fno-use-linker-plugin -flto-partition=none  execution test
FAIL: c-c++-common/asan/asan-interface-1.c   -O2 -flto -fuse-linker-plugin -fno-fat-lto-objects  execution test
FAIL: c-c++-common/asan/asan-interface-1.c   -O3 -g  execution test
FAIL: c-c++-common/asan/asan-interface-1.c   -Os  execution test
FAIL: c-c++-common/asan/asan-stack-small.c   -O0  execution test
FAIL: c-c++-common/asan/asan-stack-small.c   -O1  execution test
FAIL: c-c++-common/asan/asan-stack-small.c   -O2  execution test
FAIL: c-c++-common/asan/asan-stack-small.c   -O2 -flto -fno-use-linker-plugin -flto-partition=none  execution test
FAIL: c-c++-common/asan/asan-stack-small.c   -O2 -flto -fuse-linker-plugin -fno-fat-lto-objects  execution test
FAIL: c-c++-common/asan/asan-stack-small.c   -O3 -g  execution test
FAIL: c-c++-common/asan/asan-stack-small.c   -Os  execution test
FAIL: c-c++-common/asan/bitfield-1.c   -O0  output pattern test
FAIL: c-c++-common/asan/bitfield-1.c   -O1  output pattern test
FAIL: c-c++-common/asan/bitfield-1.c   -O2  output pattern test
FAIL: c-c++-common/asan/bitfield-1.c   -O2 -flto -fno-use-linker-plugin -flto-partition=none  output pattern test
FAIL: c-c++-common/asan/bitfield-1.c   -O2 -flto -fuse-linker-plugin -fno-fat-lto-objects  output pattern test
FAIL: c-c++-common/asan/bitfield-1.c   -O3 -g  output pattern test
FAIL: c-c++-common/asan/bitfield-1.c   -Os  output pattern test
FAIL: c-c++-common/asan/bitfield-2.c   -O0  output pattern test
FAIL: c-c++-common/asan/bitfield-2.c   -O1  output pattern test
FAIL: c-c++-common/asan/bitfield-2.c   -O2  output pattern test
FAIL: c-c++-common/asan/bitfield-2.c   -O2 -flto -fno-use-linker-plugin -flto-partition=none  output pattern test
FAIL: c-c++-common/asan/bitfield-2.c   -O2 -flto -fuse-linker-plugin -fno-fat-lto-objects  output pattern test
FAIL: c-c++-common/asan/bitfield-2.c   -O3 -g  output pattern test
FAIL: c-c++-common/asan/bitfield-2.c   -Os  output pattern test
FAIL: c-c++-common/asan/bitfield-3.c   -O0  output pattern test
FAIL: c-c++-common/asan/bitfield-3.c   -O1  output pattern test
FAIL: c-c++-common/asan/bitfield-3.c   -O2  output pattern test
FAIL: c-c++-common/asan/bitfield-3.c   -O2 -flto -fno-use-linker-plugin -flto-partition=none  output pattern test
FAIL: c-c++-common/asan/bitfield-3.c   -O2 -flto -fuse-linker-plugin -fno-fat-lto-objects  output pattern test
FAIL: c-c++-common/asan/bitfield-3.c   -O3 -g  output pattern test
FAIL: c-c++-common/asan/bitfield-3.c   -Os  output pattern test
FAIL: c-c++-common/asan/bitfield-4.c   -O0  output pattern test
FAIL: c-c++-common/asan/bitfield-4.c   -O1  output pattern test
FAIL: c-c++-common/asan/bitfield-4.c   -O2  output pattern test
FAIL: c-c++-common/asan/bitfield-4.c   -O2 -flto -fno-use-linker-plugin -flto-partition=none  output pattern test
FAIL: c-c++-common/asan/bitfield-4.c   -O2 -flto -fuse-linker-plugin -fno-fat-lto-objects  output pattern test
FAIL: c-c++-common/asan/bitfield-4.c   -O3 -g  output pattern test
FAIL: c-c++-common/asan/bitfield-4.c   -Os  output pattern test
FAIL: c-c++-common/asan/bitfield-5.c   -O0  output pattern test
FAIL: c-c++-common/asan/bitfield-5.c   -O1  output pattern test
FAIL: c-c++-common/asan/bitfield-5.c   -O2  output pattern test
FAIL: c-c++-common/asan/bitfield-5.c   -O2 -flto -fno-use-linker-plugin -flto-partition=none  output pattern test
FAIL: c-c++-common/asan/bitfield-5.c   -O2 -flto -fuse-linker-plugin -fno-fat-lto-objects  output pattern test
FAIL: c-c++-common/asan/bitfield-5.c   -O3 -g  output pattern test
FAIL: c-c++-common/asan/bitfield-5.c   -Os  output pattern test
FAIL: c-c++-common/asan/clone-test-1.c   -O0  execution test
FAIL: c-c++-common/asan/clone-test-1.c   -O1  execution test
FAIL: c-c++-common/asan/clone-test-1.c   -O2  execution test
FAIL: c-c++-common/asan/clone-test-1.c   -O2 -flto -fno-use-linker-plugin -flto-partition=none  execution test
FAIL: c-c++-common/asan/clone-test-1.c   -O2 -flto -fuse-linker-plugin -fno-fat-lto-objects  execution test
FAIL: c-c++-common/asan/clone-test-1.c   -O3 -fomit-frame-pointer -funroll-loops -fpeel-loops -ftracer -finline-functions  execution test
FAIL: c-c++-common/asan/clone-test-1.c   -O3 -g  execution test
FAIL: c-c++-common/asan/clone-test-1.c   -Os  execution test
FAIL: c-c++-common/asan/global-overflow-1.c   -O0  output pattern test
FAIL: c-c++-common/asan/global-overflow-1.c   -O1  output pattern test
FAIL: c-c++-common/asan/global-overflow-1.c   -O2  output pattern test
FAIL: c-c++-common/asan/global-overflow-1.c   -O2 -flto -fno-use-linker-plugin -flto-partition=none  output pattern test
FAIL: c-c++-common/asan/global-overflow-1.c   -O2 -flto -fuse-linker-plugin -fno-fat-lto-objects  output pattern test
FAIL: c-c++-common/asan/global-overflow-1.c   -O3 -g  output pattern test
FAIL: c-c++-common/asan/global-overflow-1.c   -Os  output pattern test
FAIL: c-c++-common/asan/halt_on_error-1.c   -O0  execution test
FAIL: c-c++-common/asan/halt_on_error-1.c   -O1  execution test
FAIL: c-c++-common/asan/halt_on_error-1.c   -O2  execution test
FAIL: c-c++-common/asan/halt_on_error-1.c   -O2 -flto -fno-use-linker-plugin -flto-partition=none  execution test
FAIL: c-c++-common/asan/halt_on_error-1.c   -O2 -flto -fuse-linker-plugin -fno-fat-lto-objects  execution test
FAIL: c-c++-common/asan/halt_on_error-1.c   -O3 -g  execution test
FAIL: c-c++-common/asan/halt_on_error-1.c   -Os  execution test
FAIL: c-c++-common/asan/halt_on_error-2.c   -O0  output pattern test
FAIL: c-c++-common/asan/halt_on_error-2.c   -O1  output pattern test
FAIL: c-c++-common/asan/halt_on_error-2.c   -O2  output pattern test
FAIL: c-c++-common/asan/halt_on_error-2.c   -O2 -flto -fno-use-linker-plugin -flto-partition=none  output pattern test
FAIL: c-c++-common/asan/halt_on_error-2.c   -O2 -flto -fuse-linker-plugin -fno-fat-lto-objects  output pattern test
FAIL: c-c++-common/asan/halt_on_error-2.c   -O3 -g  output pattern test
FAIL: c-c++-common/asan/halt_on_error-2.c   -Os  output pattern test
FAIL: c-c++-common/asan/heap-overflow-1.c   -O0  output pattern test
FAIL: c-c++-common/asan/heap-overflow-1.c   -O1  output pattern test
FAIL: c-c++-common/asan/heap-overflow-1.c   -O2  output pattern test
FAIL: c-c++-common/asan/heap-overflow-1.c   -O2 -flto -fno-use-linker-plugin -flto-partition=none  output pattern test
FAIL: c-c++-common/asan/heap-overflow-1.c   -O2 -flto -fuse-linker-plugin -fno-fat-lto-objects  output pattern test
FAIL: c-c++-common/asan/heap-overflow-1.c   -O3 -g  output pattern test
FAIL: c-c++-common/asan/heap-overflow-1.c   -Os  output pattern test
FAIL: c-c++-common/asan/memcmp-1.c   -O0  output pattern test
FAIL: c-c++-common/asan/memcmp-1.c   -O1  output pattern test
FAIL: c-c++-common/asan/memcmp-1.c   -O2  output pattern test
FAIL: c-c++-common/asan/memcmp-1.c   -O2 -flto -fno-use-linker-plugin -flto-partition=none  output pattern test
FAIL: c-c++-common/asan/memcmp-1.c   -O2 -flto -fuse-linker-plugin -fno-fat-lto-objects  output pattern test
FAIL: c-c++-common/asan/memcmp-1.c   -O3 -g  output pattern test
FAIL: c-c++-common/asan/memcmp-1.c   -Os  output pattern test
FAIL: c-c++-common/asan/null-deref-1.c   -O2  output pattern test
FAIL: c-c++-common/asan/null-deref-1.c   -O2 -flto -fno-use-linker-plugin -flto-partition=none  output pattern test
FAIL: c-c++-common/asan/null-deref-1.c   -O2 -flto -fuse-linker-plugin -fno-fat-lto-objects  output pattern test
FAIL: c-c++-common/asan/null-deref-1.c   -O3 -g  output pattern test
FAIL: c-c++-common/asan/null-deref-1.c   -Os  output pattern test
FAIL: c-c++-common/asan/pointer-compare-1.c   -O0  execution test
FAIL: c-c++-common/asan/pointer-compare-1.c   -O1  execution test
FAIL: c-c++-common/asan/pointer-compare-1.c   -O2  execution test
FAIL: c-c++-common/asan/pointer-compare-1.c   -O2 -flto -fno-use-linker-plugin -flto-partition=none  execution test
FAIL: c-c++-common/asan/pointer-compare-1.c   -O2 -flto -fuse-linker-plugin -fno-fat-lto-objects  execution test
FAIL: c-c++-common/asan/pointer-compare-1.c   -O3 -g  execution test
FAIL: c-c++-common/asan/pointer-compare-1.c   -Os  execution test
FAIL: c-c++-common/asan/pointer-compare-2.c   -O0  execution test
FAIL: c-c++-common/asan/pointer-compare-2.c   -O1  execution test
FAIL: c-c++-common/asan/pointer-compare-2.c   -O2  execution test
FAIL: c-c++-common/asan/pointer-compare-2.c   -O2 -flto -fno-use-linker-plugin -flto-partition=none  execution test
FAIL: c-c++-common/asan/pointer-compare-2.c   -O2 -flto -fuse-linker-plugin -fno-fat-lto-objects  execution test
FAIL: c-c++-common/asan/pointer-compare-2.c   -O3 -g  execution test
FAIL: c-c++-common/asan/pointer-compare-2.c   -Os  execution test
FAIL: c-c++-common/asan/pointer-compare-3.c   -O0  execution test
FAIL: c-c++-common/asan/pointer-compare-3.c   -O1  execution test
FAIL: c-c++-common/asan/pointer-compare-3.c   -O2  execution test
FAIL: c-c++-common/asan/pointer-compare-3.c   -O2 -flto -fno-use-linker-plugin -flto-partition=none  execution test
FAIL: c-c++-common/asan/pointer-compare-3.c   -O2 -flto -fuse-linker-plugin -fno-fat-lto-objects  execution test
FAIL: c-c++-common/asan/pointer-compare-3.c   -O3 -g  execution test
FAIL: c-c++-common/asan/pointer-compare-3.c   -Os  execution test
FAIL: c-c++-common/asan/pointer-subtract-1.c   -O0  execution test
FAIL: c-c++-common/asan/pointer-subtract-1.c   -O1  execution test
FAIL: c-c++-common/asan/pointer-subtract-1.c   -O2  execution test
FAIL: c-c++-common/asan/pointer-subtract-1.c   -O2 -flto -fno-use-linker-plugin -flto-partition=none  execution test
FAIL: c-c++-common/asan/pointer-subtract-1.c   -O2 -flto -fuse-linker-plugin -fno-fat-lto-objects  execution test
FAIL: c-c++-common/asan/pointer-subtract-1.c   -O3 -g  execution test
FAIL: c-c++-common/asan/pointer-subtract-1.c   -Os  execution test
FAIL: c-c++-common/asan/pointer-subtract-2.c   -O0  execution test
FAIL: c-c++-common/asan/pointer-subtract-2.c   -O1  execution test
FAIL: c-c++-common/asan/pointer-subtract-2.c   -O2  execution test
FAIL: c-c++-common/asan/pointer-subtract-2.c   -O2 -flto -fno-use-linker-plugin -flto-partition=none  execution test
FAIL: c-c++-common/asan/pointer-subtract-2.c   -O2 -flto -fuse-linker-plugin -fno-fat-lto-objects  execution test
FAIL: c-c++-common/asan/pointer-subtract-2.c   -O3 -g  execution test
FAIL: c-c++-common/asan/pointer-subtract-2.c   -Os  execution test
FAIL: c-c++-common/asan/pointer-subtract-3.c   -O0  execution test
FAIL: c-c++-common/asan/pointer-subtract-3.c   -O1  execution test
FAIL: c-c++-common/asan/pointer-subtract-3.c   -O2  execution test
FAIL: c-c++-common/asan/pointer-subtract-3.c   -O2 -flto -fno-use-linker-plugin -flto-partition=none  execution test
FAIL: c-c++-common/asan/pointer-subtract-3.c   -O2 -flto -fuse-linker-plugin -fno-fat-lto-objects  execution test
FAIL: c-c++-common/asan/pointer-subtract-3.c   -O3 -g  execution test
FAIL: c-c++-common/asan/pointer-subtract-3.c   -Os  execution test
FAIL: c-c++-common/asan/pointer-subtract-4.c   -O0  output pattern test
FAIL: c-c++-common/asan/pointer-subtract-4.c   -O1  output pattern test
FAIL: c-c++-common/asan/pointer-subtract-4.c   -O2  output pattern test
FAIL: c-c++-common/asan/pointer-subtract-4.c   -O2 -flto -fno-use-linker-plugin -flto-partition=none  output pattern test
FAIL: c-c++-common/asan/pointer-subtract-4.c   -O2 -flto -fuse-linker-plugin -fno-fat-lto-objects  output pattern test
FAIL: c-c++-common/asan/pointer-subtract-4.c   -O3 -g  output pattern test
FAIL: c-c++-common/asan/pointer-subtract-4.c   -Os  output pattern test
FAIL: c-c++-common/asan/pr59063-1.c   -O0  execution test
FAIL: c-c++-common/asan/pr59063-1.c   -O1  execution test
FAIL: c-c++-common/asan/pr59063-1.c   -O2  execution test
FAIL: c-c++-common/asan/pr59063-1.c   -O2 -flto -fno-use-linker-plugin -flto-partition=none  execution test
FAIL: c-c++-common/asan/pr59063-1.c   -O2 -flto -fuse-linker-plugin -fno-fat-lto-objects  execution test
FAIL: c-c++-common/asan/pr59063-1.c   -O3 -g  execution test
FAIL: c-c++-common/asan/pr59063-1.c   -Os  execution test
FAIL: c-c++-common/asan/pr59063-2.c   -O0  execution test
FAIL: c-c++-common/asan/pr59063-2.c   -O1  execution test
FAIL: c-c++-common/asan/pr59063-2.c   -O2  execution test
FAIL: c-c++-common/asan/pr59063-2.c   -O2 -flto -fno-use-linker-plugin -flto-partition=none  execution test
FAIL: c-c++-common/asan/pr59063-2.c   -O2 -flto -fuse-linker-plugin -fno-fat-lto-objects  execution test
FAIL: c-c++-common/asan/pr59063-2.c   -O3 -g  execution test
FAIL: c-c++-common/asan/pr59063-2.c   -Os  execution test
FAIL: c-c++-common/asan/pr61530.c   -O0  output pattern test
FAIL: c-c++-common/asan/pr61530.c   -O1  output pattern test
FAIL: c-c++-common/asan/pr61530.c   -O2  output pattern test
FAIL: c-c++-common/asan/pr61530.c   -O2 -flto -fno-use-linker-plugin -flto-partition=none  output pattern test
FAIL: c-c++-common/asan/pr61530.c   -O2 -flto -fuse-linker-plugin -fno-fat-lto-objects  output pattern test
FAIL: c-c++-common/asan/pr61530.c   -O3 -g  output pattern test
FAIL: c-c++-common/asan/pr61530.c   -Os  output pattern test
FAIL: c-c++-common/asan/pr62089.c   -O0  output pattern test
FAIL: c-c++-common/asan/pr62089.c   -O1  output pattern test
FAIL: c-c++-common/asan/pr62089.c   -O2  output pattern test
FAIL: c-c++-common/asan/pr62089.c   -O2 -flto -fno-use-linker-plugin -flto-partition=none  output pattern test
FAIL: c-c++-common/asan/pr62089.c   -O2 -flto -fuse-linker-plugin -fno-fat-lto-objects  output pattern test
FAIL: c-c++-common/asan/pr62089.c   -O3 -g  output pattern test
FAIL: c-c++-common/asan/pr62089.c   -Os  output pattern test
FAIL: c-c++-common/asan/pr63316.c   -O2  execution test
FAIL: c-c++-common/asan/pr63316.c   -O2 -flto -fno-use-linker-plugin -flto-partition=none  execution test
FAIL: c-c++-common/asan/pr63316.c   -O2 -flto -fuse-linker-plugin -fno-fat-lto-objects  execution test
FAIL: c-c++-common/asan/pr70541.c   -O0  output pattern test
FAIL: c-c++-common/asan/pr70712.c   -O0  execution test
FAIL: c-c++-common/asan/pr70712.c   -O1  execution test
FAIL: c-c++-common/asan/pr70712.c   -O2  execution test
FAIL: c-c++-common/asan/pr70712.c   -O2 -flto -fno-use-linker-plugin -flto-partition=none  execution test
FAIL: c-c++-common/asan/pr70712.c   -O2 -flto -fuse-linker-plugin -fno-fat-lto-objects  execution test
FAIL: c-c++-common/asan/pr70712.c   -O3 -g  execution test
FAIL: c-c++-common/asan/pr70712.c   -Os  execution test
FAIL: c-c++-common/asan/pr71480.c   -O0  execution test
FAIL: c-c++-common/asan/pr71480.c   -O1  execution test
FAIL: c-c++-common/asan/pr71480.c   -O2  execution test
FAIL: c-c++-common/asan/pr71480.c   -O2 -flto -fno-use-linker-plugin -flto-partition=none  execution test
FAIL: c-c++-common/asan/pr71480.c   -O2 -flto -fuse-linker-plugin -fno-fat-lto-objects  execution test
FAIL: c-c++-common/asan/pr71480.c   -O3 -g  execution test
FAIL: c-c++-common/asan/pr71480.c   -Os  execution test
FAIL: c-c++-common/asan/pr79944.c   -O0  execution test
FAIL: c-c++-common/asan/pr79944.c   -O1  execution test
FAIL: c-c++-common/asan/pr79944.c   -O2  execution test
FAIL: c-c++-common/asan/pr79944.c   -O2 -flto -fno-use-linker-plugin -flto-partition=none  execution test
FAIL: c-c++-common/asan/pr79944.c   -O2 -flto -fuse-linker-plugin -fno-fat-lto-objects  execution test
FAIL: c-c++-common/asan/pr79944.c   -O3 -g  execution test
FAIL: c-c++-common/asan/pr79944.c   -Os  execution test
FAIL: c-c++-common/asan/pr80308.c   -O0  execution test
FAIL: c-c++-common/asan/pr80308.c   -O1  execution test
FAIL: c-c++-common/asan/pr80308.c   -O2  execution test
FAIL: c-c++-common/asan/pr80308.c   -O2 -flto -fno-use-linker-plugin -flto-partition=none  execution test
FAIL: c-c++-common/asan/pr80308.c   -O2 -flto -fuse-linker-plugin -fno-fat-lto-objects  execution test
FAIL: c-c++-common/asan/pr80308.c   -O3 -fomit-frame-pointer -funroll-loops -fpeel-loops -ftracer -finline-functions  execution test
FAIL: c-c++-common/asan/pr80308.c   -O3 -g  execution test
FAIL: c-c++-common/asan/pr80308.c   -Os  execution test
FAIL: c-c++-common/asan/pr81697.c   -O1  execution test
FAIL: c-c++-common/asan/pr81697.c   -O2  execution test
FAIL: c-c++-common/asan/pr81697.c   -O2 -flto -fno-use-linker-plugin -flto-partition=none  execution test
FAIL: c-c++-common/asan/pr81697.c   -O2 -flto -fuse-linker-plugin -fno-fat-lto-objects  execution test
FAIL: c-c++-common/asan/pr81697.c   -O3 -g  execution test
FAIL: c-c++-common/asan/pr81697.c   -Os  execution test
FAIL: c-c++-common/asan/rlimit-mmap-test-1.c   -O0  output pattern test
FAIL: c-c++-common/asan/sanity-check-pure-c-1.c   -O0  output pattern test
FAIL: c-c++-common/asan/sanity-check-pure-c-1.c   -O1  output pattern test
FAIL: c-c++-common/asan/sanity-check-pure-c-1.c   -O2  output pattern test
FAIL: c-c++-common/asan/sanity-check-pure-c-1.c   -O2 -flto -fno-use-linker-plugin -flto-partition=none  output pattern test
FAIL: c-c++-common/asan/sanity-check-pure-c-1.c   -O2 -flto -fuse-linker-plugin -fno-fat-lto-objects  output pattern test
FAIL: c-c++-common/asan/sanity-check-pure-c-1.c   -O3 -g  output pattern test
FAIL: c-c++-common/asan/sanity-check-pure-c-1.c   -Os  output pattern test
FAIL: c-c++-common/asan/stack-overflow-1.c   -O0  output pattern test
FAIL: c-c++-common/asan/stack-overflow-1.c   -O1  output pattern test
FAIL: c-c++-common/asan/stack-overflow-1.c   -O2  output pattern test
FAIL: c-c++-common/asan/stack-overflow-1.c   -O2 -flto -fno-use-linker-plugin -flto-partition=none  output pattern test
FAIL: c-c++-common/asan/stack-overflow-1.c   -O2 -flto -fuse-linker-plugin -fno-fat-lto-objects  output pattern test
FAIL: c-c++-common/asan/stack-overflow-1.c   -O3 -g  output pattern test
FAIL: c-c++-common/asan/stack-overflow-1.c   -Os  output pattern test
FAIL: c-c++-common/asan/strip-path-prefix-1.c   -O2  output pattern test
FAIL: c-c++-common/asan/strip-path-prefix-1.c   -O2 -flto -fno-use-linker-plugin -flto-partition=none  output pattern test
FAIL: c-c++-common/asan/strip-path-prefix-1.c   -O2 -flto -fuse-linker-plugin -fno-fat-lto-objects  output pattern test
FAIL: c-c++-common/asan/swapcontext-test-1.c   -O0  execution test
FAIL: c-c++-common/asan/swapcontext-test-1.c   -O1  execution test
FAIL: c-c++-common/asan/swapcontext-test-1.c   -O2  execution test
FAIL: c-c++-common/asan/swapcontext-test-1.c   -O2 -flto -fno-use-linker-plugin -flto-partition=none  execution test
FAIL: c-c++-common/asan/swapcontext-test-1.c   -O2 -flto -fuse-linker-plugin -fno-fat-lto-objects  execution test
FAIL: c-c++-common/asan/swapcontext-test-1.c   -O3 -fomit-frame-pointer -funroll-loops -fpeel-loops -ftracer -finline-functions  execution test
FAIL: c-c++-common/asan/swapcontext-test-1.c   -O3 -g  execution test
FAIL: c-c++-common/asan/swapcontext-test-1.c   -Os  execution test
FAIL: c-c++-common/asan/use-after-free-1.c   -O0  output pattern test
FAIL: c-c++-common/asan/use-after-free-1.c   -O1  output pattern test
FAIL: c-c++-common/asan/use-after-free-1.c   -O2  output pattern test
FAIL: c-c++-common/asan/use-after-free-1.c   -O2 -flto -fno-use-linker-plugin -flto-partition=none  output pattern test
FAIL: c-c++-common/asan/use-after-free-1.c   -O2 -flto -fuse-linker-plugin -fno-fat-lto-objects  output pattern test
FAIL: c-c++-common/asan/use-after-free-1.c   -O3 -g  output pattern test
FAIL: c-c++-common/asan/use-after-free-1.c   -Os  output pattern test
FAIL: c-c++-common/asan/use-after-return-1.c   -O0  output pattern test
FAIL: c-c++-common/asan/use-after-return-1.c   -O1  output pattern test
FAIL: c-c++-common/asan/use-after-return-1.c   -O2  output pattern test
FAIL: c-c++-common/asan/use-after-return-1.c   -O2 -flto -fno-use-linker-plugin -flto-partition=none  output pattern test
FAIL: c-c++-common/asan/use-after-return-1.c   -O2 -flto -fuse-linker-plugin -fno-fat-lto-objects  output pattern test
FAIL: c-c++-common/asan/use-after-return-1.c   -O3 -g  output pattern test
FAIL: c-c++-common/asan/use-after-return-1.c   -Os  output pattern test
FAIL: g++.dg/asan/asan_test.C   -O2  execution test
FAIL: g++.dg/asan/deep-stack-uaf-1.C   -O0  output pattern test
FAIL: g++.dg/asan/deep-stack-uaf-1.C   -O1  output pattern test
FAIL: g++.dg/asan/deep-stack-uaf-1.C   -O2  output pattern test
FAIL: g++.dg/asan/deep-stack-uaf-1.C   -O3 -g  output pattern test
FAIL: g++.dg/asan/deep-stack-uaf-1.C   -Os  output pattern test
FAIL: g++.dg/asan/deep-tail-call-1.C   -O0  output pattern test
FAIL: g++.dg/asan/deep-tail-call-1.C   -O1  output pattern test
FAIL: g++.dg/asan/deep-tail-call-1.C   -O2  output pattern test
FAIL: g++.dg/asan/deep-tail-call-1.C   -O2 -flto -fno-use-linker-plugin -flto-partition=none  output pattern test
FAIL: g++.dg/asan/deep-tail-call-1.C   -O2 -flto -fuse-linker-plugin -fno-fat-lto-objects  output pattern test
FAIL: g++.dg/asan/deep-tail-call-1.C   -O3 -g  output pattern test
FAIL: g++.dg/asan/deep-tail-call-1.C   -Os  output pattern test
FAIL: g++.dg/asan/deep-thread-stack-1.C   -O0  output pattern test
FAIL: g++.dg/asan/deep-thread-stack-1.C   -O1  output pattern test
FAIL: g++.dg/asan/deep-thread-stack-1.C   -O2  output pattern test
FAIL: g++.dg/asan/deep-thread-stack-1.C   -O2 -flto -fno-use-linker-plugin -flto-partition=none  output pattern test
FAIL: g++.dg/asan/deep-thread-stack-1.C   -O2 -flto -fuse-linker-plugin -fno-fat-lto-objects  output pattern test
FAIL: g++.dg/asan/deep-thread-stack-1.C   -O3 -g  output pattern test
FAIL: g++.dg/asan/deep-thread-stack-1.C   -Os  output pattern test
FAIL: g++.dg/asan/function-argument-1.C   -O0  output pattern test
FAIL: g++.dg/asan/function-argument-1.C   -O1  output pattern test
FAIL: g++.dg/asan/function-argument-1.C   -O2  output pattern test
FAIL: g++.dg/asan/function-argument-1.C   -O2 -flto -fno-use-linker-plugin -flto-partition=none  output pattern test
FAIL: g++.dg/asan/function-argument-1.C   -O2 -flto -fuse-linker-plugin -fno-fat-lto-objects  output pattern test
FAIL: g++.dg/asan/function-argument-1.C   -O3 -g  output pattern test
FAIL: g++.dg/asan/function-argument-1.C   -Os  output pattern test
FAIL: g++.dg/asan/function-argument-2.C   -O0  output pattern test
FAIL: g++.dg/asan/function-argument-2.C   -O1  output pattern test
FAIL: g++.dg/asan/function-argument-2.C   -O2  output pattern test
FAIL: g++.dg/asan/function-argument-2.C   -O2 -flto -fno-use-linker-plugin -flto-partition=none  output pattern test
FAIL: g++.dg/asan/function-argument-2.C   -O2 -flto -fuse-linker-plugin -fno-fat-lto-objects  output pattern test
FAIL: g++.dg/asan/function-argument-2.C   -O3 -g  output pattern test
FAIL: g++.dg/asan/function-argument-2.C   -Os  output pattern test
FAIL: g++.dg/asan/function-argument-3.C   -O0  output pattern test
FAIL: g++.dg/asan/function-argument-3.C   -O1  output pattern test
FAIL: g++.dg/asan/function-argument-3.C   -O2  output pattern test
FAIL: g++.dg/asan/function-argument-3.C   -O2 -flto -fno-use-linker-plugin -flto-partition=none  output pattern test
FAIL: g++.dg/asan/function-argument-3.C   -O2 -flto -fuse-linker-plugin -fno-fat-lto-objects  output pattern test
FAIL: g++.dg/asan/function-argument-3.C   -O3 -g  output pattern test
FAIL: g++.dg/asan/function-argument-3.C   -Os  output pattern test
FAIL: g++.dg/asan/interception-failure-test-1.C   -O0  execution test
FAIL: g++.dg/asan/interception-failure-test-1.C   -O1  execution test
FAIL: g++.dg/asan/interception-failure-test-1.C   -O2  execution test
FAIL: g++.dg/asan/interception-failure-test-1.C   -O2 -flto -fno-use-linker-plugin -flto-partition=none  execution test
FAIL: g++.dg/asan/interception-failure-test-1.C   -O2 -flto -fuse-linker-plugin -fno-fat-lto-objects  execution test
FAIL: g++.dg/asan/interception-failure-test-1.C   -O3 -g  execution test
FAIL: g++.dg/asan/interception-failure-test-1.C   -Os  execution test
FAIL: g++.dg/asan/interception-test-1.C   -O0  output pattern test
FAIL: g++.dg/asan/interception-test-1.C   -O1  output pattern test
FAIL: g++.dg/asan/interception-test-1.C   -O2  output pattern test
FAIL: g++.dg/asan/interception-test-1.C   -O2 -flto -fno-use-linker-plugin -flto-partition=none  output pattern test
FAIL: g++.dg/asan/interception-test-1.C   -O2 -flto -fuse-linker-plugin -fno-fat-lto-objects  output pattern test
FAIL: g++.dg/asan/interception-test-1.C   -O3 -g  output pattern test
FAIL: g++.dg/asan/interception-test-1.C   -Os  output pattern test
FAIL: g++.dg/asan/large-func-test-1.C   -O0  output pattern test
FAIL: g++.dg/asan/large-func-test-1.C   -O1  output pattern test
FAIL: g++.dg/asan/large-func-test-1.C   -O2  output pattern test
FAIL: g++.dg/asan/large-func-test-1.C   -O2 -flto -fno-use-linker-plugin -flto-partition=none  output pattern test
FAIL: g++.dg/asan/large-func-test-1.C   -O2 -flto -fuse-linker-plugin -fno-fat-lto-objects  output pattern test
FAIL: g++.dg/asan/large-func-test-1.C   -O3 -g  output pattern test
FAIL: g++.dg/asan/large-func-test-1.C   -Os  output pattern test
FAIL: g++.dg/asan/pr62017.C   -O0  execution test
FAIL: g++.dg/asan/pr62017.C   -Os  execution test
FAIL: g++.dg/asan/pr69276.C   -O0  output pattern test
FAIL: g++.dg/asan/pr77396.C   -O0  execution test
FAIL: g++.dg/asan/pr78651.C   -O0  execution test
FAIL: g++.dg/asan/pr81021.C   -O0  execution test
FAIL: g++.dg/asan/pr81021.C   -O1  execution test
FAIL: g++.dg/asan/pr81021.C   -O2  execution test
FAIL: g++.dg/asan/pr81021.C   -O2 -flto -fno-use-linker-plugin -flto-partition=none  execution test
FAIL: g++.dg/asan/pr81021.C   -O2 -flto -fuse-linker-plugin -fno-fat-lto-objects  execution test
FAIL: g++.dg/asan/pr81021.C   -O3 -g  execution test
FAIL: g++.dg/asan/pr81021.C   -Os  execution test
FAIL: g++.dg/asan/pr85081.C   -O0  execution test
FAIL: g++.dg/asan/pr85774.C   -O0  execution test
FAIL: g++.dg/asan/pr85774.C   -O1  execution test
FAIL: g++.dg/asan/pr85774.C   -O2  execution test
FAIL: g++.dg/asan/pr85774.C   -O2 -flto -fno-use-linker-plugin -flto-partition=none  execution test
FAIL: g++.dg/asan/pr85774.C   -O2 -flto -fuse-linker-plugin -fno-fat-lto-objects  execution test
FAIL: g++.dg/asan/pr85774.C   -O3 -g  execution test
FAIL: g++.dg/asan/pr85774.C   -Os  execution test
FAIL: g++.dg/asan/use-after-scope-1.C   -O0  output pattern test
FAIL: g++.dg/asan/use-after-scope-1.C   -O1  output pattern test
FAIL: g++.dg/asan/use-after-scope-1.C   -O2  output pattern test
FAIL: g++.dg/asan/use-after-scope-1.C   -O2 -flto -fno-use-linker-plugin -flto-partition=none  output pattern test
FAIL: g++.dg/asan/use-after-scope-1.C   -O2 -flto -fuse-linker-plugin -fno-fat-lto-objects  output pattern test
FAIL: g++.dg/asan/use-after-scope-1.C   -O3 -g  output pattern test
FAIL: g++.dg/asan/use-after-scope-1.C   -Os  output pattern test
FAIL: g++.dg/asan/use-after-scope-2.C   -O0  output pattern test
FAIL: g++.dg/asan/use-after-scope-2.C   -O1  output pattern test
FAIL: g++.dg/asan/use-after-scope-2.C   -O2  output pattern test
FAIL: g++.dg/asan/use-after-scope-2.C   -O2 -flto -fno-use-linker-plugin -flto-partition=none  output pattern test
FAIL: g++.dg/asan/use-after-scope-2.C   -O2 -flto -fuse-linker-plugin -fno-fat-lto-objects  output pattern test
FAIL: g++.dg/asan/use-after-scope-2.C   -O3 -g  output pattern test
FAIL: g++.dg/asan/use-after-scope-2.C   -Os  output pattern test
FAIL: g++.dg/asan/use-after-scope-3.C   -O0  output pattern test
FAIL: g++.dg/asan/use-after-scope-3.C   -O1  output pattern test
FAIL: g++.dg/asan/use-after-scope-3.C   -O2  output pattern test
FAIL: g++.dg/asan/use-after-scope-3.C   -O2 -flto -fno-use-linker-plugin -flto-partition=none  output pattern test
FAIL: g++.dg/asan/use-after-scope-3.C   -O2 -flto -fuse-linker-plugin -fno-fat-lto-objects  output pattern test
FAIL: g++.dg/asan/use-after-scope-3.C   -O3 -g  output pattern test
FAIL: g++.dg/asan/use-after-scope-3.C   -Os  output pattern test
FAIL: g++.dg/asan/use-after-scope-types-1.C   -O0  output pattern test
FAIL: g++.dg/asan/use-after-scope-types-1.C   -O1  output pattern test
FAIL: g++.dg/asan/use-after-scope-types-1.C   -O2  output pattern test
FAIL: g++.dg/asan/use-after-scope-types-1.C   -O2 -flto -fno-use-linker-plugin -flto-partition=none  output pattern test
FAIL: g++.dg/asan/use-after-scope-types-1.C   -O2 -flto -fuse-linker-plugin -fno-fat-lto-objects  output pattern test
FAIL: g++.dg/asan/use-after-scope-types-1.C   -O3 -g  output pattern test
FAIL: g++.dg/asan/use-after-scope-types-1.C   -Os  output pattern test
FAIL: g++.dg/asan/use-after-scope-types-2.C   -O0  output pattern test
FAIL: g++.dg/asan/use-after-scope-types-2.C   -O1  output pattern test
FAIL: g++.dg/asan/use-after-scope-types-2.C   -O2  output pattern test
FAIL: g++.dg/asan/use-after-scope-types-2.C   -O2 -flto -fno-use-linker-plugin -flto-partition=none  output pattern test
FAIL: g++.dg/asan/use-after-scope-types-2.C   -O2 -flto -fuse-linker-plugin -fno-fat-lto-objects  output pattern test
FAIL: g++.dg/asan/use-after-scope-types-2.C   -O3 -g  output pattern test
FAIL: g++.dg/asan/use-after-scope-types-2.C   -Os  output pattern test
FAIL: g++.dg/asan/use-after-scope-types-3.C   -O0  output pattern test
FAIL: g++.dg/asan/use-after-scope-types-3.C   -O1  output pattern test
FAIL: g++.dg/asan/use-after-scope-types-3.C   -O2  output pattern test
FAIL: g++.dg/asan/use-after-scope-types-3.C   -O2 -flto -fno-use-linker-plugin -flto-partition=none  output pattern test
FAIL: g++.dg/asan/use-after-scope-types-3.C   -O2 -flto -fuse-linker-plugin -fno-fat-lto-objects  output pattern test
FAIL: g++.dg/asan/use-after-scope-types-3.C   -O3 -g  output pattern test
FAIL: g++.dg/asan/use-after-scope-types-3.C   -Os  output pattern test
FAIL: g++.dg/asan/use-after-scope-types-4.C   -O0  output pattern test
FAIL: g++.dg/asan/use-after-scope-types-4.C   -O1  output pattern test
FAIL: g++.dg/asan/use-after-scope-types-4.C   -O2  output pattern test
FAIL: g++.dg/asan/use-after-scope-types-4.C   -O2 -flto -fno-use-linker-plugin -flto-partition=none  output pattern test
FAIL: g++.dg/asan/use-after-scope-types-4.C   -O2 -flto -fuse-linker-plugin -fno-fat-lto-objects  output pattern test
FAIL: g++.dg/asan/use-after-scope-types-4.C   -O3 -g  output pattern test
FAIL: g++.dg/asan/use-after-scope-types-4.C   -Os  output pattern test
FAIL: g++.dg/asan/use-after-scope-types-5.C   -O0  output pattern test
FAIL: g++.dg/asan/use-after-scope-types-5.C   -O1  output pattern test
FAIL: g++.dg/asan/use-after-scope-types-5.C   -O2  output pattern test
FAIL: g++.dg/asan/use-after-scope-types-5.C   -O2 -flto -fno-use-linker-plugin -flto-partition=none  output pattern test
FAIL: g++.dg/asan/use-after-scope-types-5.C   -O2 -flto -fuse-linker-plugin -fno-fat-lto-objects  output pattern test
FAIL: g++.dg/asan/use-after-scope-types-5.C   -O3 -g  output pattern test
FAIL: g++.dg/asan/use-after-scope-types-5.C   -Os  output pattern test
FAIL: g++.dg/gomp/declare-simd-1.C  -std=gnu++14  (test for warnings, line 12)
FAIL: g++.dg/gomp/declare-simd-1.C  -std=gnu++14  (test for warnings, line 192)
FAIL: g++.dg/gomp/declare-simd-1.C  -std=gnu++14  (test for warnings, line 210)
FAIL: g++.dg/gomp/declare-simd-1.C  -std=gnu++14  scan-assembler-times _ZGVnM2va16__ZN2N12N23f10EPx: 1
FAIL: g++.dg/gomp/declare-simd-1.C  -std=gnu++14  scan-assembler-times _ZGVnN2va16__ZN2N12N23f10EPx: 1
FAIL: g++.dg/gomp/declare-simd-1.C  -std=gnu++14 (test for excess errors)
FAIL: g++.dg/gomp/declare-simd-1.C  -std=gnu++17  (test for warnings, line 12)
FAIL: g++.dg/gomp/declare-simd-1.C  -std=gnu++17  (test for warnings, line 192)
FAIL: g++.dg/gomp/declare-simd-1.C  -std=gnu++17  (test for warnings, line 210)
FAIL: g++.dg/gomp/declare-simd-1.C  -std=gnu++17  scan-assembler-times _ZGVnM2va16__ZN2N12N23f10EPx: 1
FAIL: g++.dg/gomp/declare-simd-1.C  -std=gnu++17  scan-assembler-times _ZGVnN2va16__ZN2N12N23f10EPx: 1
FAIL: g++.dg/gomp/declare-simd-1.C  -std=gnu++17 (test for excess errors)
FAIL: g++.dg/gomp/declare-simd-1.C  -std=gnu++98  (test for warnings, line 12)
FAIL: g++.dg/gomp/declare-simd-1.C  -std=gnu++98  (test for warnings, line 192)
FAIL: g++.dg/gomp/declare-simd-1.C  -std=gnu++98  (test for warnings, line 210)
FAIL: g++.dg/gomp/declare-simd-1.C  -std=gnu++98  scan-assembler-times _ZGVnM2va16__ZN2N12N23f10EPx: 1
FAIL: g++.dg/gomp/declare-simd-1.C  -std=gnu++98  scan-assembler-times _ZGVnN2va16__ZN2N12N23f10EPx: 1
FAIL: g++.dg/gomp/declare-simd-1.C  -std=gnu++98 (test for excess errors)
FAIL: g++.dg/gomp/declare-simd-3.C  -std=gnu++14  (test for warnings, line 28)
FAIL: g++.dg/gomp/declare-simd-3.C  -std=gnu++14  (test for warnings, line 5)
FAIL: g++.dg/gomp/declare-simd-3.C  -std=gnu++14  (test for warnings, line 56)
FAIL: g++.dg/gomp/declare-simd-3.C  -std=gnu++14  (test for warnings, line 72)
FAIL: g++.dg/gomp/declare-simd-3.C  -std=gnu++17  (test for warnings, line 28)
FAIL: g++.dg/gomp/declare-simd-3.C  -std=gnu++17  (test for warnings, line 5)
FAIL: g++.dg/gomp/declare-simd-3.C  -std=gnu++17  (test for warnings, line 56)
FAIL: g++.dg/gomp/declare-simd-3.C  -std=gnu++17  (test for warnings, line 72)
FAIL: g++.dg/gomp/declare-simd-3.C  -std=gnu++98  (test for warnings, line 28)
FAIL: g++.dg/gomp/declare-simd-3.C  -std=gnu++98  (test for warnings, line 5)
FAIL: g++.dg/gomp/declare-simd-3.C  -std=gnu++98  (test for warnings, line 56)
FAIL: g++.dg/gomp/declare-simd-3.C  -std=gnu++98  (test for warnings, line 72)
FAIL: g++.dg/gomp/declare-simd-4.C  -std=c++14  (test for warnings, line 20)
FAIL: g++.dg/gomp/declare-simd-4.C  -std=c++14  (test for warnings, line 3)
FAIL: g++.dg/gomp/declare-simd-4.C  -std=c++14  (test for warnings, line 33)
FAIL: g++.dg/gomp/declare-simd-4.C  -std=c++14 (test for excess errors)
FAIL: g++.dg/gomp/declare-simd-4.C  -std=c++17  (test for warnings, line 20)
FAIL: g++.dg/gomp/declare-simd-4.C  -std=c++17  (test for warnings, line 3)
FAIL: g++.dg/gomp/declare-simd-4.C  -std=c++17  (test for warnings, line 33)
FAIL: g++.dg/gomp/declare-simd-4.C  -std=c++17 (test for excess errors)
FAIL: g++.dg/gomp/declare-simd-4.C  -std=c++98  (test for warnings, line 20)
FAIL: g++.dg/gomp/declare-simd-4.C  -std=c++98  (test for warnings, line 3)
FAIL: g++.dg/gomp/declare-simd-4.C  -std=c++98  (test for warnings, line 33)
FAIL: g++.dg/gomp/declare-simd-4.C  -std=c++98 (test for excess errors)
FAIL: g++.dg/gomp/declare-simd-7.C  -std=c++14  (test for warnings, line 17)
FAIL: g++.dg/gomp/declare-simd-7.C  -std=c++14  (test for warnings, line 28)
FAIL: g++.dg/gomp/declare-simd-7.C  -std=c++14  (test for warnings, line 39)
FAIL: g++.dg/gomp/declare-simd-7.C  -std=c++14  (test for warnings, line 50)
FAIL: g++.dg/gomp/declare-simd-7.C  -std=c++17  (test for warnings, line 17)
FAIL: g++.dg/gomp/declare-simd-7.C  -std=c++17  (test for warnings, line 28)
FAIL: g++.dg/gomp/declare-simd-7.C  -std=c++17  (test for warnings, line 39)
FAIL: g++.dg/gomp/declare-simd-7.C  -std=c++17  (test for warnings, line 50)
FAIL: g++.dg/gomp/declare-simd-7.C  -std=c++98  (test for warnings, line 17)
FAIL: g++.dg/gomp/declare-simd-7.C  -std=c++98  (test for warnings, line 28)
FAIL: g++.dg/gomp/declare-simd-7.C  -std=c++98  (test for warnings, line 39)
FAIL: g++.dg/gomp/declare-simd-7.C  -std=c++98  (test for warnings, line 50)
FAIL: g++.dg/guality/pr55665.C   -O2  line 23 p == 40
FAIL: g++.dg/guality/pr55665.C   -O2 -flto -fno-use-linker-plugin -flto-partition=none  line 23 p == 40
FAIL: g++.dg/guality/pr55665.C   -O3 -g  line 23 p == 40

		=== g++ Summary for unix/-mabi=ilp32 ===

# of expected passes		130077
# of unexpected failures	498
# of expected failures		527
# of unsupported tests		6410

Running target unix/-mabi=lp64
FAIL: g++.dg/guality/pr55665.C   -O2  line 23 p == 40
FAIL: g++.dg/guality/pr55665.C   -O2 -flto -fno-use-linker-plugin -flto-partition=none  line 23 p == 40
FAIL: g++.dg/guality/pr55665.C   -O3 -g  line 23 p == 40

		=== g++ Summary for unix/-mabi=lp64 ===

# of expected passes		132058
# of unexpected failures	3
# of expected failures		530
# of unsupported tests		6391

		=== g++ Summary ===

# of expected passes		262135
# of unexpected failures	501
# of expected failures		1057
# of unsupported tests		12801
/opt/gcc/gcc-20190520/Build/gcc/xg++  version 10.0.0 20190520 (experimental) [trunk revision 271394] (GCC) 

		=== gcc tests ===


Running target unix/-mabi=ilp32
FAIL: gcc.c-torture/compile/pr65593.c   -O1  (internal compiler error)
FAIL: gcc.c-torture/compile/pr65593.c   -O1  (test for excess errors)
FAIL: gcc.c-torture/compile/pr65593.c   -O2  (internal compiler error)
FAIL: gcc.c-torture/compile/pr65593.c   -O2  (test for excess errors)
FAIL: gcc.c-torture/compile/pr65593.c   -O2 -flto -fno-use-linker-plugin -flto-partition=none  (internal compiler error)
FAIL: gcc.c-torture/compile/pr65593.c   -O2 -flto -fno-use-linker-plugin -flto-partition=none  (test for excess errors)
FAIL: gcc.c-torture/compile/pr65593.c   -O3 -g  (internal compiler error)
FAIL: gcc.c-torture/compile/pr65593.c   -O3 -g  (test for excess errors)
FAIL: gcc.c-torture/compile/pr65593.c   -Os  (internal compiler error)
FAIL: gcc.c-torture/compile/pr65593.c   -Os  (test for excess errors)
FAIL: gcc.c-torture/execute/pr64242.c   -O0  execution test
FAIL: c-c++-common/asan/alloca_big_alignment.c   -O0  output pattern test
FAIL: c-c++-common/asan/alloca_big_alignment.c   -O1  output pattern test
FAIL: c-c++-common/asan/alloca_big_alignment.c   -O2  output pattern test
FAIL: c-c++-common/asan/alloca_big_alignment.c   -O2 -flto -fno-use-linker-plugin -flto-partition=none  output pattern test
FAIL: c-c++-common/asan/alloca_big_alignment.c   -O2 -flto -fuse-linker-plugin -fno-fat-lto-objects  output pattern test
FAIL: c-c++-common/asan/alloca_big_alignment.c   -O3 -g  output pattern test
FAIL: c-c++-common/asan/alloca_big_alignment.c   -Os  output pattern test
FAIL: c-c++-common/asan/alloca_detect_custom_size.c   -O0  output pattern test
FAIL: c-c++-common/asan/alloca_detect_custom_size.c   -O1  output pattern test
FAIL: c-c++-common/asan/alloca_detect_custom_size.c   -O2  output pattern test
FAIL: c-c++-common/asan/alloca_detect_custom_size.c   -O2 -flto -fno-use-linker-plugin -flto-partition=none  output pattern test
FAIL: c-c++-common/asan/alloca_detect_custom_size.c   -O2 -flto -fuse-linker-plugin -fno-fat-lto-objects  output pattern test
FAIL: c-c++-common/asan/alloca_detect_custom_size.c   -O3 -g  output pattern test
FAIL: c-c++-common/asan/alloca_detect_custom_size.c   -Os  output pattern test
FAIL: c-c++-common/asan/alloca_loop_unpoisoning.c   -O0  execution test
FAIL: c-c++-common/asan/alloca_loop_unpoisoning.c   -O1  execution test
FAIL: c-c++-common/asan/alloca_loop_unpoisoning.c   -O2  execution test
FAIL: c-c++-common/asan/alloca_loop_unpoisoning.c   -O2 -flto -fno-use-linker-plugin -flto-partition=none  execution test
FAIL: c-c++-common/asan/alloca_loop_unpoisoning.c   -O2 -flto -fuse-linker-plugin -fno-fat-lto-objects  execution test
FAIL: c-c++-common/asan/alloca_loop_unpoisoning.c   -O3 -fomit-frame-pointer -funroll-loops -fpeel-loops -ftracer -finline-functions  execution test
FAIL: c-c++-common/asan/alloca_loop_unpoisoning.c   -O3 -g  execution test
FAIL: c-c++-common/asan/alloca_loop_unpoisoning.c   -Os  execution test
FAIL: c-c++-common/asan/alloca_overflow_partial.c   -O0  output pattern test
FAIL: c-c++-common/asan/alloca_overflow_partial.c   -O1  output pattern test
FAIL: c-c++-common/asan/alloca_overflow_partial.c   -O2  output pattern test
FAIL: c-c++-common/asan/alloca_overflow_partial.c   -O2 -flto -fno-use-linker-plugin -flto-partition=none  output pattern test
FAIL: c-c++-common/asan/alloca_overflow_partial.c   -O2 -flto -fuse-linker-plugin -fno-fat-lto-objects  output pattern test
FAIL: c-c++-common/asan/alloca_overflow_partial.c   -O3 -g  output pattern test
FAIL: c-c++-common/asan/alloca_overflow_partial.c   -Os  output pattern test
FAIL: c-c++-common/asan/alloca_overflow_right.c   -O0  output pattern test
FAIL: c-c++-common/asan/alloca_overflow_right.c   -O1  output pattern test
FAIL: c-c++-common/asan/alloca_overflow_right.c   -O2  output pattern test
FAIL: c-c++-common/asan/alloca_overflow_right.c   -O2 -flto -fno-use-linker-plugin -flto-partition=none  output pattern test
FAIL: c-c++-common/asan/alloca_overflow_right.c   -O2 -flto -fuse-linker-plugin -fno-fat-lto-objects  output pattern test
FAIL: c-c++-common/asan/alloca_overflow_right.c   -O3 -g  output pattern test
FAIL: c-c++-common/asan/alloca_overflow_right.c   -Os  output pattern test
FAIL: c-c++-common/asan/alloca_safe_access.c   -O0  execution test
FAIL: c-c++-common/asan/alloca_safe_access.c   -O1  execution test
FAIL: c-c++-common/asan/alloca_safe_access.c   -O2  execution test
FAIL: c-c++-common/asan/alloca_safe_access.c   -O2 -flto -fno-use-linker-plugin -flto-partition=none  execution test
FAIL: c-c++-common/asan/alloca_safe_access.c   -O2 -flto -fuse-linker-plugin -fno-fat-lto-objects  execution test
FAIL: c-c++-common/asan/alloca_safe_access.c   -O3 -g  execution test
FAIL: c-c++-common/asan/alloca_safe_access.c   -Os  execution test
FAIL: c-c++-common/asan/alloca_underflow_left.c   -O0  output pattern test
FAIL: c-c++-common/asan/alloca_underflow_left.c   -O1  output pattern test
FAIL: c-c++-common/asan/alloca_underflow_left.c   -O2  output pattern test
FAIL: c-c++-common/asan/alloca_underflow_left.c   -O2 -flto -fno-use-linker-plugin -flto-partition=none  output pattern test
FAIL: c-c++-common/asan/alloca_underflow_left.c   -O2 -flto -fuse-linker-plugin -fno-fat-lto-objects  output pattern test
FAIL: c-c++-common/asan/alloca_underflow_left.c   -O3 -g  output pattern test
FAIL: c-c++-common/asan/alloca_underflow_left.c   -Os  output pattern test
FAIL: c-c++-common/asan/asan-interface-1.c   -O0  execution test
FAIL: c-c++-common/asan/asan-interface-1.c   -O1  execution test
FAIL: c-c++-common/asan/asan-interface-1.c   -O2  execution test
FAIL: c-c++-common/asan/asan-interface-1.c   -O2 -flto -fno-use-linker-plugin -flto-partition=none  execution test
FAIL: c-c++-common/asan/asan-interface-1.c   -O2 -flto -fuse-linker-plugin -fno-fat-lto-objects  execution test
FAIL: c-c++-common/asan/asan-interface-1.c   -O3 -g  execution test
FAIL: c-c++-common/asan/asan-interface-1.c   -Os  execution test
FAIL: c-c++-common/asan/asan-stack-small.c   -O0  execution test
FAIL: c-c++-common/asan/asan-stack-small.c   -O1  execution test
FAIL: c-c++-common/asan/asan-stack-small.c   -O2  execution test
FAIL: c-c++-common/asan/asan-stack-small.c   -O2 -flto -fno-use-linker-plugin -flto-partition=none  execution test
FAIL: c-c++-common/asan/asan-stack-small.c   -O2 -flto -fuse-linker-plugin -fno-fat-lto-objects  execution test
FAIL: c-c++-common/asan/asan-stack-small.c   -O3 -g  execution test
FAIL: c-c++-common/asan/asan-stack-small.c   -Os  execution test
FAIL: c-c++-common/asan/bitfield-1.c   -O0  output pattern test
FAIL: c-c++-common/asan/bitfield-1.c   -O1  output pattern test
FAIL: c-c++-common/asan/bitfield-1.c   -O2  output pattern test
FAIL: c-c++-common/asan/bitfield-1.c   -O2 -flto -fno-use-linker-plugin -flto-partition=none  output pattern test
FAIL: c-c++-common/asan/bitfield-1.c   -O2 -flto -fuse-linker-plugin -fno-fat-lto-objects  output pattern test
FAIL: c-c++-common/asan/bitfield-1.c   -O3 -g  output pattern test
FAIL: c-c++-common/asan/bitfield-1.c   -Os  output pattern test
FAIL: c-c++-common/asan/bitfield-2.c   -O0  output pattern test
FAIL: c-c++-common/asan/bitfield-2.c   -O1  output pattern test
FAIL: c-c++-common/asan/bitfield-2.c   -O2  output pattern test
FAIL: c-c++-common/asan/bitfield-2.c   -O2 -flto -fno-use-linker-plugin -flto-partition=none  output pattern test
FAIL: c-c++-common/asan/bitfield-2.c   -O2 -flto -fuse-linker-plugin -fno-fat-lto-objects  output pattern test
FAIL: c-c++-common/asan/bitfield-2.c   -O3 -g  output pattern test
FAIL: c-c++-common/asan/bitfield-2.c   -Os  output pattern test
FAIL: c-c++-common/asan/bitfield-3.c   -O0  output pattern test
FAIL: c-c++-common/asan/bitfield-3.c   -O1  output pattern test
FAIL: c-c++-common/asan/bitfield-3.c   -O2  output pattern test
FAIL: c-c++-common/asan/bitfield-3.c   -O2 -flto -fno-use-linker-plugin -flto-partition=none  output pattern test
FAIL: c-c++-common/asan/bitfield-3.c   -O2 -flto -fuse-linker-plugin -fno-fat-lto-objects  output pattern test
FAIL: c-c++-common/asan/bitfield-3.c   -O3 -g  output pattern test
FAIL: c-c++-common/asan/bitfield-3.c   -Os  output pattern test
FAIL: c-c++-common/asan/bitfield-4.c   -O0  output pattern test
FAIL: c-c++-common/asan/bitfield-4.c   -O1  output pattern test
FAIL: c-c++-common/asan/bitfield-4.c   -O2  output pattern test
FAIL: c-c++-common/asan/bitfield-4.c   -O2 -flto -fno-use-linker-plugin -flto-partition=none  output pattern test
FAIL: c-c++-common/asan/bitfield-4.c   -O2 -flto -fuse-linker-plugin -fno-fat-lto-objects  output pattern test
FAIL: c-c++-common/asan/bitfield-4.c   -O3 -g  output pattern test
FAIL: c-c++-common/asan/bitfield-4.c   -Os  output pattern test
FAIL: c-c++-common/asan/bitfield-5.c   -O0  output pattern test
FAIL: c-c++-common/asan/bitfield-5.c   -O1  output pattern test
FAIL: c-c++-common/asan/bitfield-5.c   -O2  output pattern test
FAIL: c-c++-common/asan/bitfield-5.c   -O2 -flto -fno-use-linker-plugin -flto-partition=none  output pattern test
FAIL: c-c++-common/asan/bitfield-5.c   -O2 -flto -fuse-linker-plugin -fno-fat-lto-objects  output pattern test
FAIL: c-c++-common/asan/bitfield-5.c   -O3 -g  output pattern test
FAIL: c-c++-common/asan/bitfield-5.c   -Os  output pattern test
FAIL: c-c++-common/asan/clone-test-1.c   -O0  execution test
FAIL: c-c++-common/asan/clone-test-1.c   -O1  execution test
FAIL: c-c++-common/asan/clone-test-1.c   -O2  execution test
FAIL: c-c++-common/asan/clone-test-1.c   -O2 -flto -fno-use-linker-plugin -flto-partition=none  execution test
FAIL: c-c++-common/asan/clone-test-1.c   -O2 -flto -fuse-linker-plugin -fno-fat-lto-objects  execution test
FAIL: c-c++-common/asan/clone-test-1.c   -O3 -fomit-frame-pointer -funroll-loops -fpeel-loops -ftracer -finline-functions  execution test
FAIL: c-c++-common/asan/clone-test-1.c   -O3 -g  execution test
FAIL: c-c++-common/asan/clone-test-1.c   -Os  execution test
FAIL: c-c++-common/asan/global-overflow-1.c   -O0  output pattern test
FAIL: c-c++-common/asan/global-overflow-1.c   -O1  output pattern test
FAIL: c-c++-common/asan/global-overflow-1.c   -O2  output pattern test
FAIL: c-c++-common/asan/global-overflow-1.c   -O2 -flto -fno-use-linker-plugin -flto-partition=none  output pattern test
FAIL: c-c++-common/asan/global-overflow-1.c   -O2 -flto -fuse-linker-plugin -fno-fat-lto-objects  output pattern test
FAIL: c-c++-common/asan/global-overflow-1.c   -O3 -g  output pattern test
FAIL: c-c++-common/asan/global-overflow-1.c   -Os  output pattern test
FAIL: c-c++-common/asan/halt_on_error-1.c   -O0  execution test
FAIL: c-c++-common/asan/halt_on_error-1.c   -O1  execution test
FAIL: c-c++-common/asan/halt_on_error-1.c   -O2  execution test
FAIL: c-c++-common/asan/halt_on_error-1.c   -O2 -flto -fno-use-linker-plugin -flto-partition=none  execution test
FAIL: c-c++-common/asan/halt_on_error-1.c   -O2 -flto -fuse-linker-plugin -fno-fat-lto-objects  execution test
FAIL: c-c++-common/asan/halt_on_error-1.c   -O3 -g  execution test
FAIL: c-c++-common/asan/halt_on_error-1.c   -Os  execution test
FAIL: c-c++-common/asan/halt_on_error-2.c   -O0  output pattern test
FAIL: c-c++-common/asan/halt_on_error-2.c   -O1  output pattern test
FAIL: c-c++-common/asan/halt_on_error-2.c   -O2  output pattern test
FAIL: c-c++-common/asan/halt_on_error-2.c   -O2 -flto -fno-use-linker-plugin -flto-partition=none  output pattern test
FAIL: c-c++-common/asan/halt_on_error-2.c   -O2 -flto -fuse-linker-plugin -fno-fat-lto-objects  output pattern test
FAIL: c-c++-common/asan/halt_on_error-2.c   -O3 -g  output pattern test
FAIL: c-c++-common/asan/halt_on_error-2.c   -Os  output pattern test
FAIL: c-c++-common/asan/heap-overflow-1.c   -O0  output pattern test
FAIL: c-c++-common/asan/heap-overflow-1.c   -O1  output pattern test
FAIL: c-c++-common/asan/heap-overflow-1.c   -O2  output pattern test
FAIL: c-c++-common/asan/heap-overflow-1.c   -O2 -flto -fno-use-linker-plugin -flto-partition=none  output pattern test
FAIL: c-c++-common/asan/heap-overflow-1.c   -O2 -flto -fuse-linker-plugin -fno-fat-lto-objects  output pattern test
FAIL: c-c++-common/asan/heap-overflow-1.c   -O3 -g  output pattern test
FAIL: c-c++-common/asan/heap-overflow-1.c   -Os  output pattern test
FAIL: c-c++-common/asan/memcmp-1.c   -O0  output pattern test
FAIL: c-c++-common/asan/memcmp-1.c   -O1  output pattern test
FAIL: c-c++-common/asan/memcmp-1.c   -O2  output pattern test
FAIL: c-c++-common/asan/memcmp-1.c   -O2 -flto -fno-use-linker-plugin -flto-partition=none  output pattern test
FAIL: c-c++-common/asan/memcmp-1.c   -O2 -flto -fuse-linker-plugin -fno-fat-lto-objects  output pattern test
FAIL: c-c++-common/asan/memcmp-1.c   -O3 -g  output pattern test
FAIL: c-c++-common/asan/memcmp-1.c   -Os  output pattern test
FAIL: c-c++-common/asan/null-deref-1.c   -O2  output pattern test
FAIL: c-c++-common/asan/null-deref-1.c   -O2 -flto -fno-use-linker-plugin -flto-partition=none  output pattern test
FAIL: c-c++-common/asan/null-deref-1.c   -O2 -flto -fuse-linker-plugin -fno-fat-lto-objects  output pattern test
FAIL: c-c++-common/asan/null-deref-1.c   -O3 -g  output pattern test
FAIL: c-c++-common/asan/null-deref-1.c   -Os  output pattern test
FAIL: c-c++-common/asan/pointer-compare-1.c   -O0  execution test
FAIL: c-c++-common/asan/pointer-compare-1.c   -O1  execution test
FAIL: c-c++-common/asan/pointer-compare-1.c   -O2  execution test
FAIL: c-c++-common/asan/pointer-compare-1.c   -O2 -flto -fno-use-linker-plugin -flto-partition=none  execution test
FAIL: c-c++-common/asan/pointer-compare-1.c   -O2 -flto -fuse-linker-plugin -fno-fat-lto-objects  execution test
FAIL: c-c++-common/asan/pointer-compare-1.c   -O3 -g  execution test
FAIL: c-c++-common/asan/pointer-compare-1.c   -Os  execution test
FAIL: c-c++-common/asan/pointer-compare-2.c   -O0  execution test
FAIL: c-c++-common/asan/pointer-compare-2.c   -O1  execution test
FAIL: c-c++-common/asan/pointer-compare-2.c   -O2  execution test
FAIL: c-c++-common/asan/pointer-compare-2.c   -O2 -flto -fno-use-linker-plugin -flto-partition=none  execution test
FAIL: c-c++-common/asan/pointer-compare-2.c   -O2 -flto -fuse-linker-plugin -fno-fat-lto-objects  execution test
FAIL: c-c++-common/asan/pointer-compare-2.c   -O3 -g  execution test
FAIL: c-c++-common/asan/pointer-compare-2.c   -Os  execution test
FAIL: c-c++-common/asan/pointer-compare-3.c   -O0  execution test
FAIL: c-c++-common/asan/pointer-compare-3.c   -O1  execution test
FAIL: c-c++-common/asan/pointer-compare-3.c   -O2  execution test
FAIL: c-c++-common/asan/pointer-compare-3.c   -O2 -flto -fno-use-linker-plugin -flto-partition=none  execution test
FAIL: c-c++-common/asan/pointer-compare-3.c   -O2 -flto -fuse-linker-plugin -fno-fat-lto-objects  execution test
FAIL: c-c++-common/asan/pointer-compare-3.c   -O3 -g  execution test
FAIL: c-c++-common/asan/pointer-compare-3.c   -Os  execution test
FAIL: c-c++-common/asan/pointer-subtract-1.c   -O0  execution test
FAIL: c-c++-common/asan/pointer-subtract-1.c   -O1  execution test
FAIL: c-c++-common/asan/pointer-subtract-1.c   -O2  execution test
FAIL: c-c++-common/asan/pointer-subtract-1.c   -O2 -flto -fno-use-linker-plugin -flto-partition=none  execution test
FAIL: c-c++-common/asan/pointer-subtract-1.c   -O2 -flto -fuse-linker-plugin -fno-fat-lto-objects  execution test
FAIL: c-c++-common/asan/pointer-subtract-1.c   -O3 -g  execution test
FAIL: c-c++-common/asan/pointer-subtract-1.c   -Os  execution test
FAIL: c-c++-common/asan/pointer-subtract-2.c   -O0  execution test
FAIL: c-c++-common/asan/pointer-subtract-2.c   -O1  execution test
FAIL: c-c++-common/asan/pointer-subtract-2.c   -O2  execution test
FAIL: c-c++-common/asan/pointer-subtract-2.c   -O2 -flto -fno-use-linker-plugin -flto-partition=none  execution test
FAIL: c-c++-common/asan/pointer-subtract-2.c   -O2 -flto -fuse-linker-plugin -fno-fat-lto-objects  execution test
FAIL: c-c++-common/asan/pointer-subtract-2.c   -O3 -g  execution test
FAIL: c-c++-common/asan/pointer-subtract-2.c   -Os  execution test
FAIL: c-c++-common/asan/pointer-subtract-3.c   -O0  execution test
FAIL: c-c++-common/asan/pointer-subtract-3.c   -O1  execution test
FAIL: c-c++-common/asan/pointer-subtract-3.c   -O2  execution test
FAIL: c-c++-common/asan/pointer-subtract-3.c   -O2 -flto -fno-use-linker-plugin -flto-partition=none  execution test
FAIL: c-c++-common/asan/pointer-subtract-3.c   -O2 -flto -fuse-linker-plugin -fno-fat-lto-objects  execution test
FAIL: c-c++-common/asan/pointer-subtract-3.c   -O3 -g  execution test
FAIL: c-c++-common/asan/pointer-subtract-3.c   -Os  execution test
FAIL: c-c++-common/asan/pointer-subtract-4.c   -O0  output pattern test
FAIL: c-c++-common/asan/pointer-subtract-4.c   -O1  output pattern test
FAIL: c-c++-common/asan/pointer-subtract-4.c   -O2  output pattern test
FAIL: c-c++-common/asan/pointer-subtract-4.c   -O2 -flto -fno-use-linker-plugin -flto-partition=none  output pattern test
FAIL: c-c++-common/asan/pointer-subtract-4.c   -O2 -flto -fuse-linker-plugin -fno-fat-lto-objects  output pattern test
FAIL: c-c++-common/asan/pointer-subtract-4.c   -O3 -g  output pattern test
FAIL: c-c++-common/asan/pointer-subtract-4.c   -Os  output pattern test
FAIL: c-c++-common/asan/pr59063-1.c   -O0  execution test
FAIL: c-c++-common/asan/pr59063-1.c   -O1  execution test
FAIL: c-c++-common/asan/pr59063-1.c   -O2  execution test
FAIL: c-c++-common/asan/pr59063-1.c   -O2 -flto -fno-use-linker-plugin -flto-partition=none  execution test
FAIL: c-c++-common/asan/pr59063-1.c   -O2 -flto -fuse-linker-plugin -fno-fat-lto-objects  execution test
FAIL: c-c++-common/asan/pr59063-1.c   -O3 -g  execution test
FAIL: c-c++-common/asan/pr59063-1.c   -Os  execution test
FAIL: c-c++-common/asan/pr59063-2.c   -O0  execution test
FAIL: c-c++-common/asan/pr59063-2.c   -O1  execution test
FAIL: c-c++-common/asan/pr59063-2.c   -O2  execution test
FAIL: c-c++-common/asan/pr59063-2.c   -O2 -flto -fno-use-linker-plugin -flto-partition=none  execution test
FAIL: c-c++-common/asan/pr59063-2.c   -O2 -flto -fuse-linker-plugin -fno-fat-lto-objects  execution test
FAIL: c-c++-common/asan/pr59063-2.c   -O3 -g  execution test
FAIL: c-c++-common/asan/pr59063-2.c   -Os  execution test
FAIL: c-c++-common/asan/pr61530.c   -O0  output pattern test
FAIL: c-c++-common/asan/pr61530.c   -O1  output pattern test
FAIL: c-c++-common/asan/pr61530.c   -O2  output pattern test
FAIL: c-c++-common/asan/pr61530.c   -O2 -flto -fno-use-linker-plugin -flto-partition=none  output pattern test
FAIL: c-c++-common/asan/pr61530.c   -O2 -flto -fuse-linker-plugin -fno-fat-lto-objects  output pattern test
FAIL: c-c++-common/asan/pr61530.c   -O3 -g  output pattern test
FAIL: c-c++-common/asan/pr61530.c   -Os  output pattern test
FAIL: c-c++-common/asan/pr62089.c   -O0  output pattern test
FAIL: c-c++-common/asan/pr62089.c   -O1  output pattern test
FAIL: c-c++-common/asan/pr62089.c   -O2  output pattern test
FAIL: c-c++-common/asan/pr62089.c   -O2 -flto -fno-use-linker-plugin -flto-partition=none  output pattern test
FAIL: c-c++-common/asan/pr62089.c   -O2 -flto -fuse-linker-plugin -fno-fat-lto-objects  output pattern test
FAIL: c-c++-common/asan/pr62089.c   -O3 -g  output pattern test
FAIL: c-c++-common/asan/pr62089.c   -Os  output pattern test
FAIL: c-c++-common/asan/pr63316.c   -O2  execution test
FAIL: c-c++-common/asan/pr63316.c   -O2 -flto -fno-use-linker-plugin -flto-partition=none  execution test
FAIL: c-c++-common/asan/pr63316.c   -O2 -flto -fuse-linker-plugin -fno-fat-lto-objects  execution test
FAIL: c-c++-common/asan/pr70541.c   -O0  output pattern test
FAIL: c-c++-common/asan/pr70712.c   -O0  execution test
FAIL: c-c++-common/asan/pr70712.c   -O1  execution test
FAIL: c-c++-common/asan/pr70712.c   -O2  execution test
FAIL: c-c++-common/asan/pr70712.c   -O2 -flto -fno-use-linker-plugin -flto-partition=none  execution test
FAIL: c-c++-common/asan/pr70712.c   -O2 -flto -fuse-linker-plugin -fno-fat-lto-objects  execution test
FAIL: c-c++-common/asan/pr70712.c   -O3 -g  execution test
FAIL: c-c++-common/asan/pr70712.c   -Os  execution test
FAIL: c-c++-common/asan/pr71480.c   -O0  execution test
FAIL: c-c++-common/asan/pr71480.c   -O1  execution test
FAIL: c-c++-common/asan/pr71480.c   -O2  execution test
FAIL: c-c++-common/asan/pr71480.c   -O2 -flto -fno-use-linker-plugin -flto-partition=none  execution test
FAIL: c-c++-common/asan/pr71480.c   -O2 -flto -fuse-linker-plugin -fno-fat-lto-objects  execution test
FAIL: c-c++-common/asan/pr71480.c   -O3 -g  execution test
FAIL: c-c++-common/asan/pr71480.c   -Os  execution test
FAIL: c-c++-common/asan/pr79944.c   -O0  execution test
FAIL: c-c++-common/asan/pr79944.c   -O1  execution test
FAIL: c-c++-common/asan/pr79944.c   -O2  execution test
FAIL: c-c++-common/asan/pr79944.c   -O2 -flto -fno-use-linker-plugin -flto-partition=none  execution test
FAIL: c-c++-common/asan/pr79944.c   -O2 -flto -fuse-linker-plugin -fno-fat-lto-objects  execution test
FAIL: c-c++-common/asan/pr79944.c   -O3 -g  execution test
FAIL: c-c++-common/asan/pr79944.c   -Os  execution test
FAIL: c-c++-common/asan/pr80308.c   -O0  execution test
FAIL: c-c++-common/asan/pr80308.c   -O1  execution test
FAIL: c-c++-common/asan/pr80308.c   -O2  execution test
FAIL: c-c++-common/asan/pr80308.c   -O2 -flto -fno-use-linker-plugin -flto-partition=none  execution test
FAIL: c-c++-common/asan/pr80308.c   -O2 -flto -fuse-linker-plugin -fno-fat-lto-objects  execution test
FAIL: c-c++-common/asan/pr80308.c   -O3 -fomit-frame-pointer -funroll-loops -fpeel-loops -ftracer -finline-functions  execution test
FAIL: c-c++-common/asan/pr80308.c   -O3 -g  execution test
FAIL: c-c++-common/asan/pr80308.c   -Os  execution test
FAIL: c-c++-common/asan/pr81697.c   -O1  execution test
FAIL: c-c++-common/asan/pr81697.c   -O2  execution test
FAIL: c-c++-common/asan/pr81697.c   -O2 -flto -fno-use-linker-plugin -flto-partition=none  execution test
FAIL: c-c++-common/asan/pr81697.c   -O2 -flto -fuse-linker-plugin -fno-fat-lto-objects  execution test
FAIL: c-c++-common/asan/pr81697.c   -O3 -g  execution test
FAIL: c-c++-common/asan/pr81697.c   -Os  execution test
FAIL: c-c++-common/asan/rlimit-mmap-test-1.c   -O0  output pattern test
FAIL: c-c++-common/asan/sanity-check-pure-c-1.c   -O0  output pattern test
FAIL: c-c++-common/asan/sanity-check-pure-c-1.c   -O1  output pattern test
FAIL: c-c++-common/asan/sanity-check-pure-c-1.c   -O2  output pattern test
FAIL: c-c++-common/asan/sanity-check-pure-c-1.c   -O2 -flto -fno-use-linker-plugin -flto-partition=none  output pattern test
FAIL: c-c++-common/asan/sanity-check-pure-c-1.c   -O2 -flto -fuse-linker-plugin -fno-fat-lto-objects  output pattern test
FAIL: c-c++-common/asan/sanity-check-pure-c-1.c   -O3 -g  output pattern test
FAIL: c-c++-common/asan/sanity-check-pure-c-1.c   -Os  output pattern test
FAIL: c-c++-common/asan/stack-overflow-1.c   -O0  output pattern test
FAIL: c-c++-common/asan/stack-overflow-1.c   -O1  output pattern test
FAIL: c-c++-common/asan/stack-overflow-1.c   -O2  output pattern test
FAIL: c-c++-common/asan/stack-overflow-1.c   -O2 -flto -fno-use-linker-plugin -flto-partition=none  output pattern test
FAIL: c-c++-common/asan/stack-overflow-1.c   -O2 -flto -fuse-linker-plugin -fno-fat-lto-objects  output pattern test
FAIL: c-c++-common/asan/stack-overflow-1.c   -O3 -g  output pattern test
FAIL: c-c++-common/asan/stack-overflow-1.c   -Os  output pattern test
FAIL: c-c++-common/asan/strip-path-prefix-1.c   -O2  output pattern test
FAIL: c-c++-common/asan/strip-path-prefix-1.c   -O2 -flto -fno-use-linker-plugin -flto-partition=none  output pattern test
FAIL: c-c++-common/asan/strip-path-prefix-1.c   -O2 -flto -fuse-linker-plugin -fno-fat-lto-objects  output pattern test
FAIL: c-c++-common/asan/swapcontext-test-1.c   -O0  execution test
FAIL: c-c++-common/asan/swapcontext-test-1.c   -O1  execution test
FAIL: c-c++-common/asan/swapcontext-test-1.c   -O2  execution test
FAIL: c-c++-common/asan/swapcontext-test-1.c   -O2 -flto -fno-use-linker-plugin -flto-partition=none  execution test
FAIL: c-c++-common/asan/swapcontext-test-1.c   -O2 -flto -fuse-linker-plugin -fno-fat-lto-objects  execution test
FAIL: c-c++-common/asan/swapcontext-test-1.c   -O3 -fomit-frame-pointer -funroll-loops -fpeel-loops -ftracer -finline-functions  execution test
FAIL: c-c++-common/asan/swapcontext-test-1.c   -O3 -g  execution test
FAIL: c-c++-common/asan/swapcontext-test-1.c   -Os  execution test
FAIL: c-c++-common/asan/use-after-free-1.c   -O0  output pattern test
FAIL: c-c++-common/asan/use-after-free-1.c   -O1  output pattern test
FAIL: c-c++-common/asan/use-after-free-1.c   -O2  output pattern test
FAIL: c-c++-common/asan/use-after-free-1.c   -O2 -flto -fno-use-linker-plugin -flto-partition=none  output pattern test
FAIL: c-c++-common/asan/use-after-free-1.c   -O2 -flto -fuse-linker-plugin -fno-fat-lto-objects  output pattern test
FAIL: c-c++-common/asan/use-after-free-1.c   -O3 -g  output pattern test
FAIL: c-c++-common/asan/use-after-free-1.c   -Os  output pattern test
FAIL: c-c++-common/asan/use-after-return-1.c   -O0  output pattern test
FAIL: c-c++-common/asan/use-after-return-1.c   -O1  output pattern test
FAIL: c-c++-common/asan/use-after-return-1.c   -O2  output pattern test
FAIL: c-c++-common/asan/use-after-return-1.c   -O2 -flto -fno-use-linker-plugin -flto-partition=none  output pattern test
FAIL: c-c++-common/asan/use-after-return-1.c   -O2 -flto -fuse-linker-plugin -fno-fat-lto-objects  output pattern test
FAIL: c-c++-common/asan/use-after-return-1.c   -O3 -g  output pattern test
FAIL: c-c++-common/asan/use-after-return-1.c   -Os  output pattern test
FAIL: gcc.dg/asan/nosanitize-and-inline.c   -O0  execution test
FAIL: gcc.dg/asan/nosanitize-and-inline.c   -O1  execution test
FAIL: gcc.dg/asan/nosanitize-and-inline.c   -O2  execution test
FAIL: gcc.dg/asan/nosanitize-and-inline.c   -O2 -flto -fno-use-linker-plugin -flto-partition=none  execution test
FAIL: gcc.dg/asan/nosanitize-and-inline.c   -O2 -flto -fuse-linker-plugin -fno-fat-lto-objects  execution test
FAIL: gcc.dg/asan/nosanitize-and-inline.c   -O3 -fomit-frame-pointer -funroll-loops -fpeel-loops -ftracer -finline-functions  execution test
FAIL: gcc.dg/asan/nosanitize-and-inline.c   -O3 -g  execution test
FAIL: gcc.dg/asan/nosanitize-and-inline.c   -Os  execution test
FAIL: gcc.dg/asan/pr78541.c   -O0  output pattern test
FAIL: gcc.dg/asan/pr78541.c   -O1  output pattern test
FAIL: gcc.dg/asan/pr78541.c   -O2  output pattern test
FAIL: gcc.dg/asan/pr78541.c   -O2 -flto -fno-use-linker-plugin -flto-partition=none  output pattern test
FAIL: gcc.dg/asan/pr78541.c   -O2 -flto -fuse-linker-plugin -fno-fat-lto-objects  output pattern test
FAIL: gcc.dg/asan/pr78541.c   -O3 -g  output pattern test
FAIL: gcc.dg/asan/pr78541.c   -Os  output pattern test
FAIL: gcc.dg/asan/pr80166.c   -O0  execution test
FAIL: gcc.dg/asan/pr80166.c   -O1  execution test
FAIL: gcc.dg/asan/pr80166.c   -O2  execution test
FAIL: gcc.dg/asan/pr80166.c   -O2 -flto -fno-use-linker-plugin -flto-partition=none  execution test
FAIL: gcc.dg/asan/pr80166.c   -O2 -flto -fuse-linker-plugin -fno-fat-lto-objects  execution test
FAIL: gcc.dg/asan/pr80166.c   -O3 -g  execution test
FAIL: gcc.dg/asan/pr80166.c   -Os  execution test
FAIL: gcc.dg/asan/pr81186.c   -O0  execution test
FAIL: gcc.dg/asan/pr81186.c   -O1  execution test
FAIL: gcc.dg/asan/pr81186.c   -O2  execution test
FAIL: gcc.dg/asan/pr81186.c   -O2 -flto -fno-use-linker-plugin -flto-partition=none  execution test
FAIL: gcc.dg/asan/pr81186.c   -O2 -flto -fuse-linker-plugin -fno-fat-lto-objects  execution test
FAIL: gcc.dg/asan/pr81186.c   -O3 -g  execution test
FAIL: gcc.dg/asan/pr81186.c   -Os  execution test
FAIL: gcc.dg/asan/use-after-scope-1.c   -O0  output pattern test
FAIL: gcc.dg/asan/use-after-scope-1.c   -O1  output pattern test
FAIL: gcc.dg/asan/use-after-scope-1.c   -O2  output pattern test
FAIL: gcc.dg/asan/use-after-scope-1.c   -O2 -flto -fno-use-linker-plugin -flto-partition=none  output pattern test
FAIL: gcc.dg/asan/use-after-scope-1.c   -O2 -flto -fuse-linker-plugin -fno-fat-lto-objects  output pattern test
FAIL: gcc.dg/asan/use-after-scope-1.c   -O3 -g  output pattern test
FAIL: gcc.dg/asan/use-after-scope-1.c   -Os  output pattern test
FAIL: gcc.dg/asan/use-after-scope-10.c   -O2  output pattern test
FAIL: gcc.dg/asan/use-after-scope-10.c   -O2 -flto -fno-use-linker-plugin -flto-partition=none  output pattern test
FAIL: gcc.dg/asan/use-after-scope-10.c   -O2 -flto -fuse-linker-plugin -fno-fat-lto-objects  output pattern test
FAIL: gcc.dg/asan/use-after-scope-11.c   -O0  execution test
FAIL: gcc.dg/asan/use-after-scope-11.c   -O1  execution test
FAIL: gcc.dg/asan/use-after-scope-11.c   -O2  execution test
FAIL: gcc.dg/asan/use-after-scope-11.c   -O2 -flto -fno-use-linker-plugin -flto-partition=none  execution test
FAIL: gcc.dg/asan/use-after-scope-11.c   -O2 -flto -fuse-linker-plugin -fno-fat-lto-objects  execution test
FAIL: gcc.dg/asan/use-after-scope-11.c   -O3 -fomit-frame-pointer -funroll-loops -fpeel-loops -ftracer -finline-functions  execution test
FAIL: gcc.dg/asan/use-after-scope-11.c   -O3 -g  execution test
FAIL: gcc.dg/asan/use-after-scope-11.c   -Os  execution test
FAIL: gcc.dg/asan/use-after-scope-2.c   -O0  output pattern test
FAIL: gcc.dg/asan/use-after-scope-2.c   -O1  output pattern test
FAIL: gcc.dg/asan/use-after-scope-2.c   -O2  output pattern test
FAIL: gcc.dg/asan/use-after-scope-2.c   -O2 -flto -fno-use-linker-plugin -flto-partition=none  output pattern test
FAIL: gcc.dg/asan/use-after-scope-2.c   -O2 -flto -fuse-linker-plugin -fno-fat-lto-objects  output pattern test
FAIL: gcc.dg/asan/use-after-scope-2.c   -O3 -g  output pattern test
FAIL: gcc.dg/asan/use-after-scope-2.c   -Os  output pattern test
FAIL: gcc.dg/asan/use-after-scope-3.c   -O0  output pattern test
FAIL: gcc.dg/asan/use-after-scope-5.c   -O0  output pattern test
FAIL: gcc.dg/asan/use-after-scope-5.c   -O1  output pattern test
FAIL: gcc.dg/asan/use-after-scope-5.c   -O2  output pattern test
FAIL: gcc.dg/asan/use-after-scope-5.c   -O2 -flto -fno-use-linker-plugin -flto-partition=none  output pattern test
FAIL: gcc.dg/asan/use-after-scope-5.c   -O2 -flto -fuse-linker-plugin -fno-fat-lto-objects  output pattern test
FAIL: gcc.dg/asan/use-after-scope-5.c   -O3 -fomit-frame-pointer -funroll-loops -fpeel-loops -ftracer -finline-functions  output pattern test
FAIL: gcc.dg/asan/use-after-scope-5.c   -O3 -g  output pattern test
FAIL: gcc.dg/asan/use-after-scope-5.c   -Os  output pattern test
FAIL: gcc.dg/asan/use-after-scope-6.c   -O0  execution test
FAIL: gcc.dg/asan/use-after-scope-7.c   -O0  execution test
FAIL: gcc.dg/asan/use-after-scope-9.c   -O2  output pattern test
FAIL: gcc.dg/asan/use-after-scope-9.c   -O2 -flto -fno-use-linker-plugin -flto-partition=none  output pattern test
FAIL: gcc.dg/asan/use-after-scope-9.c   -O2 -flto -fuse-linker-plugin -fno-fat-lto-objects  output pattern test
FAIL: gcc.dg/asan/use-after-scope-goto-1.c   -O0  execution test
FAIL: gcc.dg/asan/use-after-scope-goto-2.c   -O0  execution test
FAIL: gcc.dg/asan/use-after-scope-switch-1.c   -O0  execution test
FAIL: gcc.dg/asan/use-after-scope-switch-1.c   -O1  execution test
FAIL: gcc.dg/asan/use-after-scope-switch-1.c   -O2  execution test
FAIL: gcc.dg/asan/use-after-scope-switch-1.c   -O2 -flto -fno-use-linker-plugin -flto-partition=none  execution test
FAIL: gcc.dg/asan/use-after-scope-switch-1.c   -O2 -flto -fuse-linker-plugin -fno-fat-lto-objects  execution test
FAIL: gcc.dg/asan/use-after-scope-switch-1.c   -O3 -fomit-frame-pointer -funroll-loops -fpeel-loops -ftracer -finline-functions  execution test
FAIL: gcc.dg/asan/use-after-scope-switch-1.c   -O3 -g  execution test
FAIL: gcc.dg/asan/use-after-scope-switch-1.c   -Os  execution test
FAIL: gcc.dg/asan/use-after-scope-switch-2.c   -O0  execution test
FAIL: gcc.dg/asan/use-after-scope-switch-2.c   -O1  execution test
FAIL: gcc.dg/asan/use-after-scope-switch-2.c   -O2  execution test
FAIL: gcc.dg/asan/use-after-scope-switch-2.c   -O2 -flto -fno-use-linker-plugin -flto-partition=none  execution test
FAIL: gcc.dg/asan/use-after-scope-switch-2.c   -O2 -flto -fuse-linker-plugin -fno-fat-lto-objects  execution test
FAIL: gcc.dg/asan/use-after-scope-switch-2.c   -O3 -fomit-frame-pointer -funroll-loops -fpeel-loops -ftracer -finline-functions  execution test
FAIL: gcc.dg/asan/use-after-scope-switch-2.c   -O3 -g  execution test
FAIL: gcc.dg/asan/use-after-scope-switch-2.c   -Os  execution test
FAIL: gcc.dg/asan/use-after-scope-switch-3.c   -O0  execution test
FAIL: gcc.dg/asan/use-after-scope-switch-3.c   -O1  execution test
FAIL: gcc.dg/asan/use-after-scope-switch-3.c   -O2  execution test
FAIL: gcc.dg/asan/use-after-scope-switch-3.c   -O2 -flto -fno-use-linker-plugin -flto-partition=none  execution test
FAIL: gcc.dg/asan/use-after-scope-switch-3.c   -O2 -flto -fuse-linker-plugin -fno-fat-lto-objects  execution test
FAIL: gcc.dg/asan/use-after-scope-switch-3.c   -O3 -fomit-frame-pointer -funroll-loops -fpeel-loops -ftracer -finline-functions  execution test
FAIL: gcc.dg/asan/use-after-scope-switch-3.c   -O3 -g  execution test
FAIL: gcc.dg/asan/use-after-scope-switch-3.c   -Os  execution test
FAIL: gcc.dg/asan/use-after-scope-switch-4.c   -O0  execution test
FAIL: gcc.dg/asan/use-after-scope-switch-4.c   -O1  execution test
FAIL: gcc.dg/asan/use-after-scope-switch-4.c   -O2  execution test
FAIL: gcc.dg/asan/use-after-scope-switch-4.c   -O2 -flto -fno-use-linker-plugin -flto-partition=none  execution test
FAIL: gcc.dg/asan/use-after-scope-switch-4.c   -O2 -flto -fuse-linker-plugin -fno-fat-lto-objects  execution test
FAIL: gcc.dg/asan/use-after-scope-switch-4.c   -O3 -fomit-frame-pointer -funroll-loops -fpeel-loops -ftracer -finline-functions  execution test
FAIL: gcc.dg/asan/use-after-scope-switch-4.c   -O3 -g  execution test
FAIL: gcc.dg/asan/use-after-scope-switch-4.c   -Os  execution test
UNRESOLVED: gcc.dg/cdce1.c scan-assembler jmp pow
UNRESOLVED: gcc.dg/cdce2.c scan-assembler jmp log
FAIL: gcc.dg/gimplefe-41.c (internal compiler error)
FAIL: gcc.dg/gimplefe-41.c (test for excess errors)
FAIL: gcc.dg/gomp/declare-simd-1.c  (test for warnings, line 104)
FAIL: gcc.dg/gomp/declare-simd-1.c  (test for warnings, line 11)
FAIL: gcc.dg/gomp/declare-simd-1.c  (test for warnings, line 126)
FAIL: gcc.dg/gomp/declare-simd-1.c  (test for warnings, line 151)
FAIL: gcc.dg/gomp/declare-simd-1.c  (test for warnings, line 68)
FAIL: gcc.dg/gomp/declare-simd-1.c  (test for warnings, line 85)
FAIL: gcc.dg/gomp/declare-simd-1.c (test for excess errors)
FAIL: gcc.dg/gomp/declare-simd-3.c  (test for warnings, line 20)
FAIL: gcc.dg/gomp/declare-simd-3.c  (test for warnings, line 3)
FAIL: gcc.dg/gomp/declare-simd-3.c (test for excess errors)
FAIL: gcc.dg/gomp/pr59669-2.c  (test for warnings, line 7)
FAIL: gcc.dg/gomp/pr87895-1.c  (test for warnings, line 15)
XPASS: gcc.dg/gomp/pr87895-2.c (test for excess errors)
FAIL: gcc.dg/gomp/simd-clones-2.c  (test for warnings, line 12)
FAIL: gcc.dg/gomp/simd-clones-2.c  (test for warnings, line 5)
XPASS: gcc.dg/guality/example.c   -O0  execution test
XPASS: gcc.dg/guality/guality.c   -O0  execution test
XPASS: gcc.dg/guality/guality.c   -O1  -DPREVENT_OPTIMIZATION  execution test
XPASS: gcc.dg/guality/guality.c   -O2  -DPREVENT_OPTIMIZATION  execution test
XPASS: gcc.dg/guality/guality.c   -O2 -flto -fno-use-linker-plugin -flto-partition=none  -DPREVENT_OPTIMIZATION execution test
XPASS: gcc.dg/guality/guality.c   -O2 -flto -fuse-linker-plugin -fno-fat-lto-objects  -DPREVENT_OPTIMIZATION execution test
XPASS: gcc.dg/guality/guality.c   -O3 -g  -DPREVENT_OPTIMIZATION  execution test
XPASS: gcc.dg/guality/guality.c   -Os  -DPREVENT_OPTIMIZATION  execution test
XPASS: gcc.dg/guality/guality.c  -Og -DPREVENT_OPTIMIZATION  execution test
FAIL: gcc.dg/guality/inline-params.c   -O1  -DPREVENT_OPTIMIZATION  execution test
FAIL: gcc.dg/guality/inline-params.c  -Og -DPREVENT_OPTIMIZATION  execution test
FAIL: gcc.dg/guality/loop-1.c   -O3 -fomit-frame-pointer -funroll-loops -fpeel-loops -ftracer -finline-functions  -DPREVENT_OPTIMIZATION  line 20 i == 1
FAIL: gcc.dg/guality/pr36728-1.c   -O2 -flto -fuse-linker-plugin -fno-fat-lto-objects  -DPREVENT_OPTIMIZATION line 16 y == 2
FAIL: gcc.dg/guality/pr36728-1.c   -O3 -g  -DPREVENT_OPTIMIZATION  line 16 y == 2
FAIL: gcc.dg/guality/pr36728-2.c   -O2 -flto -fuse-linker-plugin -fno-fat-lto-objects  -DPREVENT_OPTIMIZATION line 16 arg1 == 1
FAIL: gcc.dg/guality/pr36728-2.c   -O2 -flto -fuse-linker-plugin -fno-fat-lto-objects  -DPREVENT_OPTIMIZATION line 16 arg2 == 2
FAIL: gcc.dg/guality/pr36728-2.c   -O2 -flto -fuse-linker-plugin -fno-fat-lto-objects  -DPREVENT_OPTIMIZATION line 16 arg3 == 3
FAIL: gcc.dg/guality/pr36728-2.c   -O2 -flto -fuse-linker-plugin -fno-fat-lto-objects  -DPREVENT_OPTIMIZATION line 16 arg4 == 4
FAIL: gcc.dg/guality/pr36728-2.c   -O2 -flto -fuse-linker-plugin -fno-fat-lto-objects  -DPREVENT_OPTIMIZATION line 16 arg5 == 5
FAIL: gcc.dg/guality/pr36728-2.c   -O2 -flto -fuse-linker-plugin -fno-fat-lto-objects  -DPREVENT_OPTIMIZATION line 16 arg6 == 6
FAIL: gcc.dg/guality/pr36728-2.c   -O2 -flto -fuse-linker-plugin -fno-fat-lto-objects  -DPREVENT_OPTIMIZATION line 16 arg7 == 30
FAIL: gcc.dg/guality/pr36728-2.c   -O2 -flto -fuse-linker-plugin -fno-fat-lto-objects  -DPREVENT_OPTIMIZATION line 16 y == 2
FAIL: gcc.dg/guality/pr36728-2.c   -O2 -flto -fuse-linker-plugin -fno-fat-lto-objects  -DPREVENT_OPTIMIZATION line 18 arg1 == 1
FAIL: gcc.dg/guality/pr36728-2.c   -O2 -flto -fuse-linker-plugin -fno-fat-lto-objects  -DPREVENT_OPTIMIZATION line 18 arg2 == 2
FAIL: gcc.dg/guality/pr36728-2.c   -O2 -flto -fuse-linker-plugin -fno-fat-lto-objects  -DPREVENT_OPTIMIZATION line 18 arg3 == 3
FAIL: gcc.dg/guality/pr36728-2.c   -O2 -flto -fuse-linker-plugin -fno-fat-lto-objects  -DPREVENT_OPTIMIZATION line 18 arg4 == 4
FAIL: gcc.dg/guality/pr36728-2.c   -O2 -flto -fuse-linker-plugin -fno-fat-lto-objects  -DPREVENT_OPTIMIZATION line 18 arg5 == 5
FAIL: gcc.dg/guality/pr36728-2.c   -O2 -flto -fuse-linker-plugin -fno-fat-lto-objects  -DPREVENT_OPTIMIZATION line 18 arg6 == 6
FAIL: gcc.dg/guality/pr36728-2.c   -O2 -flto -fuse-linker-plugin -fno-fat-lto-objects  -DPREVENT_OPTIMIZATION line 18 arg7 == 30
FAIL: gcc.dg/guality/pr36728-2.c   -O3 -g  -DPREVENT_OPTIMIZATION  line 16 arg1 == 1
FAIL: gcc.dg/guality/pr36728-2.c   -O3 -g  -DPREVENT_OPTIMIZATION  line 16 arg2 == 2
FAIL: gcc.dg/guality/pr36728-2.c   -O3 -g  -DPREVENT_OPTIMIZATION  line 16 arg3 == 3
FAIL: gcc.dg/guality/pr36728-2.c   -O3 -g  -DPREVENT_OPTIMIZATION  line 16 arg4 == 4
FAIL: gcc.dg/guality/pr36728-2.c   -O3 -g  -DPREVENT_OPTIMIZATION  line 16 arg5 == 5
FAIL: gcc.dg/guality/pr36728-2.c   -O3 -g  -DPREVENT_OPTIMIZATION  line 16 arg6 == 6
FAIL: gcc.dg/guality/pr36728-2.c   -O3 -g  -DPREVENT_OPTIMIZATION  line 16 arg7 == 30
FAIL: gcc.dg/guality/pr36728-2.c   -O3 -g  -DPREVENT_OPTIMIZATION  line 18 arg1 == 1
FAIL: gcc.dg/guality/pr36728-2.c   -O3 -g  -DPREVENT_OPTIMIZATION  line 18 arg2 == 2
FAIL: gcc.dg/guality/pr36728-2.c   -O3 -g  -DPREVENT_OPTIMIZATION  line 18 arg3 == 3
FAIL: gcc.dg/guality/pr36728-2.c   -O3 -g  -DPREVENT_OPTIMIZATION  line 18 arg4 == 4
FAIL: gcc.dg/guality/pr36728-2.c   -O3 -g  -DPREVENT_OPTIMIZATION  line 18 arg5 == 5
FAIL: gcc.dg/guality/pr36728-2.c   -O3 -g  -DPREVENT_OPTIMIZATION  line 18 arg6 == 6
FAIL: gcc.dg/guality/pr36728-2.c   -O3 -g  -DPREVENT_OPTIMIZATION  line 18 arg7 == 30
FAIL: gcc.dg/guality/pr36728-3.c   -O3 -g  -DPREVENT_OPTIMIZATION  line 14 y == 2
XPASS: gcc.dg/guality/pr41353-1.c   -O0  line 28 j == 28 + 37
FAIL: gcc.dg/guality/pr41447-1.c   -O2  -DPREVENT_OPTIMIZATION  execution test
FAIL: gcc.dg/guality/pr41447-1.c   -O2 -flto -fno-use-linker-plugin -flto-partition=none  -DPREVENT_OPTIMIZATION execution test
FAIL: gcc.dg/guality/pr41447-1.c   -O3 -g  -DPREVENT_OPTIMIZATION  execution test
FAIL: gcc.dg/guality/pr41447-1.c   -Os  -DPREVENT_OPTIMIZATION  execution test
FAIL: gcc.dg/guality/pr54200.c   -O1  -DPREVENT_OPTIMIZATION  line 20 z == 3
FAIL: gcc.dg/guality/pr54200.c   -O2  -DPREVENT_OPTIMIZATION  line 20 z == 3
FAIL: gcc.dg/guality/pr54200.c   -O2 -flto -fno-use-linker-plugin -flto-partition=none  -DPREVENT_OPTIMIZATION line 20 z == 3
FAIL: gcc.dg/guality/pr54200.c   -O3 -g  -DPREVENT_OPTIMIZATION  line 20 z == 3
FAIL: gcc.dg/guality/pr54200.c   -Os  -DPREVENT_OPTIMIZATION  line 20 z == 3
FAIL: gcc.dg/guality/pr54519-1.c   -O2 -flto -fno-use-linker-plugin -flto-partition=none  -DPREVENT_OPTIMIZATION line 20 y == 25
FAIL: gcc.dg/guality/pr54519-1.c   -O2 -flto -fno-use-linker-plugin -flto-partition=none  -DPREVENT_OPTIMIZATION line 20 z == 6
FAIL: gcc.dg/guality/pr54519-1.c   -O2 -flto -fno-use-linker-plugin -flto-partition=none  -DPREVENT_OPTIMIZATION line 23 y == 117
FAIL: gcc.dg/guality/pr54519-1.c   -O2 -flto -fno-use-linker-plugin -flto-partition=none  -DPREVENT_OPTIMIZATION line 23 z == 8
FAIL: gcc.dg/guality/pr54519-1.c   -O2 -flto -fuse-linker-plugin -fno-fat-lto-objects  -DPREVENT_OPTIMIZATION line 20 y == 25
FAIL: gcc.dg/guality/pr54519-1.c   -O2 -flto -fuse-linker-plugin -fno-fat-lto-objects  -DPREVENT_OPTIMIZATION line 20 z == 6
FAIL: gcc.dg/guality/pr54519-1.c   -O2 -flto -fuse-linker-plugin -fno-fat-lto-objects  -DPREVENT_OPTIMIZATION line 23 y == 117
FAIL: gcc.dg/guality/pr54519-1.c   -O2 -flto -fuse-linker-plugin -fno-fat-lto-objects  -DPREVENT_OPTIMIZATION line 23 z == 8
FAIL: gcc.dg/guality/pr54519-2.c   -O2 -flto -fno-use-linker-plugin -flto-partition=none  -DPREVENT_OPTIMIZATION line 17 y == 25
FAIL: gcc.dg/guality/pr54519-2.c   -O2 -flto -fuse-linker-plugin -fno-fat-lto-objects  -DPREVENT_OPTIMIZATION line 17 y == 25
FAIL: gcc.dg/guality/pr54519-3.c   -O2 -flto -fno-use-linker-plugin -flto-partition=none  -DPREVENT_OPTIMIZATION line 20 y == 25
FAIL: gcc.dg/guality/pr54519-3.c   -O2 -flto -fno-use-linker-plugin -flto-partition=none  -DPREVENT_OPTIMIZATION line 20 z == 6
FAIL: gcc.dg/guality/pr54519-3.c   -O2 -flto -fno-use-linker-plugin -flto-partition=none  -DPREVENT_OPTIMIZATION line 23 y == 117
FAIL: gcc.dg/guality/pr54519-3.c   -O2 -flto -fno-use-linker-plugin -flto-partition=none  -DPREVENT_OPTIMIZATION line 23 z == 8
FAIL: gcc.dg/guality/pr54519-3.c   -O2 -flto -fuse-linker-plugin -fno-fat-lto-objects  -DPREVENT_OPTIMIZATION line 20 y == 25
FAIL: gcc.dg/guality/pr54519-3.c   -O2 -flto -fuse-linker-plugin -fno-fat-lto-objects  -DPREVENT_OPTIMIZATION line 20 z == 6
FAIL: gcc.dg/guality/pr54519-3.c   -O2 -flto -fuse-linker-plugin -fno-fat-lto-objects  -DPREVENT_OPTIMIZATION line 23 y == 117
FAIL: gcc.dg/guality/pr54519-3.c   -O2 -flto -fuse-linker-plugin -fno-fat-lto-objects  -DPREVENT_OPTIMIZATION line 23 z == 8
FAIL: gcc.dg/guality/pr54519-4.c   -O2 -flto -fno-use-linker-plugin -flto-partition=none  -DPREVENT_OPTIMIZATION line 17 y == 25
FAIL: gcc.dg/guality/pr54519-4.c   -O2 -flto -fuse-linker-plugin -fno-fat-lto-objects  -DPREVENT_OPTIMIZATION line 17 y == 25
FAIL: gcc.dg/guality/pr54519-5.c   -O2 -flto -fno-use-linker-plugin -flto-partition=none  -DPREVENT_OPTIMIZATION line 17 y == 25
FAIL: gcc.dg/guality/pr54519-5.c   -O2 -flto -fuse-linker-plugin -fno-fat-lto-objects  -DPREVENT_OPTIMIZATION line 17 y == 25
FAIL: gcc.dg/guality/pr54693-2.c   -O2 -flto -fuse-linker-plugin -fno-fat-lto-objects  -DPREVENT_OPTIMIZATION line 21 z == 30 - 3 * i
FAIL: gcc.dg/guality/pr54693-2.c   -Os  -DPREVENT_OPTIMIZATION  line 21 z == 30 - 3 * i
XPASS: gcc.dg/guality/pr54970.c   -O0  line 15 a[0] == 1
XPASS: gcc.dg/guality/pr54970.c   -O0  line 20 a[0] == 1
XPASS: gcc.dg/guality/pr54970.c   -O0  line 25 a[0] == 1
XPASS: gcc.dg/guality/pr54970.c   -O0  line 31 a[0] == 4
XPASS: gcc.dg/guality/pr54970.c   -O0  line 36 a[0] == 4
XPASS: gcc.dg/guality/pr54970.c   -O0  line 45 a[0] == 4
XPASS: gcc.dg/guality/pr54970.c   -O0  line 45 p[-2] == 4
XPASS: gcc.dg/guality/pr54970.c   -O0  line 45 q[-1] == 4
FAIL: gcc.dg/guality/pr54970.c  -Og -DPREVENT_OPTIMIZATION  line 15 *p == 3
FAIL: gcc.dg/guality/pr54970.c  -Og -DPREVENT_OPTIMIZATION  line 15 *q == 2
FAIL: gcc.dg/guality/pr54970.c  -Og -DPREVENT_OPTIMIZATION  line 15 a[1] == 2
FAIL: gcc.dg/guality/pr54970.c  -Og -DPREVENT_OPTIMIZATION  line 15 a[2] == 3
FAIL: gcc.dg/guality/pr54970.c  -Og -DPREVENT_OPTIMIZATION  line 20 *p == 13
FAIL: gcc.dg/guality/pr54970.c  -Og -DPREVENT_OPTIMIZATION  line 20 *q == 2
FAIL: gcc.dg/guality/pr54970.c  -Og -DPREVENT_OPTIMIZATION  line 20 a[1] == 2
FAIL: gcc.dg/guality/pr54970.c  -Og -DPREVENT_OPTIMIZATION  line 20 a[2] == 13
FAIL: gcc.dg/guality/pr54970.c  -Og -DPREVENT_OPTIMIZATION  line 25 *p == 13
FAIL: gcc.dg/guality/pr54970.c  -Og -DPREVENT_OPTIMIZATION  line 25 *q == 12
FAIL: gcc.dg/guality/pr54970.c  -Og -DPREVENT_OPTIMIZATION  line 25 a[1] == 12
FAIL: gcc.dg/guality/pr54970.c  -Og -DPREVENT_OPTIMIZATION  line 25 a[2] == 13
FAIL: gcc.dg/guality/pr54970.c  -Og -DPREVENT_OPTIMIZATION  line 31 *p == 6
FAIL: gcc.dg/guality/pr54970.c  -Og -DPREVENT_OPTIMIZATION  line 31 *q == 5
FAIL: gcc.dg/guality/pr54970.c  -Og -DPREVENT_OPTIMIZATION  line 31 a[1] == 5
FAIL: gcc.dg/guality/pr54970.c  -Og -DPREVENT_OPTIMIZATION  line 31 a[2] == 6
FAIL: gcc.dg/guality/pr54970.c  -Og -DPREVENT_OPTIMIZATION  line 36 *p == 26
FAIL: gcc.dg/guality/pr54970.c  -Og -DPREVENT_OPTIMIZATION  line 36 *q == 5
FAIL: gcc.dg/guality/pr54970.c  -Og -DPREVENT_OPTIMIZATION  line 36 a[1] == 5
FAIL: gcc.dg/guality/pr54970.c  -Og -DPREVENT_OPTIMIZATION  line 36 a[2] == 26
FAIL: gcc.dg/guality/pr54970.c  -Og -DPREVENT_OPTIMIZATION  line 45 *p == 26
FAIL: gcc.dg/guality/pr54970.c  -Og -DPREVENT_OPTIMIZATION  line 45 *q == 25
FAIL: gcc.dg/guality/pr54970.c  -Og -DPREVENT_OPTIMIZATION  line 45 a[1] == 25
FAIL: gcc.dg/guality/pr54970.c  -Og -DPREVENT_OPTIMIZATION  line 45 a[2] == 26
FAIL: gcc.dg/guality/pr54970.c  -Og -DPREVENT_OPTIMIZATION  line 45 p[-1] == 25
FAIL: gcc.dg/guality/pr54970.c  -Og -DPREVENT_OPTIMIZATION  line 45 q[1] == 26
FAIL: gcc.dg/guality/pr56154-1.c  -Og -DPREVENT_OPTIMIZATION  line pr56154-1.c:20 x.a == 6
FAIL: gcc.dg/guality/pr59776.c  -Og -DPREVENT_OPTIMIZATION  line pr59776.c:17 s1.f == 5.0
FAIL: gcc.dg/guality/pr59776.c  -Og -DPREVENT_OPTIMIZATION  line pr59776.c:17 s1.g == 6.0
FAIL: gcc.dg/guality/pr59776.c  -Og -DPREVENT_OPTIMIZATION  line pr59776.c:17 s2.f == 0.0
FAIL: gcc.dg/guality/pr59776.c  -Og -DPREVENT_OPTIMIZATION  line pr59776.c:17 s2.g == 6.0
FAIL: gcc.dg/guality/pr59776.c  -Og -DPREVENT_OPTIMIZATION  line pr59776.c:20 s1.f == 5.0
FAIL: gcc.dg/guality/pr59776.c  -Og -DPREVENT_OPTIMIZATION  line pr59776.c:20 s1.g == 6.0
FAIL: gcc.dg/guality/pr59776.c  -Og -DPREVENT_OPTIMIZATION  line pr59776.c:20 s2.f == 5.0
FAIL: gcc.dg/guality/pr59776.c  -Og -DPREVENT_OPTIMIZATION  line pr59776.c:20 s2.g == 6.0
FAIL: gcc.dg/guality/pr68860-1.c   -O2  -DPREVENT_OPTIMIZATION  line 14 y == 2
FAIL: gcc.dg/guality/pr68860-1.c   -O2 -flto -fno-use-linker-plugin -flto-partition=none  -DPREVENT_OPTIMIZATION line 14 arg1 == 1
FAIL: gcc.dg/guality/pr68860-1.c   -O2 -flto -fno-use-linker-plugin -flto-partition=none  -DPREVENT_OPTIMIZATION line 14 arg2 == 2
FAIL: gcc.dg/guality/pr68860-1.c   -O2 -flto -fno-use-linker-plugin -flto-partition=none  -DPREVENT_OPTIMIZATION line 14 arg3 == 3
FAIL: gcc.dg/guality/pr68860-1.c   -O2 -flto -fno-use-linker-plugin -flto-partition=none  -DPREVENT_OPTIMIZATION line 14 arg4 == 4
FAIL: gcc.dg/guality/pr68860-1.c   -O2 -flto -fno-use-linker-plugin -flto-partition=none  -DPREVENT_OPTIMIZATION line 14 arg5 == 5
FAIL: gcc.dg/guality/pr68860-1.c   -O2 -flto -fno-use-linker-plugin -flto-partition=none  -DPREVENT_OPTIMIZATION line 14 arg6 == 6
FAIL: gcc.dg/guality/pr68860-1.c   -O2 -flto -fno-use-linker-plugin -flto-partition=none  -DPREVENT_OPTIMIZATION line 16 arg1 == 1
FAIL: gcc.dg/guality/pr68860-1.c   -O2 -flto -fno-use-linker-plugin -flto-partition=none  -DPREVENT_OPTIMIZATION line 16 arg2 == 2
FAIL: gcc.dg/guality/pr68860-1.c   -O2 -flto -fno-use-linker-plugin -flto-partition=none  -DPREVENT_OPTIMIZATION line 16 arg3 == 3
FAIL: gcc.dg/guality/pr68860-1.c   -O2 -flto -fno-use-linker-plugin -flto-partition=none  -DPREVENT_OPTIMIZATION line 16 arg4 == 4
FAIL: gcc.dg/guality/pr68860-1.c   -O2 -flto -fno-use-linker-plugin -flto-partition=none  -DPREVENT_OPTIMIZATION line 16 arg5 == 5
FAIL: gcc.dg/guality/pr68860-1.c   -O2 -flto -fno-use-linker-plugin -flto-partition=none  -DPREVENT_OPTIMIZATION line 16 arg6 == 6
FAIL: gcc.dg/guality/pr68860-1.c   -O2 -flto -fuse-linker-plugin -fno-fat-lto-objects  -DPREVENT_OPTIMIZATION line 14 arg1 == 1
FAIL: gcc.dg/guality/pr68860-1.c   -O2 -flto -fuse-linker-plugin -fno-fat-lto-objects  -DPREVENT_OPTIMIZATION line 14 arg2 == 2
FAIL: gcc.dg/guality/pr68860-1.c   -O2 -flto -fuse-linker-plugin -fno-fat-lto-objects  -DPREVENT_OPTIMIZATION line 14 arg3 == 3
FAIL: gcc.dg/guality/pr68860-1.c   -O2 -flto -fuse-linker-plugin -fno-fat-lto-objects  -DPREVENT_OPTIMIZATION line 14 arg4 == 4
FAIL: gcc.dg/guality/pr68860-1.c   -O2 -flto -fuse-linker-plugin -fno-fat-lto-objects  -DPREVENT_OPTIMIZATION line 14 arg5 == 5
FAIL: gcc.dg/guality/pr68860-1.c   -O2 -flto -fuse-linker-plugin -fno-fat-lto-objects  -DPREVENT_OPTIMIZATION line 14 arg6 == 6
FAIL: gcc.dg/guality/pr68860-1.c   -O2 -flto -fuse-linker-plugin -fno-fat-lto-objects  -DPREVENT_OPTIMIZATION line 16 arg1 == 1
FAIL: gcc.dg/guality/pr68860-1.c   -O2 -flto -fuse-linker-plugin -fno-fat-lto-objects  -DPREVENT_OPTIMIZATION line 16 arg2 == 2
FAIL: gcc.dg/guality/pr68860-1.c   -O2 -flto -fuse-linker-plugin -fno-fat-lto-objects  -DPREVENT_OPTIMIZATION line 16 arg3 == 3
FAIL: gcc.dg/guality/pr68860-1.c   -O2 -flto -fuse-linker-plugin -fno-fat-lto-objects  -DPREVENT_OPTIMIZATION line 16 arg4 == 4
FAIL: gcc.dg/guality/pr68860-1.c   -O2 -flto -fuse-linker-plugin -fno-fat-lto-objects  -DPREVENT_OPTIMIZATION line 16 arg5 == 5
FAIL: gcc.dg/guality/pr68860-1.c   -O2 -flto -fuse-linker-plugin -fno-fat-lto-objects  -DPREVENT_OPTIMIZATION line 16 arg6 == 6
FAIL: gcc.dg/guality/pr68860-1.c   -O3 -g  -DPREVENT_OPTIMIZATION  line 14 y == 2
FAIL: gcc.dg/guality/pr90074.c   -O2 -flto -fuse-linker-plugin -fno-fat-lto-objects  -DPREVENT_OPTIMIZATION line 28 c + 1 == 2
FAIL: gcc.dg/guality/pr90074.c   -O2 -flto -fuse-linker-plugin -fno-fat-lto-objects  -DPREVENT_OPTIMIZATION line 28 i + 1 == 8
FAIL: gcc.dg/guality/sra-1.c  -Og -DPREVENT_OPTIMIZATION  line 21 a.j == 14
FAIL: gcc.dg/guality/sra-1.c  -Og -DPREVENT_OPTIMIZATION  line 32 a[1] == 14
FAIL: gcc.dg/guality/sra-1.c  -Og -DPREVENT_OPTIMIZATION  line 43 a.i == 4
FAIL: gcc.dg/guality/sra-1.c  -Og -DPREVENT_OPTIMIZATION  line 43 a.j == 14
FAIL: gcc.dg/guality/vla-1.c   -O1  -DPREVENT_OPTIMIZATION  line 17 sizeof (a) == 6
FAIL: gcc.dg/guality/vla-1.c   -O2  -DPREVENT_OPTIMIZATION  line 17 sizeof (a) == 6
FAIL: gcc.dg/guality/vla-1.c   -O2 -flto -fno-use-linker-plugin -flto-partition=none  -DPREVENT_OPTIMIZATION line 17 sizeof (a) == 6
FAIL: gcc.dg/guality/vla-1.c   -O2 -flto -fuse-linker-plugin -fno-fat-lto-objects  -DPREVENT_OPTIMIZATION line 17 sizeof (a) == 6
FAIL: gcc.dg/guality/vla-1.c   -O3 -g  -DPREVENT_OPTIMIZATION  line 17 sizeof (a) == 6
FAIL: gcc.dg/guality/vla-1.c   -Os  -DPREVENT_OPTIMIZATION  line 17 sizeof (a) == 6
FAIL: gcc.dg/tree-ssa/sra-17.c scan-tree-dump-times esra "Removing load: a = \\\\*.?L.?C.?.?.?0;" 1
FAIL: gcc.dg/tree-ssa/sra-17.c scan-tree-dump-times esra "SR\\\\.[0-9_]+ = \\\\*.?L.?C.?.?.?0\\\\[" 4
FAIL: gcc.dg/tree-ssa/sra-18.c scan-tree-dump-times esra "Removing load: a = \\\\*.?L.?C.?.?.?0;" 1
FAIL: gcc.dg/tree-ssa/sra-18.c scan-tree-dump-times esra "SR\\\\.[0-9_]+ = \\\\*.?L.?C.?.?.?0\\\\.b\\\\[0\\\\]\\\\.f\\\\[0\\\\]\\\\.x" 1
FAIL: gcc.dg/tree-ssa/sra-18.c scan-tree-dump-times esra "SR\\\\.[0-9_]+ = \\\\*.?L.?C.?.?.?0\\\\.b\\\\[0\\\\]\\\\.f\\\\[1\\\\]\\\\.x" 1
FAIL: gcc.dg/tree-ssa/sra-18.c scan-tree-dump-times esra "SR\\\\.[0-9_]+ = \\\\*.?L.?C.?.?.?0\\\\.b\\\\[1\\\\]\\\\.f\\\\[0\\\\]\\\\.x" 1
FAIL: gcc.dg/tree-ssa/sra-18.c scan-tree-dump-times esra "SR\\\\.[0-9_]+ = \\\\*.?L.?C.?.?.?0\\\\.b\\\\[1\\\\]\\\\.f\\\\[1\\\\]\\\\.x" 1
FAIL: gcc.dg/vect/slp-reduc-sad-2.c -flto -ffat-lto-objects  scan-tree-dump-not vect "access with gaps requires scalar epilogue loop"
FAIL: gcc.dg/vect/slp-reduc-sad-2.c scan-tree-dump-not vect "access with gaps requires scalar epilogue loop"
FAIL: gcc.dg/vect/vect-rounding-lceil.c -flto -ffat-lto-objects  scan-tree-dump-times vect "vectorized 1 loops" 1
FAIL: gcc.dg/vect/vect-rounding-lceil.c scan-tree-dump-times vect "vectorized 1 loops" 1
FAIL: gcc.dg/vect/vect-rounding-lfloor.c -flto -ffat-lto-objects  scan-tree-dump-times vect "vectorized 1 loops" 1
FAIL: gcc.dg/vect/vect-rounding-lfloor.c scan-tree-dump-times vect "vectorized 1 loops" 1
FAIL: compiler driver --help=params --help=optimizers option(s): "maximum number of" present in output
FAIL: gcc.target/aarch64/extend.c scan-assembler ldr\\tw[0-9]+,.*sxtw #?2]
FAIL: gcc.target/aarch64/extend.c scan-assembler ldr\\tw[0-9]+,.*sxtw]
FAIL: gcc.target/aarch64/extend.c scan-assembler ldr\\tw[0-9]+,.*uxtw #?2]
FAIL: gcc.target/aarch64/extend.c scan-assembler ldr\\tw[0-9]+,.*uxtw]
FAIL: gcc.target/aarch64/fix_trunc1.c scan-assembler fcvtzs\\\\td[0-9]+, d[0-9]+
FAIL: gcc.target/aarch64/fix_trunc1.c scan-assembler scvtf\\\\td[0-9]+, d[0-9]+
FAIL: gcc.target/aarch64/fmul_fcvt_1.c scan-assembler-times fcvtzs\\tx[0-9], s[0-9]*.*#2 1
FAIL: gcc.target/aarch64/fmul_fcvt_1.c scan-assembler-times fcvtzs\\tx[0-9], s[0-9]*.*#3 1
FAIL: gcc.target/aarch64/fmul_fcvt_1.c scan-assembler-times fcvtzs\\tx[0-9], s[0-9]*.*#4 1
FAIL: gcc.target/aarch64/fmul_fcvt_1.c scan-assembler-times fcvtzs\\tx[0-9], s[0-9]*.*#5 1
FAIL: gcc.target/aarch64/fmul_fcvt_1.c scan-assembler-times fcvtzu\\tx[0-9], s[0-9]*.*#2 1
FAIL: gcc.target/aarch64/fmul_fcvt_1.c scan-assembler-times fcvtzu\\tx[0-9], s[0-9]*.*#3 1
FAIL: gcc.target/aarch64/fmul_fcvt_1.c scan-assembler-times fcvtzu\\tx[0-9], s[0-9]*.*#4 1
FAIL: gcc.target/aarch64/fmul_fcvt_1.c scan-assembler-times fcvtzu\\tx[0-9], s[0-9]*.*#5 1
FAIL: gcc.target/aarch64/insv_1.c scan-assembler bfi\\tx[0-9]+, x[0-9]+, 0, 8
FAIL: gcc.target/aarch64/insv_1.c scan-assembler bfi\\tx[0-9]+, x[0-9]+, 16, 5
FAIL: gcc.target/aarch64/insv_1.c scan-assembler movk\\tx[0-9]+, 0x1d6b, lsl 32
XPASS: gcc.target/aarch64/ldp_vec_64_1.c scan-assembler ldp\\td[0-9]+, d[0-9]
FAIL: gcc.target/aarch64/lsl_asr_sbfiz.c scan-assembler sbfiz\\tw
FAIL: gcc.target/aarch64/pr62178.c scan-assembler ldr\\\\tq[0-9]+, \\\\[x[0-9]+\\\\], [0-9]+
FAIL: gcc.target/aarch64/pr66912.c scan-assembler :got(page_lo15)?:n_common
FAIL: gcc.target/aarch64/pr66912.c scan-assembler :got(page_lo15)?:n_init
FAIL: gcc.target/aarch64/pr66912.c scan-assembler :got(page_lo15)?:n_weak_common
FAIL: gcc.target/aarch64/pr66912.c scan-assembler :got(page_lo15)?:n_weak_init
FAIL: gcc.target/aarch64/prfm_imm_offset_1.c scan-assembler-times prfm.*\\\\[x[0-9]+, 8\\\\] 1
FAIL: gcc.target/aarch64/subsp.c scan-assembler sub\\tsp, sp, x[0-9]*, sxtw 4\\n
FAIL: gcc.target/aarch64/symbol-range.c (test for excess errors)
UNRESOLVED: gcc.target/aarch64/symbol-range.c scan-assembler-not adrp\\tx[0-9]+, fixed_regs\\\\+
FAIL: gcc.target/aarch64/target_attr_10.c  (test for errors, line )
FAIL: gcc.target/aarch64/target_attr_10.c (test for excess errors)

		=== gcc Summary for unix/-mabi=ilp32 ===

# of expected passes		132018
# of unexpected failures	615
# of unexpected successes	20
# of expected failures		600
# of unresolved testcases	3
# of unsupported tests		3861

Running target unix/-mabi=lp64
UNRESOLVED: gcc.dg/cdce1.c scan-assembler jmp pow
UNRESOLVED: gcc.dg/cdce2.c scan-assembler jmp log
FAIL: gcc.dg/gomp/pr89104.c (test for excess errors)
XPASS: gcc.dg/guality/example.c   -O0  execution test
XPASS: gcc.dg/guality/example.c   -O1  -DPREVENT_OPTIMIZATION  execution test
XPASS: gcc.dg/guality/example.c   -O2  -DPREVENT_OPTIMIZATION  execution test
XPASS: gcc.dg/guality/example.c   -O2 -flto -fno-use-linker-plugin -flto-partition=none  -DPREVENT_OPTIMIZATION execution test
XPASS: gcc.dg/guality/example.c   -Os  -DPREVENT_OPTIMIZATION  execution test
XPASS: gcc.dg/guality/example.c  -Og -DPREVENT_OPTIMIZATION  execution test
XPASS: gcc.dg/guality/guality.c   -O0  execution test
XPASS: gcc.dg/guality/guality.c   -O1  -DPREVENT_OPTIMIZATION  execution test
XPASS: gcc.dg/guality/guality.c   -O2  -DPREVENT_OPTIMIZATION  execution test
XPASS: gcc.dg/guality/guality.c   -O2 -flto -fno-use-linker-plugin -flto-partition=none  -DPREVENT_OPTIMIZATION execution test
XPASS: gcc.dg/guality/guality.c   -O2 -flto -fuse-linker-plugin -fno-fat-lto-objects  -DPREVENT_OPTIMIZATION execution test
XPASS: gcc.dg/guality/guality.c   -O3 -g  -DPREVENT_OPTIMIZATION  execution test
XPASS: gcc.dg/guality/guality.c   -Os  -DPREVENT_OPTIMIZATION  execution test
XPASS: gcc.dg/guality/guality.c  -Og -DPREVENT_OPTIMIZATION  execution test
XPASS: gcc.dg/guality/inline-params.c   -O2  -DPREVENT_OPTIMIZATION  execution test
XPASS: gcc.dg/guality/inline-params.c   -O2 -flto -fno-use-linker-plugin -flto-partition=none  -DPREVENT_OPTIMIZATION execution test
XPASS: gcc.dg/guality/inline-params.c   -O2 -flto -fuse-linker-plugin -fno-fat-lto-objects  -DPREVENT_OPTIMIZATION execution test
XPASS: gcc.dg/guality/inline-params.c   -O3 -g  -DPREVENT_OPTIMIZATION  execution test
XPASS: gcc.dg/guality/inline-params.c   -Os  -DPREVENT_OPTIMIZATION  execution test
FAIL: gcc.dg/guality/loop-1.c   -O3 -fomit-frame-pointer -funroll-loops -fpeel-loops -ftracer -finline-functions  -DPREVENT_OPTIMIZATION  line 20 i == 1
FAIL: gcc.dg/guality/pr36728-1.c   -O2 -flto -fuse-linker-plugin -fno-fat-lto-objects  -DPREVENT_OPTIMIZATION line 16 y == 2
FAIL: gcc.dg/guality/pr36728-2.c   -O2 -flto -fuse-linker-plugin -fno-fat-lto-objects  -DPREVENT_OPTIMIZATION line 16 arg1 == 1
FAIL: gcc.dg/guality/pr36728-2.c   -O2 -flto -fuse-linker-plugin -fno-fat-lto-objects  -DPREVENT_OPTIMIZATION line 16 arg2 == 2
FAIL: gcc.dg/guality/pr36728-2.c   -O2 -flto -fuse-linker-plugin -fno-fat-lto-objects  -DPREVENT_OPTIMIZATION line 16 arg3 == 3
FAIL: gcc.dg/guality/pr36728-2.c   -O2 -flto -fuse-linker-plugin -fno-fat-lto-objects  -DPREVENT_OPTIMIZATION line 16 arg4 == 4
FAIL: gcc.dg/guality/pr36728-2.c   -O2 -flto -fuse-linker-plugin -fno-fat-lto-objects  -DPREVENT_OPTIMIZATION line 16 arg5 == 5
FAIL: gcc.dg/guality/pr36728-2.c   -O2 -flto -fuse-linker-plugin -fno-fat-lto-objects  -DPREVENT_OPTIMIZATION line 16 arg6 == 6
FAIL: gcc.dg/guality/pr36728-2.c   -O2 -flto -fuse-linker-plugin -fno-fat-lto-objects  -DPREVENT_OPTIMIZATION line 16 arg7 == 30
FAIL: gcc.dg/guality/pr36728-2.c   -O2 -flto -fuse-linker-plugin -fno-fat-lto-objects  -DPREVENT_OPTIMIZATION line 16 y == 2
FAIL: gcc.dg/guality/pr36728-2.c   -O2 -flto -fuse-linker-plugin -fno-fat-lto-objects  -DPREVENT_OPTIMIZATION line 18 arg1 == 1
FAIL: gcc.dg/guality/pr36728-2.c   -O2 -flto -fuse-linker-plugin -fno-fat-lto-objects  -DPREVENT_OPTIMIZATION line 18 arg2 == 2
FAIL: gcc.dg/guality/pr36728-2.c   -O2 -flto -fuse-linker-plugin -fno-fat-lto-objects  -DPREVENT_OPTIMIZATION line 18 arg3 == 3
FAIL: gcc.dg/guality/pr36728-2.c   -O2 -flto -fuse-linker-plugin -fno-fat-lto-objects  -DPREVENT_OPTIMIZATION line 18 arg4 == 4
FAIL: gcc.dg/guality/pr36728-2.c   -O2 -flto -fuse-linker-plugin -fno-fat-lto-objects  -DPREVENT_OPTIMIZATION line 18 arg5 == 5
FAIL: gcc.dg/guality/pr36728-2.c   -O2 -flto -fuse-linker-plugin -fno-fat-lto-objects  -DPREVENT_OPTIMIZATION line 18 arg6 == 6
FAIL: gcc.dg/guality/pr36728-2.c   -O2 -flto -fuse-linker-plugin -fno-fat-lto-objects  -DPREVENT_OPTIMIZATION line 18 arg7 == 30
FAIL: gcc.dg/guality/pr36728-2.c   -O3 -g  -DPREVENT_OPTIMIZATION  line 16 arg1 == 1
FAIL: gcc.dg/guality/pr36728-2.c   -O3 -g  -DPREVENT_OPTIMIZATION  line 16 arg2 == 2
FAIL: gcc.dg/guality/pr36728-2.c   -O3 -g  -DPREVENT_OPTIMIZATION  line 16 arg3 == 3
FAIL: gcc.dg/guality/pr36728-2.c   -O3 -g  -DPREVENT_OPTIMIZATION  line 16 arg4 == 4
FAIL: gcc.dg/guality/pr36728-2.c   -O3 -g  -DPREVENT_OPTIMIZATION  line 16 arg5 == 5
FAIL: gcc.dg/guality/pr36728-2.c   -O3 -g  -DPREVENT_OPTIMIZATION  line 16 arg6 == 6
FAIL: gcc.dg/guality/pr36728-2.c   -O3 -g  -DPREVENT_OPTIMIZATION  line 16 arg7 == 30
FAIL: gcc.dg/guality/pr36728-2.c   -O3 -g  -DPREVENT_OPTIMIZATION  line 18 arg1 == 1
FAIL: gcc.dg/guality/pr36728-2.c   -O3 -g  -DPREVENT_OPTIMIZATION  line 18 arg2 == 2
FAIL: gcc.dg/guality/pr36728-2.c   -O3 -g  -DPREVENT_OPTIMIZATION  line 18 arg3 == 3
FAIL: gcc.dg/guality/pr36728-2.c   -O3 -g  -DPREVENT_OPTIMIZATION  line 18 arg4 == 4
FAIL: gcc.dg/guality/pr36728-2.c   -O3 -g  -DPREVENT_OPTIMIZATION  line 18 arg5 == 5
FAIL: gcc.dg/guality/pr36728-2.c   -O3 -g  -DPREVENT_OPTIMIZATION  line 18 arg6 == 6
FAIL: gcc.dg/guality/pr36728-2.c   -O3 -g  -DPREVENT_OPTIMIZATION  line 18 arg7 == 30
FAIL: gcc.dg/guality/pr36728-3.c   -O3 -g  -DPREVENT_OPTIMIZATION  line 14 y == 2
XPASS: gcc.dg/guality/pr41353-1.c   -O0  line 28 j == 28 + 37
FAIL: gcc.dg/guality/pr41447-1.c   -O2  -DPREVENT_OPTIMIZATION  execution test
FAIL: gcc.dg/guality/pr41447-1.c   -O2 -flto -fno-use-linker-plugin -flto-partition=none  -DPREVENT_OPTIMIZATION execution test
FAIL: gcc.dg/guality/pr41447-1.c   -O3 -g  -DPREVENT_OPTIMIZATION  execution test
FAIL: gcc.dg/guality/pr41447-1.c   -Os  -DPREVENT_OPTIMIZATION  execution test
FAIL: gcc.dg/guality/pr54200.c   -O1  -DPREVENT_OPTIMIZATION  line 20 z == 3
FAIL: gcc.dg/guality/pr54200.c   -O2  -DPREVENT_OPTIMIZATION  line 20 z == 3
FAIL: gcc.dg/guality/pr54200.c   -O2 -flto -fno-use-linker-plugin -flto-partition=none  -DPREVENT_OPTIMIZATION line 20 z == 3
FAIL: gcc.dg/guality/pr54200.c   -O3 -g  -DPREVENT_OPTIMIZATION  line 20 z == 3
FAIL: gcc.dg/guality/pr54200.c   -Os  -DPREVENT_OPTIMIZATION  line 20 z == 3
FAIL: gcc.dg/guality/pr54519-1.c   -O2 -flto -fno-use-linker-plugin -flto-partition=none  -DPREVENT_OPTIMIZATION line 20 y == 25
FAIL: gcc.dg/guality/pr54519-1.c   -O2 -flto -fno-use-linker-plugin -flto-partition=none  -DPREVENT_OPTIMIZATION line 20 z == 6
FAIL: gcc.dg/guality/pr54519-1.c   -O2 -flto -fno-use-linker-plugin -flto-partition=none  -DPREVENT_OPTIMIZATION line 23 y == 117
FAIL: gcc.dg/guality/pr54519-1.c   -O2 -flto -fno-use-linker-plugin -flto-partition=none  -DPREVENT_OPTIMIZATION line 23 z == 8
FAIL: gcc.dg/guality/pr54519-1.c   -O2 -flto -fuse-linker-plugin -fno-fat-lto-objects  -DPREVENT_OPTIMIZATION line 20 y == 25
FAIL: gcc.dg/guality/pr54519-1.c   -O2 -flto -fuse-linker-plugin -fno-fat-lto-objects  -DPREVENT_OPTIMIZATION line 20 z == 6
FAIL: gcc.dg/guality/pr54519-1.c   -O2 -flto -fuse-linker-plugin -fno-fat-lto-objects  -DPREVENT_OPTIMIZATION line 23 y == 117
FAIL: gcc.dg/guality/pr54519-1.c   -O2 -flto -fuse-linker-plugin -fno-fat-lto-objects  -DPREVENT_OPTIMIZATION line 23 z == 8
FAIL: gcc.dg/guality/pr54519-2.c   -O2 -flto -fno-use-linker-plugin -flto-partition=none  -DPREVENT_OPTIMIZATION line 17 y == 25
FAIL: gcc.dg/guality/pr54519-2.c   -O2 -flto -fuse-linker-plugin -fno-fat-lto-objects  -DPREVENT_OPTIMIZATION line 17 y == 25
FAIL: gcc.dg/guality/pr54519-3.c   -O2 -flto -fno-use-linker-plugin -flto-partition=none  -DPREVENT_OPTIMIZATION line 20 y == 25
FAIL: gcc.dg/guality/pr54519-3.c   -O2 -flto -fno-use-linker-plugin -flto-partition=none  -DPREVENT_OPTIMIZATION line 20 z == 6
FAIL: gcc.dg/guality/pr54519-3.c   -O2 -flto -fno-use-linker-plugin -flto-partition=none  -DPREVENT_OPTIMIZATION line 23 y == 117
FAIL: gcc.dg/guality/pr54519-3.c   -O2 -flto -fno-use-linker-plugin -flto-partition=none  -DPREVENT_OPTIMIZATION line 23 z == 8
FAIL: gcc.dg/guality/pr54519-3.c   -O2 -flto -fuse-linker-plugin -fno-fat-lto-objects  -DPREVENT_OPTIMIZATION line 20 y == 25
FAIL: gcc.dg/guality/pr54519-3.c   -O2 -flto -fuse-linker-plugin -fno-fat-lto-objects  -DPREVENT_OPTIMIZATION line 20 z == 6
FAIL: gcc.dg/guality/pr54519-3.c   -O2 -flto -fuse-linker-plugin -fno-fat-lto-objects  -DPREVENT_OPTIMIZATION line 23 y == 117
FAIL: gcc.dg/guality/pr54519-3.c   -O2 -flto -fuse-linker-plugin -fno-fat-lto-objects  -DPREVENT_OPTIMIZATION line 23 z == 8
FAIL: gcc.dg/guality/pr54519-4.c   -O2 -flto -fno-use-linker-plugin -flto-partition=none  -DPREVENT_OPTIMIZATION line 17 y == 25
FAIL: gcc.dg/guality/pr54519-4.c   -O2 -flto -fuse-linker-plugin -fno-fat-lto-objects  -DPREVENT_OPTIMIZATION line 17 y == 25
FAIL: gcc.dg/guality/pr54519-5.c   -O2 -flto -fno-use-linker-plugin -flto-partition=none  -DPREVENT_OPTIMIZATION line 17 y == 25
FAIL: gcc.dg/guality/pr54519-5.c   -O2 -flto -fuse-linker-plugin -fno-fat-lto-objects  -DPREVENT_OPTIMIZATION line 17 y == 25
FAIL: gcc.dg/guality/pr54693-2.c   -O2 -flto -fuse-linker-plugin -fno-fat-lto-objects  -DPREVENT_OPTIMIZATION line 21 z == 30 - 3 * i
FAIL: gcc.dg/guality/pr54693-2.c   -Os  -DPREVENT_OPTIMIZATION  line 21 z == 30 - 3 * i
FAIL: gcc.dg/guality/pr54693.c   -Os  -DPREVENT_OPTIMIZATION  line 22 i == c - 48
XPASS: gcc.dg/guality/pr54970.c   -O0  line 15 a[0] == 1
XPASS: gcc.dg/guality/pr54970.c   -O0  line 20 a[0] == 1
XPASS: gcc.dg/guality/pr54970.c   -O0  line 25 a[0] == 1
XPASS: gcc.dg/guality/pr54970.c   -O0  line 31 a[0] == 4
XPASS: gcc.dg/guality/pr54970.c   -O0  line 36 a[0] == 4
XPASS: gcc.dg/guality/pr54970.c   -O0  line 45 a[0] == 4
XPASS: gcc.dg/guality/pr54970.c   -O0  line 45 p[-2] == 4
XPASS: gcc.dg/guality/pr54970.c   -O0  line 45 q[-1] == 4
FAIL: gcc.dg/guality/pr54970.c  -Og -DPREVENT_OPTIMIZATION  line 15 *p == 3
FAIL: gcc.dg/guality/pr54970.c  -Og -DPREVENT_OPTIMIZATION  line 15 *q == 2
FAIL: gcc.dg/guality/pr54970.c  -Og -DPREVENT_OPTIMIZATION  line 15 a[1] == 2
FAIL: gcc.dg/guality/pr54970.c  -Og -DPREVENT_OPTIMIZATION  line 15 a[2] == 3
FAIL: gcc.dg/guality/pr54970.c  -Og -DPREVENT_OPTIMIZATION  line 20 *p == 13
FAIL: gcc.dg/guality/pr54970.c  -Og -DPREVENT_OPTIMIZATION  line 20 *q == 2
FAIL: gcc.dg/guality/pr54970.c  -Og -DPREVENT_OPTIMIZATION  line 20 a[1] == 2
FAIL: gcc.dg/guality/pr54970.c  -Og -DPREVENT_OPTIMIZATION  line 20 a[2] == 13
FAIL: gcc.dg/guality/pr54970.c  -Og -DPREVENT_OPTIMIZATION  line 25 *p == 13
FAIL: gcc.dg/guality/pr54970.c  -Og -DPREVENT_OPTIMIZATION  line 25 *q == 12
FAIL: gcc.dg/guality/pr54970.c  -Og -DPREVENT_OPTIMIZATION  line 25 a[1] == 12
FAIL: gcc.dg/guality/pr54970.c  -Og -DPREVENT_OPTIMIZATION  line 25 a[2] == 13
FAIL: gcc.dg/guality/pr54970.c  -Og -DPREVENT_OPTIMIZATION  line 31 *p == 6
FAIL: gcc.dg/guality/pr54970.c  -Og -DPREVENT_OPTIMIZATION  line 31 *q == 5
FAIL: gcc.dg/guality/pr54970.c  -Og -DPREVENT_OPTIMIZATION  line 31 a[1] == 5
FAIL: gcc.dg/guality/pr54970.c  -Og -DPREVENT_OPTIMIZATION  line 31 a[2] == 6
FAIL: gcc.dg/guality/pr54970.c  -Og -DPREVENT_OPTIMIZATION  line 36 *p == 26
FAIL: gcc.dg/guality/pr54970.c  -Og -DPREVENT_OPTIMIZATION  line 36 *q == 5
FAIL: gcc.dg/guality/pr54970.c  -Og -DPREVENT_OPTIMIZATION  line 36 a[1] == 5
FAIL: gcc.dg/guality/pr54970.c  -Og -DPREVENT_OPTIMIZATION  line 36 a[2] == 26
FAIL: gcc.dg/guality/pr54970.c  -Og -DPREVENT_OPTIMIZATION  line 45 *p == 26
FAIL: gcc.dg/guality/pr54970.c  -Og -DPREVENT_OPTIMIZATION  line 45 *q == 25
FAIL: gcc.dg/guality/pr54970.c  -Og -DPREVENT_OPTIMIZATION  line 45 a[1] == 25
FAIL: gcc.dg/guality/pr54970.c  -Og -DPREVENT_OPTIMIZATION  line 45 a[2] == 26
FAIL: gcc.dg/guality/pr54970.c  -Og -DPREVENT_OPTIMIZATION  line 45 p[-1] == 25
FAIL: gcc.dg/guality/pr54970.c  -Og -DPREVENT_OPTIMIZATION  line 45 q[1] == 26
FAIL: gcc.dg/guality/pr56154-1.c  -Og -DPREVENT_OPTIMIZATION  line pr56154-1.c:20 x.a == 6
FAIL: gcc.dg/guality/pr59776.c  -Og -DPREVENT_OPTIMIZATION  line pr59776.c:17 s1.f == 5.0
FAIL: gcc.dg/guality/pr59776.c  -Og -DPREVENT_OPTIMIZATION  line pr59776.c:17 s1.g == 6.0
FAIL: gcc.dg/guality/pr59776.c  -Og -DPREVENT_OPTIMIZATION  line pr59776.c:17 s2.f == 0.0
FAIL: gcc.dg/guality/pr59776.c  -Og -DPREVENT_OPTIMIZATION  line pr59776.c:17 s2.g == 6.0
FAIL: gcc.dg/guality/pr59776.c  -Og -DPREVENT_OPTIMIZATION  line pr59776.c:20 s1.f == 5.0
FAIL: gcc.dg/guality/pr59776.c  -Og -DPREVENT_OPTIMIZATION  line pr59776.c:20 s1.g == 6.0
FAIL: gcc.dg/guality/pr59776.c  -Og -DPREVENT_OPTIMIZATION  line pr59776.c:20 s2.f == 5.0
FAIL: gcc.dg/guality/pr59776.c  -Og -DPREVENT_OPTIMIZATION  line pr59776.c:20 s2.g == 6.0
FAIL: gcc.dg/guality/pr68860-1.c   -O2  -DPREVENT_OPTIMIZATION  line 14 y == 2
FAIL: gcc.dg/guality/pr68860-1.c   -O2 -flto -fno-use-linker-plugin -flto-partition=none  -DPREVENT_OPTIMIZATION line 14 arg1 == 1
FAIL: gcc.dg/guality/pr68860-1.c   -O2 -flto -fno-use-linker-plugin -flto-partition=none  -DPREVENT_OPTIMIZATION line 14 arg2 == 2
FAIL: gcc.dg/guality/pr68860-1.c   -O2 -flto -fno-use-linker-plugin -flto-partition=none  -DPREVENT_OPTIMIZATION line 14 arg3 == 3
FAIL: gcc.dg/guality/pr68860-1.c   -O2 -flto -fno-use-linker-plugin -flto-partition=none  -DPREVENT_OPTIMIZATION line 14 arg4 == 4
FAIL: gcc.dg/guality/pr68860-1.c   -O2 -flto -fno-use-linker-plugin -flto-partition=none  -DPREVENT_OPTIMIZATION line 14 arg5 == 5
FAIL: gcc.dg/guality/pr68860-1.c   -O2 -flto -fno-use-linker-plugin -flto-partition=none  -DPREVENT_OPTIMIZATION line 14 arg6 == 6
FAIL: gcc.dg/guality/pr68860-1.c   -O2 -flto -fno-use-linker-plugin -flto-partition=none  -DPREVENT_OPTIMIZATION line 16 arg1 == 1
FAIL: gcc.dg/guality/pr68860-1.c   -O2 -flto -fno-use-linker-plugin -flto-partition=none  -DPREVENT_OPTIMIZATION line 16 arg2 == 2
FAIL: gcc.dg/guality/pr68860-1.c   -O2 -flto -fno-use-linker-plugin -flto-partition=none  -DPREVENT_OPTIMIZATION line 16 arg3 == 3
FAIL: gcc.dg/guality/pr68860-1.c   -O2 -flto -fno-use-linker-plugin -flto-partition=none  -DPREVENT_OPTIMIZATION line 16 arg4 == 4
FAIL: gcc.dg/guality/pr68860-1.c   -O2 -flto -fno-use-linker-plugin -flto-partition=none  -DPREVENT_OPTIMIZATION line 16 arg5 == 5
FAIL: gcc.dg/guality/pr68860-1.c   -O2 -flto -fno-use-linker-plugin -flto-partition=none  -DPREVENT_OPTIMIZATION line 16 arg6 == 6
FAIL: gcc.dg/guality/pr68860-1.c   -O2 -flto -fuse-linker-plugin -fno-fat-lto-objects  -DPREVENT_OPTIMIZATION line 14 arg1 == 1
FAIL: gcc.dg/guality/pr68860-1.c   -O2 -flto -fuse-linker-plugin -fno-fat-lto-objects  -DPREVENT_OPTIMIZATION line 14 arg2 == 2
FAIL: gcc.dg/guality/pr68860-1.c   -O2 -flto -fuse-linker-plugin -fno-fat-lto-objects  -DPREVENT_OPTIMIZATION line 14 arg3 == 3
FAIL: gcc.dg/guality/pr68860-1.c   -O2 -flto -fuse-linker-plugin -fno-fat-lto-objects  -DPREVENT_OPTIMIZATION line 14 arg4 == 4
FAIL: gcc.dg/guality/pr68860-1.c   -O2 -flto -fuse-linker-plugin -fno-fat-lto-objects  -DPREVENT_OPTIMIZATION line 14 arg5 == 5
FAIL: gcc.dg/guality/pr68860-1.c   -O2 -flto -fuse-linker-plugin -fno-fat-lto-objects  -DPREVENT_OPTIMIZATION line 14 arg6 == 6
FAIL: gcc.dg/guality/pr68860-1.c   -O2 -flto -fuse-linker-plugin -fno-fat-lto-objects  -DPREVENT_OPTIMIZATION line 16 arg1 == 1
FAIL: gcc.dg/guality/pr68860-1.c   -O2 -flto -fuse-linker-plugin -fno-fat-lto-objects  -DPREVENT_OPTIMIZATION line 16 arg2 == 2
FAIL: gcc.dg/guality/pr68860-1.c   -O2 -flto -fuse-linker-plugin -fno-fat-lto-objects  -DPREVENT_OPTIMIZATION line 16 arg3 == 3
FAIL: gcc.dg/guality/pr68860-1.c   -O2 -flto -fuse-linker-plugin -fno-fat-lto-objects  -DPREVENT_OPTIMIZATION line 16 arg4 == 4
FAIL: gcc.dg/guality/pr68860-1.c   -O2 -flto -fuse-linker-plugin -fno-fat-lto-objects  -DPREVENT_OPTIMIZATION line 16 arg5 == 5
FAIL: gcc.dg/guality/pr68860-1.c   -O2 -flto -fuse-linker-plugin -fno-fat-lto-objects  -DPREVENT_OPTIMIZATION line 16 arg6 == 6
FAIL: gcc.dg/guality/pr68860-1.c   -O3 -g  -DPREVENT_OPTIMIZATION  line 14 y == 2
FAIL: gcc.dg/guality/pr68860-2.c   -O3 -g  -DPREVENT_OPTIMIZATION  line 14 y == 2
FAIL: gcc.dg/guality/pr90074.c   -O2 -flto -fuse-linker-plugin -fno-fat-lto-objects  -DPREVENT_OPTIMIZATION line 28 c + 1 == 2
FAIL: gcc.dg/guality/pr90074.c   -O2 -flto -fuse-linker-plugin -fno-fat-lto-objects  -DPREVENT_OPTIMIZATION line 28 i + 1 == 8
FAIL: gcc.dg/guality/sra-1.c  -Og -DPREVENT_OPTIMIZATION  line 21 a.j == 14
FAIL: gcc.dg/guality/sra-1.c  -Og -DPREVENT_OPTIMIZATION  line 32 a[1] == 14
FAIL: gcc.dg/guality/sra-1.c  -Og -DPREVENT_OPTIMIZATION  line 43 a.i == 4
FAIL: gcc.dg/guality/sra-1.c  -Og -DPREVENT_OPTIMIZATION  line 43 a.j == 14
FAIL: gcc.dg/guality/vla-1.c   -O1  -DPREVENT_OPTIMIZATION  line 17 sizeof (a) == 6
FAIL: gcc.dg/guality/vla-1.c   -O2  -DPREVENT_OPTIMIZATION  line 17 sizeof (a) == 6
FAIL: gcc.dg/guality/vla-1.c   -O2 -flto -fno-use-linker-plugin -flto-partition=none  -DPREVENT_OPTIMIZATION line 17 sizeof (a) == 6
FAIL: gcc.dg/guality/vla-1.c   -O2 -flto -fuse-linker-plugin -fno-fat-lto-objects  -DPREVENT_OPTIMIZATION line 17 sizeof (a) == 6
FAIL: gcc.dg/guality/vla-1.c   -O3 -g  -DPREVENT_OPTIMIZATION  line 17 sizeof (a) == 6
FAIL: gcc.dg/guality/vla-1.c   -Os  -DPREVENT_OPTIMIZATION  line 17 sizeof (a) == 6
FAIL: gcc.dg/vect/slp-reduc-sad-2.c -flto -ffat-lto-objects  scan-tree-dump-not vect "access with gaps requires scalar epilogue loop"
FAIL: gcc.dg/vect/slp-reduc-sad-2.c scan-tree-dump-not vect "access with gaps requires scalar epilogue loop"
FAIL: compiler driver --help=params --help=optimizers option(s): "maximum number of" present in output
FAIL: gcc.target/aarch64/insv_1.c scan-assembler bfi\\tx[0-9]+, x[0-9]+, 0, 8
FAIL: gcc.target/aarch64/insv_1.c scan-assembler bfi\\tx[0-9]+, x[0-9]+, 16, 5
FAIL: gcc.target/aarch64/insv_1.c scan-assembler movk\\tx[0-9]+, 0x1d6b, lsl 32
FAIL: gcc.target/aarch64/lsl_asr_sbfiz.c scan-assembler sbfiz\\tw
FAIL: gcc.target/aarch64/target_attr_10.c  (test for errors, line )
FAIL: gcc.target/aarch64/target_attr_10.c (test for excess errors)
FAIL: gcc.target/aarch64/sve/tls_preserve_1.c -march=armv8.2-a+sve  scan-assembler-not \\\\tst[rp]\\\\t[dqv]

		=== gcc Summary for unix/-mabi=lp64 ===

# of expected passes		136956
# of unexpected failures	151
# of unexpected successes	28
# of expected failures		681
# of unresolved testcases	2
# of unsupported tests		3727

		=== gcc Summary ===

# of expected passes		268974
# of unexpected failures	766
# of unexpected successes	48
# of expected failures		1281
# of unresolved testcases	5
# of unsupported tests		7588
/opt/gcc/gcc-20190520/Build/gcc/xgcc  version 10.0.0 20190520 (experimental) [trunk revision 271394] (GCC) 

		=== gdc tests ===


Running target unix/-mabi=ilp32
FAIL: gdc.dg/runnable.d   -O0  execution test
FAIL: gdc.dg/runnable.d   -O0 -g  execution test
FAIL: gdc.dg/runnable.d   -O1  execution test
FAIL: gdc.dg/runnable.d   -O1 -g  execution test
FAIL: gdc.dg/runnable.d   -O2  execution test
FAIL: gdc.dg/runnable.d   -O2 -g  execution test
FAIL: gdc.dg/runnable.d   -O3  execution test
FAIL: gdc.dg/runnable.d   -O3 -g  execution test
FAIL: gdc.dg/runnable.d   -Os  execution test
FAIL: gdc.dg/runnable.d   -Os -g  execution test
UNRESOLVED: gdc.test/runnable/cppa.d   compilation failed to produce executable
UNRESOLVED: gdc.test/runnable/cppa.d -g   compilation failed to produce executable
UNRESOLVED: gdc.test/runnable/cppa.d -g -shared-libphobos   compilation failed to produce executable
UNRESOLVED: gdc.test/runnable/cppa.d -shared-libphobos   compilation failed to produce executable

		=== gdc Summary for unix/-mabi=ilp32 ===

# of expected passes		29411
# of unexpected failures	10
# of unresolved testcases	4

Running target unix/-mabi=lp64

		=== gdc Summary for unix/-mabi=lp64 ===

# of expected passes		29425

		=== gdc Summary ===

# of expected passes		58836
# of unexpected failures	10
# of unresolved testcases	4
/opt/gcc/gcc-20190520/Build/gcc/gdc  version 10.0.0 20190520 (experimental) [trunk revision 271394] (GCC) 

		=== gfortran tests ===


Running target unix/-mabi=ilp32
FAIL: gfortran.dg/continuation_6.f   -O   (test for warnings, line 261)
FAIL: gfortran.dg/gomp/declare-simd-2.f90   -O   (test for warnings, line 15)
FAIL: gfortran.dg/gomp/declare-simd-2.f90   -O   (test for warnings, line 3)
FAIL: gfortran.dg/gomp/pr79154-1.f90   -O   (test for warnings, line 23)
FAIL: gfortran.dg/gomp/pr79154-1.f90   -O   (test for warnings, line 4)
FAIL: gfortran.dg/gomp/pr83977.f90   -O   (test for warnings, line 4)
FAIL: gfortran.dg/ieee/ieee_6.f90   -O0  execution test
FAIL: gfortran.dg/ieee/ieee_6.f90   -O1  execution test
FAIL: gfortran.dg/ieee/ieee_6.f90   -O2  execution test
FAIL: gfortran.dg/ieee/ieee_6.f90   -O3 -fomit-frame-pointer -funroll-loops -fpeel-loops -ftracer -finline-functions  execution test
FAIL: gfortran.dg/ieee/ieee_6.f90   -O3 -g  execution test
FAIL: gfortran.dg/ieee/ieee_6.f90   -Os  execution test
XPASS: gfortran.dg/ieee/ieee_8.f90   -O0  execution test
XPASS: gfortran.dg/ieee/ieee_8.f90   -O1  execution test
XPASS: gfortran.dg/ieee/ieee_8.f90   -O2  execution test
XPASS: gfortran.dg/ieee/ieee_8.f90   -O3 -fomit-frame-pointer -funroll-loops -fpeel-loops -ftracer -finline-functions  execution test
XPASS: gfortran.dg/ieee/ieee_8.f90   -O3 -g  execution test
XPASS: gfortran.dg/ieee/ieee_8.f90   -Os  execution test

		=== gfortran Summary for unix/-mabi=ilp32 ===

# of expected passes		49312
# of unexpected failures	12
# of unexpected successes	6
# of expected failures		188
# of unsupported tests		89

Running target unix/-mabi=lp64
FAIL: gfortran.dg/continuation_6.f   -O   (test for warnings, line 261)
FAIL: gfortran.dg/ieee/ieee_6.f90   -O0  execution test
FAIL: gfortran.dg/ieee/ieee_6.f90   -O1  execution test
FAIL: gfortran.dg/ieee/ieee_6.f90   -O2  execution test
FAIL: gfortran.dg/ieee/ieee_6.f90   -O3 -fomit-frame-pointer -funroll-loops -fpeel-loops -ftracer -finline-functions  execution test
FAIL: gfortran.dg/ieee/ieee_6.f90   -O3 -g  execution test
FAIL: gfortran.dg/ieee/ieee_6.f90   -Os  execution test
XPASS: gfortran.dg/ieee/ieee_8.f90   -O0  execution test
XPASS: gfortran.dg/ieee/ieee_8.f90   -O1  execution test
XPASS: gfortran.dg/ieee/ieee_8.f90   -O2  execution test
XPASS: gfortran.dg/ieee/ieee_8.f90   -O3 -fomit-frame-pointer -funroll-loops -fpeel-loops -ftracer -finline-functions  execution test
XPASS: gfortran.dg/ieee/ieee_8.f90   -O3 -g  execution test
XPASS: gfortran.dg/ieee/ieee_8.f90   -Os  execution test

		=== gfortran Summary for unix/-mabi=lp64 ===

# of expected passes		49317
# of unexpected failures	7
# of unexpected successes	6
# of expected failures		188
# of unsupported tests		89

		=== gfortran Summary ===

# of expected passes		98629
# of unexpected failures	19
# of unexpected successes	12
# of expected failures		376
# of unsupported tests		178
/opt/gcc/gcc-20190520/Build/gcc/gfortran  version 10.0.0 20190520 (experimental) [trunk revision 271394] (GCC) 

		=== gnat tests ===


Running target unix/-mabi=ilp32
FAIL: gnat.dg/abstract_with_anonymous_result.adb (test for excess errors)
FAIL: gnat.dg/abstract_with_anonymous_result.adb 3 blank line(s) in output
UNRESOLVED: gnat.dg/abstract_with_anonymous_result.adb compilation failed to produce executable
FAIL: gnat.dg/access1.adb (test for excess errors)
FAIL: gnat.dg/access1.adb 3 blank line(s) in output
FAIL: gnat.dg/access_discr.adb (test for excess errors)
FAIL: gnat.dg/access_discr.adb 3 blank line(s) in output
FAIL: gnat.dg/access_discr2.adb (test for excess errors)
FAIL: gnat.dg/access_discr2.adb 3 blank line(s) in output
UNRESOLVED: gnat.dg/access_discr2.adb compilation failed to produce executable
FAIL: gnat.dg/access_test.adb (test for excess errors)
FAIL: gnat.dg/access_test.adb 3 blank line(s) in output
UNRESOLVED: gnat.dg/access_test.adb compilation failed to produce executable
FAIL: gnat.dg/aggr2.adb (test for excess errors)
FAIL: gnat.dg/aggr2.adb 3 blank line(s) in output
FAIL: gnat.dg/aggr3.adb (test for excess errors)
FAIL: gnat.dg/aggr3.adb 3 blank line(s) in output
UNRESOLVED: gnat.dg/aggr3.adb compilation failed to produce executable
FAIL: gnat.dg/aggr7.adb (test for excess errors)
FAIL: gnat.dg/aggr7.adb 3 blank line(s) in output
FAIL: gnat.dg/array3.adb (test for excess errors)
FAIL: gnat.dg/array3.adb 3 blank line(s) in output
UNRESOLVED: gnat.dg/array3.adb compilation failed to produce executable
FAIL: gnat.dg/array30.adb (test for excess errors)
FAIL: gnat.dg/array30.adb 3 blank line(s) in output
UNRESOLVED: gnat.dg/array30.adb compilation failed to produce executable
FAIL: gnat.dg/atomic8.adb (test for excess errors)
FAIL: gnat.dg/atomic8.adb 3 blank line(s) in output
UNRESOLVED: gnat.dg/atomic8.adb compilation failed to produce executable
FAIL: gnat.dg/bip_aggregate_bug.adb (test for excess errors)
FAIL: gnat.dg/bip_aggregate_bug.adb 3 blank line(s) in output
UNRESOLVED: gnat.dg/bip_aggregate_bug.adb compilation failed to produce executable
FAIL: gnat.dg/check_displace_generation.adb (test for excess errors)
FAIL: gnat.dg/check_displace_generation.adb 3 blank line(s) in output
UNRESOLVED: gnat.dg/check_displace_generation.adb compilation failed to produce executable
FAIL: gnat.dg/class_wide1.adb (test for excess errors)
FAIL: gnat.dg/class_wide1.adb 3 blank line(s) in output
FAIL: gnat.dg/controlled6.adb (test for excess errors)
FAIL: gnat.dg/controlled6.adb 3 blank line(s) in output
FAIL: gnat.dg/controlled8.adb (test for excess errors)
FAIL: gnat.dg/controlled8.adb 3 blank line(s) in output
FAIL: gnat.dg/curr_task.adb (test for excess errors)
FAIL: gnat.dg/curr_task.adb 3 blank line(s) in output
UNRESOLVED: gnat.dg/curr_task.adb compilation failed to produce executable
FAIL: gnat.dg/debug15.adb (test for excess errors)
FAIL: gnat.dg/debug15.adb 3 blank line(s) in output
FAIL: gnat.dg/debug4.adb (test for excess errors)
FAIL: gnat.dg/debug4.adb 3 blank line(s) in output
FAIL: gnat.dg/default_variants.adb (test for excess errors)
FAIL: gnat.dg/default_variants.adb 3 blank line(s) in output
FAIL: gnat.dg/delta_aggr.adb (test for excess errors)
FAIL: gnat.dg/delta_aggr.adb 3 blank line(s) in output
FAIL: gnat.dg/derived_type1.adb (test for excess errors)
FAIL: gnat.dg/derived_type1.adb 3 blank line(s) in output
FAIL: gnat.dg/discr13.adb (test for excess errors)
FAIL: gnat.dg/discr13.adb 3 blank line(s) in output
FAIL: gnat.dg/discr17.adb (test for excess errors)
FAIL: gnat.dg/discr17.adb 3 blank line(s) in output
FAIL: gnat.dg/discr19.adb (test for excess errors)
FAIL: gnat.dg/discr19.adb 3 blank line(s) in output
FAIL: gnat.dg/discr30.adb (test for excess errors)
FAIL: gnat.dg/discr30.adb 3 blank line(s) in output
FAIL: gnat.dg/discr4.adb (test for excess errors)
FAIL: gnat.dg/discr4.adb 3 blank line(s) in output
UNRESOLVED: gnat.dg/discr4.adb compilation failed to produce executable
FAIL: gnat.dg/discr51.adb (test for excess errors)
FAIL: gnat.dg/discr51.adb 3 blank line(s) in output
FAIL: gnat.dg/discr_range_check.adb (test for excess errors)
FAIL: gnat.dg/discr_range_check.adb 3 blank line(s) in output
FAIL: gnat.dg/discr_test.adb (test for excess errors)
FAIL: gnat.dg/discr_test.adb 3 blank line(s) in output
FAIL: gnat.dg/entry_family.adb (test for excess errors)
FAIL: gnat.dg/entry_family.adb 3 blank line(s) in output
FAIL: gnat.dg/entry_queues.adb (test for excess errors)
FAIL: gnat.dg/entry_queues.adb 3 blank line(s) in output
UNRESOLVED: gnat.dg/entry_queues.adb compilation failed to produce executable
FAIL: gnat.dg/entry_queues2.adb (test for excess errors)
FAIL: gnat.dg/entry_queues2.adb 3 blank line(s) in output
FAIL: gnat.dg/entry_queues3.adb (test for excess errors)
FAIL: gnat.dg/entry_queues3.adb 3 blank line(s) in output
FAIL: gnat.dg/equal2.adb (test for excess errors)
FAIL: gnat.dg/equal2.adb 3 blank line(s) in output
UNRESOLVED: gnat.dg/equal2.adb compilation failed to produce executable
FAIL: gnat.dg/finalized.adb (test for excess errors)
FAIL: gnat.dg/finalized.adb 3 blank line(s) in output
FAIL: gnat.dg/formal_containers.adb (test for excess errors)
FAIL: gnat.dg/formal_containers.adb 3 blank line(s) in output
FAIL: gnat.dg/frame_overflow.adb  (test for errors, line 14)
FAIL: gnat.dg/frame_overflow.adb  (test for errors, line 5)
FAIL: gnat.dg/frame_overflow.adb (test for excess errors)
FAIL: gnat.dg/frame_overflow2.adb  (test for errors, line 5)
FAIL: gnat.dg/frame_overflow2.adb (test for excess errors)
FAIL: gnat.dg/generic_call_cw.adb (test for excess errors)
FAIL: gnat.dg/generic_call_cw.adb 3 blank line(s) in output
FAIL: gnat.dg/generic_call_iface.adb (test for excess errors)
FAIL: gnat.dg/generic_call_iface.adb 3 blank line(s) in output
FAIL: gnat.dg/inline10_pkg.adb (test for excess errors)
FAIL: gnat.dg/inline10_pkg.adb 3 blank line(s) in output
FAIL: gnat.dg/inline9_pkg.adb (test for excess errors)
FAIL: gnat.dg/inline9_pkg.adb 3 blank line(s) in output
FAIL: gnat.dg/inline_tagged.adb (test for excess errors)
FAIL: gnat.dg/inline_tagged.adb 3 blank line(s) in output
UNRESOLVED: gnat.dg/inline_tagged.adb compilation failed to produce executable
FAIL: gnat.dg/interface1.adb (test for excess errors)
FAIL: gnat.dg/interface1.adb 3 blank line(s) in output
UNRESOLVED: gnat.dg/interface1.adb compilation failed to produce executable
FAIL: gnat.dg/interface2.adb (test for excess errors)
FAIL: gnat.dg/interface2.adb 3 blank line(s) in output
UNRESOLVED: gnat.dg/interface2.adb compilation failed to produce executable
FAIL: gnat.dg/interface3.adb (test for excess errors)
FAIL: gnat.dg/interface3.adb 3 blank line(s) in output
UNRESOLVED: gnat.dg/interface3.adb compilation failed to produce executable
FAIL: gnat.dg/interface7.adb (test for excess errors)
FAIL: gnat.dg/interface7.adb 3 blank line(s) in output
FAIL: gnat.dg/interface_conv.adb (test for excess errors)
FAIL: gnat.dg/interface_conv.adb 3 blank line(s) in output
UNRESOLVED: gnat.dg/interface_conv.adb compilation failed to produce executable
FAIL: gnat.dg/iprot_test.adb (test for excess errors)
FAIL: gnat.dg/iprot_test.adb 3 blank line(s) in output
UNRESOLVED: gnat.dg/iprot_test.adb compilation failed to produce executable
FAIL: gnat.dg/late_overriding.adb (test for excess errors)
FAIL: gnat.dg/late_overriding.adb 3 blank line(s) in output
FAIL: gnat.dg/lhs_view_convert.adb (test for excess errors)
FAIL: gnat.dg/lhs_view_convert.adb 3 blank line(s) in output
UNRESOLVED: gnat.dg/lhs_view_convert.adb compilation failed to produce executable
FAIL: gnat.dg/lto21.adb (internal compiler error)
FAIL: gnat.dg/lto21.adb (test for excess errors)
UNRESOLVED: gnat.dg/lto21.adb compilation failed to produce executable
FAIL: gnat.dg/lto21_pkg2.adb (test for excess errors)
FAIL: gnat.dg/lto21_pkg2.adb 3 blank line(s) in output
FAIL: gnat.dg/lto8.adb (internal compiler error)
FAIL: gnat.dg/lto8.adb (test for excess errors)
UNRESOLVED: gnat.dg/lto8.adb compilation failed to produce executable
FAIL: gnat.dg/named_test.adb (test for excess errors)
FAIL: gnat.dg/named_test.adb 3 blank line(s) in output
UNRESOLVED: gnat.dg/named_test.adb compilation failed to produce executable
FAIL: gnat.dg/nested_controlled_alloc.adb (test for excess errors)
FAIL: gnat.dg/nested_controlled_alloc.adb 3 blank line(s) in output
UNRESOLVED: gnat.dg/nested_controlled_alloc.adb compilation failed to produce executable
FAIL: gnat.dg/nested_proc1.adb (test for excess errors)
FAIL: gnat.dg/nested_proc1.adb 3 blank line(s) in output
UNRESOLVED: gnat.dg/nested_proc1.adb compilation failed to produce executable
FAIL: gnat.dg/no_final.adb (test for excess errors)
FAIL: gnat.dg/no_final.adb 3 blank line(s) in output
UNRESOLVED: gnat.dg/no_final.adb compilation failed to produce executable
FAIL: gnat.dg/null_pointer_deref2.adb (test for excess errors)
FAIL: gnat.dg/null_pointer_deref2.adb 3 blank line(s) in output
UNRESOLVED: gnat.dg/null_pointer_deref2.adb compilation failed to produce executable
FAIL: gnat.dg/opt32.adb (test for excess errors)
FAIL: gnat.dg/opt32.adb 3 blank line(s) in output
FAIL: gnat.dg/opt33.adb (test for excess errors)
FAIL: gnat.dg/opt33.adb 3 blank line(s) in output
FAIL: gnat.dg/private_overriding.adb (test for excess errors)
FAIL: gnat.dg/private_overriding.adb 3 blank line(s) in output
FAIL: gnat.dg/prot1.adb (test for excess errors)
FAIL: gnat.dg/prot1.adb 3 blank line(s) in output
FAIL: gnat.dg/prot4.adb (test for excess errors)
FAIL: gnat.dg/prot4.adb 3 blank line(s) in output
FAIL: gnat.dg/raise_expr.adb (test for excess errors)
FAIL: gnat.dg/raise_expr.adb 3 blank line(s) in output
FAIL: gnat.dg/rep_clause7.adb (test for excess errors)
FAIL: gnat.dg/rep_clause7.adb 3 blank line(s) in output
FAIL: gnat.dg/requeue1.adb (test for excess errors)
FAIL: gnat.dg/requeue1.adb 3 blank line(s) in output
UNRESOLVED: gnat.dg/requeue1.adb compilation failed to produce executable
FAIL: gnat.dg/rt_signals.adb (test for excess errors)
FAIL: gnat.dg/rt_signals.adb 3 blank line(s) in output
UNRESOLVED: gnat.dg/rt_signals.adb compilation failed to produce executable
FAIL: gnat.dg/sso12.adb (test for excess errors)
FAIL: gnat.dg/sso12.adb 3 blank line(s) in output
FAIL: gnat.dg/sso13.adb (test for excess errors)
FAIL: gnat.dg/sso13.adb 3 blank line(s) in output
FAIL: gnat.dg/stack_check1.adb (test for excess errors)
FAIL: gnat.dg/stack_check1.adb 3 blank line(s) in output
UNRESOLVED: gnat.dg/stack_check1.adb compilation failed to produce executable
FAIL: gnat.dg/stack_check2.adb (test for excess errors)
FAIL: gnat.dg/stack_check2.adb 3 blank line(s) in output
UNRESOLVED: gnat.dg/stack_check2.adb compilation failed to produce executable
FAIL: gnat.dg/taft_type3.adb (test for excess errors)
FAIL: gnat.dg/taft_type3.adb 3 blank line(s) in output
FAIL: gnat.dg/tag1.adb (test for excess errors)
FAIL: gnat.dg/tag1.adb 3 blank line(s) in output
UNRESOLVED: gnat.dg/tag1.adb compilation failed to produce executable
FAIL: gnat.dg/tagged_alloc_free.adb (test for excess errors)
FAIL: gnat.dg/tagged_alloc_free.adb 3 blank line(s) in output
UNRESOLVED: gnat.dg/tagged_alloc_free.adb compilation failed to produce executable
FAIL: gnat.dg/tagged_prefix_call.adb (test for excess errors)
FAIL: gnat.dg/tagged_prefix_call.adb 3 blank line(s) in output
FAIL: gnat.dg/task_stack_align.adb (test for excess errors)
FAIL: gnat.dg/task_stack_align.adb 3 blank line(s) in output
UNRESOLVED: gnat.dg/task_stack_align.adb compilation failed to produce executable
FAIL: gnat.dg/test_iface_aggr.adb (test for excess errors)
FAIL: gnat.dg/test_iface_aggr.adb 3 blank line(s) in output
UNRESOLVED: gnat.dg/test_iface_aggr.adb compilation failed to produce executable
FAIL: gnat.dg/test_prio.adb (test for excess errors)
FAIL: gnat.dg/test_prio.adb 3 blank line(s) in output
UNRESOLVED: gnat.dg/test_prio.adb compilation failed to produce executable
FAIL: gnat.dg/timer_cancel.adb (test for excess errors)
FAIL: gnat.dg/timer_cancel.adb 3 blank line(s) in output
UNRESOLVED: gnat.dg/timer_cancel.adb compilation failed to produce executable
FAIL: gnat.dg/tls1.adb (test for excess errors)
FAIL: gnat.dg/tls1.adb 3 blank line(s) in output
UNRESOLVED: gnat.dg/tls1.adb compilation failed to produce executable
FAIL: gnat.dg/trampoline2.adb (test for excess errors)
FAIL: gnat.dg/trampoline2.adb 3 blank line(s) in output
UNRESOLVED: gnat.dg/trampoline2.adb compilation failed to produce executable
FAIL: gnat.dg/trampoline3.adb (test for excess errors)
FAIL: gnat.dg/trampoline3.adb 3 blank line(s) in output
FAIL: gnat.dg/unroll1.adb scan-rtl-dump-times loop2_unroll "Not unrolling loop, user didn't want it unrolled" 2
FAIL: gnat.dg/unroll1.adb scan-tree-dump-times cunrolli "Not unrolling loop .: user didn't want it unrolled completely" 2
FAIL: gnat.dg/unroll2.adb scan-tree-dump-times cunrolli "loop with 3 iterations completely unrolled" 2
FAIL: gnat.dg/unroll4.adb scan-rtl-dump-times loop2_unroll "optimized: loop unrolled 7 times" 2
FAIL: gnat.dg/warn14.adb (test for excess errors)
FAIL: gnat.dg/warn14.adb 3 blank line(s) in output
FAIL: gnat.dg/warn17.adb (test for excess errors)
FAIL: gnat.dg/warn17.adb 3 blank line(s) in output
FAIL: gnat.dg/specs/atomic1.ads  (test for errors, line 13)
FAIL: gnat.dg/specs/atomic1.ads  (test for errors, line 9)

		=== gnat Summary for unix/-mabi=ilp32 ===

# of expected passes		2809
# of unexpected failures	179
# of expected failures		23
# of unresolved testcases	39
# of unsupported tests		21

Running target unix/-mabi=lp64

		=== gnat Summary for unix/-mabi=lp64 ===

# of expected passes		2943
# of expected failures		23
# of unsupported tests		21

		=== gnat Summary ===

# of expected passes		5752
# of unexpected failures	179
# of expected failures		46
# of unresolved testcases	39
# of unsupported tests		42
/opt/gcc/gcc-20190520/Build/gcc/gnatmake version 10.0.0 20190520 (experimental) [trunk revision 271394]

		=== go tests ===


Running target unix/-mabi=ilp32
FAIL: ./index0-out.go execution,  -O0 -g -fno-var-tracking-assignments 
FAIL: go.test/test/ken/cplx2.go execution,  -O2 -g 

		=== go Summary for unix/-mabi=ilp32 ===

# of expected passes		7470
# of unexpected failures	2
# of expected failures		1
# of untested testcases		10
# of unsupported tests		3

Running target unix/-mabi=lp64
FAIL: go.test/test/ken/cplx2.go execution,  -O2 -g 

		=== go Summary for unix/-mabi=lp64 ===

# of expected passes		7351
# of unexpected failures	1
# of expected failures		1
# of untested testcases		10
# of unsupported tests		3

		=== go Summary ===

# of expected passes		14821
# of unexpected failures	3
# of expected failures		2
# of untested testcases		20
# of unsupported tests		6
/opt/gcc/gcc-20190520/Build/gcc/gccgo  version 10.0.0 20190520 (experimental) [trunk revision 271394] (GCC) 

		=== obj-c++ tests ===


Running target unix/-mabi=lp64

		=== obj-c++ Summary for unix/-mabi=lp64 ===

# of expected passes		1442
# of expected failures		10
# of unsupported tests		77

Running target unix/-mabi=ilp32

		=== obj-c++ Summary for unix/-mabi=ilp32 ===

# of expected passes		1450
# of expected failures		2
# of unsupported tests		77

		=== obj-c++ Summary ===

# of expected passes		2892
# of expected failures		12
# of unsupported tests		154
/opt/gcc/gcc-20190520/Build/gcc/xg++  version 10.0.0 20190520 (experimental) [trunk revision 271394] (GCC) 

		=== objc tests ===


Running target unix/-mabi=ilp32

		=== objc Summary for unix/-mabi=ilp32 ===

# of expected passes		2780
# of unsupported tests		69

Running target unix/-mabi=lp64

		=== objc Summary for unix/-mabi=lp64 ===

# of expected passes		2780
# of unsupported tests		69

		=== objc Summary ===

# of expected passes		5560
# of unsupported tests		138
/opt/gcc/gcc-20190520/Build/gcc/xgcc  version 10.0.0 20190520 (experimental) [trunk revision 271394] (GCC) 

		=== gotools tests ===

FAIL: TestScript
FAIL: go test cmd/go

		=== gotools Summary ===
# of expected passes		413
# of unexpected failures	2
# of untested testcases		190
/opt/gcc/gcc-20190520/Build/./gcc/gccgo version 10.0.0 20190520 (experimental) [trunk revision 271394] (GCC)

Compiler version: 10.0.0 20190520 (experimental) [trunk revision 271394] (GCC) 
Platform: aarch64-suse-linux-gnu
configure flags: --prefix=/usr --build=aarch64-suse-linux --enable-shared --with-system-zlib CFLAGS='-O2 -g' CXXFLAGS='-O2 -g' --with-multilib-list=lp64,ilp32


Index Nav: [Date Index] [Subject Index] [Author Index] [Thread Index]
Message Nav: [Date Prev] [Date Next] [Thread Prev] [Thread Next]