This is the mail archive of the gcc-testresults@gcc.gnu.org mailing list for the GCC project.


Index Nav: [Date Index] [Subject Index] [Author Index] [Thread Index]
Message Nav: [Date Prev] [Date Next] [Thread Prev] [Thread Next]
Other format: [Raw text]

Results for 10.0.0 20190519 (experimental) (GCC) testsuite on i586-unknown-freebsd11.2


Native configuration is i586-unknown-freebsd11.2

		=== g++ tests ===


Running target unix
FAIL: c-c++-common/Wconversion-real.c  -std=gnu++14  (test for warnings, line 27)
FAIL: c-c++-common/Wconversion-real.c  -std=gnu++14  (test for warnings, line 28)
FAIL: c-c++-common/Wconversion-real.c  -std=gnu++17  (test for warnings, line 27)
FAIL: c-c++-common/Wconversion-real.c  -std=gnu++17  (test for warnings, line 28)
FAIL: c-c++-common/Wconversion-real.c  -std=gnu++98  (test for warnings, line 27)
FAIL: c-c++-common/Wconversion-real.c  -std=gnu++98  (test for warnings, line 28)
FAIL: c-c++-common/Wfloat-conversion.c  -std=gnu++14  (test for warnings, line 36)
FAIL: c-c++-common/Wfloat-conversion.c  -std=gnu++14  (test for warnings, line 37)
FAIL: c-c++-common/Wfloat-conversion.c  -std=gnu++17  (test for warnings, line 36)
FAIL: c-c++-common/Wfloat-conversion.c  -std=gnu++17  (test for warnings, line 37)
FAIL: c-c++-common/Wfloat-conversion.c  -std=gnu++98  (test for warnings, line 36)
FAIL: c-c++-common/Wfloat-conversion.c  -std=gnu++98  (test for warnings, line 37)
FAIL: g++.dg/ext/pr81706.C  -std=gnu++14  scan-assembler call[^\\n\\r]__?ZGVdN4v_cos
FAIL: g++.dg/ext/pr81706.C  -std=gnu++14  scan-assembler call[^\\n\\r]__?ZGVdN4v_sin
FAIL: g++.dg/ext/pr81706.C  -std=gnu++17  scan-assembler call[^\\n\\r]__?ZGVdN4v_cos
FAIL: g++.dg/ext/pr81706.C  -std=gnu++17  scan-assembler call[^\\n\\r]__?ZGVdN4v_sin
FAIL: g++.dg/ext/pr81706.C  -std=gnu++98  scan-assembler call[^\\n\\r]__?ZGVdN4v_cos
FAIL: g++.dg/ext/pr81706.C  -std=gnu++98  scan-assembler call[^\\n\\r]__?ZGVdN4v_sin
FAIL: g++.dg/tree-ssa/ldist-1.C  -std=gnu++14  scan-tree-dump ldist "generated memcpy"
FAIL: g++.dg/tree-ssa/ldist-1.C  -std=gnu++17  scan-tree-dump ldist "generated memcpy"
FAIL: g++.dg/gcov/pr16855-priority.C  -std=gnu++14  gcov: 1 failures in line counts, 0 in branch percentages, 0 in return percentages, 0 in intermediate format
FAIL: g++.dg/gcov/pr16855-priority.C  -std=gnu++14  line 22: is #####:should be 1
FAIL: g++.dg/gcov/pr16855-priority.C  -std=gnu++17  gcov: 1 failures in line counts, 0 in branch percentages, 0 in return percentages, 0 in intermediate format
FAIL: g++.dg/gcov/pr16855-priority.C  -std=gnu++17  line 22: is #####:should be 1
FAIL: g++.dg/gcov/pr16855-priority.C  -std=gnu++98  gcov: 1 failures in line counts, 0 in branch percentages, 0 in return percentages, 0 in intermediate format
FAIL: g++.dg/gcov/pr16855-priority.C  -std=gnu++98  line 22: is #####:should be 1
FAIL: g++.dg/gcov/pr16855.C  -std=gnu++14  gcov: 1 failures in line counts, 0 in branch percentages, 0 in return percentages, 0 in intermediate format
FAIL: g++.dg/gcov/pr16855.C  -std=gnu++14  line 21: is #####:should be 1
FAIL: g++.dg/gcov/pr16855.C  -std=gnu++17  gcov: 1 failures in line counts, 0 in branch percentages, 0 in return percentages, 0 in intermediate format
FAIL: g++.dg/gcov/pr16855.C  -std=gnu++17  line 21: is #####:should be 1
FAIL: g++.dg/gcov/pr16855.C  -std=gnu++98  gcov: 1 failures in line counts, 0 in branch percentages, 0 in return percentages, 0 in intermediate format
FAIL: g++.dg/gcov/pr16855.C  -std=gnu++98  line 21: is #####:should be 1
FAIL: g++.dg/pch/system-1.C  -O2 -I. -Dwith_PCH (internal compiler error)
FAIL: g++.dg/pch/system-1.C  -O2 -I. -Dwith_PCH (test for excess errors)
FAIL: g++.dg/pch/system-1.C  -O2 -g -I. -Dwith_PCH (internal compiler error)
FAIL: g++.dg/pch/system-1.C  -O2 -g -I. -Dwith_PCH (test for excess errors)
FAIL: g++.dg/pch/system-1.C  -O2 -g assembly comparison
FAIL: g++.dg/pch/system-1.C  -O2 assembly comparison
FAIL: g++.dg/pch/system-1.C  -g -I. -Dwith_PCH (test for excess errors)
FAIL: g++.dg/pch/system-1.C -g assembly comparison
FAIL: g++.dg/pch/system-2.C  -O2 -I. -Dwith_PCH (internal compiler error)
FAIL: g++.dg/pch/system-2.C  -O2 -I. -Dwith_PCH (test for excess errors)
FAIL: g++.dg/pch/system-2.C  -O2 -g -I. -Dwith_PCH (internal compiler error)
FAIL: g++.dg/pch/system-2.C  -O2 -g -I. -Dwith_PCH (test for excess errors)
FAIL: g++.dg/pch/system-2.C  -O2 -g assembly comparison
FAIL: g++.dg/pch/system-2.C  -O2 assembly comparison
FAIL: g++.dg/pch/system-2.C  -g -I. -Dwith_PCH (test for excess errors)
FAIL: g++.dg/pch/system-2.C -g assembly comparison
FAIL: g++.dg/vect/slp-pr56812.cc  -std=c++14  (test for errors, line 17)
FAIL: g++.dg/vect/slp-pr56812.cc  -std=c++17  (test for errors, line 17)
FAIL: g++.dg/vect/slp-pr56812.cc  -std=c++98  (test for errors, line 17)
FAIL: g++.old-deja/g++.other/init18.C  -std=c++14 execution test
FAIL: g++.old-deja/g++.other/init18.C  -std=c++17 execution test
FAIL: g++.old-deja/g++.other/init18.C  -std=c++98 execution test
FAIL: g++.old-deja/g++.other/init19.C  -std=c++14 execution test
FAIL: g++.old-deja/g++.other/init19.C  -std=c++17 execution test
FAIL: g++.old-deja/g++.other/init19.C  -std=c++98 execution test

		=== g++ Summary ===

# of expected passes		124440
# of unexpected failures	57
# of expected failures		524
# of unsupported tests		5691
/scratch/tmp/gerald/OBJ-0519-1640/gcc/xg++  version 10.0.0 20190519 (experimental) (GCC) 

		=== gcc tests ===


Running target unix
FAIL: gcc.c-torture/execute/20030125-1.c   -Os  execution test
FAIL: gcc.c-torture/execute/conversion.c   -O0  execution test
FAIL: gcc.c-torture/execute/fprintf-2.c   -O0  (test for excess errors)
FAIL: gcc.c-torture/execute/fprintf-2.c   -O1  (test for excess errors)
FAIL: gcc.c-torture/execute/fprintf-2.c   -O2  (test for excess errors)
FAIL: gcc.c-torture/execute/fprintf-2.c   -O2 -flto -fno-use-linker-plugin -flto-partition=none  (test for excess errors)
FAIL: gcc.c-torture/execute/fprintf-2.c   -O2 -flto -fuse-linker-plugin -fno-fat-lto-objects  (test for excess errors)
FAIL: gcc.c-torture/execute/fprintf-2.c   -O3 -g  (test for excess errors)
FAIL: gcc.c-torture/execute/fprintf-2.c   -Os  (test for excess errors)
FAIL: gcc.c-torture/execute/printf-2.c   -O0  (test for excess errors)
FAIL: gcc.c-torture/execute/printf-2.c   -O1  (test for excess errors)
FAIL: gcc.c-torture/execute/printf-2.c   -O2  (test for excess errors)
FAIL: gcc.c-torture/execute/printf-2.c   -O2 -flto -fno-use-linker-plugin -flto-partition=none  (test for excess errors)
FAIL: gcc.c-torture/execute/printf-2.c   -O2 -flto -fuse-linker-plugin -fno-fat-lto-objects  (test for excess errors)
FAIL: gcc.c-torture/execute/printf-2.c   -O3 -g  (test for excess errors)
FAIL: gcc.c-torture/execute/printf-2.c   -Os  (test for excess errors)
FAIL: gcc.c-torture/execute/user-printf.c   -O0  (test for excess errors)
FAIL: gcc.c-torture/execute/user-printf.c   -O1  (test for excess errors)
FAIL: gcc.c-torture/execute/user-printf.c   -O2  (test for excess errors)
FAIL: gcc.c-torture/execute/user-printf.c   -O2 -flto -fno-use-linker-plugin -flto-partition=none  (test for excess errors)
FAIL: gcc.c-torture/execute/user-printf.c   -O2 -flto -fuse-linker-plugin -fno-fat-lto-objects  (test for excess errors)
FAIL: gcc.c-torture/execute/user-printf.c   -O3 -fomit-frame-pointer -funroll-loops -fpeel-loops -ftracer -finline-functions  (test for excess errors)
FAIL: gcc.c-torture/execute/user-printf.c   -O3 -g  (test for excess errors)
FAIL: gcc.c-torture/execute/user-printf.c   -Os  (test for excess errors)
FAIL: gcc.c-torture/execute/ieee/copysign1.c execution,  -O3 -fomit-frame-pointer -funroll-loops -fpeel-loops -ftracer -finline-functions 
FAIL: gcc.c-torture/execute/ieee/copysign1.c execution,  -O3 -g 
FAIL: gcc.c-torture/execute/ieee/copysign2.c execution,  -O0 
FAIL: gcc.c-torture/execute/ieee/copysign2.c execution,  -O1 
FAIL: gcc.c-torture/execute/ieee/copysign2.c execution,  -O2 
FAIL: gcc.c-torture/execute/ieee/copysign2.c execution,  -O2 -flto -fno-use-linker-plugin -flto-partition=none 
FAIL: gcc.c-torture/execute/ieee/copysign2.c execution,  -O2 -flto -fuse-linker-plugin -fno-fat-lto-objects 
FAIL: gcc.c-torture/execute/ieee/copysign2.c execution,  -O3 -fomit-frame-pointer -funroll-loops -fpeel-loops -ftracer -finline-functions 
FAIL: gcc.c-torture/execute/ieee/copysign2.c execution,  -O3 -g 
FAIL: gcc.c-torture/execute/ieee/copysign2.c execution,  -Og -g 
FAIL: gcc.c-torture/execute/ieee/copysign2.c execution,  -Os 
XPASS: gcc.c-torture/execute/ieee/mzero2.c execution,  -O0 
XPASS: gcc.c-torture/execute/ieee/mzero2.c execution,  -O1 
XPASS: gcc.c-torture/execute/ieee/mzero2.c execution,  -O2 
XPASS: gcc.c-torture/execute/ieee/mzero2.c execution,  -O2 -flto -fno-use-linker-plugin -flto-partition=none 
XPASS: gcc.c-torture/execute/ieee/mzero2.c execution,  -O2 -flto -fuse-linker-plugin -fno-fat-lto-objects 
XPASS: gcc.c-torture/execute/ieee/mzero2.c execution,  -O3 -g 
XPASS: gcc.c-torture/execute/ieee/mzero2.c execution,  -Og -g 
XPASS: gcc.c-torture/execute/ieee/mzero2.c execution,  -Os 
FAIL: c-c++-common/Wconversion-real.c  -Wc++-compat   (test for warnings, line 27)
FAIL: c-c++-common/Wconversion-real.c  -Wc++-compat   (test for warnings, line 28)
FAIL: c-c++-common/Wfloat-conversion.c  -Wc++-compat   (test for warnings, line 36)
FAIL: c-c++-common/Wfloat-conversion.c  -Wc++-compat   (test for warnings, line 37)
FAIL: gcc.dg/20111227-2.c scan-rtl-dump ree "Elimination opportunities = 3 realized = 3"
FAIL: gcc.dg/builtins-58.c scan-assembler-not pow\\\\M
FAIL: gcc.dg/builtins-59.c scan-tree-dump gimple "__builtin_cexpi"
FAIL: gcc.dg/builtins-59.c scan-tree-dump-not gimple "sincos"
FAIL: gcc.dg/builtins-61.c scan-tree-dump optimized "cexpi"
FAIL: gcc.dg/builtins-61.c scan-tree-dump optimized "cos"
FAIL: gcc.dg/builtins-61.c scan-tree-dump optimized "return 0.0"
FAIL: gcc.dg/builtins-61.c scan-tree-dump optimized "sin"
FAIL: gcc.dg/builtins-62.c scan-tree-dump-times optimized "cexpi" 3
FAIL: gcc.dg/builtins-65.c (test for excess errors)
FAIL: gcc.dg/c99-tgmath-2.c (test for excess errors)
UNRESOLVED: gcc.dg/c99-tgmath-2.c scan-assembler sinf
FAIL: gcc.dg/c99-tgmath-3.c (test for excess errors)
UNRESOLVED: gcc.dg/c99-tgmath-3.c scan-assembler cexp
UNRESOLVED: gcc.dg/cdce1.c scan-assembler jmp pow
UNRESOLVED: gcc.dg/cdce2.c scan-assembler jmp log
FAIL: gcc.dg/gimplefe-41.c (internal compiler error)
FAIL: gcc.dg/gimplefe-41.c (test for excess errors)
FAIL: gcc.dg/ifcvt-4.c scan-rtl-dump ce1 "2 true changes made"
FAIL: gcc.dg/nextafter-2.c execution test
FAIL: gcc.dg/predict-8.c scan-rtl-dump-times expand "65.[34]. .guessed" 2
FAIL: gcc.dg/sinatan-1.c execution test
FAIL: gcc.dg/stack-check-10.c scan-rtl-dump-times pro_and_epilogue "Stack clash no frame pointer needed" 2
FAIL: gcc.dg/stack-check-5.c scan-rtl-dump-times pro_and_epilogue "Stack clash no frame pointer needed" 4
FAIL: gcc.dg/stack-check-5.c scan-rtl-dump-times pro_and_epilogue "Stack clash no residual allocation in prologue" 1
FAIL: gcc.dg/stack-check-5.c scan-rtl-dump-times pro_and_epilogue "Stack clash residual allocation in prologue" 3
FAIL: gcc.dg/stack-check-6.c scan-rtl-dump-times pro_and_epilogue "Stack clash no frame pointer needed" 4
FAIL: gcc.dg/stack-check-6a.c scan-rtl-dump-times pro_and_epilogue "Stack clash no frame pointer needed" 4
FAIL: gcc.dg/stack-check-9.c scan-rtl-dump-times pro_and_epilogue "Stack clash no frame pointer needed" 1
FAIL: gcc.dg/utf-array-short-wchar.c  (test for errors, line 42)
FAIL: gcc.dg/utf-array-short-wchar.c  (test for errors, line 44)
FAIL: gcc.dg/utf-array-short-wchar.c  (test for errors, line 46)
FAIL: gcc.dg/utf-array-short-wchar.c (test for excess errors)
FAIL: gcc.dg/ipa/iinline-attr.c scan-ipa-dump inline "hooray[^\\\\n]*inline copy in test"
FAIL: gcc.dg/torture/builtin-convert-1.c   -O1  (test for excess errors)
FAIL: gcc.dg/torture/builtin-convert-1.c   -O2  (test for excess errors)
FAIL: gcc.dg/torture/builtin-convert-1.c   -O2 -flto -fno-use-linker-plugin -flto-partition=none  (test for excess errors)
FAIL: gcc.dg/torture/builtin-convert-1.c   -O3 -g  (test for excess errors)
FAIL: gcc.dg/torture/builtin-convert-1.c   -Os  (test for excess errors)
FAIL: gcc.dg/torture/builtin-convert-2.c   -O1  (test for excess errors)
FAIL: gcc.dg/torture/builtin-convert-2.c   -O2  (test for excess errors)
FAIL: gcc.dg/torture/builtin-convert-2.c   -O2 -flto -fno-use-linker-plugin -flto-partition=none  (test for excess errors)
FAIL: gcc.dg/torture/builtin-convert-2.c   -O3 -g  (test for excess errors)
FAIL: gcc.dg/torture/builtin-convert-2.c   -Os  (test for excess errors)
FAIL: gcc.dg/torture/fp-int-convert-float.c   -O0  execution test
FAIL: gcc.dg/torture/fp-int-convert-float.c   -O1  execution test
FAIL: gcc.dg/torture/fp-int-convert-float.c   -O2  execution test
FAIL: gcc.dg/torture/fp-int-convert-float.c   -O2 -flto -fno-use-linker-plugin -flto-partition=none  execution test
FAIL: gcc.dg/torture/fp-int-convert-float.c   -O2 -flto -fuse-linker-plugin -fno-fat-lto-objects  execution test
FAIL: gcc.dg/torture/fp-int-convert-float.c   -O3 -g  execution test
FAIL: gcc.dg/torture/fp-int-convert-float.c   -Os  execution test
FAIL: gcc.dg/torture/fp-int-convert-float32.c   -O0  execution test
FAIL: gcc.dg/torture/fp-int-convert-float32.c   -O1  execution test
FAIL: gcc.dg/torture/fp-int-convert-float32.c   -O2  execution test
FAIL: gcc.dg/torture/fp-int-convert-float32.c   -O2 -flto -fno-use-linker-plugin -flto-partition=none  execution test
FAIL: gcc.dg/torture/fp-int-convert-float32.c   -O2 -flto -fuse-linker-plugin -fno-fat-lto-objects  execution test
FAIL: gcc.dg/torture/fp-int-convert-float32.c   -O3 -g  execution test
FAIL: gcc.dg/torture/fp-int-convert-float32.c   -Os  execution test
FAIL: gcc.dg/torture/fp-int-convert-float80.c   -O0  execution test
FAIL: gcc.dg/torture/fp-int-convert-float80.c   -O1  execution test
FAIL: gcc.dg/torture/fp-int-convert-float80.c   -O2  execution test
FAIL: gcc.dg/torture/fp-int-convert-float80.c   -O2 -flto -fno-use-linker-plugin -flto-partition=none  execution test
FAIL: gcc.dg/torture/fp-int-convert-float80.c   -O2 -flto -fuse-linker-plugin -fno-fat-lto-objects  execution test
FAIL: gcc.dg/torture/fp-int-convert-float80.c   -O3 -g  execution test
FAIL: gcc.dg/torture/fp-int-convert-float80.c   -Os  execution test
FAIL: gcc.dg/torture/fp-int-convert-long-double.c   -O0  execution test
FAIL: gcc.dg/torture/fp-int-convert-long-double.c   -O1  execution test
FAIL: gcc.dg/torture/fp-int-convert-long-double.c   -O2  execution test
FAIL: gcc.dg/torture/fp-int-convert-long-double.c   -O2 -flto -fno-use-linker-plugin -flto-partition=none  execution test
FAIL: gcc.dg/torture/fp-int-convert-long-double.c   -O2 -flto -fuse-linker-plugin -fno-fat-lto-objects  execution test
FAIL: gcc.dg/torture/fp-int-convert-long-double.c   -O3 -g  execution test
FAIL: gcc.dg/torture/fp-int-convert-long-double.c   -Os  execution test
FAIL: gcc.dg/torture/pr68264.c   -O0  execution test
FAIL: gcc.dg/torture/pr68264.c   -O1  execution test
FAIL: gcc.dg/torture/pr68264.c   -O2  execution test
FAIL: gcc.dg/torture/pr68264.c   -O2 -flto -fno-use-linker-plugin -flto-partition=none  execution test
FAIL: gcc.dg/torture/pr68264.c   -O2 -flto -fuse-linker-plugin -fno-fat-lto-objects  execution test
FAIL: gcc.dg/torture/pr68264.c   -O3 -g  execution test
FAIL: gcc.dg/torture/pr68264.c   -Os  execution test
FAIL: gcc.dg/tree-ssa/copy-sign-1.c scan-tree-dump-times gimple "copysign" 8
FAIL: gcc.dg/tree-ssa/gen-vect-2.c scan-tree-dump-times vect "vectorized 1 loops" 1
FAIL: gcc.dg/tree-ssa/gen-vect-25.c scan-tree-dump-times vect "vectorized 2 loops" 1
FAIL: gcc.dg/tree-ssa/minmax-2.c scan-tree-dump optimized "__builtin_fmin"
FAIL: gcc.dg/tree-ssa/mult-abs-2.c scan-tree-dump-times gimple "ABS" 8
FAIL: gcc.dg/tree-ssa/pr71078-1-double.c scan-tree-dump forwprop1 "__builtin_copysign"
FAIL: gcc.dg/tree-ssa/pr71078-1-long-double.c scan-tree-dump forwprop1 "__builtin_copysignl"
FAIL: gcc.dg/tree-ssa/pr71078-1.c scan-tree-dump forwprop1 "__builtin_copysignf"
FAIL: gcc.dg/tree-ssa/pr71078-2-double.c scan-tree-dump forwprop1 "__builtin_copysign"
FAIL: gcc.dg/tree-ssa/pr71078-2-long-double.c scan-tree-dump forwprop1 "__builtin_copysignl"
FAIL: gcc.dg/tree-ssa/pr71078-2.c scan-tree-dump forwprop1 "__builtin_copysignf"
FAIL: gcc.dg/tree-ssa/pr71078-3.c scan-tree-dump forwprop1 "__builtin_copysign"
FAIL: gcc.dg/tree-ssa/reassoc-37.c scan-tree-dump optimized "(8784908|0x0*860c0c)"
FAIL: gcc.dg/tree-ssa/reassoc-37.c scan-tree-dump optimized "(<<|>>)"
FAIL: gcc.dg/vect/costmodel/i386/costmodel-vect-31.c scan-tree-dump-times vect "vectorized 4 loops" 1
FAIL: gcc.dg/vect/costmodel/i386/costmodel-vect-68.c scan-tree-dump-times vect "vectorized 4 loops" 1
XPASS: gcc.dg/vect/vect-reduc-in-order-1.c -flto -ffat-lto-objects execution test
XPASS: gcc.dg/vect/vect-reduc-in-order-1.c execution test
XPASS: gcc.dg/vect/vect-reduc-in-order-2.c -flto -ffat-lto-objects execution test
XPASS: gcc.dg/vect/vect-reduc-in-order-2.c execution test
XPASS: gcc.dg/vect/vect-reduc-in-order-3.c -flto -ffat-lto-objects execution test
XPASS: gcc.dg/vect/vect-reduc-in-order-3.c execution test
XPASS: gcc.dg/vect/vect-reduc-in-order-4.c -flto -ffat-lto-objects execution test
XPASS: gcc.dg/vect/vect-reduc-in-order-4.c execution test
FAIL: compiler driver --help=params --help=optimizers option(s): "maximum number of" present in output
FAIL: gcc.target/i386/387-7.c scan-assembler fsincos
FAIL: gcc.target/i386/387-9.c scan-assembler-not fcos
FAIL: gcc.target/i386/avx2-vect-mask-store-move1.c scan-tree-dump-times vect "Move stmt to created bb" 6
FAIL: gcc.target/i386/avx2-vpaddd-3.c scan-assembler-times vpaddd[ \\\\t]+[^\\n]*%ymm[0-9] 1
FAIL: gcc.target/i386/avx2-vpand-3.c scan-assembler-times vpand[ \\\\t]+[^\\n]*%ymm[0-9] 1
FAIL: gcc.target/i386/avx2-vpsrad-3.c scan-assembler-times vpsrld[ \\\\t]+[^\\n]*%ymm[0-9] 1
FAIL: gcc.target/i386/avx2-vpsrld-3.c scan-assembler-times vpsrld[ \\\\t]+[^\\n]*%ymm[0-9] 1
FAIL: gcc.target/i386/avx2-vpsubd-3.c scan-assembler-times vpsubd[ \\\\t]+[^\\n]*%ymm[0-9] 1
FAIL: gcc.target/i386/avx512f-ceil-vec-2.c scan-assembler-times vrndscalepd[^\\n]+zmm[0-9](?:\\n|[ \\\\t]+#) 1
FAIL: gcc.target/i386/avx512f-floor-vec-2.c scan-assembler-times vrndscalepd[^\\n]+zmm[0-9](?:\\n|[ \\\\t]+#) 1
FAIL: gcc.target/i386/avx512f-rint-sfix-vec-2.c scan-assembler-times vcvtpd2dq[^\\n]+ymm[0-9](?:\\n|[ \\\\t]+#) 2
FAIL: gcc.target/i386/avx512f-rint-sfix-vec-2.c scan-assembler-times vinserti64x4[^\\n]+zmm[0-9](?:\\n|[ \\\\t]+#) 1
FAIL: gcc.target/i386/avx512f-rintf-sfix-vec-2.c scan-assembler-times vcvtps2dq[^\\n]+zmm[0-9](?:\\n|[ \\\\t]+#) 1
FAIL: gcc.target/i386/avx512f-trunc-vec-2.c scan-assembler-times vrndscalepd[^\\n]+zmm[0-9](?:\\n|[ \\\\t]+#) 1
FAIL: gcc.target/i386/avx512f_cond_move.c scan-assembler-times (?:vpblendmd|vmovdqa32)[ \\\\t]+[^{\\n]*%zmm[0-9]+{%k[1-7]}{z}(?:\\n|[ \\\\t]+#) 8
FAIL: gcc.target/i386/excess-precision-1.c execution test
FAIL: gcc.target/i386/excess-precision-10.c execution test
FAIL: gcc.target/i386/excess-precision-3.c execution test
FAIL: gcc.target/i386/gfni-4.c (test for excess errors)
UNRESOLVED: gcc.target/i386/gfni-4.c scan-assembler-times gf2p8affineinvqb[ \\\\t]+[^{\\n]*\\\\\$3[^\\n\\r]*%xmm[0-9]+[^\\n\\r]*%xmm[0-9]+(?:\\n|[ \\\\t]+#) 1
UNRESOLVED: gcc.target/i386/gfni-4.c scan-assembler-times gf2p8affineqb[ \\\\t]+[^{\\n]*\\\\\$3[^\\n\\r]*%xmm[0-9]+[^\\n\\r]*%xmm[0-9]+(?:\\n|[ \\\\t]+#) 1
UNRESOLVED: gcc.target/i386/gfni-4.c scan-assembler-times gf2p8mulb[ \\\\t]+[^{\\n]*%xmm[0-9]+[^\\n\\r]*%xmm[0-9]+(?:\\n|[ \\\\t]+#) 1
FAIL: gcc.target/i386/incoming-8.c scan-assembler andl[\\\\t ]*\\\\\$-16,[\\\\t ]*%esp
FAIL: gcc.target/i386/mcount_pic.c (test for excess errors)
UNRESOLVED: gcc.target/i386/mcount_pic.c compilation failed to produce executable
FAIL: gcc.target/i386/pr27827.c scan-assembler fmul[ \\t]*%st
FAIL: gcc.target/i386/pr35281.c scan-assembler-not xor
FAIL: gcc.target/i386/pr36578-1.c execution test
FAIL: gcc.target/i386/pr36578-2.c execution test
FAIL: gcc.target/i386/pr42542-1b.c scan-assembler pmaxud
FAIL: gcc.target/i386/pr42542-1b.c scan-assembler pminud
FAIL: gcc.target/i386/pr42542-4a.c scan-assembler pcmpgtq
FAIL: gcc.target/i386/pr42542-5a.c scan-assembler pcmpgtq
FAIL: gcc.target/i386/pr46091-4.c scan-assembler btc
FAIL: gcc.target/i386/pr46091-4.c scan-assembler btr
FAIL: gcc.target/i386/pr46091-4.c scan-assembler bts
FAIL: gcc.target/i386/pr46091-4a.c scan-assembler-not and[lq][ \\t]
FAIL: gcc.target/i386/pr50038.c scan-assembler-times movzbl 2
FAIL: gcc.target/i386/pr53397-1.c scan-assembler prefetcht0
FAIL: gcc.target/i386/pr53397-1.c scan-tree-dump aprefetch "Issued prefetch"
FAIL: gcc.target/i386/pr53397-2.c scan-tree-dump aprefetch "Not prefetching"
FAIL: gcc.target/i386/pr53397-2.c scan-tree-dump aprefetch "loop variant step"
FAIL: gcc.target/i386/pr56151.c scan-assembler-not mov[^\\n\\r]*vara
FAIL: gcc.target/i386/pr56151.c scan-assembler-times or[^\\n\\r]*vara 1
FAIL: gcc.target/i386/pr57193.c scan-assembler-times movdqa 2
FAIL: gcc.target/i386/pr59390_1.c scan-assembler vfmadd
FAIL: gcc.target/i386/pr59390_2.c scan-assembler vfmadd
FAIL: gcc.target/i386/pr61403.c scan-assembler rsqrtps
FAIL: gcc.target/i386/pr65105-2.c scan-assembler por
FAIL: gcc.target/i386/pr66768.c scan-assembler add*.[ \\t]%gs:
FAIL: gcc.target/i386/pr67265.c (test for excess errors)
FAIL: gcc.target/i386/pr68483-1.c scan-assembler psrldq[^\\n\\r]*(4,|, 4)
FAIL: gcc.target/i386/pr68483-1.c scan-assembler psrldq[^\\n\\r]*(8,|, 8)
FAIL: gcc.target/i386/pr70322-1.c scan-assembler pandn
FAIL: gcc.target/i386/pr70322-3.c scan-assembler por
FAIL: gcc.target/i386/pr70322-3.c scan-assembler pxor
FAIL: gcc.target/i386/pr70322-4.c scan-assembler por
FAIL: gcc.target/i386/pr70322-4.c scan-assembler psub
XPASS: gcc.target/i386/pr70465-2.c scan-assembler-not fxch\\t%st.1
FAIL: gcc.target/i386/pr78035.c scan-assembler-times cmp 2
FAIL: gcc.target/i386/pr79593.c scan-assembler-not fld[ \\t]+%st
FAIL: gcc.target/i386/pr79690.c scan-assembler mov[au]p.[ \\t][^,]+, %gs:
FAIL: gcc.target/i386/pr79723.c scan-assembler mov[au]p.[ \\t][^,]+, %gs:
FAIL: gcc.target/i386/pr80846-1.c scan-assembler-times vextracti 2
FAIL: gcc.target/i386/pr80846-2.c scan-assembler-times vextracti 1
FAIL: gcc.target/i386/pr80969-3.c (test for excess errors)
FAIL: gcc.target/i386/pr81563.c scan-assembler-times movl[\\\\t ]*-4\\\\(%ebp\\\\),[\\\\t ]*%edi 1
FAIL: gcc.target/i386/pr81563.c scan-assembler-times movl[\\\\t ]*-8\\\\(%ebp\\\\),[\\\\t ]*%esi 1
FAIL: gcc.target/i386/pr81706.c scan-assembler call[^\\n\\r]__?ZGVdN4v_cos
FAIL: gcc.target/i386/pr81706.c scan-assembler call[^\\n\\r]__?ZGVdN4v_sin
FAIL: gcc.target/i386/pr82662.c scan-assembler-times \\\\mset 12
FAIL: gcc.target/i386/pr84309.c scan-assembler _ZGVcN4v_exp
FAIL: gcc.target/i386/pr85095-1.c scan-assembler-times adcl\\t\\\\\$0, 1
FAIL: gcc.target/i386/pr85095-2.c scan-assembler-times adcl\\t\\\\\$0, 1
FAIL: gcc.target/i386/pr85095-2.c scan-assembler-times sbbl\\t\\\\\$0, 1
FAIL: gcc.target/i386/pr85667-6.c scan-assembler-times flds[^\\n\\r]* 1
FAIL: gcc.target/i386/pr85667-6.c scan-assembler-times movl[^\\n\\r]*, %eax 1
FAIL: gcc.target/i386/pr89618.c scan-tree-dump vect "LOOP VECTORIZED"
FAIL: gcc.target/i386/pr89676.c scan-assembler-times movl 2
FAIL: gcc.target/i386/pr90500-1.c (test for excess errors)
FAIL: gcc.target/i386/pr90500-2.c (test for excess errors)
FAIL: gcc.target/i386/ret-thunk-22.c scan-assembler jmp[ \\t]*_?__x86_return_thunk_ecx
FAIL: gcc.target/i386/ret-thunk-22.c scan-assembler-times popl[\\\\t ]*%ecx 1
FAIL: gcc.target/i386/ret-thunk-23.c scan-assembler jmp[ \\t]*_?__x86_return_thunk_ecx
FAIL: gcc.target/i386/ret-thunk-23.c scan-assembler lea[l]?[\\\\t ]*4\\\\(%esp\\\\), %esp
FAIL: gcc.target/i386/ret-thunk-23.c scan-assembler-times popl[\\\\t ]*%ecx 1
FAIL: gcc.target/i386/ret-thunk-24.c scan-assembler-times popl[\\\\t ]*%ecx 1
FAIL: gcc.target/i386/rotate-5.c scan-tree-dump-times vect "vectorized 1 loops" 1
FAIL: gcc.target/i386/sibcall-4.c scan-assembler-not jmp[ \\t]*.%eax
FAIL: gcc.target/i386/vect-abs-s32.c scan-tree-dump-times vect "vectorized 1 loops" 1
FAIL: gcc.target/i386/vect-unpack-1.c scan-assembler-times vpmovzxbw[ \\\\t]+[^\\n]*%zmm 2
FAIL: gcc.target/i386/vect-unpack-3.c scan-tree-dump vect "LOOP VECTORIZED"
FAIL: gcc.target/i386/vectorize1.c scan-tree-dump vect "vect_cst"
FAIL: gcc.target/i386/vectorize10.c scan-tree-dump vect "vectorized 1 loops"
FAIL: gcc.target/i386/xorsign.c scan-tree-dump-times vect "vectorized 2 loops" 1

		=== gcc Summary ===

# of expected passes		129989
# of unexpected failures	221
# of unexpected successes	17
# of expected failures		532
# of unresolved testcases	8
# of unsupported tests		2431
/scratch/tmp/gerald/OBJ-0519-1640/gcc/xgcc  version 10.0.0 20190519 (experimental) (GCC) 

		=== gfortran tests ===


Running target unix
XPASS: gfortran.dg/ieee/ieee_4.f90   -O0  execution test
XPASS: gfortran.dg/ieee/ieee_4.f90   -O1  execution test
XPASS: gfortran.dg/ieee/ieee_4.f90   -O2  execution test
XPASS: gfortran.dg/ieee/ieee_4.f90   -O3 -fomit-frame-pointer -funroll-loops -fpeel-loops -ftracer -finline-functions  execution test
XPASS: gfortran.dg/ieee/ieee_4.f90   -O3 -g  execution test
XPASS: gfortran.dg/ieee/ieee_4.f90   -Os  execution test
FAIL: gfortran.dg/vect/fast-math-mgrid-resid.f   -O   scan-tree-dump pcom "vectp_u.*__lsm.* = PHI <.*vectp_u.*__lsm"

		=== gfortran Summary ===

# of expected passes		49681
# of unexpected failures	1
# of unexpected successes	6
# of expected failures		200
# of unsupported tests		214
/scratch/tmp/gerald/OBJ-0519-1640/gcc/gfortran  version 10.0.0 20190519 (experimental) (GCC) 

		=== objc tests ===


Running target unix

		=== objc Summary ===

# of expected passes		2776
# of expected failures		6
# of unsupported tests		68
/scratch/tmp/gerald/OBJ-0519-1640/gcc/xgcc  version 10.0.0 20190519 (experimental) (GCC) 

		=== libatomic tests ===


Running target unix

		=== libatomic Summary ===

# of expected passes		44
# of unsupported tests		5
		=== libgomp tests ===


Running target unix
FAIL: libgomp.c/../libgomp.c-c++-common/simd-14.c execution test
FAIL: libgomp.c/../libgomp.c-c++-common/simd-15.c execution test
FAIL: libgomp.c/../libgomp.c-c++-common/simd-16.c execution test
FAIL: libgomp.c/../libgomp.c-c++-common/simd-17.c execution test
FAIL: libgomp.c/../libgomp.c-c++-common/taskloop-2.c execution test
FAIL: libgomp.c/pr58392.c execution test
FAIL: libgomp.c/sections-2.c execution test
FAIL: libgomp.c/simd-12.c execution test
FAIL: libgomp.c/simd-13.c execution test
FAIL: libgomp.c/simd-6.c execution test
FAIL: libgomp.c++/../libgomp.c-c++-common/simd-14.c execution test
FAIL: libgomp.c++/../libgomp.c-c++-common/simd-15.c execution test
FAIL: libgomp.c++/../libgomp.c-c++-common/simd-16.c execution test
FAIL: libgomp.c++/../libgomp.c-c++-common/simd-17.c execution test
FAIL: libgomp.c++/../libgomp.c-c++-common/taskloop-2.c execution test
FAIL: libgomp.c++/simd-8.C execution test
WARNING: program timed out.
FAIL: libgomp.c++/task-reduction-13.C execution test
FAIL: libgomp.fortran/simd5.f90   -O1  execution test
FAIL: libgomp.fortran/simd5.f90   -O2  execution test
FAIL: libgomp.fortran/simd5.f90   -O3 -fomit-frame-pointer -funroll-loops -fpeel-loops -ftracer -finline-functions  execution test
FAIL: libgomp.fortran/simd5.f90   -O3 -g  execution test
FAIL: libgomp.fortran/simd5.f90   -Os  execution test
FAIL: libgomp.fortran/simd6.f90   -O1  execution test
FAIL: libgomp.fortran/simd6.f90   -O2  execution test
FAIL: libgomp.fortran/simd6.f90   -O3 -fomit-frame-pointer -funroll-loops -fpeel-loops -ftracer -finline-functions  execution test
FAIL: libgomp.fortran/simd6.f90   -O3 -g  execution test
FAIL: libgomp.fortran/simd6.f90   -Os  execution test
FAIL: libgomp.fortran/taskloop2.f90   -O0  execution test
FAIL: libgomp.fortran/taskloop2.f90   -O1  execution test
FAIL: libgomp.fortran/taskloop2.f90   -O2  execution test
FAIL: libgomp.fortran/taskloop2.f90   -O3 -fomit-frame-pointer -funroll-loops -fpeel-loops -ftracer -finline-functions  execution test
FAIL: libgomp.fortran/taskloop2.f90   -O3 -g  execution test
FAIL: libgomp.fortran/taskloop2.f90   -Os  execution test
FAIL: libgomp.oacc-c/../libgomp.oacc-c-c++-common/loop-default-runtime.c -DACC_DEVICE_TYPE_host=1 -DACC_MEM_SHARED=1 -foffload=disable  -O2  (test for excess errors)
UNRESOLVED: libgomp.oacc-c/../libgomp.oacc-c-c++-common/loop-default-runtime.c -DACC_DEVICE_TYPE_host=1 -DACC_MEM_SHARED=1 -foffload=disable  -O2  compilation failed to produce executable
FAIL: libgomp.oacc-c/../libgomp.oacc-c-c++-common/loop-dim-default.c -DACC_DEVICE_TYPE_host=1 -DACC_MEM_SHARED=1 -foffload=disable  -O2  (test for excess errors)
UNRESOLVED: libgomp.oacc-c/../libgomp.oacc-c-c++-common/loop-dim-default.c -DACC_DEVICE_TYPE_host=1 -DACC_MEM_SHARED=1 -foffload=disable  -O2  compilation failed to produce executable
FAIL: libgomp.oacc-c++/../libgomp.oacc-c-c++-common/loop-default-runtime.c -DACC_DEVICE_TYPE_host=1 -DACC_MEM_SHARED=1 -foffload=disable  -O2  (test for excess errors)
UNRESOLVED: libgomp.oacc-c++/../libgomp.oacc-c-c++-common/loop-default-runtime.c -DACC_DEVICE_TYPE_host=1 -DACC_MEM_SHARED=1 -foffload=disable  -O2  compilation failed to produce executable
FAIL: libgomp.oacc-c++/../libgomp.oacc-c-c++-common/loop-dim-default.c -DACC_DEVICE_TYPE_host=1 -DACC_MEM_SHARED=1 -foffload=disable  -O2  (test for excess errors)
UNRESOLVED: libgomp.oacc-c++/../libgomp.oacc-c-c++-common/loop-dim-default.c -DACC_DEVICE_TYPE_host=1 -DACC_MEM_SHARED=1 -foffload=disable  -O2  compilation failed to produce executable

		=== libgomp Summary ===

# of expected passes		6482
# of unexpected failures	37
# of expected failures		4
# of unresolved testcases	4
# of unsupported tests		349
		=== libitm tests ===


Running target unix

		=== libitm Summary ===

# of expected passes		42
# of expected failures		3
# of unsupported tests		1
		=== libstdc++ tests ===


Running target unix
FAIL: 17_intro/headers/c++1998/all.cc (test for excess errors)
FAIL: 17_intro/headers/c++1998/all_c++200x_compatibility.cc (test for excess errors)
FAIL: 17_intro/headers/c++1998/charset.cc (test for excess errors)
FAIL: 17_intro/headers/c++1998/stdc++.cc (test for excess errors)
FAIL: 17_intro/headers/c++1998/stdc++_multiple_inclusion.cc (test for excess errors)
FAIL: 17_intro/headers/c++2011/charset.cc (test for excess errors)
FAIL: 17_intro/headers/c++2011/stdc++.cc (test for excess errors)
FAIL: 17_intro/headers/c++2011/stdc++_multiple_inclusion.cc (test for excess errors)
FAIL: 17_intro/headers/c++2014/charset.cc (test for excess errors)
FAIL: 17_intro/headers/c++2014/stdc++.cc (test for excess errors)
FAIL: 17_intro/headers/c++2014/stdc++_multiple_inclusion.cc (test for excess errors)
FAIL: 17_intro/headers/c++2017/charset.cc (test for excess errors)
FAIL: 17_intro/headers/c++2017/stdc++.cc (test for excess errors)
FAIL: 17_intro/headers/c++2017/stdc++_multiple_inclusion.cc (test for excess errors)
FAIL: 17_intro/headers/c++2020/charset.cc (test for excess errors)
FAIL: 17_intro/headers/c++2020/stdc++.cc (test for excess errors)
FAIL: 17_intro/headers/c++2020/stdc++_multiple_inclusion.cc (test for excess errors)
FAIL: 22_locale/codecvt/max_length/wchar_t/4.cc execution test
FAIL: 22_locale/ctype/is/char/wrapped_env.cc execution test
FAIL: 22_locale/ctype/is/char/wrapped_locale.cc execution test
FAIL: 22_locale/ctype/is/wchar_t/wrapped_env.cc execution test
FAIL: 22_locale/ctype/is/wchar_t/wrapped_locale.cc execution test
FAIL: 22_locale/locale/cons/12658_thread-1.cc execution test
FAIL: 22_locale/locale/cons/12658_thread-2.cc execution test
FAIL: 22_locale/locale/cons/29217.cc execution test
FAIL: 22_locale/locale/cons/38368.cc execution test
FAIL: 22_locale/locale/cons/40184.cc execution test
FAIL: 22_locale/locale/global_locale_objects/14071.cc execution test
FAIL: 22_locale/messages/13631.cc execution test
FAIL: 22_locale/messages/members/char/1.cc execution test
FAIL: 22_locale/messages/members/char/2.cc execution test
FAIL: 22_locale/messages/members/char/wrapped_env.cc execution test
FAIL: 22_locale/messages/members/char/wrapped_locale.cc execution test
FAIL: 22_locale/messages_byname/named_equivalence.cc execution test
FAIL: 22_locale/money_get/get/char/16.cc execution test
FAIL: 22_locale/money_get/get/char/18.cc execution test
FAIL: 22_locale/money_get/get/char/2.cc execution test
FAIL: 22_locale/money_get/get/char/4.cc execution test
FAIL: 22_locale/money_get/get/char/wrapped_env.cc execution test
FAIL: 22_locale/money_get/get/char/wrapped_locale.cc execution test
FAIL: 22_locale/money_get/get/wchar_t/1.cc execution test
FAIL: 22_locale/money_get/get/wchar_t/16.cc execution test
FAIL: 22_locale/money_get/get/wchar_t/18.cc execution test
FAIL: 22_locale/money_get/get/wchar_t/2.cc execution test
FAIL: 22_locale/money_get/get/wchar_t/4.cc execution test
FAIL: 22_locale/money_get/get/wchar_t/wrapped_env.cc execution test
FAIL: 22_locale/money_get/get/wchar_t/wrapped_locale.cc execution test
FAIL: 22_locale/money_put/put/char/2.cc execution test
FAIL: 22_locale/money_put/put/char/9780-3.cc execution test
FAIL: 22_locale/money_put/put/char/wrapped_env.cc execution test
FAIL: 22_locale/money_put/put/char/wrapped_locale.cc execution test
FAIL: 22_locale/money_put/put/wchar_t/1.cc execution test
FAIL: 22_locale/money_put/put/wchar_t/2.cc execution test
FAIL: 22_locale/money_put/put/wchar_t/3.cc execution test
FAIL: 22_locale/money_put/put/wchar_t/wrapped_env.cc execution test
FAIL: 22_locale/money_put/put/wchar_t/wrapped_locale.cc execution test
FAIL: 22_locale/numpunct/members/char/3.cc execution test
FAIL: 22_locale/time_get/get_date/char/12750.cc execution test
FAIL: 22_locale/time_get/get_date/char/2.cc execution test
FAIL: 22_locale/time_get/get_date/char/wrapped_env.cc execution test
FAIL: 22_locale/time_get/get_date/char/wrapped_locale.cc execution test
FAIL: 22_locale/time_get/get_date/wchar_t/12750.cc execution test
FAIL: 22_locale/time_get/get_date/wchar_t/2.cc execution test
FAIL: 22_locale/time_get/get_date/wchar_t/4.cc execution test
FAIL: 22_locale/time_get/get_date/wchar_t/wrapped_env.cc execution test
FAIL: 22_locale/time_get/get_date/wchar_t/wrapped_locale.cc execution test
FAIL: 22_locale/time_get/get_time/char/2.cc execution test
FAIL: 22_locale/time_get/get_time/char/wrapped_env.cc execution test
FAIL: 22_locale/time_get/get_time/char/wrapped_locale.cc execution test
FAIL: 22_locale/time_get/get_time/wchar_t/2.cc execution test
FAIL: 22_locale/time_get/get_time/wchar_t/wrapped_env.cc execution test
FAIL: 22_locale/time_get/get_time/wchar_t/wrapped_locale.cc execution test
FAIL: 22_locale/time_get/get_weekday/char/38081-1.cc execution test
FAIL: 22_locale/time_get/get_weekday/char/38081-2.cc execution test
FAIL: 22_locale/time_put/put/char/2.cc execution test
FAIL: 22_locale/time_put/put/char/3.cc execution test
FAIL: 22_locale/time_put/put/char/4.cc execution test
FAIL: 22_locale/time_put/put/char/wrapped_env.cc execution test
FAIL: 22_locale/time_put/put/char/wrapped_locale.cc execution test
FAIL: 22_locale/time_put/put/wchar_t/2.cc execution test
FAIL: 22_locale/time_put/put/wchar_t/3.cc execution test
FAIL: 22_locale/time_put/put/wchar_t/4.cc execution test
FAIL: 22_locale/time_put/put/wchar_t/wrapped_env.cc execution test
FAIL: 22_locale/time_put/put/wchar_t/wrapped_locale.cc execution test
FAIL: 23_containers/deque/cons/55977.cc (test for excess errors)
FAIL: 23_containers/vector/cons/55977.cc (test for excess errors)
FAIL: 26_numerics/headers/cmath/hypot.cc execution test
FAIL: 27_io/basic_filebuf/close/char/4879.cc execution test
FAIL: 27_io/basic_filebuf/close/char/9964.cc execution test
FAIL: 27_io/basic_filebuf/imbue/char/13171-2.cc execution test
FAIL: 27_io/basic_filebuf/imbue/wchar_t/14975-2.cc execution test
FAIL: 27_io/basic_filebuf/overflow/wchar_t/11305-1.cc execution test
FAIL: 27_io/basic_filebuf/overflow/wchar_t/11305-2.cc execution test
FAIL: 27_io/basic_filebuf/overflow/wchar_t/11305-3.cc execution test
FAIL: 27_io/basic_filebuf/overflow/wchar_t/11305-4.cc execution test
FAIL: 27_io/basic_filebuf/seekoff/char/26777.cc execution test
FAIL: 27_io/basic_filebuf/underflow/char/10097.cc execution test
FAIL: 27_io/manipulators/extended/get_time/char/2.cc execution test
FAIL: 27_io/objects/char/7.cc execution test
FAIL: 27_io/objects/char/9661-1.cc execution test
FAIL: 27_io/objects/wchar_t/7.cc execution test
FAIL: 27_io/objects/wchar_t/9661-1.cc execution test
FAIL: 28_regex/algorithms/regex_match/extended/wstring_locale.cc execution test
FAIL: 28_regex/iterators/regex_token_iterator/wchar_t/wstring_02.cc execution test
FAIL: experimental/iterator/requirements.cc (test for excess errors)
FAIL: experimental/names.cc (test for excess errors)
FAIL: experimental/net/headers.cc (test for excess errors)
FAIL: experimental/net/internet/address/v4/comparisons.cc (test for excess errors)
UNRESOLVED: experimental/net/internet/address/v4/comparisons.cc compilation failed to produce executable
FAIL: experimental/net/internet/address/v4/cons.cc (test for excess errors)
UNRESOLVED: experimental/net/internet/address/v4/cons.cc compilation failed to produce executable
FAIL: experimental/net/internet/address/v4/creation.cc (test for excess errors)
UNRESOLVED: experimental/net/internet/address/v4/creation.cc compilation failed to produce executable
FAIL: experimental/net/internet/address/v4/members.cc (test for excess errors)
UNRESOLVED: experimental/net/internet/address/v4/members.cc compilation failed to produce executable
FAIL: experimental/net/internet/resolver/base.cc (test for excess errors)
UNRESOLVED: experimental/net/internet/resolver/base.cc compilation failed to produce executable
FAIL: experimental/net/internet/resolver/ops/lookup.cc (test for excess errors)
UNRESOLVED: experimental/net/internet/resolver/ops/lookup.cc compilation failed to produce executable
FAIL: experimental/net/internet/resolver/ops/reverse.cc (test for excess errors)
UNRESOLVED: experimental/net/internet/resolver/ops/reverse.cc compilation failed to produce executable
FAIL: ext/special_functions/airy_ai/check_nan.cc (test for excess errors)
FAIL: ext/special_functions/airy_bi/check_nan.cc (test for excess errors)
FAIL: special_functions/07_cyl_bessel_i/check_nan.cc (test for excess errors)
FAIL: special_functions/08_cyl_bessel_j/check_nan.cc (test for excess errors)
FAIL: special_functions/09_cyl_bessel_k/check_nan.cc (test for excess errors)
FAIL: special_functions/10_cyl_neumann/check_nan.cc (test for excess errors)
FAIL: special_functions/19_sph_bessel/check_nan.cc (test for excess errors)
FAIL: special_functions/21_sph_neumann/check_nan.cc (test for excess errors)
FAIL: tr1/5_numerical_facilities/special_functions/08_cyl_bessel_i/check_nan.cc (test for excess errors)
FAIL: tr1/5_numerical_facilities/special_functions/09_cyl_bessel_j/check_nan.cc (test for excess errors)
FAIL: tr1/5_numerical_facilities/special_functions/10_cyl_bessel_k/check_nan.cc (test for excess errors)
FAIL: tr1/5_numerical_facilities/special_functions/11_cyl_neumann/check_nan.cc (test for excess errors)
FAIL: tr1/5_numerical_facilities/special_functions/21_sph_bessel/check_nan.cc (test for excess errors)
FAIL: tr1/5_numerical_facilities/special_functions/23_sph_neumann/check_nan.cc (test for excess errors)

		=== libstdc++ Summary ===

# of expected passes		12558
# of unexpected failures	128
# of expected failures		80
# of unresolved testcases	7
# of unsupported tests		367

Compiler version: 10.0.0 20190519 (experimental) (GCC) 
Platform: i586-unknown-freebsd11.2
configure flags: --prefix=/home/gerald/gcc-ref11-i386 --with-gmp=/home/gerald/11-i386 --with-as=/home/gerald/11-i386/bin/as --with-ld=/home/gerald/11-i386/bin/ld


Index Nav: [Date Index] [Subject Index] [Author Index] [Thread Index]
Message Nav: [Date Prev] [Date Next] [Thread Prev] [Thread Next]