This is the mail archive of the gcc-testresults@gcc.gnu.org mailing list for the GCC project.


Index Nav: [Date Index] [Subject Index] [Author Index] [Thread Index]
Message Nav: [Date Prev] [Date Next] [Thread Prev] [Thread Next]
Other format: [Raw text]

Results for 8.3.1 20190517 [gcc-8-branch revision 271305] (GCC) testsuite on sparc-sun-solaris2.11


LAST_UPDATED: Fri May 17 08:51:37 UTC 2019 (revision 271305)

		=== acats tests ===

		=== acats Summary ===
# of expected passes		2320
# of unexpected failures	0
Native configuration is sparc-sun-solaris2.11

		=== g++ tests ===


Running target unix
FAIL: g++.dg/pr83239.C  -std=gnu++98 (test for excess errors)
FAIL: g++.dg/gcov/pr16855-priority.C  -std=gnu++11  gcov: 1 failures in line counts, 0 in branch percentages, 0 in return percentages, 0 in intermediate format
FAIL: g++.dg/gcov/pr16855-priority.C  -std=gnu++11  line 22: is #####:should be 1
FAIL: g++.dg/gcov/pr16855-priority.C  -std=gnu++14  gcov: 1 failures in line counts, 0 in branch percentages, 0 in return percentages, 0 in intermediate format
FAIL: g++.dg/gcov/pr16855-priority.C  -std=gnu++14  line 22: is #####:should be 1
FAIL: g++.dg/gcov/pr16855-priority.C  -std=gnu++98  gcov: 1 failures in line counts, 0 in branch percentages, 0 in return percentages, 0 in intermediate format
FAIL: g++.dg/gcov/pr16855-priority.C  -std=gnu++98  line 22: is #####:should be 1
FAIL: g++.dg/gcov/pr16855.C  -std=gnu++11  gcov: 1 failures in line counts, 0 in branch percentages, 0 in return percentages, 0 in intermediate format
FAIL: g++.dg/gcov/pr16855.C  -std=gnu++11  line 21: is #####:should be 1
FAIL: g++.dg/gcov/pr16855.C  -std=gnu++14  gcov: 1 failures in line counts, 0 in branch percentages, 0 in return percentages, 0 in intermediate format
FAIL: g++.dg/gcov/pr16855.C  -std=gnu++14  line 21: is #####:should be 1
FAIL: g++.dg/gcov/pr16855.C  -std=gnu++98  gcov: 1 failures in line counts, 0 in branch percentages, 0 in return percentages, 0 in intermediate format
FAIL: g++.dg/gcov/pr16855.C  -std=gnu++98  line 21: is #####:should be 1

		=== g++ Summary for unix ===

# of expected passes		114125
# of unexpected failures	13
# of expected failures		512
# of unsupported tests		5402

Running target unix/-m64
FAIL: g++.dg/pr83239.C  -std=gnu++98 (test for excess errors)
FAIL: g++.dg/gcov/pr16855-priority.C  -std=gnu++11  gcov: 1 failures in line counts, 0 in branch percentages, 0 in return percentages, 0 in intermediate format
FAIL: g++.dg/gcov/pr16855-priority.C  -std=gnu++11  line 22: is #####:should be 1
FAIL: g++.dg/gcov/pr16855-priority.C  -std=gnu++14  gcov: 1 failures in line counts, 0 in branch percentages, 0 in return percentages, 0 in intermediate format
FAIL: g++.dg/gcov/pr16855-priority.C  -std=gnu++14  line 22: is #####:should be 1
FAIL: g++.dg/gcov/pr16855-priority.C  -std=gnu++98  gcov: 1 failures in line counts, 0 in branch percentages, 0 in return percentages, 0 in intermediate format
FAIL: g++.dg/gcov/pr16855-priority.C  -std=gnu++98  line 22: is #####:should be 1
FAIL: g++.dg/gcov/pr16855.C  -std=gnu++11  gcov: 1 failures in line counts, 0 in branch percentages, 0 in return percentages, 0 in intermediate format
FAIL: g++.dg/gcov/pr16855.C  -std=gnu++11  line 21: is #####:should be 1
FAIL: g++.dg/gcov/pr16855.C  -std=gnu++14  gcov: 1 failures in line counts, 0 in branch percentages, 0 in return percentages, 0 in intermediate format
FAIL: g++.dg/gcov/pr16855.C  -std=gnu++14  line 21: is #####:should be 1
FAIL: g++.dg/gcov/pr16855.C  -std=gnu++98  gcov: 1 failures in line counts, 0 in branch percentages, 0 in return percentages, 0 in intermediate format
FAIL: g++.dg/gcov/pr16855.C  -std=gnu++98  line 21: is #####:should be 1

		=== g++ Summary for unix/-m64 ===

# of expected passes		116022
# of unexpected failures	13
# of expected failures		515
# of unsupported tests		5371

		=== g++ Summary ===

# of expected passes		230147
# of unexpected failures	26
# of expected failures		1027
# of unsupported tests		10773
/var/gcc/regression/gcc-8-branch/11-gcc/build/gcc/xg++  version 8.3.1 20190517 [gcc-8-branch revision 271305] (GCC) 

		=== gcc tests ===


Running target unix
FAIL: gcc.dg/simulate-thread/atomic-other-int.c   -O2 -g  thread simulation test
FAIL: gcc.dg/simulate-thread/atomic-other-int.c   -O3 -g  thread simulation test
FAIL: gcc.dg/simulate-thread/speculative-store-4.c   -O0 -g  thread simulation test
FAIL: gcc.dg/simulate-thread/speculative-store-4.c   -O2 -g  thread simulation test
FAIL: gcc.dg/simulate-thread/speculative-store-4.c   -O3 -g  thread simulation test
FAIL: gcc.dg/simulate-thread/speculative-store.c   -O0 -g  thread simulation test

		=== gcc Summary for unix ===

# of expected passes		103400
# of unexpected failures	6
# of expected failures		477
# of unsupported tests		2793

Running target unix/-m64

		=== gcc Summary for unix/-m64 ===

# of expected passes		104553
# of expected failures		467
# of unsupported tests		2532

		=== gcc Summary ===

# of expected passes		207953
# of unexpected failures	6
# of expected failures		944
# of unsupported tests		5325
/var/gcc/regression/gcc-8-branch/11-gcc/build/gcc/xgcc  version 8.3.1 20190517 [gcc-8-branch revision 271305] (GCC) 

		=== gfortran tests ===


Running target unix
FAIL: gfortran.dg/elemental_subroutine_3.f90   -O1  (test for excess errors)
FAIL: gfortran.dg/elemental_subroutine_3.f90   -O2  (test for excess errors)
FAIL: gfortran.dg/elemental_subroutine_3.f90   -O3 -fomit-frame-pointer -funroll-loops -fpeel-loops -ftracer -finline-functions  (test for excess errors)
FAIL: gfortran.dg/elemental_subroutine_3.f90   -O3 -g  (test for excess errors)
FAIL: gfortran.dg/elemental_subroutine_3.f90   -Os  (test for excess errors)
FAIL: gfortran.dg/unlimited_polymorphic_30.f03   -O0  execution test
FAIL: gfortran.dg/unlimited_polymorphic_30.f03   -O1  execution test

		=== gfortran Summary for unix ===

# of expected passes		47713
# of unexpected failures	7
# of expected failures		92
# of unsupported tests		263

Running target unix/-m64
FAIL: gfortran.dg/elemental_subroutine_3.f90   -O1  (test for excess errors)
FAIL: gfortran.dg/elemental_subroutine_3.f90   -O2  (test for excess errors)
FAIL: gfortran.dg/elemental_subroutine_3.f90   -O3 -fomit-frame-pointer -funroll-loops -fpeel-loops -ftracer -finline-functions  (test for excess errors)
FAIL: gfortran.dg/elemental_subroutine_3.f90   -O3 -g  (test for excess errors)
FAIL: gfortran.dg/elemental_subroutine_3.f90   -Os  (test for excess errors)
FAIL: gfortran.dg/unlimited_polymorphic_30.f03   -O0  execution test
FAIL: gfortran.dg/unlimited_polymorphic_30.f03   -O1  execution test
FAIL: gfortran.dg/unlimited_polymorphic_30.f03   -O2  execution test
FAIL: gfortran.dg/unlimited_polymorphic_30.f03   -O3 -fomit-frame-pointer -funroll-loops -fpeel-loops -ftracer -finline-functions  execution test
FAIL: gfortran.dg/unlimited_polymorphic_30.f03   -O3 -g  execution test
FAIL: gfortran.dg/unlimited_polymorphic_30.f03   -Os  execution test

		=== gfortran Summary for unix/-m64 ===

# of expected passes		47956
# of unexpected failures	11
# of expected failures		92
# of unsupported tests		142

		=== gfortran Summary ===

# of expected passes		95669
# of unexpected failures	18
# of expected failures		184
# of unsupported tests		405
/var/gcc/regression/gcc-8-branch/11-gcc/build/gcc/gfortran  version 8.3.1 20190517 [gcc-8-branch revision 271305] (GCC) 

		=== gnat tests ===


Running target unix

		=== gnat Summary for unix ===

# of expected passes		2681
# of expected failures		24
# of unsupported tests		23

Running target unix/-m64

		=== gnat Summary for unix/-m64 ===

# of expected passes		2681
# of expected failures		24
# of unsupported tests		23

		=== gnat Summary ===

# of expected passes		5362
# of expected failures		48
# of unsupported tests		46
/var/gcc/regression/gcc-8-branch/11-gcc/build/gcc/gnatmake version 8.3.1 20190517 [gcc-8-branch revision 271305]

		=== go tests ===


Running target unix
FAIL: ./index0-out.go execution,  -O0 -g -fno-var-tracking-assignments 
FAIL: go.test/test/fixedbugs/issue4562.go execution,  -O2 -g 
FAIL: go.test/test/nil.go execution,  -O2 -g 

		=== go Summary for unix ===

# of expected passes		7391
# of unexpected failures	3
# of expected failures		1
# of untested testcases		11
# of unsupported tests		3

Running target unix/-m64
FAIL: ./index0-out.go execution,  -O0 -g -fno-var-tracking-assignments 

		=== go Summary for unix/-m64 ===

# of expected passes		7273
# of unexpected failures	1
# of expected failures		1
# of untested testcases		11
# of unsupported tests		3

		=== go Summary ===

# of expected passes		14664
# of unexpected failures	4
# of expected failures		2
# of untested testcases		22
# of unsupported tests		6
		=== obj-c++ tests ===


Running target unix

		=== obj-c++ Summary for unix ===

# of expected passes		1464
# of expected failures		2
# of unsupported tests		77

Running target unix/-m64

		=== obj-c++ Summary for unix/-m64 ===

# of expected passes		1456
# of expected failures		10
# of unsupported tests		77

		=== obj-c++ Summary ===

# of expected passes		2920
# of expected failures		12
# of unsupported tests		154
/var/gcc/regression/gcc-8-branch/11-gcc/build/gcc/xg++  version 8.3.1 20190517 [gcc-8-branch revision 271305] (GCC) 

		=== objc tests ===


Running target unix

		=== objc Summary for unix ===

# of expected passes		2803
# of unsupported tests		68

Running target unix/-m64

		=== objc Summary for unix/-m64 ===

# of expected passes		2803
# of unsupported tests		68

		=== objc Summary ===

# of expected passes		5606
# of unsupported tests		136
/var/gcc/regression/gcc-8-branch/11-gcc/build/gcc/xgcc  version 8.3.1 20190517 [gcc-8-branch revision 271305] (GCC) 

		=== gotools tests ===

FAIL: TestBuildComplex
FAIL: TestCaseCollisions
FAIL: TestCgoShowsFullPathNames
FAIL: TestCpuprofileTwice
FAIL: TestFileLineInErrorMessages
FAIL: TestGOTMPDIR
FAIL: TestIssue22588
FAIL: TestListTemplateContextFunction
FAIL: TestMultipleGOPATHEntriesReportedSeparately
FAIL: TestTestRebuild
FAIL: TestUnsuccessfulGoInstallShouldMentionMissingPackage
FAIL: go test cmd/go
FAIL: TestBreakpoint
FAIL: TestCgoExecSignalMask
FAIL: TestCgoSignalDeadlock
FAIL: TestGccgoCrashTracebackNodebug
FAIL: TestPanicInlined
FAIL: TestSelectStackAdjust
FAIL: go test runtime
FAIL: go test misc/cgo/test
FAIL: TestCompileWithoutShared
FAIL: TestEarlySignalHandler
FAIL: TestInstall
FAIL: TestOsSignal
FAIL: TestPIE
FAIL: TestSIGPROF
FAIL: TestSigaltstack
FAIL: TestSignalForwarding
FAIL: TestSignalForwardingExternal
FAIL: go test misc/cgo/testcarchive
FAIL: TestTags
FAIL: go test cmd/vet

		=== gotools Summary ===
# of expected passes		276
# of unexpected failures	32
# of untested testcases		189
/var/gcc/regression/gcc-8-branch/11-gcc/build/./gcc/gccgo version 8.3.1 20190517 [gcc-8-branch revision 271305] (GCC)

		=== libatomic tests ===


Running target unix

		=== libatomic Summary for unix ===

# of expected passes		44
# of unsupported tests		5

Running target unix/-m64

		=== libatomic Summary for unix/-m64 ===

# of expected passes		54

		=== libatomic Summary ===

# of expected passes		98
# of unsupported tests		5
		=== libffi tests ===


Running target unix

		=== libffi Summary for unix ===

# of expected passes		2214

Running target unix/-m64

		=== libffi Summary for unix/-m64 ===

# of expected passes		2214

		=== libffi Summary ===

# of expected passes		4428
		=== libgo tests ===


Running target unix
FAIL: runtime
FAIL: go/build
FAIL: net/http
FAIL: os/signal
FAIL: runtime/pprof

		=== libgo Summary for unix ===

# of expected passes		159
# of unexpected failures	5

Running target unix/-m64
FAIL: go/build
FAIL: net/http
FAIL: os/signal

		=== libgo Summary for unix/-m64 ===

# of expected passes		161
# of unexpected failures	3

		=== libgo Summary ===

# of expected passes		320
# of unexpected failures	8
/var/gcc/regression/gcc-8-branch/11-gcc/build/./gcc/gccgo version 8.3.1 20190517 [gcc-8-branch revision 271305] (GCC)

		=== libgomp tests ===


Running target unix

		=== libgomp Summary for unix ===

# of expected passes		5449
# of expected failures		2
# of unsupported tests		366

Running target unix/-m64

		=== libgomp Summary for unix/-m64 ===

# of expected passes		5449
# of expected failures		2
# of unsupported tests		366

		=== libgomp Summary ===

# of expected passes		10898
# of expected failures		4
# of unsupported tests		732
		=== libitm tests ===


Running target unix

		=== libitm Summary for unix ===

# of expected passes		42
# of expected failures		3
# of unsupported tests		1

Running target unix/-m64

		=== libitm Summary for unix/-m64 ===

# of expected passes		42
# of expected failures		3
# of unsupported tests		1

		=== libitm Summary ===

# of expected passes		84
# of expected failures		6
# of unsupported tests		2
		=== libstdc++ tests ===


Running target unix

		=== libstdc++ Summary for unix ===

# of expected passes		11428
# of expected failures		71
# of unsupported tests		641

Running target unix/-m64

		=== libstdc++ Summary for unix/-m64 ===

# of expected passes		11428
# of expected failures		71
# of unsupported tests		641

		=== libstdc++ Summary ===

# of expected passes		22856
# of expected failures		142
# of unsupported tests		1282

Compiler version: 8.3.1 20190517 [gcc-8-branch revision 271305] (GCC) 
Platform: sparc-sun-solaris2.11
configure flags: --prefix=/vol/gcc --target=sparc-sun-solaris2.11 --enable-objc-gc --with-target-bdw-gc-include=/vol/gcc/include --with-target-bdw-gc-lib=/vol/gcc/lib,sparcv9=/vol/gcc/lib/sparcv9 --with-as=/usr/ccs/bin/as --without-gnu-as --with-gmp-include=/vol/gcc/include --with-gmp-lib=/vol/gcc/lib --with-mpfr-include=/vol/gcc/include --with-mpfr-lib=/vol/gcc/lib --with-mpc-include=/vol/gcc/include --with-mpc-lib=/vol/gcc/lib --enable-languages=all,ada,obj-c++,go --with-isl-include=/vol/gcc/include --with-isl-lib=/vol/gcc/lib --build=sparc-sun-solaris2.11 --host=sparc-sun-solaris2.11
BOOT_CFLAGS=-g -O2


Index Nav: [Date Index] [Subject Index] [Author Index] [Thread Index]
Message Nav: [Date Prev] [Date Next] [Thread Prev] [Thread Next]