This is the mail archive of the gcc-testresults@gcc.gnu.org mailing list for the GCC project.


Index Nav: [Date Index] [Subject Index] [Author Index] [Thread Index]
Message Nav: [Date Prev] [Date Next] [Thread Prev] [Thread Next]
Other format: [Raw text]

Results for 9.1.1 20190517 [gcc-9-branch revision 271314] (GCC) testsuite on sparc-sun-solaris2.11


LAST_UPDATED: Fri May 17 08:48:08 UTC 2019 (revision 271314)

Native configuration is sparc-sun-solaris2.11

		=== g++ tests ===


Running target unix
FAIL: c-c++-common/asan/alloca_big_alignment.c   -O2 -flto -flto-partition=none  (test for excess errors)
FAIL: g++.dg/asan/default-options-1.C   -O0  execution test
FAIL: g++.dg/asan/default-options-1.C   -O1  execution test
FAIL: g++.dg/asan/default-options-1.C   -O2  execution test
FAIL: g++.dg/asan/default-options-1.C   -O2 -flto  execution test
FAIL: g++.dg/asan/default-options-1.C   -O2 -flto -flto-partition=none  execution test
FAIL: g++.dg/asan/default-options-1.C   -O3 -g  execution test
FAIL: g++.dg/asan/default-options-1.C   -Os  execution test
FAIL: g++.dg/gcov/pr16855-priority.C  -std=gnu++14  gcov: 1 failures in line counts, 0 in branch percentages, 0 in return percentages, 0 in intermediate format
FAIL: g++.dg/gcov/pr16855-priority.C  -std=gnu++14  line 22: is #####:should be 1
FAIL: g++.dg/gcov/pr16855-priority.C  -std=gnu++17  gcov: 1 failures in line counts, 0 in branch percentages, 0 in return percentages, 0 in intermediate format
FAIL: g++.dg/gcov/pr16855-priority.C  -std=gnu++17  line 22: is #####:should be 1
FAIL: g++.dg/gcov/pr16855-priority.C  -std=gnu++98  gcov: 1 failures in line counts, 0 in branch percentages, 0 in return percentages, 0 in intermediate format
FAIL: g++.dg/gcov/pr16855-priority.C  -std=gnu++98  line 22: is #####:should be 1
FAIL: g++.dg/gcov/pr16855.C  -std=gnu++14  gcov: 1 failures in line counts, 0 in branch percentages, 0 in return percentages, 0 in intermediate format
FAIL: g++.dg/gcov/pr16855.C  -std=gnu++14  line 21: is #####:should be 1
FAIL: g++.dg/gcov/pr16855.C  -std=gnu++17  gcov: 1 failures in line counts, 0 in branch percentages, 0 in return percentages, 0 in intermediate format
FAIL: g++.dg/gcov/pr16855.C  -std=gnu++17  line 21: is #####:should be 1
FAIL: g++.dg/gcov/pr16855.C  -std=gnu++98  gcov: 1 failures in line counts, 0 in branch percentages, 0 in return percentages, 0 in intermediate format
FAIL: g++.dg/gcov/pr16855.C  -std=gnu++98  line 21: is #####:should be 1
FAIL: g++.dg/lto/pr89335 cp_lto_pr89335_0.o assemble, -O2 -flto -Wsuggest-final-methods

		=== g++ Summary for unix ===

# of expected passes		128384
# of unexpected failures	21
# of expected failures		514
# of unsupported tests		6559

Running target unix/-m64
FAIL: g++.dg/gcov/pr16855-priority.C  -std=gnu++14  gcov: 1 failures in line counts, 0 in branch percentages, 0 in return percentages, 0 in intermediate format
FAIL: g++.dg/gcov/pr16855-priority.C  -std=gnu++14  line 22: is #####:should be 1
FAIL: g++.dg/gcov/pr16855-priority.C  -std=gnu++17  gcov: 1 failures in line counts, 0 in branch percentages, 0 in return percentages, 0 in intermediate format
FAIL: g++.dg/gcov/pr16855-priority.C  -std=gnu++17  line 22: is #####:should be 1
FAIL: g++.dg/gcov/pr16855-priority.C  -std=gnu++98  gcov: 1 failures in line counts, 0 in branch percentages, 0 in return percentages, 0 in intermediate format
FAIL: g++.dg/gcov/pr16855-priority.C  -std=gnu++98  line 22: is #####:should be 1
FAIL: g++.dg/gcov/pr16855.C  -std=gnu++14  gcov: 1 failures in line counts, 0 in branch percentages, 0 in return percentages, 0 in intermediate format
FAIL: g++.dg/gcov/pr16855.C  -std=gnu++14  line 21: is #####:should be 1
FAIL: g++.dg/gcov/pr16855.C  -std=gnu++17  gcov: 1 failures in line counts, 0 in branch percentages, 0 in return percentages, 0 in intermediate format
FAIL: g++.dg/gcov/pr16855.C  -std=gnu++17  line 21: is #####:should be 1
FAIL: g++.dg/gcov/pr16855.C  -std=gnu++98  gcov: 1 failures in line counts, 0 in branch percentages, 0 in return percentages, 0 in intermediate format
FAIL: g++.dg/gcov/pr16855.C  -std=gnu++98  line 21: is #####:should be 1
FAIL: g++.dg/lto/pr89335 cp_lto_pr89335_0.o assemble, -O2 -flto -Wsuggest-final-methods

		=== g++ Summary for unix/-m64 ===

# of expected passes		128543
# of unexpected failures	13
# of expected failures		517
# of unsupported tests		6279

		=== g++ Summary ===

# of expected passes		256927
# of unexpected failures	34
# of expected failures		1031
# of unsupported tests		12838
/var/gcc/regression/gcc-9-branch/11-gcc/build/gcc/xg++  version 9.1.1 20190517 [gcc-9-branch revision 271314] (GCC) 

		=== gcc tests ===


Running target unix
FAIL: gcc.c-torture/compile/20000319-1.c   -O3 -g  (test for excess errors)
FAIL: gcc.c-torture/execute/pr64242.c   -O2  execution test
FAIL: gcc.c-torture/execute/pr64242.c   -O2 -flto  execution test
FAIL: gcc.c-torture/execute/pr64242.c   -O2 -flto -flto-partition=none  execution test
FAIL: gcc.c-torture/execute/pr64242.c   -O3 -g  execution test
FAIL: gcc.c-torture/execute/pr64242.c   -Os  execution test
FAIL: gcc.dg/ipa/ipa-icf-38.c scan-ltrans-tree-dump-not optimized "Function bar"
FAIL: gcc.dg/simulate-thread/atomic-other-int.c   -O2 -g  thread simulation test
FAIL: gcc.dg/simulate-thread/atomic-other-int.c   -O3 -g  thread simulation test
FAIL: gcc.dg/simulate-thread/speculative-store-4.c   -O0 -g  thread simulation test
FAIL: gcc.dg/simulate-thread/speculative-store-4.c   -O2 -g  thread simulation test
FAIL: gcc.dg/simulate-thread/speculative-store-4.c   -O3 -g  thread simulation test
FAIL: gcc.dg/simulate-thread/speculative-store.c   -O0 -g  thread simulation test
XPASS: gcc.dg/vect/bb-slp-div-1.c -flto -ffat-lto-objects  scan-tree-dump slp2 "basic block vectorized"
XPASS: gcc.dg/vect/bb-slp-div-1.c scan-tree-dump slp2 "basic block vectorized"

		=== gcc Summary for unix ===

# of expected passes		114276
# of unexpected failures	13
# of unexpected successes	2
# of expected failures		603
# of unsupported tests		3444

Running target unix/-m64
FAIL: gcc.c-torture/execute/pr64242.c   -O2  execution test
FAIL: gcc.c-torture/execute/pr64242.c   -O2 -flto  execution test
FAIL: gcc.c-torture/execute/pr64242.c   -O2 -flto -flto-partition=none  execution test
FAIL: gcc.c-torture/execute/pr64242.c   -O3 -g  execution test
FAIL: gcc.c-torture/execute/pr64242.c   -Os  execution test
FAIL: gcc.dg/ipa/ipa-icf-38.c scan-ltrans-tree-dump-not optimized "Function bar"
XPASS: gcc.dg/vect/bb-slp-div-1.c -flto -ffat-lto-objects  scan-tree-dump slp2 "basic block vectorized"
XPASS: gcc.dg/vect/bb-slp-div-1.c scan-tree-dump slp2 "basic block vectorized"

		=== gcc Summary for unix/-m64 ===

# of expected passes		113807
# of unexpected failures	6
# of unexpected successes	2
# of expected failures		597
# of unsupported tests		2855

		=== gcc Summary ===

# of expected passes		228083
# of unexpected failures	19
# of unexpected successes	4
# of expected failures		1200
# of unsupported tests		6299
/var/gcc/regression/gcc-9-branch/11-gcc/build/gcc/xgcc  version 9.1.1 20190517 [gcc-9-branch revision 271314] (GCC) 

		=== gdc tests ===


Running target unix

		=== gdc Summary for unix ===

# of expected passes		22445
# of unsupported tests		40

Running target unix/-m64

		=== gdc Summary for unix/-m64 ===

# of expected passes		22445
# of unsupported tests		40

		=== gdc Summary ===

# of expected passes		44890
# of unsupported tests		80
/var/gcc/regression/gcc-9-branch/11-gcc/build/gcc/gdc  version 9.1.1 20190517 [gcc-9-branch revision 271314] (GCC) 

		=== gfortran tests ===


Running target unix
FAIL: gfortran.dg/elemental_subroutine_3.f90   -O1  (test for excess errors)
FAIL: gfortran.dg/elemental_subroutine_3.f90   -O2  (test for excess errors)
FAIL: gfortran.dg/elemental_subroutine_3.f90   -O3 -fomit-frame-pointer -funroll-loops -fpeel-loops -ftracer -finline-functions  (test for excess errors)
FAIL: gfortran.dg/elemental_subroutine_3.f90   -O3 -g  (test for excess errors)
FAIL: gfortran.dg/elemental_subroutine_3.f90   -Os  (test for excess errors)

		=== gfortran Summary for unix ===

# of expected passes		49791
# of unexpected failures	5
# of expected failures		188
# of unsupported tests		275

Running target unix/-m64
FAIL: gfortran.dg/elemental_subroutine_3.f90   -O1  (test for excess errors)
FAIL: gfortran.dg/elemental_subroutine_3.f90   -O2  (test for excess errors)
FAIL: gfortran.dg/elemental_subroutine_3.f90   -O3 -fomit-frame-pointer -funroll-loops -fpeel-loops -ftracer -finline-functions  (test for excess errors)
FAIL: gfortran.dg/elemental_subroutine_3.f90   -O3 -g  (test for excess errors)
FAIL: gfortran.dg/elemental_subroutine_3.f90   -Os  (test for excess errors)

		=== gfortran Summary for unix/-m64 ===

# of expected passes		50050
# of unexpected failures	5
# of expected failures		188
# of unsupported tests		148

		=== gfortran Summary ===

# of expected passes		99841
# of unexpected failures	10
# of expected failures		376
# of unsupported tests		423
/var/gcc/regression/gcc-9-branch/11-gcc/build/gcc/gfortran  version 9.1.1 20190517 [gcc-9-branch revision 271314] (GCC) 

		=== gnat tests ===


Running target unix

		=== gnat Summary for unix ===

# of expected passes		2926
# of expected failures		23
# of unsupported tests		30

Running target unix/-m64

		=== gnat Summary for unix/-m64 ===

# of expected passes		2926
# of expected failures		23
# of unsupported tests		30

		=== gnat Summary ===

# of expected passes		5852
# of expected failures		46
# of unsupported tests		60
/var/gcc/regression/gcc-9-branch/11-gcc/build/gcc/gnatmake version 9.1.1 20190517 [gcc-9-branch revision 271314]

		=== go tests ===


Running target unix
FAIL: ./index0-out.go execution,  -O0 -g -fno-var-tracking-assignments 

		=== go Summary for unix ===

# of expected passes		7457
# of unexpected failures	1
# of expected failures		1
# of untested testcases		11
# of unsupported tests		3

Running target unix/-m64
FAIL: ./index0-out.go execution,  -O0 -g -fno-var-tracking-assignments 

		=== go Summary for unix/-m64 ===

# of expected passes		7337
# of unexpected failures	1
# of expected failures		1
# of untested testcases		11
# of unsupported tests		3

		=== go Summary ===

# of expected passes		14794
# of unexpected failures	2
# of expected failures		2
# of untested testcases		22
# of unsupported tests		6
		=== obj-c++ tests ===


Running target unix

		=== obj-c++ Summary for unix ===

# of expected passes		1466
# of expected failures		2
# of unsupported tests		77

Running target unix/-m64

		=== obj-c++ Summary for unix/-m64 ===

# of expected passes		1458
# of expected failures		10
# of unsupported tests		77

		=== obj-c++ Summary ===

# of expected passes		2924
# of expected failures		12
# of unsupported tests		154
/var/gcc/regression/gcc-9-branch/11-gcc/build/gcc/xg++  version 9.1.1 20190517 [gcc-9-branch revision 271314] (GCC) 

		=== objc tests ===


Running target unix
FAIL: objc/compile/method-1.m,  -O1 -fgnu-runtime 

		=== objc Summary for unix ===

# of expected passes		2802
# of unexpected failures	1
# of unsupported tests		68

Running target unix/-m64

		=== objc Summary for unix/-m64 ===

# of expected passes		2803
# of unsupported tests		68

		=== objc Summary ===

# of expected passes		5605
# of unexpected failures	1
# of unsupported tests		136
/var/gcc/regression/gcc-9-branch/11-gcc/build/gcc/xgcc  version 9.1.1 20190517 [gcc-9-branch revision 271314] (GCC) 

		=== gotools tests ===

FAIL: go test cmd/go
FAIL: TestAbort
FAIL: TestBreakpoint
FAIL: TestCgoCrashHandler
FAIL: TestCgoLockOSThreadExit
FAIL: TestCgoSignalDeadlock
FAIL: TestCrashHandler
FAIL: TestG0StackOverflow
FAIL: TestGccgoCrashTracebackNodebug
FAIL: TestPanicInlined
FAIL: TestSelectStackAdjust
FAIL: TestSpuriousWakeupsNeverHangSemasleep
FAIL: go test runtime
FAIL: go test misc/cgo/test
FAIL: TestInstall
FAIL: go test misc/cgo/testcarchive
FAIL: TestTags
FAIL: TestVet
FAIL: go test cmd/vet

		=== gotools Summary ===
# of expected passes		179
# of unexpected failures	19
# of untested testcases		53
/var/gcc/regression/gcc-9-branch/11-gcc/build/./gcc/gccgo version 9.1.1 20190517 [gcc-9-branch revision 271314] (GCC)

		=== libatomic tests ===


Running target unix

		=== libatomic Summary for unix ===

# of expected passes		44
# of unsupported tests		5

Running target unix/-m64

		=== libatomic Summary for unix/-m64 ===

# of expected passes		54

		=== libatomic Summary ===

# of expected passes		98
# of unsupported tests		5
		=== libffi tests ===


Running target unix

		=== libffi Summary for unix ===

# of expected passes		2214

Running target unix/-m64

		=== libffi Summary for unix/-m64 ===

# of expected passes		2214

		=== libffi Summary ===

# of expected passes		4428
		=== libgo tests ===


Running target unix
FAIL: go/build
FAIL: internal/x/crypto/cryptobyte
FAIL: runtime

		=== libgo Summary for unix ===

# of expected passes		182
# of unexpected failures	3

Running target unix/-m64
FAIL: go/build
FAIL: runtime
FAIL: runtime/pprof

		=== libgo Summary for unix/-m64 ===

# of expected passes		182
# of unexpected failures	3

		=== libgo Summary ===

# of expected passes		364
# of unexpected failures	6
/var/gcc/regression/gcc-9-branch/11-gcc/build/./gcc/gccgo version 9.1.1 20190517 [gcc-9-branch revision 271314] (GCC)

		=== libgomp tests ===


Running target unix
FAIL: libgomp.c/../libgomp.c-c++-common/for-11.c execution test

		=== libgomp Summary for unix ===

# of expected passes		6348
# of unexpected failures	1
# of expected failures		4
# of unsupported tests		424

Running target unix/-m64

		=== libgomp Summary for unix/-m64 ===

# of expected passes		6349
# of expected failures		4
# of unsupported tests		424

		=== libgomp Summary ===

# of expected passes		12697
# of unexpected failures	1
# of expected failures		8
# of unsupported tests		848
		=== libitm tests ===


Running target unix

		=== libitm Summary for unix ===

# of expected passes		42
# of expected failures		3
# of unsupported tests		1

Running target unix/-m64
FAIL: libitm.c/simple-1.c (internal compiler error)
FAIL: libitm.c/simple-1.c (test for excess errors)
UNRESOLVED: libitm.c/simple-1.c compilation failed to produce executable

		=== libitm Summary for unix/-m64 ===

# of expected passes		40
# of unexpected failures	2
# of expected failures		3
# of unresolved testcases	1
# of unsupported tests		1

		=== libitm Summary ===

# of expected passes		82
# of unexpected failures	2
# of expected failures		6
# of unresolved testcases	1
# of unsupported tests		2
		=== libstdc++ tests ===


Running target unix
UNRESOLVED: 18_support/headers/cstdint/types_std_c++0x.cc (test for excess errors)
ERROR: couldn't open "config.ii": no such file or directory
ERROR: remote_download to target of /vol/gcc/src/hg/gcc-9-branch/local/libstdc++-v3/testsuite/data/seekoff-1io.tst to seekoff-1io.tst: cp: memory exhausted
ERROR: tcl error sourcing /vol/gcc/src/hg/gcc-9-branch/local/libstdc++-v3/testsuite/libstdc++-dg/conformance.exp.

		=== libstdc++ Summary for unix ===

# of expected passes		11160
# of expected failures		75
# of unresolved testcases	1
# of unsupported tests		652

Running target unix/-m64

		=== libstdc++ Summary for unix/-m64 ===

# of expected passes		12840
# of expected failures		79
# of unsupported tests		784

		=== libstdc++ Summary ===

# of expected passes		24000
# of expected failures		154
# of unresolved testcases	1
# of unsupported tests		1436

Compiler version: 9.1.1 20190517 [gcc-9-branch revision 271314] (GCC) 
Platform: sparc-sun-solaris2.11
configure flags: --prefix=/vol/gcc --target=sparc-sun-solaris2.11 --enable-objc-gc --with-target-bdw-gc-include=/vol/gcc/include --with-target-bdw-gc-lib=/vol/gcc/lib,sparcv9=/vol/gcc/lib/sparcv9 --with-as=/usr/ccs/bin/as --without-gnu-as --with-gmp-include=/vol/gcc/include --with-gmp-lib=/vol/gcc/lib --with-mpfr-include=/vol/gcc/include --with-mpfr-lib=/vol/gcc/lib --with-mpc-include=/vol/gcc/include --with-mpc-lib=/vol/gcc/lib --enable-languages=all,ada,obj-c++,go --with-isl-include=/vol/gcc/include --with-isl-lib=/vol/gcc/lib --build=sparc-sun-solaris2.11 --host=sparc-sun-solaris2.11
BOOT_CFLAGS=-g -O2


Index Nav: [Date Index] [Subject Index] [Author Index] [Thread Index]
Message Nav: [Date Prev] [Date Next] [Thread Prev] [Thread Next]