This is the mail archive of the gcc-testresults@gcc.gnu.org mailing list for the GCC project.


Index Nav: [Date Index] [Subject Index] [Author Index] [Thread Index]
Message Nav: [Date Prev] [Date Next] [Thread Prev] [Thread Next]
Other format: [Raw text]

Results for 10.0.0 20190515 (experimental) [trunk revision 271212] (GCC) testsuite on x86_64-apple-darwin15


ASAN fails are : P87880,

LAST_UPDATED: Wed May 15 14:12:19 UTC 2019 (revision 271212)

		=== acats tests ===

		=== acats Summary ===
# of expected passes		2320
# of unexpected failures	0
Native configuration is x86_64-apple-darwin15

		=== g++ tests ===


Running target unix/-m32
FAIL: c-c++-common/asan/alloca_big_alignment.c   -O0  output pattern test
FAIL: c-c++-common/asan/alloca_big_alignment.c   -O1  output pattern test
FAIL: c-c++-common/asan/alloca_big_alignment.c   -O2  output pattern test
FAIL: c-c++-common/asan/alloca_big_alignment.c   -O2 -flto  output pattern test
FAIL: c-c++-common/asan/alloca_big_alignment.c   -O2 -flto -flto-partition=none  output pattern test
FAIL: c-c++-common/asan/alloca_big_alignment.c   -O3 -g  output pattern test
FAIL: c-c++-common/asan/alloca_big_alignment.c   -Os  output pattern test
FAIL: c-c++-common/asan/alloca_detect_custom_size.c   -O0  output pattern test
FAIL: c-c++-common/asan/alloca_detect_custom_size.c   -O1  output pattern test
FAIL: c-c++-common/asan/alloca_detect_custom_size.c   -O2  output pattern test
FAIL: c-c++-common/asan/alloca_detect_custom_size.c   -O2 -flto  output pattern test
FAIL: c-c++-common/asan/alloca_detect_custom_size.c   -O2 -flto -flto-partition=none  output pattern test
FAIL: c-c++-common/asan/alloca_detect_custom_size.c   -O3 -g  output pattern test
FAIL: c-c++-common/asan/alloca_detect_custom_size.c   -Os  output pattern test
FAIL: c-c++-common/asan/alloca_instruments_all_paddings.c   -O0  execution test
FAIL: c-c++-common/asan/alloca_instruments_all_paddings.c   -O1  execution test
FAIL: c-c++-common/asan/alloca_instruments_all_paddings.c   -O2  execution test
FAIL: c-c++-common/asan/alloca_instruments_all_paddings.c   -O2 -flto  execution test
FAIL: c-c++-common/asan/alloca_instruments_all_paddings.c   -O2 -flto -flto-partition=none  execution test
FAIL: c-c++-common/asan/alloca_instruments_all_paddings.c   -O3 -fomit-frame-pointer -funroll-loops -fpeel-loops -ftracer -finline-functions  execution test
FAIL: c-c++-common/asan/alloca_instruments_all_paddings.c   -O3 -g  execution test
FAIL: c-c++-common/asan/alloca_instruments_all_paddings.c   -Os  execution test
FAIL: c-c++-common/asan/alloca_loop_unpoisoning.c   -O0  execution test
FAIL: c-c++-common/asan/alloca_loop_unpoisoning.c   -O1  execution test
FAIL: c-c++-common/asan/alloca_loop_unpoisoning.c   -O2  execution test
FAIL: c-c++-common/asan/alloca_loop_unpoisoning.c   -O2 -flto  execution test
FAIL: c-c++-common/asan/alloca_loop_unpoisoning.c   -O2 -flto -flto-partition=none  execution test
FAIL: c-c++-common/asan/alloca_loop_unpoisoning.c   -O3 -fomit-frame-pointer -funroll-loops -fpeel-loops -ftracer -finline-functions  execution test
FAIL: c-c++-common/asan/alloca_loop_unpoisoning.c   -O3 -g  execution test
FAIL: c-c++-common/asan/alloca_loop_unpoisoning.c   -Os  execution test
FAIL: c-c++-common/asan/alloca_overflow_partial.c   -O0  output pattern test
FAIL: c-c++-common/asan/alloca_overflow_partial.c   -O1  output pattern test
FAIL: c-c++-common/asan/alloca_overflow_partial.c   -O2  output pattern test
FAIL: c-c++-common/asan/alloca_overflow_partial.c   -O2 -flto  output pattern test
FAIL: c-c++-common/asan/alloca_overflow_partial.c   -O2 -flto -flto-partition=none  output pattern test
FAIL: c-c++-common/asan/alloca_overflow_partial.c   -O3 -g  output pattern test
FAIL: c-c++-common/asan/alloca_overflow_partial.c   -Os  output pattern test
FAIL: c-c++-common/asan/alloca_overflow_right.c   -O0  output pattern test
FAIL: c-c++-common/asan/alloca_overflow_right.c   -O1  output pattern test
FAIL: c-c++-common/asan/alloca_overflow_right.c   -O2  output pattern test
FAIL: c-c++-common/asan/alloca_overflow_right.c   -O2 -flto  output pattern test
FAIL: c-c++-common/asan/alloca_overflow_right.c   -O2 -flto -flto-partition=none  output pattern test
FAIL: c-c++-common/asan/alloca_overflow_right.c   -O3 -g  output pattern test
FAIL: c-c++-common/asan/alloca_overflow_right.c   -Os  output pattern test
FAIL: c-c++-common/asan/alloca_safe_access.c   -O0  execution test
FAIL: c-c++-common/asan/alloca_safe_access.c   -O1  execution test
FAIL: c-c++-common/asan/alloca_safe_access.c   -O2  execution test
FAIL: c-c++-common/asan/alloca_safe_access.c   -O2 -flto  execution test
FAIL: c-c++-common/asan/alloca_safe_access.c   -O2 -flto -flto-partition=none  execution test
FAIL: c-c++-common/asan/alloca_safe_access.c   -O3 -g  execution test
FAIL: c-c++-common/asan/alloca_safe_access.c   -Os  execution test
FAIL: c-c++-common/asan/alloca_underflow_left.c   -O0  output pattern test
FAIL: c-c++-common/asan/alloca_underflow_left.c   -O1  output pattern test
FAIL: c-c++-common/asan/alloca_underflow_left.c   -O2  output pattern test
FAIL: c-c++-common/asan/alloca_underflow_left.c   -O2 -flto  output pattern test
FAIL: c-c++-common/asan/alloca_underflow_left.c   -O2 -flto -flto-partition=none  output pattern test
FAIL: c-c++-common/asan/alloca_underflow_left.c   -O3 -g  output pattern test
FAIL: c-c++-common/asan/alloca_underflow_left.c   -Os  output pattern test
FAIL: c-c++-common/asan/asan-stack-small.c   -O0  execution test
FAIL: c-c++-common/asan/asan-stack-small.c   -O1  execution test
FAIL: c-c++-common/asan/asan-stack-small.c   -O2  execution test
FAIL: c-c++-common/asan/asan-stack-small.c   -O2 -flto  execution test
FAIL: c-c++-common/asan/asan-stack-small.c   -O2 -flto -flto-partition=none  execution test
FAIL: c-c++-common/asan/asan-stack-small.c   -O3 -g  execution test
FAIL: c-c++-common/asan/asan-stack-small.c   -Os  execution test
FAIL: c-c++-common/asan/bitfield-1.c   -O0  output pattern test
FAIL: c-c++-common/asan/bitfield-1.c   -O1  output pattern test
FAIL: c-c++-common/asan/bitfield-1.c   -O2  output pattern test
FAIL: c-c++-common/asan/bitfield-1.c   -O2 -flto  output pattern test
FAIL: c-c++-common/asan/bitfield-1.c   -O2 -flto -flto-partition=none  output pattern test
FAIL: c-c++-common/asan/bitfield-1.c   -O3 -g  output pattern test
FAIL: c-c++-common/asan/bitfield-1.c   -Os  output pattern test
FAIL: c-c++-common/asan/bitfield-2.c   -O0  output pattern test
FAIL: c-c++-common/asan/bitfield-2.c   -O1  output pattern test
FAIL: c-c++-common/asan/bitfield-2.c   -O2  output pattern test
FAIL: c-c++-common/asan/bitfield-2.c   -O2 -flto  output pattern test
FAIL: c-c++-common/asan/bitfield-2.c   -O2 -flto -flto-partition=none  output pattern test
FAIL: c-c++-common/asan/bitfield-2.c   -O3 -g  output pattern test
FAIL: c-c++-common/asan/bitfield-2.c   -Os  output pattern test
FAIL: c-c++-common/asan/bitfield-3.c   -O0  output pattern test
FAIL: c-c++-common/asan/bitfield-3.c   -O1  output pattern test
FAIL: c-c++-common/asan/bitfield-3.c   -O2  output pattern test
FAIL: c-c++-common/asan/bitfield-3.c   -O2 -flto  output pattern test
FAIL: c-c++-common/asan/bitfield-3.c   -O2 -flto -flto-partition=none  output pattern test
FAIL: c-c++-common/asan/bitfield-3.c   -O3 -g  output pattern test
FAIL: c-c++-common/asan/bitfield-3.c   -Os  output pattern test
FAIL: c-c++-common/asan/bitfield-4.c   -O0  output pattern test
FAIL: c-c++-common/asan/bitfield-4.c   -O1  output pattern test
FAIL: c-c++-common/asan/bitfield-4.c   -O2  output pattern test
FAIL: c-c++-common/asan/bitfield-4.c   -O2 -flto  output pattern test
FAIL: c-c++-common/asan/bitfield-4.c   -O2 -flto -flto-partition=none  output pattern test
FAIL: c-c++-common/asan/bitfield-4.c   -O3 -g  output pattern test
FAIL: c-c++-common/asan/bitfield-4.c   -Os  output pattern test
FAIL: c-c++-common/asan/bitfield-5.c   -O0  output pattern test
FAIL: c-c++-common/asan/bitfield-5.c   -O1  output pattern test
FAIL: c-c++-common/asan/bitfield-5.c   -O2  output pattern test
FAIL: c-c++-common/asan/bitfield-5.c   -O2 -flto  output pattern test
FAIL: c-c++-common/asan/bitfield-5.c   -O2 -flto -flto-partition=none  output pattern test
FAIL: c-c++-common/asan/bitfield-5.c   -O3 -g  output pattern test
FAIL: c-c++-common/asan/bitfield-5.c   -Os  output pattern test
FAIL: c-c++-common/asan/global-overflow-1.c   -O0  output pattern test
FAIL: c-c++-common/asan/global-overflow-1.c   -O1  output pattern test
FAIL: c-c++-common/asan/global-overflow-1.c   -O2  output pattern test
FAIL: c-c++-common/asan/global-overflow-1.c   -O2 -flto  output pattern test
FAIL: c-c++-common/asan/global-overflow-1.c   -O2 -flto -flto-partition=none  output pattern test
FAIL: c-c++-common/asan/global-overflow-1.c   -O3 -g  output pattern test
FAIL: c-c++-common/asan/global-overflow-1.c   -Os  output pattern test
FAIL: c-c++-common/asan/halt_on_error-1.c   -O0  execution test
FAIL: c-c++-common/asan/halt_on_error-1.c   -O1  execution test
FAIL: c-c++-common/asan/halt_on_error-1.c   -O2  execution test
FAIL: c-c++-common/asan/halt_on_error-1.c   -O2 -flto  execution test
FAIL: c-c++-common/asan/halt_on_error-1.c   -O2 -flto -flto-partition=none  execution test
FAIL: c-c++-common/asan/halt_on_error-1.c   -O3 -g  execution test
FAIL: c-c++-common/asan/halt_on_error-1.c   -Os  execution test
FAIL: c-c++-common/asan/halt_on_error-2.c   -O0  output pattern test
FAIL: c-c++-common/asan/halt_on_error-2.c   -O1  output pattern test
FAIL: c-c++-common/asan/halt_on_error-2.c   -O2  output pattern test
FAIL: c-c++-common/asan/halt_on_error-2.c   -O2 -flto  output pattern test
FAIL: c-c++-common/asan/halt_on_error-2.c   -O2 -flto -flto-partition=none  output pattern test
FAIL: c-c++-common/asan/halt_on_error-2.c   -O3 -g  output pattern test
FAIL: c-c++-common/asan/halt_on_error-2.c   -Os  output pattern test
FAIL: c-c++-common/asan/heap-overflow-1.c   -O0  output pattern test
FAIL: c-c++-common/asan/heap-overflow-1.c   -O1  output pattern test
FAIL: c-c++-common/asan/heap-overflow-1.c   -O2  output pattern test
FAIL: c-c++-common/asan/heap-overflow-1.c   -O2 -flto  output pattern test
FAIL: c-c++-common/asan/heap-overflow-1.c   -O2 -flto -flto-partition=none  output pattern test
FAIL: c-c++-common/asan/heap-overflow-1.c   -O3 -g  output pattern test
FAIL: c-c++-common/asan/heap-overflow-1.c   -Os  output pattern test
FAIL: c-c++-common/asan/memcmp-1.c   -O0  output pattern test
FAIL: c-c++-common/asan/memcmp-1.c   -O1  output pattern test
FAIL: c-c++-common/asan/memcmp-1.c   -O2  output pattern test
FAIL: c-c++-common/asan/memcmp-1.c   -O2 -flto  output pattern test
FAIL: c-c++-common/asan/memcmp-1.c   -O2 -flto -flto-partition=none  output pattern test
FAIL: c-c++-common/asan/memcmp-1.c   -O3 -g  output pattern test
FAIL: c-c++-common/asan/memcmp-1.c   -Os  output pattern test
FAIL: c-c++-common/asan/null-deref-1.c   -O0  output pattern test
FAIL: c-c++-common/asan/null-deref-1.c   -O1  output pattern test
FAIL: c-c++-common/asan/null-deref-1.c   -O2  output pattern test
FAIL: c-c++-common/asan/null-deref-1.c   -O2 -flto  output pattern test
FAIL: c-c++-common/asan/null-deref-1.c   -O2 -flto -flto-partition=none  output pattern test
FAIL: c-c++-common/asan/null-deref-1.c   -O3 -g  output pattern test
FAIL: c-c++-common/asan/null-deref-1.c   -Os  output pattern test
FAIL: c-c++-common/asan/pointer-compare-1.c   -O0  execution test
FAIL: c-c++-common/asan/pointer-compare-1.c   -O1  execution test
FAIL: c-c++-common/asan/pointer-compare-1.c   -O2  execution test
FAIL: c-c++-common/asan/pointer-compare-1.c   -O2 -flto  execution test
FAIL: c-c++-common/asan/pointer-compare-1.c   -O2 -flto -flto-partition=none  execution test
FAIL: c-c++-common/asan/pointer-compare-1.c   -O3 -g  execution test
FAIL: c-c++-common/asan/pointer-compare-1.c   -Os  execution test
FAIL: c-c++-common/asan/pointer-compare-2.c   -O0  execution test
FAIL: c-c++-common/asan/pointer-compare-2.c   -O1  execution test
FAIL: c-c++-common/asan/pointer-compare-2.c   -O2  execution test
FAIL: c-c++-common/asan/pointer-compare-2.c   -O2 -flto  execution test
FAIL: c-c++-common/asan/pointer-compare-2.c   -O2 -flto -flto-partition=none  execution test
FAIL: c-c++-common/asan/pointer-compare-2.c   -O3 -g  execution test
FAIL: c-c++-common/asan/pointer-compare-2.c   -Os  execution test
FAIL: c-c++-common/asan/pointer-compare-3.c   -O0  execution test
FAIL: c-c++-common/asan/pointer-compare-3.c   -O1  execution test
FAIL: c-c++-common/asan/pointer-compare-3.c   -O2  execution test
FAIL: c-c++-common/asan/pointer-compare-3.c   -O2 -flto  execution test
FAIL: c-c++-common/asan/pointer-compare-3.c   -O2 -flto -flto-partition=none  execution test
FAIL: c-c++-common/asan/pointer-compare-3.c   -O3 -g  execution test
FAIL: c-c++-common/asan/pointer-compare-3.c   -Os  execution test
FAIL: c-c++-common/asan/pointer-subtract-1.c   -O0  execution test
FAIL: c-c++-common/asan/pointer-subtract-1.c   -O1  execution test
FAIL: c-c++-common/asan/pointer-subtract-1.c   -O2  execution test
FAIL: c-c++-common/asan/pointer-subtract-1.c   -O2 -flto  execution test
FAIL: c-c++-common/asan/pointer-subtract-1.c   -O2 -flto -flto-partition=none  execution test
FAIL: c-c++-common/asan/pointer-subtract-1.c   -O3 -g  execution test
FAIL: c-c++-common/asan/pointer-subtract-1.c   -Os  execution test
FAIL: c-c++-common/asan/pointer-subtract-2.c   -O0  execution test
FAIL: c-c++-common/asan/pointer-subtract-2.c   -O1  execution test
FAIL: c-c++-common/asan/pointer-subtract-2.c   -O2  execution test
FAIL: c-c++-common/asan/pointer-subtract-2.c   -O2 -flto  execution test
FAIL: c-c++-common/asan/pointer-subtract-2.c   -O2 -flto -flto-partition=none  execution test
FAIL: c-c++-common/asan/pointer-subtract-2.c   -O3 -g  execution test
FAIL: c-c++-common/asan/pointer-subtract-2.c   -Os  execution test
FAIL: c-c++-common/asan/pr61530.c   -O0  output pattern test
FAIL: c-c++-common/asan/pr61530.c   -O1  output pattern test
FAIL: c-c++-common/asan/pr61530.c   -O2  output pattern test
FAIL: c-c++-common/asan/pr61530.c   -O2 -flto  output pattern test
FAIL: c-c++-common/asan/pr61530.c   -O2 -flto -flto-partition=none  output pattern test
FAIL: c-c++-common/asan/pr61530.c   -O3 -g  output pattern test
FAIL: c-c++-common/asan/pr61530.c   -Os  output pattern test
FAIL: c-c++-common/asan/pr62089.c   -O0  output pattern test
FAIL: c-c++-common/asan/pr62089.c   -O1  output pattern test
FAIL: c-c++-common/asan/pr62089.c   -O2  output pattern test
FAIL: c-c++-common/asan/pr62089.c   -O2 -flto  output pattern test
FAIL: c-c++-common/asan/pr62089.c   -O2 -flto -flto-partition=none  output pattern test
FAIL: c-c++-common/asan/pr62089.c   -O3 -g  output pattern test
FAIL: c-c++-common/asan/pr62089.c   -Os  output pattern test
FAIL: c-c++-common/asan/pr63316.c   -O2  execution test
FAIL: c-c++-common/asan/pr63316.c   -O2 -flto  execution test
FAIL: c-c++-common/asan/pr63316.c   -O2 -flto -flto-partition=none  execution test
FAIL: c-c++-common/asan/pr63888.c   -O0  execution test
FAIL: c-c++-common/asan/pr63888.c   -O1  execution test
FAIL: c-c++-common/asan/pr63888.c   -O2  execution test
FAIL: c-c++-common/asan/pr63888.c   -O2 -flto  execution test
FAIL: c-c++-common/asan/pr63888.c   -O2 -flto -flto-partition=none  execution test
FAIL: c-c++-common/asan/pr63888.c   -O3 -g  execution test
FAIL: c-c++-common/asan/pr63888.c   -Os  execution test
FAIL: c-c++-common/asan/pr70541.c   -O0  output pattern test
FAIL: c-c++-common/asan/pr70712.c   -O0  execution test
FAIL: c-c++-common/asan/pr70712.c   -O1  execution test
FAIL: c-c++-common/asan/pr70712.c   -O2  execution test
FAIL: c-c++-common/asan/pr70712.c   -O2 -flto  execution test
FAIL: c-c++-common/asan/pr70712.c   -O2 -flto -flto-partition=none  execution test
FAIL: c-c++-common/asan/pr70712.c   -O3 -g  execution test
FAIL: c-c++-common/asan/pr70712.c   -Os  execution test
FAIL: c-c++-common/asan/pr71480.c   -O0  execution test
FAIL: c-c++-common/asan/pr71480.c   -O1  execution test
FAIL: c-c++-common/asan/pr71480.c   -O2  execution test
FAIL: c-c++-common/asan/pr71480.c   -O2 -flto  execution test
FAIL: c-c++-common/asan/pr71480.c   -O2 -flto -flto-partition=none  execution test
FAIL: c-c++-common/asan/pr71480.c   -O3 -g  execution test
FAIL: c-c++-common/asan/pr71480.c   -Os  execution test
FAIL: c-c++-common/asan/pr79944.c   -O0  execution test
FAIL: c-c++-common/asan/pr79944.c   -O1  execution test
FAIL: c-c++-common/asan/pr79944.c   -O2  execution test
FAIL: c-c++-common/asan/pr79944.c   -O2 -flto  execution test
FAIL: c-c++-common/asan/pr79944.c   -O2 -flto -flto-partition=none  execution test
FAIL: c-c++-common/asan/pr79944.c   -O3 -g  execution test
FAIL: c-c++-common/asan/pr79944.c   -Os  execution test
FAIL: c-c++-common/asan/pr80308.c   -O0  execution test
FAIL: c-c++-common/asan/pr80308.c   -O1  execution test
FAIL: c-c++-common/asan/pr80308.c   -O2  execution test
FAIL: c-c++-common/asan/pr80308.c   -O2 -flto  execution test
FAIL: c-c++-common/asan/pr80308.c   -O2 -flto -flto-partition=none  execution test
FAIL: c-c++-common/asan/pr80308.c   -O3 -fomit-frame-pointer -funroll-loops -fpeel-loops -ftracer -finline-functions  execution test
FAIL: c-c++-common/asan/pr80308.c   -O3 -g  execution test
FAIL: c-c++-common/asan/pr80308.c   -Os  execution test
FAIL: c-c++-common/asan/pr81697.c   -O1  execution test
FAIL: c-c++-common/asan/pr81697.c   -O2  execution test
FAIL: c-c++-common/asan/pr81697.c   -O2 -flto  execution test
FAIL: c-c++-common/asan/pr81697.c   -O2 -flto -flto-partition=none  execution test
FAIL: c-c++-common/asan/pr81697.c   -O3 -g  execution test
FAIL: c-c++-common/asan/pr81697.c   -Os  execution test
FAIL: c-c++-common/asan/sanity-check-pure-c-1.c   -O0  output pattern test
FAIL: c-c++-common/asan/sanity-check-pure-c-1.c   -O1  output pattern test
FAIL: c-c++-common/asan/sanity-check-pure-c-1.c   -O2  output pattern test
FAIL: c-c++-common/asan/sanity-check-pure-c-1.c   -O2 -flto  output pattern test
FAIL: c-c++-common/asan/sanity-check-pure-c-1.c   -O2 -flto -flto-partition=none  output pattern test
FAIL: c-c++-common/asan/sanity-check-pure-c-1.c   -O3 -g  output pattern test
FAIL: c-c++-common/asan/sanity-check-pure-c-1.c   -Os  output pattern test
FAIL: c-c++-common/asan/sleep-before-dying-1.c   -O2  output pattern test
FAIL: c-c++-common/asan/sleep-before-dying-1.c   -O2 -flto  output pattern test
FAIL: c-c++-common/asan/sleep-before-dying-1.c   -O2 -flto -flto-partition=none  output pattern test
FAIL: c-c++-common/asan/stack-overflow-1.c   -O0  output pattern test
FAIL: c-c++-common/asan/stack-overflow-1.c   -O1  output pattern test
FAIL: c-c++-common/asan/stack-overflow-1.c   -O2  output pattern test
FAIL: c-c++-common/asan/stack-overflow-1.c   -O2 -flto  output pattern test
FAIL: c-c++-common/asan/stack-overflow-1.c   -O2 -flto -flto-partition=none  output pattern test
FAIL: c-c++-common/asan/stack-overflow-1.c   -O3 -g  output pattern test
FAIL: c-c++-common/asan/stack-overflow-1.c   -Os  output pattern test
FAIL: c-c++-common/asan/strip-path-prefix-1.c   -O2  output pattern test
FAIL: c-c++-common/asan/strip-path-prefix-1.c   -O2 -flto  output pattern test
FAIL: c-c++-common/asan/strip-path-prefix-1.c   -O2 -flto -flto-partition=none  output pattern test
FAIL: c-c++-common/asan/strlen-overflow-1.c   -O0  output pattern test
FAIL: c-c++-common/asan/strlen-overflow-1.c   -O1  output pattern test
FAIL: c-c++-common/asan/strlen-overflow-1.c   -O2  output pattern test
FAIL: c-c++-common/asan/strlen-overflow-1.c   -O3 -g  output pattern test
FAIL: c-c++-common/asan/strlen-overflow-1.c   -Os  output pattern test
FAIL: c-c++-common/asan/strncpy-overflow-1.c   -O0  output pattern test
FAIL: c-c++-common/asan/strncpy-overflow-1.c   -O1  output pattern test
FAIL: c-c++-common/asan/strncpy-overflow-1.c   -O2  output pattern test
FAIL: c-c++-common/asan/strncpy-overflow-1.c   -O2 -flto  output pattern test
FAIL: c-c++-common/asan/strncpy-overflow-1.c   -O2 -flto -flto-partition=none  output pattern test
FAIL: c-c++-common/asan/strncpy-overflow-1.c   -O3 -g  output pattern test
FAIL: c-c++-common/asan/strncpy-overflow-1.c   -Os  output pattern test
FAIL: c-c++-common/asan/use-after-free-1.c   -O0  output pattern test
FAIL: c-c++-common/asan/use-after-free-1.c   -O1  output pattern test
FAIL: c-c++-common/asan/use-after-free-1.c   -O2  output pattern test
FAIL: c-c++-common/asan/use-after-free-1.c   -O2 -flto  output pattern test
FAIL: c-c++-common/asan/use-after-free-1.c   -O2 -flto -flto-partition=none  output pattern test
FAIL: c-c++-common/asan/use-after-free-1.c   -O3 -g  output pattern test
FAIL: c-c++-common/asan/use-after-free-1.c   -Os  output pattern test
FAIL: c-c++-common/asan/use-after-return-1.c   -O0  output pattern test
FAIL: c-c++-common/asan/use-after-return-1.c   -O1  output pattern test
FAIL: c-c++-common/asan/use-after-return-1.c   -O2  output pattern test
FAIL: c-c++-common/asan/use-after-return-1.c   -O2 -flto  output pattern test
FAIL: c-c++-common/asan/use-after-return-1.c   -O2 -flto -flto-partition=none  output pattern test
FAIL: c-c++-common/asan/use-after-return-1.c   -O3 -g  output pattern test
FAIL: c-c++-common/asan/use-after-return-1.c   -Os  output pattern test
FAIL: g++.dg/asan/deep-stack-uaf-1.C   -O0  output pattern test
FAIL: g++.dg/asan/deep-stack-uaf-1.C   -O1  output pattern test
FAIL: g++.dg/asan/deep-stack-uaf-1.C   -O2  output pattern test
FAIL: g++.dg/asan/deep-stack-uaf-1.C   -O3 -g  output pattern test
FAIL: g++.dg/asan/deep-stack-uaf-1.C   -Os  output pattern test
FAIL: g++.dg/asan/deep-tail-call-1.C   -O0  output pattern test
FAIL: g++.dg/asan/deep-tail-call-1.C   -O1  output pattern test
FAIL: g++.dg/asan/deep-tail-call-1.C   -O2  output pattern test
FAIL: g++.dg/asan/deep-tail-call-1.C   -O2 -flto  output pattern test
FAIL: g++.dg/asan/deep-tail-call-1.C   -O2 -flto -flto-partition=none  output pattern test
FAIL: g++.dg/asan/deep-tail-call-1.C   -O3 -g  output pattern test
FAIL: g++.dg/asan/deep-tail-call-1.C   -Os  output pattern test
FAIL: g++.dg/asan/deep-thread-stack-1.C   -O0  output pattern test
FAIL: g++.dg/asan/deep-thread-stack-1.C   -O1  output pattern test
FAIL: g++.dg/asan/deep-thread-stack-1.C   -O2  output pattern test
FAIL: g++.dg/asan/deep-thread-stack-1.C   -O2 -flto  output pattern test
FAIL: g++.dg/asan/deep-thread-stack-1.C   -O2 -flto -flto-partition=none  output pattern test
FAIL: g++.dg/asan/deep-thread-stack-1.C   -O3 -g  output pattern test
FAIL: g++.dg/asan/deep-thread-stack-1.C   -Os  output pattern test
FAIL: g++.dg/asan/default-options-1.C   -O0  execution test
FAIL: g++.dg/asan/default-options-1.C   -O1  execution test
FAIL: g++.dg/asan/default-options-1.C   -O2  execution test
FAIL: g++.dg/asan/default-options-1.C   -O2 -flto  execution test
FAIL: g++.dg/asan/default-options-1.C   -O2 -flto -flto-partition=none  execution test
FAIL: g++.dg/asan/default-options-1.C   -O3 -g  execution test
FAIL: g++.dg/asan/default-options-1.C   -Os  execution test
FAIL: g++.dg/asan/function-argument-1.C   -O0  output pattern test
FAIL: g++.dg/asan/function-argument-1.C   -O1  output pattern test
FAIL: g++.dg/asan/function-argument-1.C   -O2  output pattern test
FAIL: g++.dg/asan/function-argument-1.C   -O2 -flto  output pattern test
FAIL: g++.dg/asan/function-argument-1.C   -O2 -flto -flto-partition=none  output pattern test
FAIL: g++.dg/asan/function-argument-1.C   -O3 -g  output pattern test
FAIL: g++.dg/asan/function-argument-1.C   -Os  output pattern test
FAIL: g++.dg/asan/function-argument-2.C   -O0  output pattern test
FAIL: g++.dg/asan/function-argument-2.C   -O1  output pattern test
FAIL: g++.dg/asan/function-argument-2.C   -O2  output pattern test
FAIL: g++.dg/asan/function-argument-2.C   -O2 -flto  output pattern test
FAIL: g++.dg/asan/function-argument-2.C   -O2 -flto -flto-partition=none  output pattern test
FAIL: g++.dg/asan/function-argument-2.C   -O3 -g  output pattern test
FAIL: g++.dg/asan/function-argument-2.C   -Os  output pattern test
FAIL: g++.dg/asan/function-argument-3.C   -O0  output pattern test
FAIL: g++.dg/asan/function-argument-3.C   -O1  output pattern test
FAIL: g++.dg/asan/function-argument-3.C   -O2  output pattern test
FAIL: g++.dg/asan/function-argument-3.C   -O2 -flto  output pattern test
FAIL: g++.dg/asan/function-argument-3.C   -O2 -flto -flto-partition=none  output pattern test
FAIL: g++.dg/asan/function-argument-3.C   -O3 -g  output pattern test
FAIL: g++.dg/asan/function-argument-3.C   -Os  output pattern test
FAIL: g++.dg/asan/interception-failure-test-1.C   -O0  execution test
FAIL: g++.dg/asan/interception-failure-test-1.C   -O1  execution test
FAIL: g++.dg/asan/interception-failure-test-1.C   -O2  execution test
FAIL: g++.dg/asan/interception-failure-test-1.C   -O2 -flto  execution test
FAIL: g++.dg/asan/interception-failure-test-1.C   -O2 -flto -flto-partition=none  execution test
FAIL: g++.dg/asan/interception-failure-test-1.C   -O3 -g  execution test
FAIL: g++.dg/asan/interception-failure-test-1.C   -Os  execution test
FAIL: g++.dg/asan/large-func-test-1.C   -O0  output pattern test
FAIL: g++.dg/asan/large-func-test-1.C   -O1  output pattern test
FAIL: g++.dg/asan/large-func-test-1.C   -O2  output pattern test
FAIL: g++.dg/asan/large-func-test-1.C   -O2 -flto  output pattern test
FAIL: g++.dg/asan/large-func-test-1.C   -O2 -flto -flto-partition=none  output pattern test
FAIL: g++.dg/asan/large-func-test-1.C   -O3 -g  output pattern test
FAIL: g++.dg/asan/large-func-test-1.C   -Os  output pattern test
FAIL: g++.dg/asan/pr55617.C   -O0  execution test
FAIL: g++.dg/asan/pr55617.C   -O1  execution test
FAIL: g++.dg/asan/pr55617.C   -O2  execution test
FAIL: g++.dg/asan/pr55617.C   -O2 -flto  execution test
FAIL: g++.dg/asan/pr55617.C   -O2 -flto -flto-partition=none  execution test
FAIL: g++.dg/asan/pr55617.C   -O3 -g  execution test
FAIL: g++.dg/asan/pr55617.C   -Os  execution test
FAIL: g++.dg/asan/pr62017.C   -O0  execution test
FAIL: g++.dg/asan/pr62017.C   -O1  execution test
FAIL: g++.dg/asan/pr62017.C   -O2  execution test
FAIL: g++.dg/asan/pr62017.C   -O2 -flto  execution test
FAIL: g++.dg/asan/pr62017.C   -O2 -flto -flto-partition=none  execution test
FAIL: g++.dg/asan/pr62017.C   -O3 -g  execution test
FAIL: g++.dg/asan/pr62017.C   -Os  execution test
FAIL: g++.dg/asan/pr69276.C   -O0  output pattern test
FAIL: g++.dg/asan/pr77396-2.C   -O0  execution test
FAIL: g++.dg/asan/pr77396-2.C   -O1  execution test
FAIL: g++.dg/asan/pr77396-2.C   -O2  execution test
FAIL: g++.dg/asan/pr77396-2.C   -O2 -flto  execution test
FAIL: g++.dg/asan/pr77396-2.C   -O2 -flto -flto-partition=none  execution test
FAIL: g++.dg/asan/pr77396-2.C   -O3 -g  execution test
FAIL: g++.dg/asan/pr77396-2.C   -Os  execution test
FAIL: g++.dg/asan/pr77396.C   -O0  execution test
FAIL: g++.dg/asan/pr77396.C   -O1  execution test
FAIL: g++.dg/asan/pr77396.C   -O2  execution test
FAIL: g++.dg/asan/pr77396.C   -O2 -flto  execution test
FAIL: g++.dg/asan/pr77396.C   -O2 -flto -flto-partition=none  execution test
FAIL: g++.dg/asan/pr77396.C   -O3 -g  execution test
FAIL: g++.dg/asan/pr77396.C   -Os  execution test
FAIL: g++.dg/asan/pr78651.C   -O0  execution test
FAIL: g++.dg/asan/pr78651.C   -O1  execution test
FAIL: g++.dg/asan/pr78651.C   -O2  execution test
FAIL: g++.dg/asan/pr78651.C   -O2 -flto  execution test
FAIL: g++.dg/asan/pr78651.C   -O2 -flto -flto-partition=none  execution test
FAIL: g++.dg/asan/pr78651.C   -O3 -g  execution test
FAIL: g++.dg/asan/pr78651.C   -Os  execution test
FAIL: g++.dg/asan/pr81021.C   -O0  execution test
FAIL: g++.dg/asan/pr81021.C   -O1  execution test
FAIL: g++.dg/asan/pr81021.C   -O2  execution test
FAIL: g++.dg/asan/pr81021.C   -O2 -flto  execution test
FAIL: g++.dg/asan/pr81021.C   -O2 -flto -flto-partition=none  execution test
FAIL: g++.dg/asan/pr81021.C   -O3 -g  execution test
FAIL: g++.dg/asan/pr81021.C   -Os  execution test
FAIL: g++.dg/asan/pr85081.C   -O0  execution test
FAIL: g++.dg/asan/pr85081.C   -O1  execution test
FAIL: g++.dg/asan/pr85081.C   -O2  execution test
FAIL: g++.dg/asan/pr85081.C   -O2 -flto  execution test
FAIL: g++.dg/asan/pr85081.C   -O2 -flto -flto-partition=none  execution test
FAIL: g++.dg/asan/pr85081.C   -O3 -fomit-frame-pointer -funroll-loops -fpeel-loops -ftracer -finline-functions  execution test
FAIL: g++.dg/asan/pr85081.C   -O3 -g  execution test
FAIL: g++.dg/asan/pr85081.C   -Os  execution test
FAIL: g++.dg/asan/pr85774.C   -O0  execution test
FAIL: g++.dg/asan/pr85774.C   -O1  execution test
FAIL: g++.dg/asan/pr85774.C   -O2  execution test
FAIL: g++.dg/asan/pr85774.C   -O2 -flto  execution test
FAIL: g++.dg/asan/pr85774.C   -O2 -flto -flto-partition=none  execution test
FAIL: g++.dg/asan/pr85774.C   -O3 -g  execution test
FAIL: g++.dg/asan/pr85774.C   -Os  execution test
FAIL: g++.dg/asan/use-after-scope-1.C   -O0  output pattern test
FAIL: g++.dg/asan/use-after-scope-1.C   -O1  output pattern test
FAIL: g++.dg/asan/use-after-scope-1.C   -O2  output pattern test
FAIL: g++.dg/asan/use-after-scope-1.C   -O2 -flto  output pattern test
FAIL: g++.dg/asan/use-after-scope-1.C   -O2 -flto -flto-partition=none  output pattern test
FAIL: g++.dg/asan/use-after-scope-1.C   -O3 -g  output pattern test
FAIL: g++.dg/asan/use-after-scope-1.C   -Os  output pattern test
FAIL: g++.dg/asan/use-after-scope-2.C   -O0  output pattern test
FAIL: g++.dg/asan/use-after-scope-2.C   -O1  output pattern test
FAIL: g++.dg/asan/use-after-scope-2.C   -O2  output pattern test
FAIL: g++.dg/asan/use-after-scope-2.C   -O2 -flto  output pattern test
FAIL: g++.dg/asan/use-after-scope-2.C   -O2 -flto -flto-partition=none  output pattern test
FAIL: g++.dg/asan/use-after-scope-2.C   -O3 -g  output pattern test
FAIL: g++.dg/asan/use-after-scope-2.C   -Os  output pattern test
FAIL: g++.dg/asan/use-after-scope-3.C   -O0  output pattern test
FAIL: g++.dg/asan/use-after-scope-3.C   -O1  output pattern test
FAIL: g++.dg/asan/use-after-scope-3.C   -O2  output pattern test
FAIL: g++.dg/asan/use-after-scope-3.C   -O2 -flto  output pattern test
FAIL: g++.dg/asan/use-after-scope-3.C   -O2 -flto -flto-partition=none  output pattern test
FAIL: g++.dg/asan/use-after-scope-3.C   -O3 -g  output pattern test
FAIL: g++.dg/asan/use-after-scope-3.C   -Os  output pattern test
FAIL: g++.dg/asan/use-after-scope-5.C   -O0  execution test
FAIL: g++.dg/asan/use-after-scope-5.C   -O1  execution test
FAIL: g++.dg/asan/use-after-scope-5.C   -O2  execution test
FAIL: g++.dg/asan/use-after-scope-5.C   -O2 -flto  execution test
FAIL: g++.dg/asan/use-after-scope-5.C   -O2 -flto -flto-partition=none  execution test
FAIL: g++.dg/asan/use-after-scope-5.C   -O3 -fomit-frame-pointer -funroll-loops -fpeel-loops -ftracer -finline-functions  execution test
FAIL: g++.dg/asan/use-after-scope-5.C   -O3 -g  execution test
FAIL: g++.dg/asan/use-after-scope-5.C   -Os  execution test
FAIL: g++.dg/asan/use-after-scope-types-1.C   -O0  output pattern test
FAIL: g++.dg/asan/use-after-scope-types-1.C   -O1  output pattern test
FAIL: g++.dg/asan/use-after-scope-types-1.C   -O2  output pattern test
FAIL: g++.dg/asan/use-after-scope-types-1.C   -O2 -flto  output pattern test
FAIL: g++.dg/asan/use-after-scope-types-1.C   -O2 -flto -flto-partition=none  output pattern test
FAIL: g++.dg/asan/use-after-scope-types-1.C   -O3 -g  output pattern test
FAIL: g++.dg/asan/use-after-scope-types-1.C   -Os  output pattern test
FAIL: g++.dg/asan/use-after-scope-types-2.C   -O0  output pattern test
FAIL: g++.dg/asan/use-after-scope-types-2.C   -O1  output pattern test
FAIL: g++.dg/asan/use-after-scope-types-2.C   -O2  output pattern test
FAIL: g++.dg/asan/use-after-scope-types-2.C   -O2 -flto  output pattern test
FAIL: g++.dg/asan/use-after-scope-types-2.C   -O2 -flto -flto-partition=none  output pattern test
FAIL: g++.dg/asan/use-after-scope-types-2.C   -O3 -g  output pattern test
FAIL: g++.dg/asan/use-after-scope-types-2.C   -Os  output pattern test
FAIL: g++.dg/asan/use-after-scope-types-3.C   -O0  output pattern test
FAIL: g++.dg/asan/use-after-scope-types-3.C   -O1  output pattern test
FAIL: g++.dg/asan/use-after-scope-types-3.C   -O2  output pattern test
FAIL: g++.dg/asan/use-after-scope-types-3.C   -O2 -flto  output pattern test
FAIL: g++.dg/asan/use-after-scope-types-3.C   -O2 -flto -flto-partition=none  output pattern test
FAIL: g++.dg/asan/use-after-scope-types-3.C   -O3 -g  output pattern test
FAIL: g++.dg/asan/use-after-scope-types-3.C   -Os  output pattern test
FAIL: g++.dg/asan/use-after-scope-types-4.C   -O0  output pattern test
FAIL: g++.dg/asan/use-after-scope-types-4.C   -O1  output pattern test
FAIL: g++.dg/asan/use-after-scope-types-4.C   -O2  output pattern test
FAIL: g++.dg/asan/use-after-scope-types-4.C   -O2 -flto  output pattern test
FAIL: g++.dg/asan/use-after-scope-types-4.C   -O2 -flto -flto-partition=none  output pattern test
FAIL: g++.dg/asan/use-after-scope-types-4.C   -O3 -g  output pattern test
FAIL: g++.dg/asan/use-after-scope-types-4.C   -Os  output pattern test
FAIL: g++.dg/asan/use-after-scope-types-5.C   -O0  output pattern test
FAIL: g++.dg/asan/use-after-scope-types-5.C   -O1  output pattern test
FAIL: g++.dg/asan/use-after-scope-types-5.C   -O2  output pattern test
FAIL: g++.dg/asan/use-after-scope-types-5.C   -O2 -flto  output pattern test
FAIL: g++.dg/asan/use-after-scope-types-5.C   -O2 -flto -flto-partition=none  output pattern test
FAIL: g++.dg/asan/use-after-scope-types-5.C   -O3 -g  output pattern test
FAIL: g++.dg/asan/use-after-scope-types-5.C   -Os  output pattern test
FAIL: g++.dg/cpp0x/alignas4.C  -std=c++14  scan-assembler align 4
FAIL: g++.dg/cpp0x/alignas4.C  -std=c++17  scan-assembler align 4
FAIL: g++.dg/cpp0x/pr84497.C  -std=c++14  scan-assembler .weak[ \\t]*_ZTH11derived_obj
FAIL: g++.dg/cpp0x/pr84497.C  -std=c++14  scan-assembler .weak[ \\t]*_ZTH13container_obj
FAIL: g++.dg/cpp0x/pr84497.C  -std=c++14  scan-assembler .weak[ \\t]*_ZTH8base_obj
FAIL: g++.dg/cpp0x/pr84497.C  -std=c++17  scan-assembler .weak[ \\t]*_ZTH11derived_obj
FAIL: g++.dg/cpp0x/pr84497.C  -std=c++17  scan-assembler .weak[ \\t]*_ZTH13container_obj
FAIL: g++.dg/cpp0x/pr84497.C  -std=c++17  scan-assembler .weak[ \\t]*_ZTH8base_obj
FAIL: g++.dg/ext/pr84828.C  -std=gnu++14 (internal compiler error)
FAIL: g++.dg/ext/pr84828.C  -std=gnu++14 (test for excess errors)
FAIL: g++.dg/ext/pr84828.C  -std=gnu++17 (internal compiler error)
FAIL: g++.dg/ext/pr84828.C  -std=gnu++17 (test for excess errors)
FAIL: g++.dg/ext/pr84828.C  -std=gnu++98 (internal compiler error)
FAIL: g++.dg/ext/pr84828.C  -std=gnu++98 (test for excess errors)
FAIL: g++.dg/ipa/pr67056.C   scan-ipa-dump cp "Speculative outer type:struct CompositeClass"
FAIL: g++.dg/pr71694.C  -std=gnu++14  scan-assembler-not movl
FAIL: g++.dg/pr71694.C  -std=gnu++17  scan-assembler-not movl
FAIL: g++.dg/pr71694.C  -std=gnu++98  scan-assembler-not movl
FAIL: g++.dg/pr80481.C  -std=gnu++14  scan-assembler-not vmovaps
FAIL: g++.dg/pr80481.C  -std=gnu++17  scan-assembler-not vmovaps
FAIL: g++.dg/pr80481.C  -std=gnu++98  scan-assembler-not vmovaps
FAIL: g++.dg/gcov/pr16855.C  -std=gnu++14  gcov: 2 failures in line counts, 0 in branch percentages, 0 in return percentages, 0 in intermediate format
FAIL: g++.dg/gcov/pr16855.C  -std=gnu++14  line 21: is #####:should be 1
FAIL: g++.dg/gcov/pr16855.C  -std=gnu++14  line 45: is #####:should be 1
FAIL: g++.dg/gcov/pr16855.C  -std=gnu++17  gcov: 2 failures in line counts, 0 in branch percentages, 0 in return percentages, 0 in intermediate format
FAIL: g++.dg/gcov/pr16855.C  -std=gnu++17  line 21: is #####:should be 1
FAIL: g++.dg/gcov/pr16855.C  -std=gnu++17  line 45: is #####:should be 1
FAIL: g++.dg/gcov/pr16855.C  -std=gnu++98  gcov: 2 failures in line counts, 0 in branch percentages, 0 in return percentages, 0 in intermediate format
FAIL: g++.dg/gcov/pr16855.C  -std=gnu++98  line 21: is #####:should be 1
FAIL: g++.dg/gcov/pr16855.C  -std=gnu++98  line 45: is #####:should be 1
FAIL: g++.dg/gomp/pr88182.C  -std=gnu++14 (test for excess errors)
UNRESOLVED: g++.dg/gomp/pr88182.C  -std=gnu++14 compilation failed to produce executable
FAIL: g++.dg/gomp/pr88182.C  -std=gnu++17 (test for excess errors)
UNRESOLVED: g++.dg/gomp/pr88182.C  -std=gnu++17 compilation failed to produce executable
FAIL: g++.dg/gomp/pr88182.C  -std=gnu++98 (test for excess errors)
UNRESOLVED: g++.dg/gomp/pr88182.C  -std=gnu++98 compilation failed to produce executable
FAIL: g++.dg/lto/pr65276 cp_lto_pr65276_0.o-cp_lto_pr65276_1.o link, -flto -O0 -std=c++11
FAIL: g++.dg/lto/pr65549 cp_lto_pr65549_0.o-cp_lto_pr65549_0.o link,  -std=gnu++14 -flto -g -O2 -fno-inline -flto-partition=max -Wno-return-type 
FAIL: g++.dg/lto/pr87906 cp_lto_pr87906_0.o-cp_lto_pr87906_1.o link,  -O -fPIC -flto 
FAIL: g++.dg/lto/pr89335 cp_lto_pr89335_0.o assemble, -O2 -flto -Wsuggest-final-methods
FAIL: g++.dg/tree-prof/pr57451.C compilation,  -fprofile-generate -D_PROFILE_GENERATE
UNRESOLVED: g++.dg/tree-prof/pr57451.C compilation,  -fprofile-use -D_PROFILE_USE
UNRESOLVED: g++.dg/tree-prof/pr57451.C execution,    -fprofile-generate -D_PROFILE_GENERATE
UNRESOLVED: g++.dg/tree-prof/pr57451.C execution,    -fprofile-use -D_PROFILE_USE
FAIL: g++.dg/tree-prof/pr63581.C compilation,  -fprofile-generate -D_PROFILE_GENERATE
UNRESOLVED: g++.dg/tree-prof/pr63581.C compilation,  -fprofile-use -D_PROFILE_USE
UNRESOLVED: g++.dg/tree-prof/pr63581.C execution,    -fprofile-generate -D_PROFILE_GENERATE
UNRESOLVED: g++.dg/tree-prof/pr63581.C execution,    -fprofile-use -D_PROFILE_USE

		=== g++ Summary for unix/-m32 ===

# of expected passes		129118
# of unexpected failures	505
# of expected failures		530
# of unresolved testcases	9
# of unsupported tests		6267

Running target unix/-m64
FAIL: g++.dg/asan/pr69276.C   -O0  output pattern test
FAIL: g++.dg/cpp0x/pr84497.C  -std=c++14  scan-assembler .weak[ \\t]*_ZTH11derived_obj
FAIL: g++.dg/cpp0x/pr84497.C  -std=c++14  scan-assembler .weak[ \\t]*_ZTH13container_obj
FAIL: g++.dg/cpp0x/pr84497.C  -std=c++14  scan-assembler .weak[ \\t]*_ZTH8base_obj
FAIL: g++.dg/cpp0x/pr84497.C  -std=c++17  scan-assembler .weak[ \\t]*_ZTH11derived_obj
FAIL: g++.dg/cpp0x/pr84497.C  -std=c++17  scan-assembler .weak[ \\t]*_ZTH13container_obj
FAIL: g++.dg/cpp0x/pr84497.C  -std=c++17  scan-assembler .weak[ \\t]*_ZTH8base_obj
FAIL: g++.dg/ipa/pr67056.C   scan-ipa-dump cp "Speculative outer type:struct CompositeClass"
FAIL: g++.dg/pr80481.C  -std=gnu++14  scan-assembler-not vmovaps
FAIL: g++.dg/pr80481.C  -std=gnu++17  scan-assembler-not vmovaps
FAIL: g++.dg/pr80481.C  -std=gnu++98  scan-assembler-not vmovaps
FAIL: g++.dg/gcov/pr16855.C  -std=gnu++14  gcov: 2 failures in line counts, 0 in branch percentages, 0 in return percentages, 0 in intermediate format
FAIL: g++.dg/gcov/pr16855.C  -std=gnu++14  line 21: is #####:should be 1
FAIL: g++.dg/gcov/pr16855.C  -std=gnu++14  line 45: is #####:should be 1
FAIL: g++.dg/gcov/pr16855.C  -std=gnu++17  gcov: 2 failures in line counts, 0 in branch percentages, 0 in return percentages, 0 in intermediate format
FAIL: g++.dg/gcov/pr16855.C  -std=gnu++17  line 21: is #####:should be 1
FAIL: g++.dg/gcov/pr16855.C  -std=gnu++17  line 45: is #####:should be 1
FAIL: g++.dg/gcov/pr16855.C  -std=gnu++98  gcov: 2 failures in line counts, 0 in branch percentages, 0 in return percentages, 0 in intermediate format
FAIL: g++.dg/gcov/pr16855.C  -std=gnu++98  line 21: is #####:should be 1
FAIL: g++.dg/gcov/pr16855.C  -std=gnu++98  line 45: is #####:should be 1
FAIL: g++.dg/gomp/pr88182.C  -std=gnu++14 (test for excess errors)
UNRESOLVED: g++.dg/gomp/pr88182.C  -std=gnu++14 compilation failed to produce executable
FAIL: g++.dg/gomp/pr88182.C  -std=gnu++17 (test for excess errors)
UNRESOLVED: g++.dg/gomp/pr88182.C  -std=gnu++17 compilation failed to produce executable
FAIL: g++.dg/gomp/pr88182.C  -std=gnu++98 (test for excess errors)
UNRESOLVED: g++.dg/gomp/pr88182.C  -std=gnu++98 compilation failed to produce executable
FAIL: g++.dg/lto/pr65276 cp_lto_pr65276_0.o-cp_lto_pr65276_1.o link, -flto -O0 -std=c++11
FAIL: g++.dg/lto/pr65549 cp_lto_pr65549_0.o-cp_lto_pr65549_0.o link,  -std=gnu++14 -flto -g -O2 -fno-inline -flto-partition=max -Wno-return-type 
FAIL: g++.dg/lto/pr87906 cp_lto_pr87906_0.o-cp_lto_pr87906_1.o link,  -O -fPIC -flto 
FAIL: g++.dg/lto/pr89335 cp_lto_pr89335_0.o assemble, -O2 -flto -Wsuggest-final-methods
FAIL: g++.dg/tree-prof/pr57451.C compilation,  -fprofile-generate -D_PROFILE_GENERATE
UNRESOLVED: g++.dg/tree-prof/pr57451.C compilation,  -fprofile-use -D_PROFILE_USE
UNRESOLVED: g++.dg/tree-prof/pr57451.C execution,    -fprofile-generate -D_PROFILE_GENERATE
UNRESOLVED: g++.dg/tree-prof/pr57451.C execution,    -fprofile-use -D_PROFILE_USE
FAIL: g++.dg/tree-prof/pr63581.C compilation,  -fprofile-generate -D_PROFILE_GENERATE
UNRESOLVED: g++.dg/tree-prof/pr63581.C compilation,  -fprofile-use -D_PROFILE_USE
UNRESOLVED: g++.dg/tree-prof/pr63581.C execution,    -fprofile-generate -D_PROFILE_GENERATE
UNRESOLVED: g++.dg/tree-prof/pr63581.C execution,    -fprofile-use -D_PROFILE_USE
WARNING: g++.old-deja/g++.other/crash13.C  -std=c++17 (test for excess errors) program timed out.
FAIL: g++.old-deja/g++.other/crash13.C  -std=c++17 (test for excess errors)

		=== g++ Summary for unix/-m64 ===

# of expected passes		131264
# of unexpected failures	30
# of expected failures		533
# of unresolved testcases	9
# of unsupported tests		6391

		=== g++ Summary ===

# of expected passes		260382
# of unexpected failures	535
# of expected failures		1063
# of unresolved testcases	18
# of unsupported tests		12658
/Volumes/OSX10/10-11-elcap/gcc-trunk-unpatched/gcc/testsuite/g++/../../xg++  version 10.0.0 20190515 (experimental) [trunk revision 271212] (GCC) 

		=== gcc tests ===


Running target unix/-m32
FAIL: c-c++-common/asan/alloca_big_alignment.c   -O0  output pattern test
FAIL: c-c++-common/asan/alloca_big_alignment.c   -O1  output pattern test
FAIL: c-c++-common/asan/alloca_big_alignment.c   -O2  output pattern test
FAIL: c-c++-common/asan/alloca_big_alignment.c   -O2 -flto  output pattern test
FAIL: c-c++-common/asan/alloca_big_alignment.c   -O2 -flto -flto-partition=none  output pattern test
FAIL: c-c++-common/asan/alloca_big_alignment.c   -O3 -g  output pattern test
FAIL: c-c++-common/asan/alloca_big_alignment.c   -Os  output pattern test
FAIL: c-c++-common/asan/alloca_detect_custom_size.c   -O0  output pattern test
FAIL: c-c++-common/asan/alloca_detect_custom_size.c   -O1  output pattern test
FAIL: c-c++-common/asan/alloca_detect_custom_size.c   -O2  output pattern test
FAIL: c-c++-common/asan/alloca_detect_custom_size.c   -O2 -flto  output pattern test
FAIL: c-c++-common/asan/alloca_detect_custom_size.c   -O2 -flto -flto-partition=none  output pattern test
FAIL: c-c++-common/asan/alloca_detect_custom_size.c   -O3 -g  output pattern test
FAIL: c-c++-common/asan/alloca_detect_custom_size.c   -Os  output pattern test
FAIL: c-c++-common/asan/alloca_instruments_all_paddings.c   -O0  execution test
FAIL: c-c++-common/asan/alloca_instruments_all_paddings.c   -O1  execution test
FAIL: c-c++-common/asan/alloca_instruments_all_paddings.c   -O2  execution test
FAIL: c-c++-common/asan/alloca_instruments_all_paddings.c   -O2 -flto  execution test
FAIL: c-c++-common/asan/alloca_instruments_all_paddings.c   -O2 -flto -flto-partition=none  execution test
FAIL: c-c++-common/asan/alloca_instruments_all_paddings.c   -O3 -fomit-frame-pointer -funroll-loops -fpeel-loops -ftracer -finline-functions  execution test
FAIL: c-c++-common/asan/alloca_instruments_all_paddings.c   -O3 -g  execution test
FAIL: c-c++-common/asan/alloca_instruments_all_paddings.c   -Os  execution test
FAIL: c-c++-common/asan/alloca_loop_unpoisoning.c   -O0  execution test
FAIL: c-c++-common/asan/alloca_loop_unpoisoning.c   -O1  execution test
FAIL: c-c++-common/asan/alloca_loop_unpoisoning.c   -O2  execution test
FAIL: c-c++-common/asan/alloca_loop_unpoisoning.c   -O2 -flto  execution test
FAIL: c-c++-common/asan/alloca_loop_unpoisoning.c   -O2 -flto -flto-partition=none  execution test
FAIL: c-c++-common/asan/alloca_loop_unpoisoning.c   -O3 -fomit-frame-pointer -funroll-loops -fpeel-loops -ftracer -finline-functions  execution test
FAIL: c-c++-common/asan/alloca_loop_unpoisoning.c   -O3 -g  execution test
FAIL: c-c++-common/asan/alloca_loop_unpoisoning.c   -Os  execution test
FAIL: c-c++-common/asan/alloca_overflow_partial.c   -O0  output pattern test
FAIL: c-c++-common/asan/alloca_overflow_partial.c   -O1  output pattern test
FAIL: c-c++-common/asan/alloca_overflow_partial.c   -O2  output pattern test
FAIL: c-c++-common/asan/alloca_overflow_partial.c   -O2 -flto  output pattern test
FAIL: c-c++-common/asan/alloca_overflow_partial.c   -O2 -flto -flto-partition=none  output pattern test
FAIL: c-c++-common/asan/alloca_overflow_partial.c   -O3 -g  output pattern test
FAIL: c-c++-common/asan/alloca_overflow_partial.c   -Os  output pattern test
FAIL: c-c++-common/asan/alloca_overflow_right.c   -O0  output pattern test
FAIL: c-c++-common/asan/alloca_overflow_right.c   -O1  output pattern test
FAIL: c-c++-common/asan/alloca_overflow_right.c   -O2  output pattern test
FAIL: c-c++-common/asan/alloca_overflow_right.c   -O2 -flto  output pattern test
FAIL: c-c++-common/asan/alloca_overflow_right.c   -O2 -flto -flto-partition=none  output pattern test
FAIL: c-c++-common/asan/alloca_overflow_right.c   -O3 -g  output pattern test
FAIL: c-c++-common/asan/alloca_overflow_right.c   -Os  output pattern test
FAIL: c-c++-common/asan/alloca_safe_access.c   -O0  execution test
FAIL: c-c++-common/asan/alloca_safe_access.c   -O1  execution test
FAIL: c-c++-common/asan/alloca_safe_access.c   -O2  execution test
FAIL: c-c++-common/asan/alloca_safe_access.c   -O2 -flto  execution test
FAIL: c-c++-common/asan/alloca_safe_access.c   -O2 -flto -flto-partition=none  execution test
FAIL: c-c++-common/asan/alloca_safe_access.c   -O3 -g  execution test
FAIL: c-c++-common/asan/alloca_safe_access.c   -Os  execution test
FAIL: c-c++-common/asan/alloca_underflow_left.c   -O0  output pattern test
FAIL: c-c++-common/asan/alloca_underflow_left.c   -O1  output pattern test
FAIL: c-c++-common/asan/alloca_underflow_left.c   -O2  output pattern test
FAIL: c-c++-common/asan/alloca_underflow_left.c   -O2 -flto  output pattern test
FAIL: c-c++-common/asan/alloca_underflow_left.c   -O2 -flto -flto-partition=none  output pattern test
FAIL: c-c++-common/asan/alloca_underflow_left.c   -O3 -g  output pattern test
FAIL: c-c++-common/asan/alloca_underflow_left.c   -Os  output pattern test
FAIL: c-c++-common/asan/asan-stack-small.c   -O0  execution test
FAIL: c-c++-common/asan/asan-stack-small.c   -O1  execution test
FAIL: c-c++-common/asan/asan-stack-small.c   -O2  execution test
FAIL: c-c++-common/asan/asan-stack-small.c   -O2 -flto  execution test
FAIL: c-c++-common/asan/asan-stack-small.c   -O2 -flto -flto-partition=none  execution test
FAIL: c-c++-common/asan/asan-stack-small.c   -O3 -g  execution test
FAIL: c-c++-common/asan/asan-stack-small.c   -Os  execution test
FAIL: c-c++-common/asan/bitfield-1.c   -O0  output pattern test
FAIL: c-c++-common/asan/bitfield-1.c   -O1  output pattern test
FAIL: c-c++-common/asan/bitfield-1.c   -O2  output pattern test
FAIL: c-c++-common/asan/bitfield-1.c   -O2 -flto  output pattern test
FAIL: c-c++-common/asan/bitfield-1.c   -O2 -flto -flto-partition=none  output pattern test
FAIL: c-c++-common/asan/bitfield-1.c   -O3 -g  output pattern test
FAIL: c-c++-common/asan/bitfield-1.c   -Os  output pattern test
FAIL: c-c++-common/asan/bitfield-2.c   -O0  output pattern test
FAIL: c-c++-common/asan/bitfield-2.c   -O1  output pattern test
FAIL: c-c++-common/asan/bitfield-2.c   -O2  output pattern test
FAIL: c-c++-common/asan/bitfield-2.c   -O2 -flto  output pattern test
FAIL: c-c++-common/asan/bitfield-2.c   -O2 -flto -flto-partition=none  output pattern test
FAIL: c-c++-common/asan/bitfield-2.c   -O3 -g  output pattern test
FAIL: c-c++-common/asan/bitfield-2.c   -Os  output pattern test
FAIL: c-c++-common/asan/bitfield-3.c   -O0  output pattern test
FAIL: c-c++-common/asan/bitfield-3.c   -O1  output pattern test
FAIL: c-c++-common/asan/bitfield-3.c   -O2  output pattern test
FAIL: c-c++-common/asan/bitfield-3.c   -O2 -flto  output pattern test
FAIL: c-c++-common/asan/bitfield-3.c   -O2 -flto -flto-partition=none  output pattern test
FAIL: c-c++-common/asan/bitfield-3.c   -O3 -g  output pattern test
FAIL: c-c++-common/asan/bitfield-3.c   -Os  output pattern test
FAIL: c-c++-common/asan/bitfield-4.c   -O0  output pattern test
FAIL: c-c++-common/asan/bitfield-4.c   -O1  output pattern test
FAIL: c-c++-common/asan/bitfield-4.c   -O2  output pattern test
FAIL: c-c++-common/asan/bitfield-4.c   -O2 -flto  output pattern test
FAIL: c-c++-common/asan/bitfield-4.c   -O2 -flto -flto-partition=none  output pattern test
FAIL: c-c++-common/asan/bitfield-4.c   -O3 -g  output pattern test
FAIL: c-c++-common/asan/bitfield-4.c   -Os  output pattern test
FAIL: c-c++-common/asan/bitfield-5.c   -O0  output pattern test
FAIL: c-c++-common/asan/bitfield-5.c   -O1  output pattern test
FAIL: c-c++-common/asan/bitfield-5.c   -O2  output pattern test
FAIL: c-c++-common/asan/bitfield-5.c   -O2 -flto  output pattern test
FAIL: c-c++-common/asan/bitfield-5.c   -O2 -flto -flto-partition=none  output pattern test
FAIL: c-c++-common/asan/bitfield-5.c   -O3 -g  output pattern test
FAIL: c-c++-common/asan/bitfield-5.c   -Os  output pattern test
FAIL: c-c++-common/asan/global-overflow-1.c   -O0  output pattern test
FAIL: c-c++-common/asan/global-overflow-1.c   -O1  output pattern test
FAIL: c-c++-common/asan/global-overflow-1.c   -O2  output pattern test
FAIL: c-c++-common/asan/global-overflow-1.c   -O2 -flto  output pattern test
FAIL: c-c++-common/asan/global-overflow-1.c   -O2 -flto -flto-partition=none  output pattern test
FAIL: c-c++-common/asan/global-overflow-1.c   -O3 -g  output pattern test
FAIL: c-c++-common/asan/global-overflow-1.c   -Os  output pattern test
FAIL: c-c++-common/asan/halt_on_error-1.c   -O0  execution test
FAIL: c-c++-common/asan/halt_on_error-1.c   -O1  execution test
FAIL: c-c++-common/asan/halt_on_error-1.c   -O2  execution test
FAIL: c-c++-common/asan/halt_on_error-1.c   -O2 -flto  execution test
FAIL: c-c++-common/asan/halt_on_error-1.c   -O2 -flto -flto-partition=none  execution test
FAIL: c-c++-common/asan/halt_on_error-1.c   -O3 -g  execution test
FAIL: c-c++-common/asan/halt_on_error-1.c   -Os  execution test
FAIL: c-c++-common/asan/halt_on_error-2.c   -O0  output pattern test
FAIL: c-c++-common/asan/halt_on_error-2.c   -O1  output pattern test
FAIL: c-c++-common/asan/halt_on_error-2.c   -O2  output pattern test
FAIL: c-c++-common/asan/halt_on_error-2.c   -O2 -flto  output pattern test
FAIL: c-c++-common/asan/halt_on_error-2.c   -O2 -flto -flto-partition=none  output pattern test
FAIL: c-c++-common/asan/halt_on_error-2.c   -O3 -g  output pattern test
FAIL: c-c++-common/asan/halt_on_error-2.c   -Os  output pattern test
FAIL: c-c++-common/asan/heap-overflow-1.c   -O0  output pattern test
FAIL: c-c++-common/asan/heap-overflow-1.c   -O1  output pattern test
FAIL: c-c++-common/asan/heap-overflow-1.c   -O2  output pattern test
FAIL: c-c++-common/asan/heap-overflow-1.c   -O2 -flto  output pattern test
FAIL: c-c++-common/asan/heap-overflow-1.c   -O2 -flto -flto-partition=none  output pattern test
FAIL: c-c++-common/asan/heap-overflow-1.c   -O3 -g  output pattern test
FAIL: c-c++-common/asan/heap-overflow-1.c   -Os  output pattern test
FAIL: c-c++-common/asan/memcmp-1.c   -O0  output pattern test
FAIL: c-c++-common/asan/memcmp-1.c   -O1  output pattern test
FAIL: c-c++-common/asan/memcmp-1.c   -O2  output pattern test
FAIL: c-c++-common/asan/memcmp-1.c   -O2 -flto  output pattern test
FAIL: c-c++-common/asan/memcmp-1.c   -O2 -flto -flto-partition=none  output pattern test
FAIL: c-c++-common/asan/memcmp-1.c   -O3 -g  output pattern test
FAIL: c-c++-common/asan/memcmp-1.c   -Os  output pattern test
FAIL: c-c++-common/asan/null-deref-1.c   -O0  output pattern test
FAIL: c-c++-common/asan/null-deref-1.c   -O1  output pattern test
FAIL: c-c++-common/asan/null-deref-1.c   -O2  output pattern test
FAIL: c-c++-common/asan/null-deref-1.c   -O2 -flto  output pattern test
FAIL: c-c++-common/asan/null-deref-1.c   -O2 -flto -flto-partition=none  output pattern test
FAIL: c-c++-common/asan/null-deref-1.c   -O3 -g  output pattern test
FAIL: c-c++-common/asan/null-deref-1.c   -Os  output pattern test
FAIL: c-c++-common/asan/pointer-compare-1.c   -O0  execution test
FAIL: c-c++-common/asan/pointer-compare-1.c   -O1  execution test
FAIL: c-c++-common/asan/pointer-compare-1.c   -O2  execution test
FAIL: c-c++-common/asan/pointer-compare-1.c   -O2 -flto  execution test
FAIL: c-c++-common/asan/pointer-compare-1.c   -O2 -flto -flto-partition=none  execution test
FAIL: c-c++-common/asan/pointer-compare-1.c   -O3 -g  execution test
FAIL: c-c++-common/asan/pointer-compare-1.c   -Os  execution test
FAIL: c-c++-common/asan/pointer-compare-2.c   -O0  execution test
FAIL: c-c++-common/asan/pointer-compare-2.c   -O1  execution test
FAIL: c-c++-common/asan/pointer-compare-2.c   -O2  execution test
FAIL: c-c++-common/asan/pointer-compare-2.c   -O2 -flto  execution test
FAIL: c-c++-common/asan/pointer-compare-2.c   -O2 -flto -flto-partition=none  execution test
FAIL: c-c++-common/asan/pointer-compare-2.c   -O3 -g  execution test
FAIL: c-c++-common/asan/pointer-compare-2.c   -Os  execution test
FAIL: c-c++-common/asan/pointer-compare-3.c   -O0  execution test
FAIL: c-c++-common/asan/pointer-compare-3.c   -O1  execution test
FAIL: c-c++-common/asan/pointer-compare-3.c   -O2  execution test
FAIL: c-c++-common/asan/pointer-compare-3.c   -O2 -flto  execution test
FAIL: c-c++-common/asan/pointer-compare-3.c   -O2 -flto -flto-partition=none  execution test
FAIL: c-c++-common/asan/pointer-compare-3.c   -O3 -g  execution test
FAIL: c-c++-common/asan/pointer-compare-3.c   -Os  execution test
FAIL: c-c++-common/asan/pointer-subtract-1.c   -O0  execution test
FAIL: c-c++-common/asan/pointer-subtract-1.c   -O1  execution test
FAIL: c-c++-common/asan/pointer-subtract-1.c   -O2  execution test
FAIL: c-c++-common/asan/pointer-subtract-1.c   -O2 -flto  execution test
FAIL: c-c++-common/asan/pointer-subtract-1.c   -O2 -flto -flto-partition=none  execution test
FAIL: c-c++-common/asan/pointer-subtract-1.c   -O3 -g  execution test
FAIL: c-c++-common/asan/pointer-subtract-1.c   -Os  execution test
FAIL: c-c++-common/asan/pointer-subtract-2.c   -O0  execution test
FAIL: c-c++-common/asan/pointer-subtract-2.c   -O1  execution test
FAIL: c-c++-common/asan/pointer-subtract-2.c   -O2  execution test
FAIL: c-c++-common/asan/pointer-subtract-2.c   -O2 -flto  execution test
FAIL: c-c++-common/asan/pointer-subtract-2.c   -O2 -flto -flto-partition=none  execution test
FAIL: c-c++-common/asan/pointer-subtract-2.c   -O3 -g  execution test
FAIL: c-c++-common/asan/pointer-subtract-2.c   -Os  execution test
FAIL: c-c++-common/asan/pr61530.c   -O0  output pattern test
FAIL: c-c++-common/asan/pr61530.c   -O1  output pattern test
FAIL: c-c++-common/asan/pr61530.c   -O2  output pattern test
FAIL: c-c++-common/asan/pr61530.c   -O2 -flto  output pattern test
FAIL: c-c++-common/asan/pr61530.c   -O2 -flto -flto-partition=none  output pattern test
FAIL: c-c++-common/asan/pr61530.c   -O3 -g  output pattern test
FAIL: c-c++-common/asan/pr61530.c   -Os  output pattern test
FAIL: c-c++-common/asan/pr62089.c   -O0  output pattern test
FAIL: c-c++-common/asan/pr62089.c   -O1  output pattern test
FAIL: c-c++-common/asan/pr62089.c   -O2  output pattern test
FAIL: c-c++-common/asan/pr62089.c   -O2 -flto  output pattern test
FAIL: c-c++-common/asan/pr62089.c   -O2 -flto -flto-partition=none  output pattern test
FAIL: c-c++-common/asan/pr62089.c   -O3 -g  output pattern test
FAIL: c-c++-common/asan/pr62089.c   -Os  output pattern test
FAIL: c-c++-common/asan/pr63316.c   -O2  execution test
FAIL: c-c++-common/asan/pr63316.c   -O2 -flto  execution test
FAIL: c-c++-common/asan/pr63316.c   -O2 -flto -flto-partition=none  execution test
FAIL: c-c++-common/asan/pr63888.c   -O0  execution test
FAIL: c-c++-common/asan/pr63888.c   -O1  execution test
FAIL: c-c++-common/asan/pr63888.c   -O2  execution test
FAIL: c-c++-common/asan/pr63888.c   -O2 -flto  execution test
FAIL: c-c++-common/asan/pr63888.c   -O2 -flto -flto-partition=none  execution test
FAIL: c-c++-common/asan/pr63888.c   -O3 -g  execution test
FAIL: c-c++-common/asan/pr63888.c   -Os  execution test
FAIL: c-c++-common/asan/pr70541.c   -O0  output pattern test
FAIL: c-c++-common/asan/pr70712.c   -O0  execution test
FAIL: c-c++-common/asan/pr70712.c   -O1  execution test
FAIL: c-c++-common/asan/pr70712.c   -O2  execution test
FAIL: c-c++-common/asan/pr70712.c   -O2 -flto  execution test
FAIL: c-c++-common/asan/pr70712.c   -O2 -flto -flto-partition=none  execution test
FAIL: c-c++-common/asan/pr70712.c   -O3 -g  execution test
FAIL: c-c++-common/asan/pr70712.c   -Os  execution test
FAIL: c-c++-common/asan/pr71480.c   -O0  execution test
FAIL: c-c++-common/asan/pr71480.c   -O1  execution test
FAIL: c-c++-common/asan/pr71480.c   -O2  execution test
FAIL: c-c++-common/asan/pr71480.c   -O2 -flto  execution test
FAIL: c-c++-common/asan/pr71480.c   -O2 -flto -flto-partition=none  execution test
FAIL: c-c++-common/asan/pr71480.c   -O3 -g  execution test
FAIL: c-c++-common/asan/pr71480.c   -Os  execution test
FAIL: c-c++-common/asan/pr79944.c   -O0  execution test
FAIL: c-c++-common/asan/pr79944.c   -O1  execution test
FAIL: c-c++-common/asan/pr79944.c   -O2  execution test
FAIL: c-c++-common/asan/pr79944.c   -O2 -flto  execution test
FAIL: c-c++-common/asan/pr79944.c   -O2 -flto -flto-partition=none  execution test
FAIL: c-c++-common/asan/pr79944.c   -O3 -g  execution test
FAIL: c-c++-common/asan/pr79944.c   -Os  execution test
FAIL: c-c++-common/asan/pr80308.c   -O0  execution test
FAIL: c-c++-common/asan/pr80308.c   -O1  execution test
FAIL: c-c++-common/asan/pr80308.c   -O2  execution test
FAIL: c-c++-common/asan/pr80308.c   -O2 -flto  execution test
FAIL: c-c++-common/asan/pr80308.c   -O2 -flto -flto-partition=none  execution test
FAIL: c-c++-common/asan/pr80308.c   -O3 -fomit-frame-pointer -funroll-loops -fpeel-loops -ftracer -finline-functions  execution test
FAIL: c-c++-common/asan/pr80308.c   -O3 -g  execution test
FAIL: c-c++-common/asan/pr80308.c   -Os  execution test
FAIL: c-c++-common/asan/pr81697.c   -O1  execution test
FAIL: c-c++-common/asan/pr81697.c   -O2  execution test
FAIL: c-c++-common/asan/pr81697.c   -O2 -flto  execution test
FAIL: c-c++-common/asan/pr81697.c   -O2 -flto -flto-partition=none  execution test
FAIL: c-c++-common/asan/pr81697.c   -O3 -g  execution test
FAIL: c-c++-common/asan/pr81697.c   -Os  execution test
FAIL: c-c++-common/asan/sanity-check-pure-c-1.c   -O0  output pattern test
FAIL: c-c++-common/asan/sanity-check-pure-c-1.c   -O1  output pattern test
FAIL: c-c++-common/asan/sanity-check-pure-c-1.c   -O2  output pattern test
FAIL: c-c++-common/asan/sanity-check-pure-c-1.c   -O2 -flto  output pattern test
FAIL: c-c++-common/asan/sanity-check-pure-c-1.c   -O2 -flto -flto-partition=none  output pattern test
FAIL: c-c++-common/asan/sanity-check-pure-c-1.c   -O3 -g  output pattern test
FAIL: c-c++-common/asan/sanity-check-pure-c-1.c   -Os  output pattern test
FAIL: c-c++-common/asan/sleep-before-dying-1.c   -O2  output pattern test
FAIL: c-c++-common/asan/sleep-before-dying-1.c   -O2 -flto  output pattern test
FAIL: c-c++-common/asan/sleep-before-dying-1.c   -O2 -flto -flto-partition=none  output pattern test
FAIL: c-c++-common/asan/stack-overflow-1.c   -O0  output pattern test
FAIL: c-c++-common/asan/stack-overflow-1.c   -O1  output pattern test
FAIL: c-c++-common/asan/stack-overflow-1.c   -O2  output pattern test
FAIL: c-c++-common/asan/stack-overflow-1.c   -O2 -flto  output pattern test
FAIL: c-c++-common/asan/stack-overflow-1.c   -O2 -flto -flto-partition=none  output pattern test
FAIL: c-c++-common/asan/stack-overflow-1.c   -O3 -g  output pattern test
FAIL: c-c++-common/asan/stack-overflow-1.c   -Os  output pattern test
FAIL: c-c++-common/asan/strip-path-prefix-1.c   -O2  output pattern test
FAIL: c-c++-common/asan/strip-path-prefix-1.c   -O2 -flto  output pattern test
FAIL: c-c++-common/asan/strip-path-prefix-1.c   -O2 -flto -flto-partition=none  output pattern test
FAIL: c-c++-common/asan/strlen-overflow-1.c   -O0  output pattern test
FAIL: c-c++-common/asan/strlen-overflow-1.c   -O1  output pattern test
FAIL: c-c++-common/asan/strlen-overflow-1.c   -O2  output pattern test
FAIL: c-c++-common/asan/strlen-overflow-1.c   -O3 -g  output pattern test
FAIL: c-c++-common/asan/strlen-overflow-1.c   -Os  output pattern test
FAIL: c-c++-common/asan/strncpy-overflow-1.c   -O0  output pattern test
FAIL: c-c++-common/asan/strncpy-overflow-1.c   -O1  output pattern test
FAIL: c-c++-common/asan/strncpy-overflow-1.c   -O2  output pattern test
FAIL: c-c++-common/asan/strncpy-overflow-1.c   -O2 -flto  output pattern test
FAIL: c-c++-common/asan/strncpy-overflow-1.c   -O2 -flto -flto-partition=none  output pattern test
FAIL: c-c++-common/asan/strncpy-overflow-1.c   -O3 -g  output pattern test
FAIL: c-c++-common/asan/strncpy-overflow-1.c   -Os  output pattern test
FAIL: c-c++-common/asan/use-after-free-1.c   -O0  output pattern test
FAIL: c-c++-common/asan/use-after-free-1.c   -O1  output pattern test
FAIL: c-c++-common/asan/use-after-free-1.c   -O2  output pattern test
FAIL: c-c++-common/asan/use-after-free-1.c   -O2 -flto  output pattern test
FAIL: c-c++-common/asan/use-after-free-1.c   -O2 -flto -flto-partition=none  output pattern test
FAIL: c-c++-common/asan/use-after-free-1.c   -O3 -g  output pattern test
FAIL: c-c++-common/asan/use-after-free-1.c   -Os  output pattern test
FAIL: c-c++-common/asan/use-after-return-1.c   -O0  output pattern test
FAIL: c-c++-common/asan/use-after-return-1.c   -O1  output pattern test
FAIL: c-c++-common/asan/use-after-return-1.c   -O2  output pattern test
FAIL: c-c++-common/asan/use-after-return-1.c   -O2 -flto  output pattern test
FAIL: c-c++-common/asan/use-after-return-1.c   -O2 -flto -flto-partition=none  output pattern test
FAIL: c-c++-common/asan/use-after-return-1.c   -O3 -g  output pattern test
FAIL: c-c++-common/asan/use-after-return-1.c   -Os  output pattern test
FAIL: gcc.dg/asan/nosanitize-and-inline.c   -O0  execution test
FAIL: gcc.dg/asan/nosanitize-and-inline.c   -O1  execution test
FAIL: gcc.dg/asan/nosanitize-and-inline.c   -O2  execution test
FAIL: gcc.dg/asan/nosanitize-and-inline.c   -O2 -flto  execution test
FAIL: gcc.dg/asan/nosanitize-and-inline.c   -O2 -flto -flto-partition=none  execution test
FAIL: gcc.dg/asan/nosanitize-and-inline.c   -O3 -fomit-frame-pointer -funroll-loops -fpeel-loops -ftracer -finline-functions  execution test
FAIL: gcc.dg/asan/nosanitize-and-inline.c   -O3 -g  execution test
FAIL: gcc.dg/asan/nosanitize-and-inline.c   -Os  execution test
FAIL: gcc.dg/asan/pr78541.c   -O0  output pattern test
FAIL: gcc.dg/asan/pr78541.c   -O1  output pattern test
FAIL: gcc.dg/asan/pr78541.c   -O2  output pattern test
FAIL: gcc.dg/asan/pr78541.c   -O2 -flto  output pattern test
FAIL: gcc.dg/asan/pr78541.c   -O2 -flto -flto-partition=none  output pattern test
FAIL: gcc.dg/asan/pr78541.c   -O3 -g  output pattern test
FAIL: gcc.dg/asan/pr78541.c   -Os  output pattern test
FAIL: gcc.dg/asan/pr79196.c   -O0  execution test
FAIL: gcc.dg/asan/pr79196.c   -O1  execution test
FAIL: gcc.dg/asan/pr79196.c   -O2  execution test
FAIL: gcc.dg/asan/pr79196.c   -O2 -flto  execution test
FAIL: gcc.dg/asan/pr79196.c   -O2 -flto -flto-partition=none  execution test
FAIL: gcc.dg/asan/pr79196.c   -O3 -g  execution test
FAIL: gcc.dg/asan/pr79196.c   -Os  execution test
FAIL: gcc.dg/asan/pr80166.c   -O0  execution test
FAIL: gcc.dg/asan/pr80166.c   -O1  execution test
FAIL: gcc.dg/asan/pr80166.c   -O2  execution test
FAIL: gcc.dg/asan/pr80166.c   -O2 -flto  execution test
FAIL: gcc.dg/asan/pr80166.c   -O2 -flto -flto-partition=none  execution test
FAIL: gcc.dg/asan/pr80166.c   -O3 -g  execution test
FAIL: gcc.dg/asan/pr80166.c   -Os  execution test
FAIL: gcc.dg/asan/pr81186.c   -O0  execution test
FAIL: gcc.dg/asan/pr81186.c   -O1  execution test
FAIL: gcc.dg/asan/pr81186.c   -O2  execution test
FAIL: gcc.dg/asan/pr81186.c   -O2 -flto  execution test
FAIL: gcc.dg/asan/pr81186.c   -O2 -flto -flto-partition=none  execution test
FAIL: gcc.dg/asan/pr81186.c   -O3 -g  execution test
FAIL: gcc.dg/asan/pr81186.c   -Os  execution test
FAIL: gcc.dg/asan/use-after-scope-1.c   -O0  output pattern test
FAIL: gcc.dg/asan/use-after-scope-1.c   -O1  output pattern test
FAIL: gcc.dg/asan/use-after-scope-1.c   -O2  output pattern test
FAIL: gcc.dg/asan/use-after-scope-1.c   -O2 -flto  output pattern test
FAIL: gcc.dg/asan/use-after-scope-1.c   -O2 -flto -flto-partition=none  output pattern test
FAIL: gcc.dg/asan/use-after-scope-1.c   -O3 -g  output pattern test
FAIL: gcc.dg/asan/use-after-scope-1.c   -Os  output pattern test
FAIL: gcc.dg/asan/use-after-scope-10.c   -O2  output pattern test
FAIL: gcc.dg/asan/use-after-scope-10.c   -O2 -flto  output pattern test
FAIL: gcc.dg/asan/use-after-scope-10.c   -O2 -flto -flto-partition=none  output pattern test
FAIL: gcc.dg/asan/use-after-scope-11.c   -O0  execution test
FAIL: gcc.dg/asan/use-after-scope-11.c   -O1  execution test
FAIL: gcc.dg/asan/use-after-scope-11.c   -O2  execution test
FAIL: gcc.dg/asan/use-after-scope-11.c   -O2 -flto  execution test
FAIL: gcc.dg/asan/use-after-scope-11.c   -O2 -flto -flto-partition=none  execution test
FAIL: gcc.dg/asan/use-after-scope-11.c   -O3 -fomit-frame-pointer -funroll-loops -fpeel-loops -ftracer -finline-functions  execution test
FAIL: gcc.dg/asan/use-after-scope-11.c   -O3 -g  execution test
FAIL: gcc.dg/asan/use-after-scope-11.c   -Os  execution test
FAIL: gcc.dg/asan/use-after-scope-2.c   -O0  output pattern test
FAIL: gcc.dg/asan/use-after-scope-2.c   -O1  output pattern test
FAIL: gcc.dg/asan/use-after-scope-2.c   -O2  output pattern test
FAIL: gcc.dg/asan/use-after-scope-2.c   -O2 -flto  output pattern test
FAIL: gcc.dg/asan/use-after-scope-2.c   -O2 -flto -flto-partition=none  output pattern test
FAIL: gcc.dg/asan/use-after-scope-2.c   -O3 -g  output pattern test
FAIL: gcc.dg/asan/use-after-scope-2.c   -Os  output pattern test
FAIL: gcc.dg/asan/use-after-scope-3.c   -O0  output pattern test
FAIL: gcc.dg/asan/use-after-scope-4.c   -O0  execution test
FAIL: gcc.dg/asan/use-after-scope-4.c   -O1  execution test
FAIL: gcc.dg/asan/use-after-scope-4.c   -O2  execution test
FAIL: gcc.dg/asan/use-after-scope-4.c   -O2 -flto  execution test
FAIL: gcc.dg/asan/use-after-scope-4.c   -O2 -flto -flto-partition=none  execution test
FAIL: gcc.dg/asan/use-after-scope-4.c   -O3 -g  execution test
FAIL: gcc.dg/asan/use-after-scope-4.c   -Os  execution test
FAIL: gcc.dg/asan/use-after-scope-5.c   -O0  output pattern test
FAIL: gcc.dg/asan/use-after-scope-5.c   -O1  output pattern test
FAIL: gcc.dg/asan/use-after-scope-5.c   -O2  output pattern test
FAIL: gcc.dg/asan/use-after-scope-5.c   -O2 -flto  output pattern test
FAIL: gcc.dg/asan/use-after-scope-5.c   -O2 -flto -flto-partition=none  output pattern test
FAIL: gcc.dg/asan/use-after-scope-5.c   -O3 -fomit-frame-pointer -funroll-loops -fpeel-loops -ftracer -finline-functions  output pattern test
FAIL: gcc.dg/asan/use-after-scope-5.c   -O3 -g  output pattern test
FAIL: gcc.dg/asan/use-after-scope-5.c   -Os  output pattern test
FAIL: gcc.dg/asan/use-after-scope-6.c   -O0  execution test
FAIL: gcc.dg/asan/use-after-scope-6.c   -O1  execution test
FAIL: gcc.dg/asan/use-after-scope-6.c   -O2  execution test
FAIL: gcc.dg/asan/use-after-scope-6.c   -O2 -flto  execution test
FAIL: gcc.dg/asan/use-after-scope-6.c   -O2 -flto -flto-partition=none  execution test
FAIL: gcc.dg/asan/use-after-scope-6.c   -O3 -g  execution test
FAIL: gcc.dg/asan/use-after-scope-6.c   -Os  execution test
FAIL: gcc.dg/asan/use-after-scope-7.c   -O0  execution test
FAIL: gcc.dg/asan/use-after-scope-7.c   -O1  execution test
FAIL: gcc.dg/asan/use-after-scope-7.c   -O2  execution test
FAIL: gcc.dg/asan/use-after-scope-7.c   -O2 -flto  execution test
FAIL: gcc.dg/asan/use-after-scope-7.c   -O2 -flto -flto-partition=none  execution test
FAIL: gcc.dg/asan/use-after-scope-7.c   -O3 -g  execution test
FAIL: gcc.dg/asan/use-after-scope-7.c   -Os  execution test
FAIL: gcc.dg/asan/use-after-scope-9.c   -O2  output pattern test
FAIL: gcc.dg/asan/use-after-scope-9.c   -O2 -flto  output pattern test
FAIL: gcc.dg/asan/use-after-scope-9.c   -O2 -flto -flto-partition=none  output pattern test
FAIL: gcc.dg/asan/use-after-scope-goto-1.c   -O0  execution test
FAIL: gcc.dg/asan/use-after-scope-goto-2.c   -O0  execution test
FAIL: gcc.dg/asan/use-after-scope-switch-1.c   -O0  execution test
FAIL: gcc.dg/asan/use-after-scope-switch-1.c   -O1  execution test
FAIL: gcc.dg/asan/use-after-scope-switch-1.c   -O2  execution test
FAIL: gcc.dg/asan/use-after-scope-switch-1.c   -O2 -flto  execution test
FAIL: gcc.dg/asan/use-after-scope-switch-1.c   -O2 -flto -flto-partition=none  execution test
FAIL: gcc.dg/asan/use-after-scope-switch-1.c   -O3 -fomit-frame-pointer -funroll-loops -fpeel-loops -ftracer -finline-functions  execution test
FAIL: gcc.dg/asan/use-after-scope-switch-1.c   -O3 -g  execution test
FAIL: gcc.dg/asan/use-after-scope-switch-1.c   -Os  execution test
FAIL: gcc.dg/asan/use-after-scope-switch-2.c   -O0  execution test
FAIL: gcc.dg/asan/use-after-scope-switch-2.c   -O1  execution test
FAIL: gcc.dg/asan/use-after-scope-switch-2.c   -O2  execution test
FAIL: gcc.dg/asan/use-after-scope-switch-2.c   -O2 -flto  execution test
FAIL: gcc.dg/asan/use-after-scope-switch-2.c   -O2 -flto -flto-partition=none  execution test
FAIL: gcc.dg/asan/use-after-scope-switch-2.c   -O3 -fomit-frame-pointer -funroll-loops -fpeel-loops -ftracer -finline-functions  execution test
FAIL: gcc.dg/asan/use-after-scope-switch-2.c   -O3 -g  execution test
FAIL: gcc.dg/asan/use-after-scope-switch-2.c   -Os  execution test
FAIL: gcc.dg/asan/use-after-scope-switch-3.c   -O0  execution test
FAIL: gcc.dg/asan/use-after-scope-switch-3.c   -O1  execution test
FAIL: gcc.dg/asan/use-after-scope-switch-3.c   -O2  execution test
FAIL: gcc.dg/asan/use-after-scope-switch-3.c   -O2 -flto  execution test
FAIL: gcc.dg/asan/use-after-scope-switch-3.c   -O2 -flto -flto-partition=none  execution test
FAIL: gcc.dg/asan/use-after-scope-switch-3.c   -O3 -fomit-frame-pointer -funroll-loops -fpeel-loops -ftracer -finline-functions  execution test
FAIL: gcc.dg/asan/use-after-scope-switch-3.c   -O3 -g  execution test
FAIL: gcc.dg/asan/use-after-scope-switch-3.c   -Os  execution test
FAIL: gcc.dg/asan/use-after-scope-switch-4.c   -O0  execution test
FAIL: gcc.dg/asan/use-after-scope-switch-4.c   -O1  execution test
FAIL: gcc.dg/asan/use-after-scope-switch-4.c   -O2  execution test
FAIL: gcc.dg/asan/use-after-scope-switch-4.c   -O2 -flto  execution test
FAIL: gcc.dg/asan/use-after-scope-switch-4.c   -O2 -flto -flto-partition=none  execution test
FAIL: gcc.dg/asan/use-after-scope-switch-4.c   -O3 -fomit-frame-pointer -funroll-loops -fpeel-loops -ftracer -finline-functions  execution test
FAIL: gcc.dg/asan/use-after-scope-switch-4.c   -O3 -g  execution test
FAIL: gcc.dg/asan/use-after-scope-switch-4.c   -Os  execution test
FAIL: gcc.dg/debug/dwarf2/inline4.c scan-assembler DW_TAG_inlined_subroutine[^\\\\(]*\\\\([^\\\\)]*\\\\)[^\\\\(]*\\\\(DIE \\\\(0x[0-9a-f]*\\\\) DW_TAG_formal_parameter[^\\\\(]*\\\\(DIE \\\\(0x[0-9a-f]*\\\\) DW_TAG_variable
FAIL: gcc.dg/debug/dwarf2/inline5.c scan-assembler-not \\\\(DIE \\\\(0x([0-9a-f]*)\\\\) DW_TAG_lexical_block\\\\)[^#/!@;\\\\|]*[#/!@;\\\\|]+ +[^(].*DW_TAG_lexical_block\\\\)[^#/!@;\\\\|x]*x\\\\1[^#/!@;\\\\|]*[#/!@;\\\\|] +DW_AT_abstract_origin
FAIL: gcc.dg/Wnonnull.c  (test for warnings, line 21)
FAIL: gcc.dg/Wnonnull.c  (test for warnings, line 24)
FAIL: gcc.dg/attr-copy-6.c (test for excess errors)
FAIL: gcc.dg/pie-7.c (test for excess errors)
UNRESOLVED: gcc.dg/pie-7.c compilation failed to produce executable
FAIL: gcc.dg/pr57438-2.c scan-assembler nop\\\\nLFE.*
FAIL: gcc.dg/stack-layout-dynamic-1.c (test for excess errors)
UNRESOLVED: gcc.dg/stack-layout-dynamic-1.c scan-assembler-not cfi_def_cfa_register
FAIL: gcc.dg/uninit-19.c  (test for warnings, line 24)
FAIL: gcc.dg/uninit-19.c (test for excess errors)
FAIL: gcc.dg/graphite/scop-19.c scan-tree-dump-times graphite "number of SCoPs: 0" 1
FAIL: gcc.dg/ipa/ipa-icf-38.c scan-ltrans-tree-dump-not optimized "Function bar"
FAIL: gcc.dg/pch/save-temps-1.c   -O1  -I. -Dwith_PCH (internal compiler error)
FAIL: gcc.dg/pch/save-temps-1.c   -O1  -I. -Dwith_PCH (test for excess errors)
FAIL: gcc.dg/pch/save-temps-1.c  -O1  assembly comparison
FAIL: gcc.dg/torture/builtin-self.c   -O0   scan-assembler-not \\tcall
FAIL: gcc.dg/tree-ssa/pr90478.c (test for excess errors)
FAIL: gcc.dg/tree-ssa/vector-6.c scan-tree-dump-times ccp1 "Now a gimple register: v" 4
XPASS: gcc.dg/vect/vect-reduc-in-order-1.c -flto -ffat-lto-objects execution test
XPASS: gcc.dg/vect/vect-reduc-in-order-1.c execution test
XPASS: gcc.dg/vect/vect-reduc-in-order-2.c -flto -ffat-lto-objects execution test
XPASS: gcc.dg/vect/vect-reduc-in-order-2.c execution test
XPASS: gcc.dg/vect/vect-reduc-in-order-3.c -flto -ffat-lto-objects execution test
XPASS: gcc.dg/vect/vect-reduc-in-order-3.c execution test
XPASS: gcc.dg/vect/vect-reduc-in-order-4.c -flto -ffat-lto-objects execution test
XPASS: gcc.dg/vect/vect-reduc-in-order-4.c execution test
FAIL: compiler driver --help=params --help=optimizers option(s): "maximum number of" present in output
FAIL: gcc.misc-tests/linkage.c link
FAIL: gcc.target/i386/align-limit.c scan-assembler .p2align 6,,1
FAIL: gcc.target/i386/attr-aligned-2.c scan-assembler .align 4\\n\\t.globl\\tf4
WARNING: gcc.target/i386/avx-1.c (test for excess errors) program timed out.
FAIL: gcc.target/i386/avx-1.c (test for excess errors)
FAIL: gcc.target/i386/falign-functions-2.c (test for excess errors)
UNRESOLVED: gcc.target/i386/falign-functions-2.c scan-assembler-times .p2align 5 1
UNRESOLVED: gcc.target/i386/falign-functions-2.c scan-assembler-times .p2align 6,,7 2
UNRESOLVED: gcc.target/i386/falign-functions-2.c scan-assembler-times .p2align 7,,87 1
UNRESOLVED: gcc.target/i386/falign-functions-2.c scan-assembler-times .p2align 7,,99 1
FAIL: gcc.target/i386/falign-functions-3.c scan-assembler .align 4\\n\\t.globl\\tf4
FAIL: gcc.target/i386/falign-functions-3.c scan-assembler .align 64\\n\\t.globl\\tf64
FAIL: gcc.target/i386/falign-functions-3.c scan-assembler .p2align 5\\n\\t.globl\\tf32
FAIL: gcc.target/i386/falign-functions.c scan-assembler .p2align 6,,7
FAIL: gcc.target/i386/fentryname1.c (test for excess errors)
UNRESOLVED: gcc.target/i386/fentryname1.c scan-assembler call.*bar
UNRESOLVED: gcc.target/i386/fentryname1.c scan-assembler call.*foo
FAIL: gcc.target/i386/fentryname2.c (test for excess errors)
UNRESOLVED: gcc.target/i386/fentryname2.c scan-assembler section.*bar
UNRESOLVED: gcc.target/i386/fentryname2.c scan-assembler section.*foo
FAIL: gcc.target/i386/fentryname3.c (test for excess errors)
UNRESOLVED: gcc.target/i386/fentryname3.c scan-assembler 0x0f, 0x1f, 0x44, 0x00, 0x00
UNRESOLVED: gcc.target/i386/fentryname3.c scan-assembler section.*__entry_loc
UNRESOLVED: gcc.target/i386/fentryname3.c scan-assembler-not __fentry__
XPASS: gcc.target/i386/fuse-caller-save-rec.c scan-assembler-not pop
XPASS: gcc.target/i386/fuse-caller-save-rec.c scan-assembler-not push
XPASS: gcc.target/i386/fuse-caller-save-rec.c scan-assembler-times addl\\t%[re]?dx, %[re]?ax 1
XPASS: gcc.target/i386/fuse-caller-save-xmm.c scan-assembler-times addpd\\t%xmm1, %xmm0 1
FAIL: gcc.target/i386/fuse-caller-save-xmm.c scan-assembler-times addpd\\t\\\\.?LC0.*, %xmm0 1
XPASS: gcc.target/i386/fuse-caller-save.c scan-assembler-not pop
XPASS: gcc.target/i386/fuse-caller-save.c scan-assembler-not push
XPASS: gcc.target/i386/fuse-caller-save.c scan-assembler-times addl\\t%[re]?d[ix], %[re]?ax 1
FAIL: gcc.target/i386/iinline-attr-2.c scan-assembler p2align
FAIL: gcc.target/i386/memcpy-strategy-3.c scan-assembler-times memcpy 2
FAIL: gcc.target/i386/memset-strategy-1.c scan-assembler-times memset 2
FAIL: gcc.target/i386/pconfig-1.c scan-assembler-times pconfig 5
FAIL: gcc.target/i386/pr15184-1.c scan-assembler-times movb[ \\\\t]+%al 4
FAIL: gcc.target/i386/pr15184-2.c scan-assembler-times movb[ \\\\t]+%al 2
FAIL: gcc.target/i386/pr18041-1.c scan-assembler-times or 1
FAIL: gcc.target/i386/pr22076.c scan-assembler-times movq 3
FAIL: gcc.target/i386/pr24414.c (test for excess errors)
UNRESOLVED: gcc.target/i386/pr24414.c compilation failed to produce executable
FAIL: gcc.target/i386/pr32219-1.c scan-assembler movl[ \\t]xxx@GOTOFF\\\\(%[^,]*\\\\), %eax
FAIL: gcc.target/i386/pr32219-2.c scan-assembler movl[ \\t]xxx@GOT\\\\(%[^,]*\\\\), %
FAIL: gcc.target/i386/pr32219-3.c scan-assembler movl[ \\t]xxx@GOTOFF\\\\(%[^,]*\\\\), %eax
FAIL: gcc.target/i386/pr32219-4.c scan-assembler movl[ \\t]xxx@GOT\\\\(%[^,]*\\\\), %
FAIL: gcc.target/i386/pr32219-5.c scan-assembler movl[ \\t]xxx@GOTOFF\\\\(%[^,]*\\\\), %eax
FAIL: gcc.target/i386/pr32219-6.c scan-assembler movl[ \\t]xxx@GOT\\\\(%[^,]*\\\\), %
FAIL: gcc.target/i386/pr32219-7.c scan-assembler movl[ \\t]xxx@GOTOFF\\\\(%[^,]*\\\\), %eax
FAIL: gcc.target/i386/pr32219-8.c scan-assembler movl[ \\t]xxx@GOT\\\\(%[^,]*\\\\), %
FAIL: gcc.target/i386/pr39013-1.c scan-assembler bar@PLT
FAIL: gcc.target/i386/pr39013-1.c scan-assembler foo@PLT
FAIL: gcc.target/i386/pr39013-2.c scan-assembler bar@PLT
FAIL: gcc.target/i386/pr39013-2.c scan-assembler foo@PLT
FAIL: gcc.target/i386/pr57193.c scan-assembler-times movdqa 2
FAIL: gcc.target/i386/pr59874-3.c scan-assembler popcntw
FAIL: gcc.target/i386/pr64317.c scan-assembler addl[ \\\\t]+[\$]_GLOBAL_OFFSET_TABLE_, %ebx
FAIL: gcc.target/i386/pr64317.c scan-assembler movl[ \\\\t]+c@GOTOFF[(]%ebx[)]
FAIL: gcc.target/i386/pr64317.c scan-assembler-not movl[ \\\\t]+[0-9]+[(]%esp[)], %ebx
FAIL: gcc.target/i386/pr66334.c scan-assembler movl[ \\\\t].+, %ebx
FAIL: gcc.target/i386/pr66819-3.c scan-assembler-not call
FAIL: gcc.target/i386/pr66819-4.c scan-assembler-not call
FAIL: gcc.target/i386/pr67985-2.c scan-assembler call[ \\t]__mulsf3
FAIL: gcc.target/i386/pr70738-7.c scan-assembler call[ \\t]__mulsf3
FAIL: gcc.target/i386/pr71245-1.c scan-assembler-not (fistp|fild)
FAIL: gcc.target/i386/pr71245-2.c scan-assembler-not movlps
FAIL: gcc.target/i386/pr77881.c scan-assembler jne[ \\t].L
FAIL: gcc.target/i386/pr77881.c scan-assembler js[ \\t].L
FAIL: gcc.target/i386/pr78035.c scan-assembler-times cmp 2
FAIL: gcc.target/i386/pr81563.c scan-assembler-times movl[\\\\t ]*-4\\\\(%ebp\\\\),[\\\\t ]*%edi 1
FAIL: gcc.target/i386/pr81563.c scan-assembler-times movl[\\\\t ]*-8\\\\(%ebp\\\\),[\\\\t ]*%esi 1
FAIL: gcc.target/i386/pr81736-5.c scan-assembler-not %[re]bp
FAIL: gcc.target/i386/pr82659-3.c (test for excess errors)
UNRESOLVED: gcc.target/i386/pr82659-3.c scan-assembler-times \\\\mendbr 2
FAIL: gcc.target/i386/pr82662.c scan-assembler-times \\\\mset 12
FAIL: gcc.target/i386/pr84278.c scan-assembler-not \\\\(%.sp\\\\)
FAIL: gcc.target/i386/pr85667-6.c scan-assembler-times flds[^\\n\\r]* 1
FAIL: gcc.target/i386/pr88414.c (internal compiler error)
FAIL: gcc.target/i386/pr88414.c (test for excess errors)
FAIL: gcc.target/i386/pr88414.c 1 blank line(s) in output
FAIL: gcc.target/i386/pr89261.c (test for excess errors)
UNRESOLVED: gcc.target/i386/pr89261.c scan-assembler .align[ \\t]+268435456
FAIL: gcc.target/i386/ptwrite2.c scan-assembler ptwrite[^\\n\\r]+r
FAIL: gcc.target/i386/stack-prot-sym.c scan-assembler gs:my_guard
FAIL: gcc.target/i386/udivmod-1.c execution test
FAIL: gcc.target/i386/wbinvd-1.c scan-assembler-times wbinvd 2
FAIL: gcc.target/i386/wbnoinvd-1.c scan-assembler-times wbnoinvd 2

		=== gcc Summary for unix/-m32 ===

# of expected passes		130174
# of unexpected failures	495
# of unexpected successes	15
# of expected failures		532
# of unresolved testcases	16
# of unsupported tests		5177

Running target unix/-m64
FAIL: c-c++-common/asan/strncpy-overflow-1.c   -O0  execution test
FAIL: gcc.dg/debug/dwarf2/inline4.c scan-assembler DW_TAG_inlined_subroutine[^\\\\(]*\\\\([^\\\\)]*\\\\)[^\\\\(]*\\\\(DIE \\\\(0x[0-9a-f]*\\\\) DW_TAG_formal_parameter[^\\\\(]*\\\\(DIE \\\\(0x[0-9a-f]*\\\\) DW_TAG_variable
FAIL: gcc.dg/debug/dwarf2/inline5.c scan-assembler-not \\\\(DIE \\\\(0x([0-9a-f]*)\\\\) DW_TAG_lexical_block\\\\)[^#/!@;\\\\|]*[#/!@;\\\\|]+ +[^(].*DW_TAG_lexical_block\\\\)[^#/!@;\\\\|x]*x\\\\1[^#/!@;\\\\|]*[#/!@;\\\\|] +DW_AT_abstract_origin
FAIL: gcc.dg/Wnonnull.c  (test for warnings, line 21)
FAIL: gcc.dg/Wnonnull.c  (test for warnings, line 24)
FAIL: gcc.dg/attr-copy-6.c (test for excess errors)
FAIL: gcc.dg/pie-7.c (test for excess errors)
UNRESOLVED: gcc.dg/pie-7.c compilation failed to produce executable
FAIL: gcc.dg/pr57438-2.c scan-assembler nop\\\\nLFE.*
FAIL: gcc.dg/stack-layout-dynamic-1.c (test for excess errors)
UNRESOLVED: gcc.dg/stack-layout-dynamic-1.c scan-assembler-not cfi_def_cfa_register
FAIL: gcc.dg/uninit-19.c  (test for warnings, line 24)
FAIL: gcc.dg/uninit-19.c (test for excess errors)
FAIL: gcc.dg/graphite/scop-19.c scan-tree-dump-times graphite "number of SCoPs: 0" 1
FAIL: gcc.dg/ipa/ipa-icf-38.c scan-ltrans-tree-dump-not optimized "Function bar"
FAIL: gcc.dg/rtl/x86_64/final.c (internal compiler error)
FAIL: gcc.dg/rtl/x86_64/final.c (test for excess errors)
UNRESOLVED: gcc.dg/rtl/x86_64/final.c scan-assembler .cfi_endproc
UNRESOLVED: gcc.dg/rtl/x86_64/final.c scan-assembler .cfi_startproc
UNRESOLVED: gcc.dg/rtl/x86_64/final.c scan-assembler ret
UNRESOLVED: gcc.dg/rtl/x86_64/final.c scan-assembler test_1:
FAIL: gcc.dg/torture/fp-int-convert-timode-3.c   -O0  execution test
FAIL: gcc.dg/torture/fp-int-convert-timode-3.c   -O1  execution test
FAIL: gcc.dg/torture/fp-int-convert-timode-3.c   -O2  execution test
FAIL: gcc.dg/torture/fp-int-convert-timode-3.c   -O2 -flto  execution test
FAIL: gcc.dg/torture/fp-int-convert-timode-3.c   -O2 -flto -flto-partition=none  execution test
FAIL: gcc.dg/torture/fp-int-convert-timode-3.c   -O3 -g  execution test
FAIL: gcc.dg/torture/fp-int-convert-timode-3.c   -Os  execution test
FAIL: gcc.dg/torture/fp-int-convert-timode-4.c   -O0  execution test
FAIL: gcc.dg/torture/fp-int-convert-timode-4.c   -O1  execution test
FAIL: gcc.dg/torture/fp-int-convert-timode-4.c   -O2  execution test
FAIL: gcc.dg/torture/fp-int-convert-timode-4.c   -O2 -flto  execution test
FAIL: gcc.dg/torture/fp-int-convert-timode-4.c   -O2 -flto -flto-partition=none  execution test
FAIL: gcc.dg/torture/fp-int-convert-timode-4.c   -O3 -g  execution test
FAIL: gcc.dg/torture/fp-int-convert-timode-4.c   -Os  execution test
FAIL: gcc.dg/tree-ssa/vector-6.c scan-tree-dump-times ccp1 "Now a gimple register: v" 4
WARNING: gcc.dg/vect/pr63341-1.c (test for excess errors) program timed out.
FAIL: gcc.dg/vect/pr63341-1.c (test for excess errors)
FAIL: compiler driver --help=params --help=optimizers option(s): "maximum number of" present in output
FAIL: gcc.target/i386/align-limit.c scan-assembler .p2align 6,,1
FAIL: gcc.target/i386/attr-aligned-2.c scan-assembler .align 4\\n\\t.globl\\tf4
FAIL: gcc.target/i386/falign-functions-2.c (test for excess errors)
UNRESOLVED: gcc.target/i386/falign-functions-2.c scan-assembler-times .p2align 5 1
UNRESOLVED: gcc.target/i386/falign-functions-2.c scan-assembler-times .p2align 6,,7 2
UNRESOLVED: gcc.target/i386/falign-functions-2.c scan-assembler-times .p2align 7,,87 1
UNRESOLVED: gcc.target/i386/falign-functions-2.c scan-assembler-times .p2align 7,,99 1
FAIL: gcc.target/i386/falign-functions-3.c scan-assembler .align 4\\n\\t.globl\\tf4
FAIL: gcc.target/i386/falign-functions-3.c scan-assembler .align 64\\n\\t.globl\\tf64
FAIL: gcc.target/i386/falign-functions-3.c scan-assembler .p2align 5\\n\\t.globl\\tf32
FAIL: gcc.target/i386/falign-functions.c scan-assembler .p2align 6,,7
FAIL: gcc.target/i386/fentryname1.c scan-assembler call.*bar
FAIL: gcc.target/i386/fentryname1.c scan-assembler call.*foo
FAIL: gcc.target/i386/fentryname2.c scan-assembler section.*bar
FAIL: gcc.target/i386/fentryname2.c scan-assembler section.*foo
FAIL: gcc.target/i386/fentryname3.c scan-assembler 0x0f, 0x1f, 0x44, 0x00, 0x00
FAIL: gcc.target/i386/fentryname3.c scan-assembler section.*__entry_loc
FAIL: gcc.target/i386/fuse-caller-save-xmm.c scan-assembler-times addpd\\t\\\\.?LC0.*, %xmm0 1
FAIL: gcc.target/i386/iinline-attr-2.c scan-assembler p2align
FAIL: gcc.target/i386/memcpy-strategy-3.c scan-assembler-times memcpy 2
FAIL: gcc.target/i386/memset-strategy-1.c scan-assembler-times memset 2
FAIL: gcc.target/i386/pconfig-1.c scan-assembler-times pconfig 5
FAIL: gcc.target/i386/pr18041-1.c scan-assembler-times or 1
FAIL: gcc.target/i386/pr18041-2.c scan-assembler-times or 1
FAIL: gcc.target/i386/pr24414.c (test for excess errors)
UNRESOLVED: gcc.target/i386/pr24414.c compilation failed to produce executable
FAIL: gcc.target/i386/pr32219-1.c scan-assembler movl[ \\t]xxx\\\\(%rip\\\\), %eax
FAIL: gcc.target/i386/pr32219-3.c scan-assembler movl[ \\t]xxx\\\\(%rip\\\\), %eax
FAIL: gcc.target/i386/pr32219-3.c scan-assembler-not xxx@GOTPCREL
FAIL: gcc.target/i386/pr32219-5.c scan-assembler movl[ \\t]xxx\\\\(%rip\\\\), %eax
FAIL: gcc.target/i386/pr32219-6.c scan-assembler xxx@GOTPCREL
FAIL: gcc.target/i386/pr32219-7.c scan-assembler movl[ \\t]xxx\\\\(%rip\\\\), %eax
FAIL: gcc.target/i386/pr32219-7.c scan-assembler-not xxx@GOTPCREL
FAIL: gcc.target/i386/pr39013-1.c scan-assembler bar@PLT
FAIL: gcc.target/i386/pr39013-1.c scan-assembler foo@PLT
FAIL: gcc.target/i386/pr39013-2.c scan-assembler bar@PLT
FAIL: gcc.target/i386/pr39013-2.c scan-assembler foo@PLT
FAIL: gcc.target/i386/pr49866.c (test for excess errors)
FAIL: gcc.target/i386/pr57193.c scan-assembler-times movdqa 2
FAIL: gcc.target/i386/pr59874-3.c scan-assembler popcntw
FAIL: gcc.target/i386/pr61599-1.c (test for excess errors)
UNRESOLVED: gcc.target/i386/pr61599-1.c compilation failed to produce executable
FAIL: gcc.target/i386/pr63538.c scan-assembler movabs
FAIL: gcc.target/i386/pr77881.c scan-assembler jne[ \\t].L
FAIL: gcc.target/i386/pr77881.c scan-assembler js[ \\t].L
FAIL: gcc.target/i386/pr78035.c scan-assembler-times cmp 2
FAIL: gcc.target/i386/pr82659-3.c (test for excess errors)
UNRESOLVED: gcc.target/i386/pr82659-3.c scan-assembler-times \\\\mendbr 2
FAIL: gcc.target/i386/pr82662.c scan-assembler-times \\\\mset 12
FAIL: gcc.target/i386/pr86257.c scan-assembler data16[ \\t]*leaq
FAIL: gcc.target/i386/pr89261.c (test for excess errors)
UNRESOLVED: gcc.target/i386/pr89261.c scan-assembler .align[ \\t]+268435456
WARNING: gcc.target/i386/sse-13.c (test for excess errors) program timed out.
FAIL: gcc.target/i386/sse-13.c (test for excess errors)
WARNING: gcc.target/i386/sse-25.c (test for excess errors) program timed out.
FAIL: gcc.target/i386/sse-25.c (test for excess errors)
WARNING: gcc.target/i386/sse-26.c (test for excess errors) program timed out.
FAIL: gcc.target/i386/sse-26.c (test for excess errors)
FAIL: gcc.target/i386/stack-prot-sym.c scan-assembler gs:my_guard
FAIL: gcc.target/i386/udivmod-1.c execution test
FAIL: gcc.target/i386/wbinvd-1.c scan-assembler-times wbinvd 2
FAIL: gcc.target/i386/wbnoinvd-1.c scan-assembler-times wbnoinvd 2
WARNING: gcc.target/x86_64/abi/ms-sysv/ms-sysv.c  -O2 "-DGEN_ARGS=-p1" (test for excess errors) program timed out.
FAIL: gcc.target/x86_64/abi/ms-sysv/ms-sysv.c  -O2 "-DGEN_ARGS=-p1" (test for excess errors)
UNRESOLVED: gcc.target/x86_64/abi/ms-sysv/ms-sysv.c  -O2 "-DGEN_ARGS=-p1" compilation failed to produce executable
WARNING: gcc.target/x86_64/abi/ms-sysv/ms-sysv.c -mcall-ms2sysv-xlogues -O2 "-DGEN_ARGS=-p1" (test for excess errors) program timed out.
FAIL: gcc.target/x86_64/abi/ms-sysv/ms-sysv.c -mcall-ms2sysv-xlogues -O2 "-DGEN_ARGS=-p1" (test for excess errors)
UNRESOLVED: gcc.target/x86_64/abi/ms-sysv/ms-sysv.c -mcall-ms2sysv-xlogues -O2 "-DGEN_ARGS=-p1" compilation failed to produce executable

		=== gcc Summary for unix/-m64 ===

# of expected passes		132556
# of unexpected failures	85
# of expected failures		534
# of unresolved testcases	16
# of unsupported tests		4933

		=== gcc Summary ===

# of expected passes		262730
# of unexpected failures	580
# of unexpected successes	15
# of expected failures		1066
# of unresolved testcases	32
# of unsupported tests		10110
/Volumes/OSX10/10-11-elcap/gcc-trunk-unpatched/gcc/xgcc  version 10.0.0 20190515 (experimental) [trunk revision 271212] (GCC) 

		=== gfortran tests ===


Running target unix/-m32

		=== gfortran Summary for unix/-m32 ===

# of expected passes		49961
# of expected failures		188
# of unsupported tests		207

Running target unix/-m64
WARNING: gfortran.dg/class_allocate_19.f03   -O0  (test for excess errors) program timed out.
FAIL: gfortran.dg/class_allocate_19.f03   -O0  (test for excess errors)

		=== gfortran Summary for unix/-m64 ===

# of expected passes		50189
# of unexpected failures	1
# of expected failures		188
# of unsupported tests		98

		=== gfortran Summary ===

# of expected passes		100150
# of unexpected failures	1
# of expected failures		376
# of unsupported tests		305
/Volumes/OSX10/10-11-elcap/gcc-trunk-unpatched/gcc/testsuite/gfortran/../../gfortran  version 10.0.0 20190515 (experimental) [trunk revision 271212] (GCC) 

		=== gnat tests ===


Running target unix/-m32

		=== gnat Summary for unix/-m32 ===

# of expected passes		2964
# of expected failures		23
# of unsupported tests		10

Running target unix/-m64

		=== gnat Summary for unix/-m64 ===

# of expected passes		2964
# of expected failures		23
# of unsupported tests		10

		=== gnat Summary ===

# of expected passes		5928
# of expected failures		46
# of unsupported tests		20
/Volumes/OSX10/10-11-elcap/gcc-trunk-unpatched/gcc/gnatmake version 10.0.0 20190515 (experimental) [trunk revision 271212]

		=== obj-c++ tests ===


Running target unix/-m64
FAIL: obj-c++.dg/qual-types-1.mm -fgnu-runtime (test for excess errors)
FAIL: obj-c++.dg/bitfield-2.mm -fnext-runtime execution test
FAIL: obj-c++.dg/cxx-ivars-3.mm -fnext-runtime (test for excess errors)
UNRESOLVED: obj-c++.dg/cxx-ivars-3.mm -fnext-runtime compilation failed to produce executable
FAIL: obj-c++.dg/encode-5.mm -fnext-runtime (test for excess errors)
UNRESOLVED: obj-c++.dg/encode-5.mm -fnext-runtime compilation failed to produce executable
FAIL: obj-c++.dg/gnu-api-2-objc.mm -fnext-runtime execution test
FAIL: obj-c++.dg/isa-field-1.mm -fnext-runtime (test for excess errors)
FAIL: obj-c++.dg/proto-lossage-3.mm -fnext-runtime (test for excess errors)
UNRESOLVED: obj-c++.dg/proto-lossage-3.mm -fnext-runtime compilation failed to produce executable
FAIL: obj-c++.dg/proto-lossage-7.mm -fnext-runtime (test for excess errors)
FAIL: obj-c++.dg/proto-qual-1.mm -fnext-runtime (test for excess errors)
UNRESOLVED: obj-c++.dg/proto-qual-1.mm -fnext-runtime compilation failed to produce executable
FAIL: obj-c++.dg/syntax-error-1.mm -fnext-runtime (test for excess errors)
FAIL: obj-c++.dg/try-catch-2.mm -fnext-runtime execution test
FAIL: obj-c++.dg/try-catch-9.mm -fnext-runtime execution test
FAIL: obj-c++.dg/plugin/diagnostic-test-expressions-1.mm -fplugin=./diagnostic_plugin_test_tree_expression_range.so  (test for warnings, line 60)
FAIL: obj-c++.dg/plugin/diagnostic-test-expressions-1.mm -fplugin=./diagnostic_plugin_test_tree_expression_range.so  (test for warnings, line 68)
FAIL: obj-c++.dg/plugin/diagnostic-test-expressions-1.mm -fplugin=./diagnostic_plugin_test_tree_expression_range.so  expected multiline pattern lines 62-63 not found: "   __emit_expression_range \\( 0, @selector\\(func0\\) \\);.*\\n                                \\^~~~~~~~~~~~~~~~\\n"
FAIL: obj-c++.dg/plugin/diagnostic-test-expressions-1.mm -fplugin=./diagnostic_plugin_test_tree_expression_range.so  expected multiline pattern lines 70-71 not found: "   __emit_expression_range \\( 0, @protocol\\(prot\\) \\);.*\\n                                \\^~~~~~~~~~~~~~~\\n"
FAIL: obj-c++.dg/plugin/diagnostic-test-expressions-1.mm -fplugin=./diagnostic_plugin_test_tree_expression_range.so (test for excess errors)
FAIL: obj-c++.dg/property/synthesize-10.mm -fnext-runtime execution test
FAIL: obj-c++.dg/strings/const-cfstring-2.mm -fnext-runtime (test for excess errors)
FAIL: obj-c++.dg/strings/const-cfstring-5.mm -fnext-runtime (test for excess errors)
FAIL: obj-c++.dg/strings/const-str-12.mm -fnext-runtime (test for excess errors)
FAIL: obj-c++.dg/torture/strings/const-cfstring-1.mm   -O0  -fnext-runtime (test for excess errors)
UNRESOLVED: obj-c++.dg/torture/strings/const-cfstring-1.mm   -O0  -fnext-runtime compilation failed to produce executable
FAIL: obj-c++.dg/torture/strings/const-cfstring-1.mm   -O1  -fnext-runtime (test for excess errors)
UNRESOLVED: obj-c++.dg/torture/strings/const-cfstring-1.mm   -O1  -fnext-runtime compilation failed to produce executable
FAIL: obj-c++.dg/torture/strings/const-cfstring-1.mm   -O2  -fnext-runtime (test for excess errors)
UNRESOLVED: obj-c++.dg/torture/strings/const-cfstring-1.mm   -O2  -fnext-runtime compilation failed to produce executable
FAIL: obj-c++.dg/torture/strings/const-cfstring-1.mm   -O3 -g  -fnext-runtime (test for excess errors)
UNRESOLVED: obj-c++.dg/torture/strings/const-cfstring-1.mm   -O3 -g  -fnext-runtime compilation failed to produce executable
FAIL: obj-c++.dg/torture/strings/const-cfstring-1.mm   -Os  -fnext-runtime (test for excess errors)
UNRESOLVED: obj-c++.dg/torture/strings/const-cfstring-1.mm   -Os  -fnext-runtime compilation failed to produce executable
FAIL: obj-c++.dg/torture/strings/const-cfstring-1.mm   -O2 -flto -flto-partition=none  -fnext-runtime (test for excess errors)
UNRESOLVED: obj-c++.dg/torture/strings/const-cfstring-1.mm   -O2 -flto -flto-partition=none  -fnext-runtime compilation failed to produce executable
FAIL: obj-c++.dg/torture/strings/const-cfstring-1.mm   -O2 -flto  -fnext-runtime (test for excess errors)
UNRESOLVED: obj-c++.dg/torture/strings/const-cfstring-1.mm   -O2 -flto  -fnext-runtime compilation failed to produce executable
FAIL: obj-c++.dg/torture/strings/const-str-10.mm   -O0  -fnext-runtime (test for excess errors)
UNRESOLVED: obj-c++.dg/torture/strings/const-str-10.mm   -O0  -fnext-runtime  scan-assembler .section __DATA, __objc_stringobj
UNRESOLVED: obj-c++.dg/torture/strings/const-str-10.mm   -O0  -fnext-runtime  scan-assembler .quad\\t_OBJC_CLASS_._NSConstantString\\n\\t.quad\\t.*\\n\\t.long\\t5\\n\\t.space
FAIL: obj-c++.dg/torture/strings/const-str-10.mm   -O1  -fnext-runtime (test for excess errors)
UNRESOLVED: obj-c++.dg/torture/strings/const-str-10.mm   -O1  -fnext-runtime  scan-assembler .section __DATA, __objc_stringobj
UNRESOLVED: obj-c++.dg/torture/strings/const-str-10.mm   -O1  -fnext-runtime  scan-assembler .quad\\t_OBJC_CLASS_._NSConstantString\\n\\t.quad\\t.*\\n\\t.long\\t5\\n\\t.space
FAIL: obj-c++.dg/torture/strings/const-str-10.mm   -O2  -fnext-runtime (test for excess errors)
UNRESOLVED: obj-c++.dg/torture/strings/const-str-10.mm   -O2  -fnext-runtime  scan-assembler .section __DATA, __objc_stringobj
UNRESOLVED: obj-c++.dg/torture/strings/const-str-10.mm   -O2  -fnext-runtime  scan-assembler .quad\\t_OBJC_CLASS_._NSConstantString\\n\\t.quad\\t.*\\n\\t.long\\t5\\n\\t.space
FAIL: obj-c++.dg/torture/strings/const-str-10.mm   -O3 -g  -fnext-runtime (test for excess errors)
UNRESOLVED: obj-c++.dg/torture/strings/const-str-10.mm   -O3 -g  -fnext-runtime  scan-assembler .section __DATA, __objc_stringobj
UNRESOLVED: obj-c++.dg/torture/strings/const-str-10.mm   -O3 -g  -fnext-runtime  scan-assembler .quad\\t_OBJC_CLASS_._NSConstantString\\n\\t.quad\\t.*\\n\\t.long\\t5\\n\\t.space
FAIL: obj-c++.dg/torture/strings/const-str-10.mm   -Os  -fnext-runtime (test for excess errors)
UNRESOLVED: obj-c++.dg/torture/strings/const-str-10.mm   -Os  -fnext-runtime  scan-assembler .section __DATA, __objc_stringobj
UNRESOLVED: obj-c++.dg/torture/strings/const-str-10.mm   -Os  -fnext-runtime  scan-assembler .quad\\t_OBJC_CLASS_._NSConstantString\\n\\t.quad\\t.*\\n\\t.long\\t5\\n\\t.space
FAIL: obj-c++.dg/torture/strings/const-str-10.mm   -O2 -flto -flto-partition=none  -fnext-runtime (test for excess errors)
UNRESOLVED: obj-c++.dg/torture/strings/const-str-10.mm   -O2 -flto -flto-partition=none  -fnext-runtime  scan-assembler .section __DATA, __objc_stringobj
UNRESOLVED: obj-c++.dg/torture/strings/const-str-10.mm   -O2 -flto -flto-partition=none  -fnext-runtime  scan-assembler .quad\\t_OBJC_CLASS_._NSConstantString\\n\\t.quad\\t.*\\n\\t.long\\t5\\n\\t.space
FAIL: obj-c++.dg/torture/strings/const-str-10.mm   -O2 -flto  -fnext-runtime (test for excess errors)
UNRESOLVED: obj-c++.dg/torture/strings/const-str-10.mm   -O2 -flto  -fnext-runtime  scan-assembler .section __DATA, __objc_stringobj
UNRESOLVED: obj-c++.dg/torture/strings/const-str-10.mm   -O2 -flto  -fnext-runtime  scan-assembler .quad\\t_OBJC_CLASS_._NSConstantString\\n\\t.quad\\t.*\\n\\t.long\\t5\\n\\t.space
FAIL: obj-c++.dg/torture/strings/const-str-11.mm   -O0  -fnext-runtime (test for excess errors)
UNRESOLVED: obj-c++.dg/torture/strings/const-str-11.mm   -O0  -fnext-runtime  scan-assembler .section __DATA, __objc_stringobj
UNRESOLVED: obj-c++.dg/torture/strings/const-str-11.mm   -O0  -fnext-runtime  scan-assembler .quad\\t_OBJC_CLASS_._XStr\\n\\t.quad\\t.*\\n\\t.long\\t5\\n\\t.space
FAIL: obj-c++.dg/torture/strings/const-str-11.mm   -O1  -fnext-runtime (test for excess errors)
UNRESOLVED: obj-c++.dg/torture/strings/const-str-11.mm   -O1  -fnext-runtime  scan-assembler .section __DATA, __objc_stringobj
UNRESOLVED: obj-c++.dg/torture/strings/const-str-11.mm   -O1  -fnext-runtime  scan-assembler .quad\\t_OBJC_CLASS_._XStr\\n\\t.quad\\t.*\\n\\t.long\\t5\\n\\t.space
FAIL: obj-c++.dg/torture/strings/const-str-11.mm   -O2  -fnext-runtime (test for excess errors)
UNRESOLVED: obj-c++.dg/torture/strings/const-str-11.mm   -O2  -fnext-runtime  scan-assembler .section __DATA, __objc_stringobj
UNRESOLVED: obj-c++.dg/torture/strings/const-str-11.mm   -O2  -fnext-runtime  scan-assembler .quad\\t_OBJC_CLASS_._XStr\\n\\t.quad\\t.*\\n\\t.long\\t5\\n\\t.space
FAIL: obj-c++.dg/torture/strings/const-str-11.mm   -O3 -g  -fnext-runtime (test for excess errors)
UNRESOLVED: obj-c++.dg/torture/strings/const-str-11.mm   -O3 -g  -fnext-runtime  scan-assembler .section __DATA, __objc_stringobj
UNRESOLVED: obj-c++.dg/torture/strings/const-str-11.mm   -O3 -g  -fnext-runtime  scan-assembler .quad\\t_OBJC_CLASS_._XStr\\n\\t.quad\\t.*\\n\\t.long\\t5\\n\\t.space
FAIL: obj-c++.dg/torture/strings/const-str-11.mm   -Os  -fnext-runtime (test for excess errors)
UNRESOLVED: obj-c++.dg/torture/strings/const-str-11.mm   -Os  -fnext-runtime  scan-assembler .section __DATA, __objc_stringobj
UNRESOLVED: obj-c++.dg/torture/strings/const-str-11.mm   -Os  -fnext-runtime  scan-assembler .quad\\t_OBJC_CLASS_._XStr\\n\\t.quad\\t.*\\n\\t.long\\t5\\n\\t.space
FAIL: obj-c++.dg/torture/strings/const-str-11.mm   -O2 -flto -flto-partition=none  -fnext-runtime (test for excess errors)
UNRESOLVED: obj-c++.dg/torture/strings/const-str-11.mm   -O2 -flto -flto-partition=none  -fnext-runtime  scan-assembler .section __DATA, __objc_stringobj
UNRESOLVED: obj-c++.dg/torture/strings/const-str-11.mm   -O2 -flto -flto-partition=none  -fnext-runtime  scan-assembler .quad\\t_OBJC_CLASS_._XStr\\n\\t.quad\\t.*\\n\\t.long\\t5\\n\\t.space
FAIL: obj-c++.dg/torture/strings/const-str-11.mm   -O2 -flto  -fnext-runtime (test for excess errors)
UNRESOLVED: obj-c++.dg/torture/strings/const-str-11.mm   -O2 -flto  -fnext-runtime  scan-assembler .section __DATA, __objc_stringobj
UNRESOLVED: obj-c++.dg/torture/strings/const-str-11.mm   -O2 -flto  -fnext-runtime  scan-assembler .quad\\t_OBJC_CLASS_._XStr\\n\\t.quad\\t.*\\n\\t.long\\t5\\n\\t.space
FAIL: obj-c++.dg/torture/strings/const-str-9.mm   -O0  -fnext-runtime (test for excess errors)
UNRESOLVED: obj-c++.dg/torture/strings/const-str-9.mm   -O0  -fnext-runtime  scan-assembler .section __DATA, __objc_stringobj
UNRESOLVED: obj-c++.dg/torture/strings/const-str-9.mm   -O0  -fnext-runtime  scan-assembler .quad\\t_OBJC_CLASS_._NSConstantString\\n\\t.quad\\t.*\\n\\t.long\\t5\\n\\t.space
FAIL: obj-c++.dg/torture/strings/const-str-9.mm   -O1  -fnext-runtime (test for excess errors)
UNRESOLVED: obj-c++.dg/torture/strings/const-str-9.mm   -O1  -fnext-runtime  scan-assembler .section __DATA, __objc_stringobj
UNRESOLVED: obj-c++.dg/torture/strings/const-str-9.mm   -O1  -fnext-runtime  scan-assembler .quad\\t_OBJC_CLASS_._NSConstantString\\n\\t.quad\\t.*\\n\\t.long\\t5\\n\\t.space
FAIL: obj-c++.dg/torture/strings/const-str-9.mm   -O2  -fnext-runtime (test for excess errors)
UNRESOLVED: obj-c++.dg/torture/strings/const-str-9.mm   -O2  -fnext-runtime  scan-assembler .section __DATA, __objc_stringobj
UNRESOLVED: obj-c++.dg/torture/strings/const-str-9.mm   -O2  -fnext-runtime  scan-assembler .quad\\t_OBJC_CLASS_._NSConstantString\\n\\t.quad\\t.*\\n\\t.long\\t5\\n\\t.space
FAIL: obj-c++.dg/torture/strings/const-str-9.mm   -O3 -g  -fnext-runtime (test for excess errors)
UNRESOLVED: obj-c++.dg/torture/strings/const-str-9.mm   -O3 -g  -fnext-runtime  scan-assembler .section __DATA, __objc_stringobj
UNRESOLVED: obj-c++.dg/torture/strings/const-str-9.mm   -O3 -g  -fnext-runtime  scan-assembler .quad\\t_OBJC_CLASS_._NSConstantString\\n\\t.quad\\t.*\\n\\t.long\\t5\\n\\t.space
FAIL: obj-c++.dg/torture/strings/const-str-9.mm   -Os  -fnext-runtime (test for excess errors)
UNRESOLVED: obj-c++.dg/torture/strings/const-str-9.mm   -Os  -fnext-runtime  scan-assembler .section __DATA, __objc_stringobj
UNRESOLVED: obj-c++.dg/torture/strings/const-str-9.mm   -Os  -fnext-runtime  scan-assembler .quad\\t_OBJC_CLASS_._NSConstantString\\n\\t.quad\\t.*\\n\\t.long\\t5\\n\\t.space
FAIL: obj-c++.dg/torture/strings/const-str-9.mm   -O2 -flto -flto-partition=none  -fnext-runtime (test for excess errors)
UNRESOLVED: obj-c++.dg/torture/strings/const-str-9.mm   -O2 -flto -flto-partition=none  -fnext-runtime  scan-assembler .section __DATA, __objc_stringobj
UNRESOLVED: obj-c++.dg/torture/strings/const-str-9.mm   -O2 -flto -flto-partition=none  -fnext-runtime  scan-assembler .quad\\t_OBJC_CLASS_._NSConstantString\\n\\t.quad\\t.*\\n\\t.long\\t5\\n\\t.space
FAIL: obj-c++.dg/torture/strings/const-str-9.mm   -O2 -flto  -fnext-runtime (test for excess errors)
UNRESOLVED: obj-c++.dg/torture/strings/const-str-9.mm   -O2 -flto  -fnext-runtime  scan-assembler .section __DATA, __objc_stringobj
UNRESOLVED: obj-c++.dg/torture/strings/const-str-9.mm   -O2 -flto  -fnext-runtime  scan-assembler .quad\\t_OBJC_CLASS_._NSConstantString\\n\\t.quad\\t.*\\n\\t.long\\t5\\n\\t.space

		=== obj-c++ Summary for unix/-m64 ===

# of expected passes		2987
# of unexpected failures	49
# of expected failures		18
# of unresolved testcases	53
# of unsupported tests		68

Running target unix/-m32
FAIL: obj-c++.dg/qual-types-1.mm -fgnu-runtime (test for excess errors)
FAIL: obj-c++.dg/cxx-ivars-3.mm -fnext-runtime (test for excess errors)
UNRESOLVED: obj-c++.dg/cxx-ivars-3.mm -fnext-runtime compilation failed to produce executable
FAIL: obj-c++.dg/gnu-api-2-objc.mm -fnext-runtime execution test
FAIL: obj-c++.dg/proto-lossage-7.mm -fnext-runtime (test for excess errors)
FAIL: obj-c++.dg/stubify-1.mm -fnext-runtime (test for excess errors)
FAIL: obj-c++.dg/stubify-2.mm -fnext-runtime (test for excess errors)
FAIL: obj-c++.dg/stubify-2.mm -fnext-runtime  scan-rtl-dump-not jump "symbol_ref.*"objc_msgSend""
FAIL: obj-c++.dg/syntax-error-1.mm -fnext-runtime (test for excess errors)
FAIL: obj-c++.dg/try-catch-1.mm -fnext-runtime (test for excess errors)
FAIL: obj-c++.dg/try-catch-3.mm -fnext-runtime (test for excess errors)
FAIL: obj-c++.dg/plugin/diagnostic-test-expressions-1.mm -fplugin=./diagnostic_plugin_test_tree_expression_range.so  (test for warnings, line 60)
FAIL: obj-c++.dg/plugin/diagnostic-test-expressions-1.mm -fplugin=./diagnostic_plugin_test_tree_expression_range.so  expected multiline pattern lines 62-63 not found: "   __emit_expression_range \\( 0, @selector\\(func0\\) \\);.*\\n                                \\^~~~~~~~~~~~~~~~\\n"
FAIL: obj-c++.dg/plugin/diagnostic-test-expressions-1.mm -fplugin=./diagnostic_plugin_test_tree_expression_range.so (test for excess errors)
FAIL: obj-c++.dg/strings/const-cfstring-2.mm -fnext-runtime (test for excess errors)
FAIL: obj-c++.dg/strings/const-cfstring-5.mm -fnext-runtime (test for excess errors)
FAIL: obj-c++.dg/strings/const-str-12.mm -fnext-runtime (test for excess errors)
FAIL: obj-c++.dg/torture/strings/const-cfstring-1.mm   -O0  -fnext-runtime (test for excess errors)
UNRESOLVED: obj-c++.dg/torture/strings/const-cfstring-1.mm   -O0  -fnext-runtime compilation failed to produce executable
FAIL: obj-c++.dg/torture/strings/const-cfstring-1.mm   -O1  -fnext-runtime (test for excess errors)
UNRESOLVED: obj-c++.dg/torture/strings/const-cfstring-1.mm   -O1  -fnext-runtime compilation failed to produce executable
FAIL: obj-c++.dg/torture/strings/const-cfstring-1.mm   -O2  -fnext-runtime (test for excess errors)
UNRESOLVED: obj-c++.dg/torture/strings/const-cfstring-1.mm   -O2  -fnext-runtime compilation failed to produce executable
FAIL: obj-c++.dg/torture/strings/const-cfstring-1.mm   -O3 -g  -fnext-runtime (test for excess errors)
UNRESOLVED: obj-c++.dg/torture/strings/const-cfstring-1.mm   -O3 -g  -fnext-runtime compilation failed to produce executable
FAIL: obj-c++.dg/torture/strings/const-cfstring-1.mm   -Os  -fnext-runtime (test for excess errors)
UNRESOLVED: obj-c++.dg/torture/strings/const-cfstring-1.mm   -Os  -fnext-runtime compilation failed to produce executable
FAIL: obj-c++.dg/torture/strings/const-cfstring-1.mm   -O2 -flto -flto-partition=none  -fnext-runtime (test for excess errors)
UNRESOLVED: obj-c++.dg/torture/strings/const-cfstring-1.mm   -O2 -flto -flto-partition=none  -fnext-runtime compilation failed to produce executable
FAIL: obj-c++.dg/torture/strings/const-cfstring-1.mm   -O2 -flto  -fnext-runtime (test for excess errors)
UNRESOLVED: obj-c++.dg/torture/strings/const-cfstring-1.mm   -O2 -flto  -fnext-runtime compilation failed to produce executable
FAIL: obj-c++.dg/torture/strings/const-str-10.mm   -O0  -fnext-runtime (test for excess errors)
UNRESOLVED: obj-c++.dg/torture/strings/const-str-10.mm   -O0  -fnext-runtime  scan-assembler .section __OBJC, __cstring_object
UNRESOLVED: obj-c++.dg/torture/strings/const-str-10.mm   -O0  -fnext-runtime  scan-assembler .long\\t__NSConstantStringClassReference\\n\\t.long\\t.*\\n\\t.long\\t5\\n\\t.data
FAIL: obj-c++.dg/torture/strings/const-str-10.mm   -O1  -fnext-runtime (test for excess errors)
UNRESOLVED: obj-c++.dg/torture/strings/const-str-10.mm   -O1  -fnext-runtime  scan-assembler .section __OBJC, __cstring_object
UNRESOLVED: obj-c++.dg/torture/strings/const-str-10.mm   -O1  -fnext-runtime  scan-assembler .long\\t__NSConstantStringClassReference\\n\\t.long\\t.*\\n\\t.long\\t5\\n\\t.data
FAIL: obj-c++.dg/torture/strings/const-str-10.mm   -O2  -fnext-runtime (test for excess errors)
UNRESOLVED: obj-c++.dg/torture/strings/const-str-10.mm   -O2  -fnext-runtime  scan-assembler .section __OBJC, __cstring_object
UNRESOLVED: obj-c++.dg/torture/strings/const-str-10.mm   -O2  -fnext-runtime  scan-assembler .long\\t__NSConstantStringClassReference\\n\\t.long\\t.*\\n\\t.long\\t5\\n\\t.data
FAIL: obj-c++.dg/torture/strings/const-str-10.mm   -O3 -g  -fnext-runtime (test for excess errors)
UNRESOLVED: obj-c++.dg/torture/strings/const-str-10.mm   -O3 -g  -fnext-runtime  scan-assembler .section __OBJC, __cstring_object
UNRESOLVED: obj-c++.dg/torture/strings/const-str-10.mm   -O3 -g  -fnext-runtime  scan-assembler .long\\t__NSConstantStringClassReference\\n\\t.long\\t.*\\n\\t.long\\t5\\n\\t.data
FAIL: obj-c++.dg/torture/strings/const-str-10.mm   -Os  -fnext-runtime (test for excess errors)
UNRESOLVED: obj-c++.dg/torture/strings/const-str-10.mm   -Os  -fnext-runtime  scan-assembler .section __OBJC, __cstring_object
UNRESOLVED: obj-c++.dg/torture/strings/const-str-10.mm   -Os  -fnext-runtime  scan-assembler .long\\t__NSConstantStringClassReference\\n\\t.long\\t.*\\n\\t.long\\t5\\n\\t.data
FAIL: obj-c++.dg/torture/strings/const-str-10.mm   -O2 -flto -flto-partition=none  -fnext-runtime (test for excess errors)
UNRESOLVED: obj-c++.dg/torture/strings/const-str-10.mm   -O2 -flto -flto-partition=none  -fnext-runtime  scan-assembler .section __OBJC, __cstring_object
UNRESOLVED: obj-c++.dg/torture/strings/const-str-10.mm   -O2 -flto -flto-partition=none  -fnext-runtime  scan-assembler .long\\t__NSConstantStringClassReference\\n\\t.long\\t.*\\n\\t.long\\t5\\n\\t.data
FAIL: obj-c++.dg/torture/strings/const-str-10.mm   -O2 -flto  -fnext-runtime (test for excess errors)
UNRESOLVED: obj-c++.dg/torture/strings/const-str-10.mm   -O2 -flto  -fnext-runtime  scan-assembler .section __OBJC, __cstring_object
UNRESOLVED: obj-c++.dg/torture/strings/const-str-10.mm   -O2 -flto  -fnext-runtime  scan-assembler .long\\t__NSConstantStringClassReference\\n\\t.long\\t.*\\n\\t.long\\t5\\n\\t.data
FAIL: obj-c++.dg/torture/strings/const-str-11.mm   -O0  -fnext-runtime (test for excess errors)
UNRESOLVED: obj-c++.dg/torture/strings/const-str-11.mm   -O0  -fnext-runtime  scan-assembler .section __OBJC, __cstring_object
UNRESOLVED: obj-c++.dg/torture/strings/const-str-11.mm   -O0  -fnext-runtime  scan-assembler .long\\t__XStrClassReference\\n\\t.long\\t.*\\n\\t.long\\t5\\n\\t.data
FAIL: obj-c++.dg/torture/strings/const-str-11.mm   -O1  -fnext-runtime (test for excess errors)
UNRESOLVED: obj-c++.dg/torture/strings/const-str-11.mm   -O1  -fnext-runtime  scan-assembler .section __OBJC, __cstring_object
UNRESOLVED: obj-c++.dg/torture/strings/const-str-11.mm   -O1  -fnext-runtime  scan-assembler .long\\t__XStrClassReference\\n\\t.long\\t.*\\n\\t.long\\t5\\n\\t.data
FAIL: obj-c++.dg/torture/strings/const-str-11.mm   -O2  -fnext-runtime (test for excess errors)
UNRESOLVED: obj-c++.dg/torture/strings/const-str-11.mm   -O2  -fnext-runtime  scan-assembler .section __OBJC, __cstring_object
UNRESOLVED: obj-c++.dg/torture/strings/const-str-11.mm   -O2  -fnext-runtime  scan-assembler .long\\t__XStrClassReference\\n\\t.long\\t.*\\n\\t.long\\t5\\n\\t.data
FAIL: obj-c++.dg/torture/strings/const-str-11.mm   -O3 -g  -fnext-runtime (test for excess errors)
UNRESOLVED: obj-c++.dg/torture/strings/const-str-11.mm   -O3 -g  -fnext-runtime  scan-assembler .section __OBJC, __cstring_object
UNRESOLVED: obj-c++.dg/torture/strings/const-str-11.mm   -O3 -g  -fnext-runtime  scan-assembler .long\\t__XStrClassReference\\n\\t.long\\t.*\\n\\t.long\\t5\\n\\t.data
FAIL: obj-c++.dg/torture/strings/const-str-11.mm   -Os  -fnext-runtime (test for excess errors)
UNRESOLVED: obj-c++.dg/torture/strings/const-str-11.mm   -Os  -fnext-runtime  scan-assembler .section __OBJC, __cstring_object
UNRESOLVED: obj-c++.dg/torture/strings/const-str-11.mm   -Os  -fnext-runtime  scan-assembler .long\\t__XStrClassReference\\n\\t.long\\t.*\\n\\t.long\\t5\\n\\t.data
FAIL: obj-c++.dg/torture/strings/const-str-11.mm   -O2 -flto -flto-partition=none  -fnext-runtime (test for excess errors)
UNRESOLVED: obj-c++.dg/torture/strings/const-str-11.mm   -O2 -flto -flto-partition=none  -fnext-runtime  scan-assembler .section __OBJC, __cstring_object
UNRESOLVED: obj-c++.dg/torture/strings/const-str-11.mm   -O2 -flto -flto-partition=none  -fnext-runtime  scan-assembler .long\\t__XStrClassReference\\n\\t.long\\t.*\\n\\t.long\\t5\\n\\t.data
FAIL: obj-c++.dg/torture/strings/const-str-11.mm   -O2 -flto  -fnext-runtime (test for excess errors)
UNRESOLVED: obj-c++.dg/torture/strings/const-str-11.mm   -O2 -flto  -fnext-runtime  scan-assembler .section __OBJC, __cstring_object
UNRESOLVED: obj-c++.dg/torture/strings/const-str-11.mm   -O2 -flto  -fnext-runtime  scan-assembler .long\\t__XStrClassReference\\n\\t.long\\t.*\\n\\t.long\\t5\\n\\t.data
FAIL: obj-c++.dg/torture/strings/const-str-9.mm   -O0  -fnext-runtime (test for excess errors)
UNRESOLVED: obj-c++.dg/torture/strings/const-str-9.mm   -O0  -fnext-runtime  scan-assembler .section __OBJC, __cstring_object
UNRESOLVED: obj-c++.dg/torture/strings/const-str-9.mm   -O0  -fnext-runtime  scan-assembler .long\\t__NSConstantStringClassReference\\n\\t.long\\t.*\\n\\t.long\\t5\\n\\t.data
FAIL: obj-c++.dg/torture/strings/const-str-9.mm   -O1  -fnext-runtime (test for excess errors)
UNRESOLVED: obj-c++.dg/torture/strings/const-str-9.mm   -O1  -fnext-runtime  scan-assembler .section __OBJC, __cstring_object
UNRESOLVED: obj-c++.dg/torture/strings/const-str-9.mm   -O1  -fnext-runtime  scan-assembler .long\\t__NSConstantStringClassReference\\n\\t.long\\t.*\\n\\t.long\\t5\\n\\t.data
FAIL: obj-c++.dg/torture/strings/const-str-9.mm   -O2  -fnext-runtime (test for excess errors)
UNRESOLVED: obj-c++.dg/torture/strings/const-str-9.mm   -O2  -fnext-runtime  scan-assembler .section __OBJC, __cstring_object
UNRESOLVED: obj-c++.dg/torture/strings/const-str-9.mm   -O2  -fnext-runtime  scan-assembler .long\\t__NSConstantStringClassReference\\n\\t.long\\t.*\\n\\t.long\\t5\\n\\t.data
FAIL: obj-c++.dg/torture/strings/const-str-9.mm   -O3 -g  -fnext-runtime (test for excess errors)
UNRESOLVED: obj-c++.dg/torture/strings/const-str-9.mm   -O3 -g  -fnext-runtime  scan-assembler .section __OBJC, __cstring_object
UNRESOLVED: obj-c++.dg/torture/strings/const-str-9.mm   -O3 -g  -fnext-runtime  scan-assembler .long\\t__NSConstantStringClassReference\\n\\t.long\\t.*\\n\\t.long\\t5\\n\\t.data
FAIL: obj-c++.dg/torture/strings/const-str-9.mm   -Os  -fnext-runtime (test for excess errors)
UNRESOLVED: obj-c++.dg/torture/strings/const-str-9.mm   -Os  -fnext-runtime  scan-assembler .section __OBJC, __cstring_object
UNRESOLVED: obj-c++.dg/torture/strings/const-str-9.mm   -Os  -fnext-runtime  scan-assembler .long\\t__NSConstantStringClassReference\\n\\t.long\\t.*\\n\\t.long\\t5\\n\\t.data
FAIL: obj-c++.dg/torture/strings/const-str-9.mm   -O2 -flto -flto-partition=none  -fnext-runtime (test for excess errors)
UNRESOLVED: obj-c++.dg/torture/strings/const-str-9.mm   -O2 -flto -flto-partition=none  -fnext-runtime  scan-assembler .section __OBJC, __cstring_object
UNRESOLVED: obj-c++.dg/torture/strings/const-str-9.mm   -O2 -flto -flto-partition=none  -fnext-runtime  scan-assembler .long\\t__NSConstantStringClassReference\\n\\t.long\\t.*\\n\\t.long\\t5\\n\\t.data
FAIL: obj-c++.dg/torture/strings/const-str-9.mm   -O2 -flto  -fnext-runtime (test for excess errors)
UNRESOLVED: obj-c++.dg/torture/strings/const-str-9.mm   -O2 -flto  -fnext-runtime  scan-assembler .section __OBJC, __cstring_object
UNRESOLVED: obj-c++.dg/torture/strings/const-str-9.mm   -O2 -flto  -fnext-runtime  scan-assembler .long\\t__NSConstantStringClassReference\\n\\t.long\\t.*\\n\\t.long\\t5\\n\\t.data

		=== obj-c++ Summary for unix/-m32 ===

# of expected passes		3053
# of unexpected failures	44
# of expected failures		2
# of unresolved testcases	50
# of unsupported tests		62

		=== obj-c++ Summary ===

# of expected passes		6040
# of unexpected failures	93
# of expected failures		20
# of unresolved testcases	103
# of unsupported tests		130
/Volumes/OSX10/10-11-elcap/gcc-trunk-unpatched/gcc/testsuite/obj-c++/../../xg++  version 10.0.0 20190515 (experimental) [trunk revision 271212] (GCC) 

		=== objc tests ===


Running target unix/-m32
FAIL: objc.dg/call-super-2.m -fnext-runtime  (test for warnings, line 104)
FAIL: objc.dg/call-super-2.m -fnext-runtime  (test for warnings, line 74)
FAIL: objc.dg/gnu-api-2-objc.m -fnext-runtime execution test
FAIL: objc.dg/headers.m -fnext-runtime (test for excess errors)
UNRESOLVED: objc.dg/image-info.m -fnext-runtime  scan-assembler \\t.section __OBJC, __image_info.*\\n\\t.align.*\\nL_OBJC_ImageInfo.*:\\n\\t.long\\t0\\n\\t.long\\t1
FAIL: objc.dg/image-info.m -fnext-runtime (test for excess errors)
FAIL: objc.dg/ivar-scope-4.m -fnext-runtime execution test
FAIL: objc.dg/method-6.m -fnext-runtime (test for excess errors)
UNRESOLVED: objc.dg/no-extra-load.m -fnext-runtime  scan-assembler-not L_objc_msgSend\\\\\$non_lazy_ptr
FAIL: objc.dg/no-extra-load.m -fnext-runtime (test for excess errors)
FAIL: objc.dg/objc-foreach-4.m -fnext-runtime (test for excess errors)
UNRESOLVED: objc.dg/objc-foreach-4.m -fnext-runtime compilation failed to produce executable
UNRESOLVED: objc.dg/objc-foreach-5.m -fnext-runtime  scan-assembler _addStuffUp:
FAIL: objc.dg/objc-foreach-5.m -fnext-runtime (test for excess errors)
FAIL: objc.dg/proto-lossage-7.m -fnext-runtime (test for excess errors)
UNRESOLVED: objc.dg/symtab-1.m -fnext-runtime  scan-assembler L_OBJC_Symbols.*:\\n\\t.long\\t0\\n\\t.long\\t0\\n\\t.word\\t2\\n\\t.word\\t0\\n\\t.long\\tL_OBJC_Class_Derived.*\\n\\t.long\\tL_OBJC_Class_Base.*\\n
FAIL: objc.dg/symtab-1.m -fnext-runtime (test for excess errors)
UNRESOLVED: objc.dg/zero-link-1.m -fnext-runtime  scan-assembler objc_getClass
UNRESOLVED: objc.dg/zero-link-1.m -fnext-runtime  scan-assembler-not _OBJC_ClassRefs_0
FAIL: objc.dg/zero-link-1.m -fnext-runtime (test for excess errors)
UNRESOLVED: objc.dg/zero-link-2.m -fnext-runtime  scan-assembler _OBJC_ClassRefs_0
UNRESOLVED: objc.dg/zero-link-2.m -fnext-runtime  scan-assembler-not objc_getClass
FAIL: objc.dg/zero-link-2.m -fnext-runtime (test for excess errors)
FAIL: objc.dg/zero-link-3.m -fnext-runtime (test for excess errors)
UNRESOLVED: objc.dg/zero-link-3.m -fnext-runtime compilation failed to produce executable
FAIL: objc.dg/plugin/diagnostic-test-expressions-1.m -fplugin=./diagnostic_plugin_test_tree_expression_range.so  (test for warnings, line 60)
FAIL: objc.dg/plugin/diagnostic-test-expressions-1.m -fplugin=./diagnostic_plugin_test_tree_expression_range.so  expected multiline pattern lines 62-63 not found: "   __emit_expression_range \\( 0, @selector\\(func0\\) \\);.*\\n                                \\^~~~~~~~~~~~~~~~\\n"
FAIL: objc.dg/plugin/diagnostic-test-expressions-1.m -fplugin=./diagnostic_plugin_test_tree_expression_range.so (test for excess errors)
FAIL: objc.dg/strings/const-cfstring-2.m -fnext-runtime (test for excess errors)
FAIL: objc.dg/strings/const-cfstring-5.m -fnext-runtime (test for excess errors)
FAIL: objc.dg/strings/const-str-12b.m -fnext-runtime (test for excess errors)
FAIL: objc.dg/torture/strings/const-cfstring-1.m   -O0  -fnext-runtime (test for excess errors)
UNRESOLVED: objc.dg/torture/strings/const-cfstring-1.m   -O0  -fnext-runtime compilation failed to produce executable
FAIL: objc.dg/torture/strings/const-cfstring-1.m   -O1  -fnext-runtime (test for excess errors)
UNRESOLVED: objc.dg/torture/strings/const-cfstring-1.m   -O1  -fnext-runtime compilation failed to produce executable
FAIL: objc.dg/torture/strings/const-cfstring-1.m   -O2  -fnext-runtime (test for excess errors)
UNRESOLVED: objc.dg/torture/strings/const-cfstring-1.m   -O2  -fnext-runtime compilation failed to produce executable
FAIL: objc.dg/torture/strings/const-cfstring-1.m   -O2 -flto  -fnext-runtime (test for excess errors)
UNRESOLVED: objc.dg/torture/strings/const-cfstring-1.m   -O2 -flto  -fnext-runtime compilation failed to produce executable
FAIL: objc.dg/torture/strings/const-cfstring-1.m   -O2 -flto -flto-partition=none  -fnext-runtime (test for excess errors)
UNRESOLVED: objc.dg/torture/strings/const-cfstring-1.m   -O2 -flto -flto-partition=none  -fnext-runtime compilation failed to produce executable
FAIL: objc.dg/torture/strings/const-cfstring-1.m   -O3 -g  -fnext-runtime (test for excess errors)
UNRESOLVED: objc.dg/torture/strings/const-cfstring-1.m   -O3 -g  -fnext-runtime compilation failed to produce executable
FAIL: objc.dg/torture/strings/const-cfstring-1.m   -Os  -fnext-runtime (test for excess errors)
UNRESOLVED: objc.dg/torture/strings/const-cfstring-1.m   -Os  -fnext-runtime compilation failed to produce executable
UNRESOLVED: objc.dg/torture/strings/const-str-10.m   -O0  -fnext-runtime  scan-assembler .long\\t__NSConstantStringClassReference\\n\\t.long\\t.*\\n\\t.long\\t5\\n\\t.data
UNRESOLVED: objc.dg/torture/strings/const-str-10.m   -O0  -fnext-runtime  scan-assembler .section __OBJC, __cstring_object
FAIL: objc.dg/torture/strings/const-str-10.m   -O0  -fnext-runtime (test for excess errors)
UNRESOLVED: objc.dg/torture/strings/const-str-10.m   -O1  -fnext-runtime  scan-assembler .long\\t__NSConstantStringClassReference\\n\\t.long\\t.*\\n\\t.long\\t5\\n\\t.data
UNRESOLVED: objc.dg/torture/strings/const-str-10.m   -O1  -fnext-runtime  scan-assembler .section __OBJC, __cstring_object
FAIL: objc.dg/torture/strings/const-str-10.m   -O1  -fnext-runtime (test for excess errors)
UNRESOLVED: objc.dg/torture/strings/const-str-10.m   -O2  -fnext-runtime  scan-assembler .long\\t__NSConstantStringClassReference\\n\\t.long\\t.*\\n\\t.long\\t5\\n\\t.data
UNRESOLVED: objc.dg/torture/strings/const-str-10.m   -O2  -fnext-runtime  scan-assembler .section __OBJC, __cstring_object
FAIL: objc.dg/torture/strings/const-str-10.m   -O2  -fnext-runtime (test for excess errors)
UNRESOLVED: objc.dg/torture/strings/const-str-10.m   -O2 -flto  -fnext-runtime  scan-assembler .long\\t__NSConstantStringClassReference\\n\\t.long\\t.*\\n\\t.long\\t5\\n\\t.data
UNRESOLVED: objc.dg/torture/strings/const-str-10.m   -O2 -flto  -fnext-runtime  scan-assembler .section __OBJC, __cstring_object
FAIL: objc.dg/torture/strings/const-str-10.m   -O2 -flto  -fnext-runtime (test for excess errors)
UNRESOLVED: objc.dg/torture/strings/const-str-10.m   -O2 -flto -flto-partition=none  -fnext-runtime  scan-assembler .long\\t__NSConstantStringClassReference\\n\\t.long\\t.*\\n\\t.long\\t5\\n\\t.data
UNRESOLVED: objc.dg/torture/strings/const-str-10.m   -O2 -flto -flto-partition=none  -fnext-runtime  scan-assembler .section __OBJC, __cstring_object
FAIL: objc.dg/torture/strings/const-str-10.m   -O2 -flto -flto-partition=none  -fnext-runtime (test for excess errors)
UNRESOLVED: objc.dg/torture/strings/const-str-10.m   -O3 -g  -fnext-runtime  scan-assembler .long\\t__NSConstantStringClassReference\\n\\t.long\\t.*\\n\\t.long\\t5\\n\\t.data
UNRESOLVED: objc.dg/torture/strings/const-str-10.m   -O3 -g  -fnext-runtime  scan-assembler .section __OBJC, __cstring_object
FAIL: objc.dg/torture/strings/const-str-10.m   -O3 -g  -fnext-runtime (test for excess errors)
UNRESOLVED: objc.dg/torture/strings/const-str-10.m   -Os  -fnext-runtime  scan-assembler .long\\t__NSConstantStringClassReference\\n\\t.long\\t.*\\n\\t.long\\t5\\n\\t.data
UNRESOLVED: objc.dg/torture/strings/const-str-10.m   -Os  -fnext-runtime  scan-assembler .section __OBJC, __cstring_object
FAIL: objc.dg/torture/strings/const-str-10.m   -Os  -fnext-runtime (test for excess errors)
UNRESOLVED: objc.dg/torture/strings/const-str-11.m   -O0  -fnext-runtime  scan-assembler .long\\t__XStrClassReference\\n\\t.long\\t.*\\n\\t.long\\t5\\n\\t.data
UNRESOLVED: objc.dg/torture/strings/const-str-11.m   -O0  -fnext-runtime  scan-assembler .section __OBJC, __cstring_object
FAIL: objc.dg/torture/strings/const-str-11.m   -O0  -fnext-runtime (test for excess errors)
UNRESOLVED: objc.dg/torture/strings/const-str-11.m   -O1  -fnext-runtime  scan-assembler .long\\t__XStrClassReference\\n\\t.long\\t.*\\n\\t.long\\t5\\n\\t.data
UNRESOLVED: objc.dg/torture/strings/const-str-11.m   -O1  -fnext-runtime  scan-assembler .section __OBJC, __cstring_object
FAIL: objc.dg/torture/strings/const-str-11.m   -O1  -fnext-runtime (test for excess errors)
UNRESOLVED: objc.dg/torture/strings/const-str-11.m   -O2  -fnext-runtime  scan-assembler .long\\t__XStrClassReference\\n\\t.long\\t.*\\n\\t.long\\t5\\n\\t.data
UNRESOLVED: objc.dg/torture/strings/const-str-11.m   -O2  -fnext-runtime  scan-assembler .section __OBJC, __cstring_object
FAIL: objc.dg/torture/strings/const-str-11.m   -O2  -fnext-runtime (test for excess errors)
UNRESOLVED: objc.dg/torture/strings/const-str-11.m   -O2 -flto  -fnext-runtime  scan-assembler .long\\t__XStrClassReference\\n\\t.long\\t.*\\n\\t.long\\t5\\n\\t.data
UNRESOLVED: objc.dg/torture/strings/const-str-11.m   -O2 -flto  -fnext-runtime  scan-assembler .section __OBJC, __cstring_object
FAIL: objc.dg/torture/strings/const-str-11.m   -O2 -flto  -fnext-runtime (test for excess errors)
UNRESOLVED: objc.dg/torture/strings/const-str-11.m   -O2 -flto -flto-partition=none  -fnext-runtime  scan-assembler .long\\t__XStrClassReference\\n\\t.long\\t.*\\n\\t.long\\t5\\n\\t.data
UNRESOLVED: objc.dg/torture/strings/const-str-11.m   -O2 -flto -flto-partition=none  -fnext-runtime  scan-assembler .section __OBJC, __cstring_object
FAIL: objc.dg/torture/strings/const-str-11.m   -O2 -flto -flto-partition=none  -fnext-runtime (test for excess errors)
UNRESOLVED: objc.dg/torture/strings/const-str-11.m   -O3 -g  -fnext-runtime  scan-assembler .long\\t__XStrClassReference\\n\\t.long\\t.*\\n\\t.long\\t5\\n\\t.data
UNRESOLVED: objc.dg/torture/strings/const-str-11.m   -O3 -g  -fnext-runtime  scan-assembler .section __OBJC, __cstring_object
FAIL: objc.dg/torture/strings/const-str-11.m   -O3 -g  -fnext-runtime (test for excess errors)
UNRESOLVED: objc.dg/torture/strings/const-str-11.m   -Os  -fnext-runtime  scan-assembler .long\\t__XStrClassReference\\n\\t.long\\t.*\\n\\t.long\\t5\\n\\t.data
UNRESOLVED: objc.dg/torture/strings/const-str-11.m   -Os  -fnext-runtime  scan-assembler .section __OBJC, __cstring_object
FAIL: objc.dg/torture/strings/const-str-11.m   -Os  -fnext-runtime (test for excess errors)
UNRESOLVED: objc.dg/torture/strings/const-str-9.m   -O0  -fnext-runtime  scan-assembler .long\\t__NSConstantStringClassReference\\n\\t.long\\t.*\\n\\t.long\\t5\\n\\t.data
UNRESOLVED: objc.dg/torture/strings/const-str-9.m   -O0  -fnext-runtime  scan-assembler .section __OBJC, __cstring_object
FAIL: objc.dg/torture/strings/const-str-9.m   -O0  -fnext-runtime (test for excess errors)
UNRESOLVED: objc.dg/torture/strings/const-str-9.m   -O1  -fnext-runtime  scan-assembler .long\\t__NSConstantStringClassReference\\n\\t.long\\t.*\\n\\t.long\\t5\\n\\t.data
UNRESOLVED: objc.dg/torture/strings/const-str-9.m   -O1  -fnext-runtime  scan-assembler .section __OBJC, __cstring_object
FAIL: objc.dg/torture/strings/const-str-9.m   -O1  -fnext-runtime (test for excess errors)
UNRESOLVED: objc.dg/torture/strings/const-str-9.m   -O2  -fnext-runtime  scan-assembler .long\\t__NSConstantStringClassReference\\n\\t.long\\t.*\\n\\t.long\\t5\\n\\t.data
UNRESOLVED: objc.dg/torture/strings/const-str-9.m   -O2  -fnext-runtime  scan-assembler .section __OBJC, __cstring_object
FAIL: objc.dg/torture/strings/const-str-9.m   -O2  -fnext-runtime (test for excess errors)
UNRESOLVED: objc.dg/torture/strings/const-str-9.m   -O2 -flto  -fnext-runtime  scan-assembler .long\\t__NSConstantStringClassReference\\n\\t.long\\t.*\\n\\t.long\\t5\\n\\t.data
UNRESOLVED: objc.dg/torture/strings/const-str-9.m   -O2 -flto  -fnext-runtime  scan-assembler .section __OBJC, __cstring_object
FAIL: objc.dg/torture/strings/const-str-9.m   -O2 -flto  -fnext-runtime (test for excess errors)
UNRESOLVED: objc.dg/torture/strings/const-str-9.m   -O2 -flto -flto-partition=none  -fnext-runtime  scan-assembler .long\\t__NSConstantStringClassReference\\n\\t.long\\t.*\\n\\t.long\\t5\\n\\t.data
UNRESOLVED: objc.dg/torture/strings/const-str-9.m   -O2 -flto -flto-partition=none  -fnext-runtime  scan-assembler .section __OBJC, __cstring_object
FAIL: objc.dg/torture/strings/const-str-9.m   -O2 -flto -flto-partition=none  -fnext-runtime (test for excess errors)
UNRESOLVED: objc.dg/torture/strings/const-str-9.m   -O3 -g  -fnext-runtime  scan-assembler .long\\t__NSConstantStringClassReference\\n\\t.long\\t.*\\n\\t.long\\t5\\n\\t.data
UNRESOLVED: objc.dg/torture/strings/const-str-9.m   -O3 -g  -fnext-runtime  scan-assembler .section __OBJC, __cstring_object
FAIL: objc.dg/torture/strings/const-str-9.m   -O3 -g  -fnext-runtime (test for excess errors)
UNRESOLVED: objc.dg/torture/strings/const-str-9.m   -Os  -fnext-runtime  scan-assembler .long\\t__NSConstantStringClassReference\\n\\t.long\\t.*\\n\\t.long\\t5\\n\\t.data
UNRESOLVED: objc.dg/torture/strings/const-str-9.m   -Os  -fnext-runtime  scan-assembler .section __OBJC, __cstring_object
FAIL: objc.dg/torture/strings/const-str-9.m   -Os  -fnext-runtime (test for excess errors)

		=== objc Summary for unix/-m32 ===

# of expected passes		5578
# of unexpected failures	49
# of expected failures		6
# of unresolved testcases	59
# of unsupported tests		79

Running target unix/-m64
FAIL: objc.dg/call-super-2.m -fnext-runtime  (test for warnings, line 104)
FAIL: objc.dg/call-super-2.m -fnext-runtime  (test for warnings, line 74)
FAIL: objc.dg/category-1.m -fnext-runtime execution test
FAIL: objc.dg/encode-7-next-64bit.m -fnext-runtime (test for excess errors)
UNRESOLVED: objc.dg/encode-7-next-64bit.m -fnext-runtime compilation failed to produce executable
FAIL: objc.dg/exceptions-2.m -fnext-runtime execution test
FAIL: objc.dg/gnu-api-2-objc.m -fnext-runtime execution test
FAIL: objc.dg/headers.m -fnext-runtime (test for excess errors)
UNRESOLVED: objc.dg/image-info.m -fnext-runtime  scan-assembler \\t.section __DATA, __objc_imageinfo.*\\n\\t.align.*\\nL_OBJC_ImageInfo.*:\\n\\t.long\\t0\\n\\t.long\\t17
FAIL: objc.dg/image-info.m -fnext-runtime (test for excess errors)
FAIL: objc.dg/isa-field-1.m -fnext-runtime (test for excess errors)
FAIL: objc.dg/method-6.m -fnext-runtime (test for excess errors)
UNRESOLVED: objc.dg/no-extra-load.m -fnext-runtime  scan-assembler-not L_objc_msgSend\\\\\$non_lazy_ptr
FAIL: objc.dg/no-extra-load.m -fnext-runtime (test for excess errors)
FAIL: objc.dg/objc-foreach-4.m -fnext-runtime (test for excess errors)
UNRESOLVED: objc.dg/objc-foreach-4.m -fnext-runtime compilation failed to produce executable
UNRESOLVED: objc.dg/objc-foreach-5.m -fnext-runtime  scan-assembler _addStuffUp:
FAIL: objc.dg/objc-foreach-5.m -fnext-runtime (test for excess errors)
FAIL: objc.dg/pr23214.m -fnext-runtime (test for excess errors)
UNRESOLVED: objc.dg/pr23214.m -fnext-runtime compilation failed to produce executable
FAIL: objc.dg/proto-lossage-7.m -fnext-runtime (test for excess errors)
FAIL: objc.dg/proto-qual-1.m -fnext-runtime (test for excess errors)
UNRESOLVED: objc.dg/proto-qual-1.m -fnext-runtime compilation failed to produce executable
FAIL: objc.dg/super-class-3.m -fnext-runtime execution test
UNRESOLVED: objc.dg/symtab-1.m -fnext-runtime  scan-assembler-not L_OBJC_Symbols
FAIL: objc.dg/symtab-1.m -fnext-runtime (test for excess errors)
UNRESOLVED: objc.dg/zero-link-1.m -fnext-runtime  scan-assembler objc_getClass
UNRESOLVED: objc.dg/zero-link-1.m -fnext-runtime  scan-assembler-not _OBJC_ClassRef_Base
FAIL: objc.dg/zero-link-1.m -fnext-runtime (test for excess errors)
UNRESOLVED: objc.dg/zero-link-2.m -fnext-runtime  scan-assembler _OBJC_ClassRef_Base
UNRESOLVED: objc.dg/zero-link-2.m -fnext-runtime  scan-assembler-not objc_getClass
FAIL: objc.dg/zero-link-2.m -fnext-runtime (test for excess errors)
FAIL: objc.dg/zero-link-3.m -fnext-runtime (test for excess errors)
UNRESOLVED: objc.dg/zero-link-3.m -fnext-runtime compilation failed to produce executable
FAIL: objc.dg/plugin/diagnostic-test-expressions-1.m -fplugin=./diagnostic_plugin_test_tree_expression_range.so  (test for warnings, line 60)
FAIL: objc.dg/plugin/diagnostic-test-expressions-1.m -fplugin=./diagnostic_plugin_test_tree_expression_range.so  (test for warnings, line 68)
FAIL: objc.dg/plugin/diagnostic-test-expressions-1.m -fplugin=./diagnostic_plugin_test_tree_expression_range.so  expected multiline pattern lines 62-63 not found: "   __emit_expression_range \\( 0, @selector\\(func0\\) \\);.*\\n                                \\^~~~~~~~~~~~~~~~\\n"
FAIL: objc.dg/plugin/diagnostic-test-expressions-1.m -fplugin=./diagnostic_plugin_test_tree_expression_range.so  expected multiline pattern lines 70-71 not found: "   __emit_expression_range \\( 0, @protocol\\(prot\\) \\);.*\\n                                ~~~~~~~~~~~~~~~\\n"
FAIL: objc.dg/plugin/diagnostic-test-expressions-1.m -fplugin=./diagnostic_plugin_test_tree_expression_range.so (test for excess errors)
FAIL: objc.dg/strings/const-cfstring-2.m -fnext-runtime (test for excess errors)
FAIL: objc.dg/strings/const-cfstring-5.m -fnext-runtime (test for excess errors)
FAIL: objc.dg/strings/const-str-12b.m -fnext-runtime (test for excess errors)
FAIL: objc.dg/torture/forward-1.m   -O0  -fnext-runtime execution test
FAIL: objc.dg/torture/forward-1.m   -O1  -fnext-runtime execution test
FAIL: objc.dg/torture/forward-1.m   -O2  -fnext-runtime execution test
FAIL: objc.dg/torture/forward-1.m   -O2 -flto  -fnext-runtime execution test
FAIL: objc.dg/torture/forward-1.m   -O2 -flto -flto-partition=none  -fnext-runtime execution test
FAIL: objc.dg/torture/forward-1.m   -O3 -fomit-frame-pointer -funroll-loops -fpeel-loops -ftracer -finline-functions  -fnext-runtime execution test
FAIL: objc.dg/torture/forward-1.m   -O3 -g  -fnext-runtime execution test
FAIL: objc.dg/torture/forward-1.m   -Os  -fnext-runtime execution test
FAIL: objc.dg/torture/strings/const-cfstring-1.m   -O0  -fnext-runtime (test for excess errors)
UNRESOLVED: objc.dg/torture/strings/const-cfstring-1.m   -O0  -fnext-runtime compilation failed to produce executable
FAIL: objc.dg/torture/strings/const-cfstring-1.m   -O1  -fnext-runtime (test for excess errors)
UNRESOLVED: objc.dg/torture/strings/const-cfstring-1.m   -O1  -fnext-runtime compilation failed to produce executable
FAIL: objc.dg/torture/strings/const-cfstring-1.m   -O2  -fnext-runtime (test for excess errors)
UNRESOLVED: objc.dg/torture/strings/const-cfstring-1.m   -O2  -fnext-runtime compilation failed to produce executable
FAIL: objc.dg/torture/strings/const-cfstring-1.m   -O2 -flto  -fnext-runtime (test for excess errors)
UNRESOLVED: objc.dg/torture/strings/const-cfstring-1.m   -O2 -flto  -fnext-runtime compilation failed to produce executable
FAIL: objc.dg/torture/strings/const-cfstring-1.m   -O2 -flto -flto-partition=none  -fnext-runtime (test for excess errors)
UNRESOLVED: objc.dg/torture/strings/const-cfstring-1.m   -O2 -flto -flto-partition=none  -fnext-runtime compilation failed to produce executable
FAIL: objc.dg/torture/strings/const-cfstring-1.m   -O3 -g  -fnext-runtime (test for excess errors)
UNRESOLVED: objc.dg/torture/strings/const-cfstring-1.m   -O3 -g  -fnext-runtime compilation failed to produce executable
FAIL: objc.dg/torture/strings/const-cfstring-1.m   -Os  -fnext-runtime (test for excess errors)
UNRESOLVED: objc.dg/torture/strings/const-cfstring-1.m   -Os  -fnext-runtime compilation failed to produce executable
UNRESOLVED: objc.dg/torture/strings/const-str-10.m   -O0  -fnext-runtime  scan-assembler .quad\\t_OBJC_CLASS_._NSConstantString\\n\\t.quad\\t.*\\n\\t.long\\t5\\n\\t.space
UNRESOLVED: objc.dg/torture/strings/const-str-10.m   -O0  -fnext-runtime  scan-assembler .section __DATA, __objc_stringobj
FAIL: objc.dg/torture/strings/const-str-10.m   -O0  -fnext-runtime (test for excess errors)
UNRESOLVED: objc.dg/torture/strings/const-str-10.m   -O1  -fnext-runtime  scan-assembler .quad\\t_OBJC_CLASS_._NSConstantString\\n\\t.quad\\t.*\\n\\t.long\\t5\\n\\t.space
UNRESOLVED: objc.dg/torture/strings/const-str-10.m   -O1  -fnext-runtime  scan-assembler .section __DATA, __objc_stringobj
FAIL: objc.dg/torture/strings/const-str-10.m   -O1  -fnext-runtime (test for excess errors)
UNRESOLVED: objc.dg/torture/strings/const-str-10.m   -O2  -fnext-runtime  scan-assembler .quad\\t_OBJC_CLASS_._NSConstantString\\n\\t.quad\\t.*\\n\\t.long\\t5\\n\\t.space
UNRESOLVED: objc.dg/torture/strings/const-str-10.m   -O2  -fnext-runtime  scan-assembler .section __DATA, __objc_stringobj
FAIL: objc.dg/torture/strings/const-str-10.m   -O2  -fnext-runtime (test for excess errors)
UNRESOLVED: objc.dg/torture/strings/const-str-10.m   -O2 -flto  -fnext-runtime  scan-assembler .quad\\t_OBJC_CLASS_._NSConstantString\\n\\t.quad\\t.*\\n\\t.long\\t5\\n\\t.space
UNRESOLVED: objc.dg/torture/strings/const-str-10.m   -O2 -flto  -fnext-runtime  scan-assembler .section __DATA, __objc_stringobj
FAIL: objc.dg/torture/strings/const-str-10.m   -O2 -flto  -fnext-runtime (test for excess errors)
UNRESOLVED: objc.dg/torture/strings/const-str-10.m   -O2 -flto -flto-partition=none  -fnext-runtime  scan-assembler .quad\\t_OBJC_CLASS_._NSConstantString\\n\\t.quad\\t.*\\n\\t.long\\t5\\n\\t.space
UNRESOLVED: objc.dg/torture/strings/const-str-10.m   -O2 -flto -flto-partition=none  -fnext-runtime  scan-assembler .section __DATA, __objc_stringobj
FAIL: objc.dg/torture/strings/const-str-10.m   -O2 -flto -flto-partition=none  -fnext-runtime (test for excess errors)
UNRESOLVED: objc.dg/torture/strings/const-str-10.m   -O3 -g  -fnext-runtime  scan-assembler .quad\\t_OBJC_CLASS_._NSConstantString\\n\\t.quad\\t.*\\n\\t.long\\t5\\n\\t.space
UNRESOLVED: objc.dg/torture/strings/const-str-10.m   -O3 -g  -fnext-runtime  scan-assembler .section __DATA, __objc_stringobj
FAIL: objc.dg/torture/strings/const-str-10.m   -O3 -g  -fnext-runtime (test for excess errors)
UNRESOLVED: objc.dg/torture/strings/const-str-10.m   -Os  -fnext-runtime  scan-assembler .quad\\t_OBJC_CLASS_._NSConstantString\\n\\t.quad\\t.*\\n\\t.long\\t5\\n\\t.space
UNRESOLVED: objc.dg/torture/strings/const-str-10.m   -Os  -fnext-runtime  scan-assembler .section __DATA, __objc_stringobj
FAIL: objc.dg/torture/strings/const-str-10.m   -Os  -fnext-runtime (test for excess errors)
UNRESOLVED: objc.dg/torture/strings/const-str-11.m   -O0  -fnext-runtime  scan-assembler .quad\\t_OBJC_CLASS_._XStr\\n\\t.quad\\t.*\\n\\t.long\\t5\\n\\t.space
UNRESOLVED: objc.dg/torture/strings/const-str-11.m   -O0  -fnext-runtime  scan-assembler .section __DATA, __objc_stringobj
FAIL: objc.dg/torture/strings/const-str-11.m   -O0  -fnext-runtime (test for excess errors)
UNRESOLVED: objc.dg/torture/strings/const-str-11.m   -O1  -fnext-runtime  scan-assembler .quad\\t_OBJC_CLASS_._XStr\\n\\t.quad\\t.*\\n\\t.long\\t5\\n\\t.space
UNRESOLVED: objc.dg/torture/strings/const-str-11.m   -O1  -fnext-runtime  scan-assembler .section __DATA, __objc_stringobj
FAIL: objc.dg/torture/strings/const-str-11.m   -O1  -fnext-runtime (test for excess errors)
UNRESOLVED: objc.dg/torture/strings/const-str-11.m   -O2  -fnext-runtime  scan-assembler .quad\\t_OBJC_CLASS_._XStr\\n\\t.quad\\t.*\\n\\t.long\\t5\\n\\t.space
UNRESOLVED: objc.dg/torture/strings/const-str-11.m   -O2  -fnext-runtime  scan-assembler .section __DATA, __objc_stringobj
FAIL: objc.dg/torture/strings/const-str-11.m   -O2  -fnext-runtime (test for excess errors)
UNRESOLVED: objc.dg/torture/strings/const-str-11.m   -O2 -flto  -fnext-runtime  scan-assembler .quad\\t_OBJC_CLASS_._XStr\\n\\t.quad\\t.*\\n\\t.long\\t5\\n\\t.space
UNRESOLVED: objc.dg/torture/strings/const-str-11.m   -O2 -flto  -fnext-runtime  scan-assembler .section __DATA, __objc_stringobj
FAIL: objc.dg/torture/strings/const-str-11.m   -O2 -flto  -fnext-runtime (test for excess errors)
UNRESOLVED: objc.dg/torture/strings/const-str-11.m   -O2 -flto -flto-partition=none  -fnext-runtime  scan-assembler .quad\\t_OBJC_CLASS_._XStr\\n\\t.quad\\t.*\\n\\t.long\\t5\\n\\t.space
UNRESOLVED: objc.dg/torture/strings/const-str-11.m   -O2 -flto -flto-partition=none  -fnext-runtime  scan-assembler .section __DATA, __objc_stringobj
FAIL: objc.dg/torture/strings/const-str-11.m   -O2 -flto -flto-partition=none  -fnext-runtime (test for excess errors)
UNRESOLVED: objc.dg/torture/strings/const-str-11.m   -O3 -g  -fnext-runtime  scan-assembler .quad\\t_OBJC_CLASS_._XStr\\n\\t.quad\\t.*\\n\\t.long\\t5\\n\\t.space
UNRESOLVED: objc.dg/torture/strings/const-str-11.m   -O3 -g  -fnext-runtime  scan-assembler .section __DATA, __objc_stringobj
FAIL: objc.dg/torture/strings/const-str-11.m   -O3 -g  -fnext-runtime (test for excess errors)
UNRESOLVED: objc.dg/torture/strings/const-str-11.m   -Os  -fnext-runtime  scan-assembler .quad\\t_OBJC_CLASS_._XStr\\n\\t.quad\\t.*\\n\\t.long\\t5\\n\\t.space
UNRESOLVED: objc.dg/torture/strings/const-str-11.m   -Os  -fnext-runtime  scan-assembler .section __DATA, __objc_stringobj
FAIL: objc.dg/torture/strings/const-str-11.m   -Os  -fnext-runtime (test for excess errors)
UNRESOLVED: objc.dg/torture/strings/const-str-9.m   -O0  -fnext-runtime  scan-assembler .quad\\t_OBJC_CLASS_._NSConstantString\\n\\t.quad\\t.*\\n\\t.long\\t5\\n\\t.space
UNRESOLVED: objc.dg/torture/strings/const-str-9.m   -O0  -fnext-runtime  scan-assembler .section __DATA, __objc_stringobj
FAIL: objc.dg/torture/strings/const-str-9.m   -O0  -fnext-runtime (test for excess errors)
UNRESOLVED: objc.dg/torture/strings/const-str-9.m   -O1  -fnext-runtime  scan-assembler .quad\\t_OBJC_CLASS_._NSConstantString\\n\\t.quad\\t.*\\n\\t.long\\t5\\n\\t.space
UNRESOLVED: objc.dg/torture/strings/const-str-9.m   -O1  -fnext-runtime  scan-assembler .section __DATA, __objc_stringobj
FAIL: objc.dg/torture/strings/const-str-9.m   -O1  -fnext-runtime (test for excess errors)
UNRESOLVED: objc.dg/torture/strings/const-str-9.m   -O2  -fnext-runtime  scan-assembler .quad\\t_OBJC_CLASS_._NSConstantString\\n\\t.quad\\t.*\\n\\t.long\\t5\\n\\t.space
UNRESOLVED: objc.dg/torture/strings/const-str-9.m   -O2  -fnext-runtime  scan-assembler .section __DATA, __objc_stringobj
FAIL: objc.dg/torture/strings/const-str-9.m   -O2  -fnext-runtime (test for excess errors)
UNRESOLVED: objc.dg/torture/strings/const-str-9.m   -O2 -flto  -fnext-runtime  scan-assembler .quad\\t_OBJC_CLASS_._NSConstantString\\n\\t.quad\\t.*\\n\\t.long\\t5\\n\\t.space
UNRESOLVED: objc.dg/torture/strings/const-str-9.m   -O2 -flto  -fnext-runtime  scan-assembler .section __DATA, __objc_stringobj
FAIL: objc.dg/torture/strings/const-str-9.m   -O2 -flto  -fnext-runtime (test for excess errors)
UNRESOLVED: objc.dg/torture/strings/const-str-9.m   -O2 -flto -flto-partition=none  -fnext-runtime  scan-assembler .quad\\t_OBJC_CLASS_._NSConstantString\\n\\t.quad\\t.*\\n\\t.long\\t5\\n\\t.space
UNRESOLVED: objc.dg/torture/strings/const-str-9.m   -O2 -flto -flto-partition=none  -fnext-runtime  scan-assembler .section __DATA, __objc_stringobj
FAIL: objc.dg/torture/strings/const-str-9.m   -O2 -flto -flto-partition=none  -fnext-runtime (test for excess errors)
UNRESOLVED: objc.dg/torture/strings/const-str-9.m   -O3 -g  -fnext-runtime  scan-assembler .quad\\t_OBJC_CLASS_._NSConstantString\\n\\t.quad\\t.*\\n\\t.long\\t5\\n\\t.space
UNRESOLVED: objc.dg/torture/strings/const-str-9.m   -O3 -g  -fnext-runtime  scan-assembler .section __DATA, __objc_stringobj
FAIL: objc.dg/torture/strings/const-str-9.m   -O3 -g  -fnext-runtime (test for excess errors)
UNRESOLVED: objc.dg/torture/strings/const-str-9.m   -Os  -fnext-runtime  scan-assembler .quad\\t_OBJC_CLASS_._NSConstantString\\n\\t.quad\\t.*\\n\\t.long\\t5\\n\\t.space
UNRESOLVED: objc.dg/torture/strings/const-str-9.m   -Os  -fnext-runtime  scan-assembler .section __DATA, __objc_stringobj
FAIL: objc.dg/torture/strings/const-str-9.m   -Os  -fnext-runtime (test for excess errors)
FAIL: objc/execute/formal_protocol-5.m compilation,  -O0 -fnext-runtime
FAIL: objc/execute/formal_protocol-5.m compilation,  -O1 -fnext-runtime
FAIL: objc/execute/formal_protocol-5.m compilation,  -O2 -fnext-runtime
FAIL: objc/execute/formal_protocol-5.m compilation,  -O3 -g -fnext-runtime
FAIL: objc/execute/formal_protocol-5.m compilation,  -Os -fnext-runtime
UNRESOLVED: objc/execute/formal_protocol-5.m execution,  -O0 -fnext-runtime
UNRESOLVED: objc/execute/formal_protocol-5.m execution,  -O1 -fnext-runtime
UNRESOLVED: objc/execute/formal_protocol-5.m execution,  -O2 -fnext-runtime
UNRESOLVED: objc/execute/formal_protocol-5.m execution,  -O3 -g -fnext-runtime
UNRESOLVED: objc/execute/formal_protocol-5.m execution,  -Os -fnext-runtime
FAIL: objc/execute/formal_protocol-6.m compilation,  -O0 -fnext-runtime
FAIL: objc/execute/formal_protocol-6.m compilation,  -O1 -fnext-runtime
FAIL: objc/execute/formal_protocol-6.m compilation,  -O2 -fnext-runtime
FAIL: objc/execute/formal_protocol-6.m compilation,  -O3 -g -fnext-runtime
FAIL: objc/execute/formal_protocol-6.m compilation,  -Os -fnext-runtime
UNRESOLVED: objc/execute/formal_protocol-6.m execution,  -O0 -fnext-runtime
UNRESOLVED: objc/execute/formal_protocol-6.m execution,  -O1 -fnext-runtime
UNRESOLVED: objc/execute/formal_protocol-6.m execution,  -O2 -fnext-runtime
UNRESOLVED: objc/execute/formal_protocol-6.m execution,  -O3 -g -fnext-runtime
UNRESOLVED: objc/execute/formal_protocol-6.m execution,  -Os -fnext-runtime
FAIL: objc/execute/formal_protocol-7.m compilation,  -O0 -fnext-runtime
FAIL: objc/execute/formal_protocol-7.m compilation,  -O1 -fnext-runtime
FAIL: objc/execute/formal_protocol-7.m compilation,  -O2 -fnext-runtime
FAIL: objc/execute/formal_protocol-7.m compilation,  -O3 -g -fnext-runtime
FAIL: objc/execute/formal_protocol-7.m compilation,  -Os -fnext-runtime
UNRESOLVED: objc/execute/formal_protocol-7.m execution,  -O0 -fnext-runtime
UNRESOLVED: objc/execute/formal_protocol-7.m execution,  -O1 -fnext-runtime
UNRESOLVED: objc/execute/formal_protocol-7.m execution,  -O2 -fnext-runtime
UNRESOLVED: objc/execute/formal_protocol-7.m execution,  -O3 -g -fnext-runtime
UNRESOLVED: objc/execute/formal_protocol-7.m execution,  -Os -fnext-runtime
FAIL: objc/execute/protocol-isEqual-1.m compilation,  -O0 -fnext-runtime
FAIL: objc/execute/protocol-isEqual-1.m compilation,  -O1 -fnext-runtime
FAIL: objc/execute/protocol-isEqual-1.m compilation,  -O2 -fnext-runtime
FAIL: objc/execute/protocol-isEqual-1.m compilation,  -O3 -g -fnext-runtime
FAIL: objc/execute/protocol-isEqual-1.m compilation,  -Os -fnext-runtime
UNRESOLVED: objc/execute/protocol-isEqual-1.m execution,  -O0 -fnext-runtime
UNRESOLVED: objc/execute/protocol-isEqual-1.m execution,  -O1 -fnext-runtime
UNRESOLVED: objc/execute/protocol-isEqual-1.m execution,  -O2 -fnext-runtime
UNRESOLVED: objc/execute/protocol-isEqual-1.m execution,  -O3 -g -fnext-runtime
UNRESOLVED: objc/execute/protocol-isEqual-1.m execution,  -Os -fnext-runtime
FAIL: objc/execute/protocol-isEqual-2.m compilation,  -O0 -fnext-runtime
FAIL: objc/execute/protocol-isEqual-2.m compilation,  -O1 -fnext-runtime
FAIL: objc/execute/protocol-isEqual-2.m compilation,  -O2 -fnext-runtime
FAIL: objc/execute/protocol-isEqual-2.m compilation,  -O3 -g -fnext-runtime
FAIL: objc/execute/protocol-isEqual-2.m compilation,  -Os -fnext-runtime
UNRESOLVED: objc/execute/protocol-isEqual-2.m execution,  -O0 -fnext-runtime
UNRESOLVED: objc/execute/protocol-isEqual-2.m execution,  -O1 -fnext-runtime
UNRESOLVED: objc/execute/protocol-isEqual-2.m execution,  -O2 -fnext-runtime
UNRESOLVED: objc/execute/protocol-isEqual-2.m execution,  -O3 -g -fnext-runtime
UNRESOLVED: objc/execute/protocol-isEqual-2.m execution,  -Os -fnext-runtime
FAIL: objc/execute/protocol-isEqual-3.m compilation,  -O0 -fnext-runtime
FAIL: objc/execute/protocol-isEqual-3.m compilation,  -O1 -fnext-runtime
FAIL: objc/execute/protocol-isEqual-3.m compilation,  -O2 -fnext-runtime
FAIL: objc/execute/protocol-isEqual-3.m compilation,  -O3 -g -fnext-runtime
FAIL: objc/execute/protocol-isEqual-3.m compilation,  -Os -fnext-runtime
UNRESOLVED: objc/execute/protocol-isEqual-3.m execution,  -O0 -fnext-runtime
UNRESOLVED: objc/execute/protocol-isEqual-3.m execution,  -O1 -fnext-runtime
UNRESOLVED: objc/execute/protocol-isEqual-3.m execution,  -O2 -fnext-runtime
UNRESOLVED: objc/execute/protocol-isEqual-3.m execution,  -O3 -g -fnext-runtime
UNRESOLVED: objc/execute/protocol-isEqual-3.m execution,  -Os -fnext-runtime
FAIL: objc/execute/protocol-isEqual-4.m compilation,  -O0 -fnext-runtime
FAIL: objc/execute/protocol-isEqual-4.m compilation,  -O1 -fnext-runtime
FAIL: objc/execute/protocol-isEqual-4.m compilation,  -O2 -fnext-runtime
FAIL: objc/execute/protocol-isEqual-4.m compilation,  -O3 -g -fnext-runtime
FAIL: objc/execute/protocol-isEqual-4.m compilation,  -Os -fnext-runtime
UNRESOLVED: objc/execute/protocol-isEqual-4.m execution,  -O0 -fnext-runtime
UNRESOLVED: objc/execute/protocol-isEqual-4.m execution,  -O1 -fnext-runtime
UNRESOLVED: objc/execute/protocol-isEqual-4.m execution,  -O2 -fnext-runtime
UNRESOLVED: objc/execute/protocol-isEqual-4.m execution,  -O3 -g -fnext-runtime
UNRESOLVED: objc/execute/protocol-isEqual-4.m execution,  -Os -fnext-runtime

		=== objc Summary for unix/-m64 ===

# of expected passes		5355
# of unexpected failures	100
# of expected failures		6
# of unresolved testcases	97
# of unsupported tests		85

		=== objc Summary ===

# of expected passes		10933
# of unexpected failures	149
# of expected failures		12
# of unresolved testcases	156
# of unsupported tests		164
/Volumes/OSX10/10-11-elcap/gcc-trunk-unpatched/gcc/xgcc  version 10.0.0 20190515 (experimental) [trunk revision 271212] (GCC) 

		=== libatomic tests ===


Running target unix/-m64

		=== libatomic Summary for unix/-m64 ===

# of expected passes		54

Running target unix/-m32

		=== libatomic Summary for unix/-m32 ===

# of expected passes		44
# of unsupported tests		5

		=== libatomic Summary ===

# of expected passes		98
# of unsupported tests		5
		=== libgomp tests ===


Running target unix/-m64

		=== libgomp Summary for unix/-m64 ===

# of expected passes		6351
# of expected failures		4
# of unsupported tests		423

Running target unix/-m32

		=== libgomp Summary for unix/-m32 ===

# of expected passes		6351
# of expected failures		4
# of unsupported tests		423

		=== libgomp Summary ===

# of expected passes		12702
# of expected failures		8
# of unsupported tests		846
		=== libitm tests ===


Running target unix/-m64

		=== libitm Summary for unix/-m64 ===

# of expected passes		40
# of expected failures		3
# of unsupported tests		2

Running target unix/-m32

		=== libitm Summary for unix/-m32 ===

# of expected passes		40
# of expected failures		3
# of unsupported tests		2

		=== libitm Summary ===

# of expected passes		80
# of expected failures		6
# of unsupported tests		4
		=== libstdc++ tests ===


Running target unix/-m32

		=== libstdc++ Summary for unix/-m32 ===

# of expected passes		11932
# of expected failures		77
# of unsupported tests		744

Running target unix/-m64

		=== libstdc++ Summary for unix/-m64 ===

# of expected passes		11930
# of expected failures		77
# of unsupported tests		745

		=== libstdc++ Summary ===

# of expected passes		23862
# of expected failures		154
# of unsupported tests		1489

Compiler version: 10.0.0 20190515 (experimental) [trunk revision 271212] (GCC) 
Platform: x86_64-apple-darwin15
configure flags: --prefix=/opt/iains/x86_64-apple-darwin15/gcc-10-0-0 --target=x86_64-apple-darwin15 --host=x86_64-apple-darwin15 --build=x86_64-apple-darwin15 --with-sysroot=/usr/local/darwin-toolchains/SDKs/darwin15 --enable-version-specific-runtime-libs --disable-nls --with-iconv-prefix=/usr --enable-languages=all CC='gcc --sysroot=/usr/local/darwin-toolchains/SDKs/darwin15' CXX='g++ --sysroot=/usr/local/darwin-toolchains/SDKs/darwin15'


Index Nav: [Date Index] [Subject Index] [Author Index] [Thread Index]
Message Nav: [Date Prev] [Date Next] [Thread Prev] [Thread Next]