This is the mail archive of the gcc-testresults@gcc.gnu.org mailing list for the GCC project.


Index Nav: [Date Index] [Subject Index] [Author Index] [Thread Index]
Message Nav: [Date Prev] [Date Next] [Thread Prev] [Thread Next]
Other format: [Raw text]

Results for 10.0.0 20190515 (experimental) [master revision 271271] (GCC) testsuite on armv8l-unknown-linux-gnueabihf


LAST_UPDATED: Thu May 16 00:28:23 UTC 2019 (revision 271271)

Native configuration is armv8l-unknown-linux-gnueabihf

		=== libatomic tests ===


Running target tcwg-local

		=== libatomic Summary ===

# of expected passes		44
# of unsupported tests		5
		=== libgomp tests ===


Running target tcwg-local

		=== libgomp Summary ===

# of expected passes		6308
# of expected failures		2
# of unsupported tests		422
		=== libitm tests ===


Running target tcwg-local

		=== libitm Summary ===

# of expected passes		42
# of expected failures		3
# of unsupported tests		1
		=== libstdc++ tests ===


Running target tcwg-local
FAIL: 17_intro/names.cc (test for excess errors)
FAIL: 23_containers/deque/cons/55977.cc (test for excess errors)
FAIL: 23_containers/vector/cons/55977.cc (test for excess errors)
FAIL: experimental/iterator/requirements.cc (test for excess errors)
FAIL: libstdc++-prettyprinters/whatis.cc whatis filebuf_holder
FAIL: libstdc++-prettyprinters/whatis.cc whatis filebuf_holder
FAIL: libstdc++-prettyprinters/whatis.cc whatis fstream_holder
FAIL: libstdc++-prettyprinters/whatis.cc whatis fstream_holder
FAIL: libstdc++-prettyprinters/whatis.cc whatis ifstream_holder
FAIL: libstdc++-prettyprinters/whatis.cc whatis ifstream_holder
FAIL: libstdc++-prettyprinters/whatis.cc whatis ios_holder
FAIL: libstdc++-prettyprinters/whatis.cc whatis ios_holder
FAIL: libstdc++-prettyprinters/whatis.cc whatis iostream_holder
FAIL: libstdc++-prettyprinters/whatis.cc whatis iostream_holder
FAIL: libstdc++-prettyprinters/whatis.cc whatis istream_holder
FAIL: libstdc++-prettyprinters/whatis.cc whatis istream_holder
FAIL: libstdc++-prettyprinters/whatis.cc whatis istringstream_holder
FAIL: libstdc++-prettyprinters/whatis.cc whatis istringstream_holder
FAIL: libstdc++-prettyprinters/whatis.cc whatis ofstream_holder
FAIL: libstdc++-prettyprinters/whatis.cc whatis ofstream_holder
FAIL: libstdc++-prettyprinters/whatis.cc whatis ostream_holder
FAIL: libstdc++-prettyprinters/whatis.cc whatis ostream_holder
FAIL: libstdc++-prettyprinters/whatis.cc whatis ostringstream_holder
FAIL: libstdc++-prettyprinters/whatis.cc whatis ostringstream_holder
FAIL: libstdc++-prettyprinters/whatis.cc whatis streambuf_holder
FAIL: libstdc++-prettyprinters/whatis.cc whatis streambuf_holder
FAIL: libstdc++-prettyprinters/whatis.cc whatis stringbuf_holder
FAIL: libstdc++-prettyprinters/whatis.cc whatis stringbuf_holder
FAIL: libstdc++-prettyprinters/whatis.cc whatis stringstream_holder
FAIL: libstdc++-prettyprinters/whatis.cc whatis stringstream_holder

		=== libstdc++ Summary ===

# of expected passes		12172
# of unexpected failures	30
# of expected failures		77
# of unsupported tests		704
		=== gcc tests ===


Running target tcwg-local
FAIL: c-c++-common/asan/pr70541.c   -O0  output pattern test
FAIL: c-c++-common/asan/sanity-check-pure-c-1.c   -O0  output pattern test
FAIL: c-c++-common/asan/sanity-check-pure-c-1.c   -O1  output pattern test
FAIL: c-c++-common/asan/sanity-check-pure-c-1.c   -O2  output pattern test
FAIL: c-c++-common/asan/sanity-check-pure-c-1.c   -O2 -flto -fno-use-linker-plugin -flto-partition=none  output pattern test
FAIL: c-c++-common/asan/sanity-check-pure-c-1.c   -O2 -flto -fuse-linker-plugin -fno-fat-lto-objects  output pattern test
FAIL: c-c++-common/asan/sanity-check-pure-c-1.c   -O3 -g  output pattern test
FAIL: c-c++-common/asan/sanity-check-pure-c-1.c   -Os  output pattern test
FAIL: c-c++-common/asan/use-after-free-1.c   -O0  output pattern test
FAIL: c-c++-common/asan/use-after-free-1.c   -O1  output pattern test
FAIL: c-c++-common/asan/use-after-free-1.c   -O2  output pattern test
FAIL: c-c++-common/asan/use-after-free-1.c   -O2 -flto -fno-use-linker-plugin -flto-partition=none  output pattern test
FAIL: c-c++-common/asan/use-after-free-1.c   -O2 -flto -fuse-linker-plugin -fno-fat-lto-objects  output pattern test
FAIL: c-c++-common/asan/use-after-free-1.c   -O3 -g  output pattern test
FAIL: c-c++-common/asan/use-after-free-1.c   -Os  output pattern test
XPASS: gcc.dg/guality/example.c   -O0  execution test
XPASS: gcc.dg/guality/example.c   -O1  -DPREVENT_OPTIMIZATION  execution test
XPASS: gcc.dg/guality/example.c   -O2  -DPREVENT_OPTIMIZATION  execution test
XPASS: gcc.dg/guality/example.c   -O2 -flto -fno-use-linker-plugin -flto-partition=none  -DPREVENT_OPTIMIZATION execution test
XPASS: gcc.dg/guality/example.c  -Og -DPREVENT_OPTIMIZATION  execution test
XPASS: gcc.dg/guality/guality.c   -O0  execution test
XPASS: gcc.dg/guality/guality.c   -O1  -DPREVENT_OPTIMIZATION  execution test
XPASS: gcc.dg/guality/guality.c   -O2  -DPREVENT_OPTIMIZATION  execution test
XPASS: gcc.dg/guality/guality.c   -O2 -flto -fno-use-linker-plugin -flto-partition=none  -DPREVENT_OPTIMIZATION execution test
XPASS: gcc.dg/guality/guality.c   -O2 -flto -fuse-linker-plugin -fno-fat-lto-objects  -DPREVENT_OPTIMIZATION execution test
XPASS: gcc.dg/guality/guality.c   -O3 -g  -DPREVENT_OPTIMIZATION  execution test
XPASS: gcc.dg/guality/guality.c   -Os  -DPREVENT_OPTIMIZATION  execution test
XPASS: gcc.dg/guality/guality.c  -Og -DPREVENT_OPTIMIZATION  execution test
XPASS: gcc.dg/guality/inline-params.c   -O2  -DPREVENT_OPTIMIZATION  execution test
XPASS: gcc.dg/guality/inline-params.c   -O2 -flto -fno-use-linker-plugin -flto-partition=none  -DPREVENT_OPTIMIZATION execution test
XPASS: gcc.dg/guality/inline-params.c   -O2 -flto -fuse-linker-plugin -fno-fat-lto-objects  -DPREVENT_OPTIMIZATION execution test
XPASS: gcc.dg/guality/inline-params.c   -O3 -g  -DPREVENT_OPTIMIZATION  execution test
XPASS: gcc.dg/guality/inline-params.c   -Os  -DPREVENT_OPTIMIZATION  execution test
FAIL: gcc.dg/guality/pr43077-1.c   -O0  line 11 varb == 2
FAIL: gcc.dg/guality/pr43077-1.c   -O0  line 19 varb == 3
FAIL: gcc.dg/guality/pr43077-1.c   -O0  line 42 varb == 2
FAIL: gcc.dg/guality/pr43077-1.c   -O1  -DPREVENT_OPTIMIZATION  line 11 varb == 2
FAIL: gcc.dg/guality/pr43077-1.c   -O1  -DPREVENT_OPTIMIZATION  line 19 varb == 3
FAIL: gcc.dg/guality/pr43077-1.c   -O1  -DPREVENT_OPTIMIZATION  line 42 varb == 2
FAIL: gcc.dg/guality/pr43077-1.c   -O2  -DPREVENT_OPTIMIZATION  line 11 varb == 2
FAIL: gcc.dg/guality/pr43077-1.c   -O2  -DPREVENT_OPTIMIZATION  line 19 varb == 3
FAIL: gcc.dg/guality/pr43077-1.c   -O2  -DPREVENT_OPTIMIZATION  line 42 varb == 2
FAIL: gcc.dg/guality/pr43077-1.c   -O2 -flto -fno-use-linker-plugin -flto-partition=none  -DPREVENT_OPTIMIZATION line 11 varb == 2
FAIL: gcc.dg/guality/pr43077-1.c   -O2 -flto -fno-use-linker-plugin -flto-partition=none  -DPREVENT_OPTIMIZATION line 19 varb == 3
FAIL: gcc.dg/guality/pr43077-1.c   -O2 -flto -fno-use-linker-plugin -flto-partition=none  -DPREVENT_OPTIMIZATION line 42 varb == 2
FAIL: gcc.dg/guality/pr43077-1.c   -O2 -flto -fuse-linker-plugin -fno-fat-lto-objects  -DPREVENT_OPTIMIZATION line 11 varb == 2
FAIL: gcc.dg/guality/pr43077-1.c   -O2 -flto -fuse-linker-plugin -fno-fat-lto-objects  -DPREVENT_OPTIMIZATION line 19 varb == 3
FAIL: gcc.dg/guality/pr43077-1.c   -O2 -flto -fuse-linker-plugin -fno-fat-lto-objects  -DPREVENT_OPTIMIZATION line 42 varb == 2
FAIL: gcc.dg/guality/pr43077-1.c   -O3 -g  -DPREVENT_OPTIMIZATION  line 11 varb == 2
FAIL: gcc.dg/guality/pr43077-1.c   -O3 -g  -DPREVENT_OPTIMIZATION  line 19 varb == 3
FAIL: gcc.dg/guality/pr43077-1.c   -O3 -g  -DPREVENT_OPTIMIZATION  line 42 varb == 2
FAIL: gcc.dg/guality/pr43077-1.c   -Os  -DPREVENT_OPTIMIZATION  line 11 varb == 2
FAIL: gcc.dg/guality/pr43077-1.c   -Os  -DPREVENT_OPTIMIZATION  line 19 varb == 3
FAIL: gcc.dg/guality/pr43077-1.c   -Os  -DPREVENT_OPTIMIZATION  line 42 varb == 2
FAIL: gcc.dg/guality/pr43077-1.c  -Og -DPREVENT_OPTIMIZATION  line 11 varb == 2
FAIL: gcc.dg/guality/pr43077-1.c  -Og -DPREVENT_OPTIMIZATION  line 19 varb == 3
FAIL: gcc.dg/guality/pr43077-1.c  -Og -DPREVENT_OPTIMIZATION  line 42 varb == 2
FAIL: gcc.dg/guality/pr67192.c   -O0  line 27 cnt == 5
FAIL: gcc.dg/guality/pr67192.c   -O0  line 39 cnt == 10
FAIL: gcc.dg/guality/pr67192.c   -O0  line 48 cnt == 15
FAIL: gcc.dg/guality/pr67192.c   -O0  line 54 cnt == 15
FAIL: gcc.dg/guality/pr67192.c   -O0  line 59 cnt == 20
FAIL: gcc.dg/guality/pr67192.c   -O1  -DPREVENT_OPTIMIZATION  line 27 cnt == 5
FAIL: gcc.dg/guality/pr67192.c   -O1  -DPREVENT_OPTIMIZATION  line 39 cnt == 10
FAIL: gcc.dg/guality/pr67192.c   -O1  -DPREVENT_OPTIMIZATION  line 48 cnt == 15
FAIL: gcc.dg/guality/pr67192.c   -O1  -DPREVENT_OPTIMIZATION  line 54 cnt == 15
FAIL: gcc.dg/guality/pr67192.c   -O1  -DPREVENT_OPTIMIZATION  line 59 cnt == 20
FAIL: gcc.dg/guality/pr67192.c   -O2  -DPREVENT_OPTIMIZATION  line 27 cnt == 5
FAIL: gcc.dg/guality/pr67192.c   -O2  -DPREVENT_OPTIMIZATION  line 39 cnt == 10
FAIL: gcc.dg/guality/pr67192.c   -O2  -DPREVENT_OPTIMIZATION  line 48 cnt == 15
FAIL: gcc.dg/guality/pr67192.c   -O2  -DPREVENT_OPTIMIZATION  line 54 cnt == 15
FAIL: gcc.dg/guality/pr67192.c   -O2  -DPREVENT_OPTIMIZATION  line 59 cnt == 20
FAIL: gcc.dg/guality/pr67192.c   -O2 -flto -fno-use-linker-plugin -flto-partition=none  -DPREVENT_OPTIMIZATION line 27 cnt == 5
FAIL: gcc.dg/guality/pr67192.c   -O2 -flto -fno-use-linker-plugin -flto-partition=none  -DPREVENT_OPTIMIZATION line 39 cnt == 10
FAIL: gcc.dg/guality/pr67192.c   -O2 -flto -fno-use-linker-plugin -flto-partition=none  -DPREVENT_OPTIMIZATION line 48 cnt == 15
FAIL: gcc.dg/guality/pr67192.c   -O2 -flto -fno-use-linker-plugin -flto-partition=none  -DPREVENT_OPTIMIZATION line 54 cnt == 15
FAIL: gcc.dg/guality/pr67192.c   -O2 -flto -fno-use-linker-plugin -flto-partition=none  -DPREVENT_OPTIMIZATION line 59 cnt == 20
FAIL: gcc.dg/guality/pr67192.c   -O2 -flto -fuse-linker-plugin -fno-fat-lto-objects  -DPREVENT_OPTIMIZATION line 27 cnt == 5
FAIL: gcc.dg/guality/pr67192.c   -O2 -flto -fuse-linker-plugin -fno-fat-lto-objects  -DPREVENT_OPTIMIZATION line 39 cnt == 10
FAIL: gcc.dg/guality/pr67192.c   -O2 -flto -fuse-linker-plugin -fno-fat-lto-objects  -DPREVENT_OPTIMIZATION line 48 cnt == 15
FAIL: gcc.dg/guality/pr67192.c   -O2 -flto -fuse-linker-plugin -fno-fat-lto-objects  -DPREVENT_OPTIMIZATION line 54 cnt == 15
FAIL: gcc.dg/guality/pr67192.c   -O2 -flto -fuse-linker-plugin -fno-fat-lto-objects  -DPREVENT_OPTIMIZATION line 59 cnt == 20
FAIL: gcc.dg/guality/pr67192.c   -O3 -fomit-frame-pointer -funroll-loops -fpeel-loops -ftracer -finline-functions  -DPREVENT_OPTIMIZATION  line 27 cnt == 5
FAIL: gcc.dg/guality/pr67192.c   -O3 -fomit-frame-pointer -funroll-loops -fpeel-loops -ftracer -finline-functions  -DPREVENT_OPTIMIZATION  line 39 cnt == 10
FAIL: gcc.dg/guality/pr67192.c   -O3 -fomit-frame-pointer -funroll-loops -fpeel-loops -ftracer -finline-functions  -DPREVENT_OPTIMIZATION  line 48 cnt == 15
FAIL: gcc.dg/guality/pr67192.c   -O3 -fomit-frame-pointer -funroll-loops -fpeel-loops -ftracer -finline-functions  -DPREVENT_OPTIMIZATION  line 54 cnt == 15
FAIL: gcc.dg/guality/pr67192.c   -O3 -fomit-frame-pointer -funroll-loops -fpeel-loops -ftracer -finline-functions  -DPREVENT_OPTIMIZATION  line 59 cnt == 20
FAIL: gcc.dg/guality/pr67192.c   -O3 -g  -DPREVENT_OPTIMIZATION  line 27 cnt == 5
FAIL: gcc.dg/guality/pr67192.c   -O3 -g  -DPREVENT_OPTIMIZATION  line 39 cnt == 10
FAIL: gcc.dg/guality/pr67192.c   -O3 -g  -DPREVENT_OPTIMIZATION  line 48 cnt == 15
FAIL: gcc.dg/guality/pr67192.c   -O3 -g  -DPREVENT_OPTIMIZATION  line 54 cnt == 15
FAIL: gcc.dg/guality/pr67192.c   -O3 -g  -DPREVENT_OPTIMIZATION  line 59 cnt == 20
FAIL: gcc.dg/guality/pr67192.c   -Os  -DPREVENT_OPTIMIZATION  line 27 cnt == 5
FAIL: gcc.dg/guality/pr67192.c   -Os  -DPREVENT_OPTIMIZATION  line 39 cnt == 10
FAIL: gcc.dg/guality/pr67192.c   -Os  -DPREVENT_OPTIMIZATION  line 48 cnt == 15
FAIL: gcc.dg/guality/pr67192.c   -Os  -DPREVENT_OPTIMIZATION  line 54 cnt == 15
FAIL: gcc.dg/guality/pr67192.c   -Os  -DPREVENT_OPTIMIZATION  line 59 cnt == 20
FAIL: gcc.dg/guality/pr67192.c  -Og -DPREVENT_OPTIMIZATION  line 27 cnt == 5
FAIL: gcc.dg/guality/pr67192.c  -Og -DPREVENT_OPTIMIZATION  line 39 cnt == 10
FAIL: gcc.dg/guality/pr67192.c  -Og -DPREVENT_OPTIMIZATION  line 48 cnt == 15
FAIL: gcc.dg/guality/pr67192.c  -Og -DPREVENT_OPTIMIZATION  line 54 cnt == 15
FAIL: gcc.dg/guality/pr67192.c  -Og -DPREVENT_OPTIMIZATION  line 59 cnt == 20
FAIL: gcc.dg/guality/pr89905.c   -O0  line 36 i + 1 == 7
FAIL: gcc.dg/guality/pr89905.c   -O1  -DPREVENT_OPTIMIZATION  line 36 i + 1 == 7
FAIL: gcc.dg/guality/pr89905.c   -O2  -DPREVENT_OPTIMIZATION  line 36 i + 1 == 7
FAIL: gcc.dg/guality/pr89905.c   -O2 -flto -fno-use-linker-plugin -flto-partition=none  -DPREVENT_OPTIMIZATION line 36 i + 1 == 7
FAIL: gcc.dg/guality/pr89905.c   -O3 -fomit-frame-pointer -funroll-loops -fpeel-loops -ftracer -finline-functions  -DPREVENT_OPTIMIZATION  line 36 i + 1 == 7
FAIL: gcc.dg/guality/pr89905.c   -O3 -g  -DPREVENT_OPTIMIZATION  line 36 i + 1 == 7
FAIL: gcc.dg/guality/pr89905.c   -Os  -DPREVENT_OPTIMIZATION  line 36 i + 1 == 7
FAIL: gcc.dg/guality/pr89905.c  -Og -DPREVENT_OPTIMIZATION  line 36 i + 1 == 7
FAIL: compiler driver --help=params --help=optimizers option(s): "maximum number of" present in output
UNRESOLVED: gcc.target/aarch64/advsimd-intrinsics/vld1x2.c   -O0  compilation failed to produce executable
UNRESOLVED: gcc.target/aarch64/advsimd-intrinsics/vld1x2.c   -O1  compilation failed to produce executable
UNRESOLVED: gcc.target/aarch64/advsimd-intrinsics/vld1x2.c   -O2  compilation failed to produce executable
UNRESOLVED: gcc.target/aarch64/advsimd-intrinsics/vld1x2.c   -O2 -flto -fno-use-linker-plugin -flto-partition=none  compilation failed to produce executable
UNRESOLVED: gcc.target/aarch64/advsimd-intrinsics/vld1x2.c   -O2 -flto -fuse-linker-plugin -fno-fat-lto-objects  compilation failed to produce executable
UNRESOLVED: gcc.target/aarch64/advsimd-intrinsics/vld1x2.c   -O3 -fomit-frame-pointer -funroll-loops -fpeel-loops -ftracer -finline-functions  compilation failed to produce executable
UNRESOLVED: gcc.target/aarch64/advsimd-intrinsics/vld1x2.c   -O3 -g  compilation failed to produce executable
UNRESOLVED: gcc.target/aarch64/advsimd-intrinsics/vld1x2.c   -Og -g  compilation failed to produce executable
UNRESOLVED: gcc.target/aarch64/advsimd-intrinsics/vld1x2.c   -Os  compilation failed to produce executable
UNRESOLVED: gcc.target/aarch64/advsimd-intrinsics/vld1x3.c   -O0  compilation failed to produce executable
UNRESOLVED: gcc.target/aarch64/advsimd-intrinsics/vld1x3.c   -O1  compilation failed to produce executable
UNRESOLVED: gcc.target/aarch64/advsimd-intrinsics/vld1x3.c   -O2  compilation failed to produce executable
UNRESOLVED: gcc.target/aarch64/advsimd-intrinsics/vld1x3.c   -O2 -flto -fno-use-linker-plugin -flto-partition=none  compilation failed to produce executable
UNRESOLVED: gcc.target/aarch64/advsimd-intrinsics/vld1x3.c   -O2 -flto -fuse-linker-plugin -fno-fat-lto-objects  compilation failed to produce executable
UNRESOLVED: gcc.target/aarch64/advsimd-intrinsics/vld1x3.c   -O3 -fomit-frame-pointer -funroll-loops -fpeel-loops -ftracer -finline-functions  compilation failed to produce executable
UNRESOLVED: gcc.target/aarch64/advsimd-intrinsics/vld1x3.c   -O3 -g  compilation failed to produce executable
UNRESOLVED: gcc.target/aarch64/advsimd-intrinsics/vld1x3.c   -Og -g  compilation failed to produce executable
UNRESOLVED: gcc.target/aarch64/advsimd-intrinsics/vld1x3.c   -Os  compilation failed to produce executable
UNRESOLVED: gcc.target/aarch64/advsimd-intrinsics/vst1x2.c   -O0  compilation failed to produce executable
UNRESOLVED: gcc.target/aarch64/advsimd-intrinsics/vst1x2.c   -O1  compilation failed to produce executable
UNRESOLVED: gcc.target/aarch64/advsimd-intrinsics/vst1x2.c   -O2  compilation failed to produce executable
UNRESOLVED: gcc.target/aarch64/advsimd-intrinsics/vst1x2.c   -O2 -flto -fno-use-linker-plugin -flto-partition=none  compilation failed to produce executable
UNRESOLVED: gcc.target/aarch64/advsimd-intrinsics/vst1x2.c   -O2 -flto -fuse-linker-plugin -fno-fat-lto-objects  compilation failed to produce executable
UNRESOLVED: gcc.target/aarch64/advsimd-intrinsics/vst1x2.c   -O3 -fomit-frame-pointer -funroll-loops -fpeel-loops -ftracer -finline-functions  compilation failed to produce executable
UNRESOLVED: gcc.target/aarch64/advsimd-intrinsics/vst1x2.c   -O3 -g  compilation failed to produce executable
UNRESOLVED: gcc.target/aarch64/advsimd-intrinsics/vst1x2.c   -Og -g  compilation failed to produce executable
UNRESOLVED: gcc.target/aarch64/advsimd-intrinsics/vst1x2.c   -Os  compilation failed to produce executable
UNRESOLVED: gcc.target/aarch64/advsimd-intrinsics/vst1x3.c   -O0  compilation failed to produce executable
UNRESOLVED: gcc.target/aarch64/advsimd-intrinsics/vst1x3.c   -O1  compilation failed to produce executable
UNRESOLVED: gcc.target/aarch64/advsimd-intrinsics/vst1x3.c   -O2  compilation failed to produce executable
UNRESOLVED: gcc.target/aarch64/advsimd-intrinsics/vst1x3.c   -O2 -flto -fno-use-linker-plugin -flto-partition=none  compilation failed to produce executable
UNRESOLVED: gcc.target/aarch64/advsimd-intrinsics/vst1x3.c   -O2 -flto -fuse-linker-plugin -fno-fat-lto-objects  compilation failed to produce executable
UNRESOLVED: gcc.target/aarch64/advsimd-intrinsics/vst1x3.c   -O3 -fomit-frame-pointer -funroll-loops -fpeel-loops -ftracer -finline-functions  compilation failed to produce executable
UNRESOLVED: gcc.target/aarch64/advsimd-intrinsics/vst1x3.c   -O3 -g  compilation failed to produce executable
UNRESOLVED: gcc.target/aarch64/advsimd-intrinsics/vst1x3.c   -Og -g  compilation failed to produce executable
UNRESOLVED: gcc.target/aarch64/advsimd-intrinsics/vst1x3.c   -Os  compilation failed to produce executable
FAIL: gcc.target/arm/addr-modes-float.c scan-assembler vst3.8\\t{d[02468], d[02468], d[02468]}, \\\\[r[0-9]+\\\\]!
FAIL: gcc.target/arm/polytypes.c  (test for warnings, line 31)
FAIL: gcc.target/arm/pr43920-2.c scan-assembler-times pop 2
FAIL: gcc.target/arm/pr51968.c (test for excess errors)

		=== gcc Summary ===

# of expected passes		126471
# of unexpected failures	97
# of unexpected successes	18
# of expected failures		559
# of unresolved testcases	36
# of unsupported tests		7131
/home/tcwg-buildslave/workspace/tcwg-buildfarm_0/_build/builds/armv8l-unknown-linux-gnueabihf/armv8l-unknown-linux-gnueabihf/gcc.git~master_rev_397d8d9b79640bca3e35963e85efb4d67b95a3c4-stage2/gcc/xgcc  version 10.0.0 20190515 (experimental) [master revision 271271] (GCC) 

		=== gfortran tests ===


Running target tcwg-local
FAIL: gfortran.dg/class_61.f90   -O  (internal compiler error)
FAIL: gfortran.dg/class_61.f90   -O  (test for excess errors)
FAIL: gfortran.dg/elemental_subroutine_3.f90   -O1  (test for excess errors)
FAIL: gfortran.dg/elemental_subroutine_3.f90   -O2  (test for excess errors)
FAIL: gfortran.dg/elemental_subroutine_3.f90   -O3 -fomit-frame-pointer -funroll-loops -fpeel-loops -ftracer -finline-functions  (test for excess errors)
FAIL: gfortran.dg/elemental_subroutine_3.f90   -O3 -g  (test for excess errors)
FAIL: gfortran.dg/elemental_subroutine_3.f90   -Os  (test for excess errors)
FAIL: gfortran.dg/ieee/ieee_6.f90   -O0  execution test
FAIL: gfortran.dg/ieee/ieee_6.f90   -O1  execution test
FAIL: gfortran.dg/ieee/ieee_6.f90   -O2  execution test
FAIL: gfortran.dg/ieee/ieee_6.f90   -O3 -fomit-frame-pointer -funroll-loops -fpeel-loops -ftracer -finline-functions  execution test
FAIL: gfortran.dg/ieee/ieee_6.f90   -O3 -g  execution test
FAIL: gfortran.dg/ieee/ieee_6.f90   -Os  execution test
XPASS: gfortran.dg/ieee/ieee_8.f90   -O0  execution test
XPASS: gfortran.dg/ieee/ieee_8.f90   -O1  execution test
XPASS: gfortran.dg/ieee/ieee_8.f90   -O2  execution test
XPASS: gfortran.dg/ieee/ieee_8.f90   -O3 -fomit-frame-pointer -funroll-loops -fpeel-loops -ftracer -finline-functions  execution test
XPASS: gfortran.dg/ieee/ieee_8.f90   -O3 -g  execution test
XPASS: gfortran.dg/ieee/ieee_8.f90   -Os  execution test
FAIL: gfortran.dg/ieee/ieee_9.f90   -O0  (test for excess errors)
UNRESOLVED: gfortran.dg/ieee/ieee_9.f90   -O0  compilation failed to produce executable
FAIL: gfortran.dg/ieee/ieee_9.f90   -O1  (test for excess errors)
UNRESOLVED: gfortran.dg/ieee/ieee_9.f90   -O1  compilation failed to produce executable
FAIL: gfortran.dg/ieee/ieee_9.f90   -O2  (test for excess errors)
UNRESOLVED: gfortran.dg/ieee/ieee_9.f90   -O2  compilation failed to produce executable
FAIL: gfortran.dg/ieee/ieee_9.f90   -O3 -fomit-frame-pointer -funroll-loops -fpeel-loops -ftracer -finline-functions  (test for excess errors)
UNRESOLVED: gfortran.dg/ieee/ieee_9.f90   -O3 -fomit-frame-pointer -funroll-loops -fpeel-loops -ftracer -finline-functions  compilation failed to produce executable
FAIL: gfortran.dg/ieee/ieee_9.f90   -O3 -g  (test for excess errors)
UNRESOLVED: gfortran.dg/ieee/ieee_9.f90   -O3 -g  compilation failed to produce executable
FAIL: gfortran.dg/ieee/ieee_9.f90   -Os  (test for excess errors)
UNRESOLVED: gfortran.dg/ieee/ieee_9.f90   -Os  compilation failed to produce executable

		=== gfortran Summary ===

# of expected passes		48898
# of unexpected failures	19
# of unexpected successes	6
# of expected failures		178
# of unresolved testcases	6
# of unsupported tests		397
/home/tcwg-buildslave/workspace/tcwg-buildfarm_0/_build/builds/armv8l-unknown-linux-gnueabihf/armv8l-unknown-linux-gnueabihf/gcc.git~master_rev_397d8d9b79640bca3e35963e85efb4d67b95a3c4-stage2/gcc/gfortran  version 10.0.0 20190515 (experimental) [master revision 271271] (GCC) 

		=== g++ tests ===


Running target tcwg-local
FAIL: c-c++-common/asan/pr70541.c   -O0  output pattern test
FAIL: c-c++-common/asan/sanity-check-pure-c-1.c   -O0  output pattern test
FAIL: c-c++-common/asan/sanity-check-pure-c-1.c   -O1  output pattern test
FAIL: c-c++-common/asan/sanity-check-pure-c-1.c   -O2  output pattern test
FAIL: c-c++-common/asan/sanity-check-pure-c-1.c   -O2 -flto -fno-use-linker-plugin -flto-partition=none  output pattern test
FAIL: c-c++-common/asan/sanity-check-pure-c-1.c   -O2 -flto -fuse-linker-plugin -fno-fat-lto-objects  output pattern test
FAIL: c-c++-common/asan/sanity-check-pure-c-1.c   -O3 -g  output pattern test
FAIL: c-c++-common/asan/sanity-check-pure-c-1.c   -Os  output pattern test
FAIL: c-c++-common/asan/use-after-free-1.c   -O0  output pattern test
FAIL: c-c++-common/asan/use-after-free-1.c   -O1  output pattern test
FAIL: c-c++-common/asan/use-after-free-1.c   -O2  output pattern test
FAIL: c-c++-common/asan/use-after-free-1.c   -O2 -flto -fno-use-linker-plugin -flto-partition=none  output pattern test
FAIL: c-c++-common/asan/use-after-free-1.c   -O2 -flto -fuse-linker-plugin -fno-fat-lto-objects  output pattern test
FAIL: c-c++-common/asan/use-after-free-1.c   -O3 -g  output pattern test
FAIL: c-c++-common/asan/use-after-free-1.c   -Os  output pattern test
FAIL: g++.dg/asan/deep-stack-uaf-1.C   -O0  output pattern test
FAIL: g++.dg/asan/deep-stack-uaf-1.C   -O1  output pattern test
FAIL: g++.dg/asan/deep-stack-uaf-1.C   -O2  output pattern test
FAIL: g++.dg/asan/deep-stack-uaf-1.C   -O3 -g  output pattern test
FAIL: g++.dg/asan/deep-stack-uaf-1.C   -Os  output pattern test
FAIL: g++.dg/guality/pr67192.C   -O0  line 27 cnt == 5
FAIL: g++.dg/guality/pr67192.C   -O0  line 39 cnt == 10
FAIL: g++.dg/guality/pr67192.C   -O0  line 48 cnt == 15
FAIL: g++.dg/guality/pr67192.C   -O0  line 54 cnt == 15
FAIL: g++.dg/guality/pr67192.C   -O0  line 59 cnt == 20
FAIL: g++.dg/guality/pr67192.C   -O1  line 27 cnt == 5
FAIL: g++.dg/guality/pr67192.C   -O1  line 39 cnt == 10
FAIL: g++.dg/guality/pr67192.C   -O1  line 48 cnt == 15
FAIL: g++.dg/guality/pr67192.C   -O1  line 54 cnt == 15
FAIL: g++.dg/guality/pr67192.C   -O1  line 59 cnt == 20
FAIL: g++.dg/guality/pr67192.C   -O2  line 27 cnt == 5
FAIL: g++.dg/guality/pr67192.C   -O2  line 39 cnt == 10
FAIL: g++.dg/guality/pr67192.C   -O2  line 48 cnt == 15
FAIL: g++.dg/guality/pr67192.C   -O2  line 54 cnt == 15
FAIL: g++.dg/guality/pr67192.C   -O2  line 59 cnt == 20
FAIL: g++.dg/guality/pr67192.C   -O2 -flto -fno-use-linker-plugin -flto-partition=none  line 27 cnt == 5
FAIL: g++.dg/guality/pr67192.C   -O2 -flto -fno-use-linker-plugin -flto-partition=none  line 39 cnt == 10
FAIL: g++.dg/guality/pr67192.C   -O2 -flto -fno-use-linker-plugin -flto-partition=none  line 48 cnt == 15
FAIL: g++.dg/guality/pr67192.C   -O2 -flto -fno-use-linker-plugin -flto-partition=none  line 54 cnt == 15
FAIL: g++.dg/guality/pr67192.C   -O2 -flto -fno-use-linker-plugin -flto-partition=none  line 59 cnt == 20
FAIL: g++.dg/guality/pr67192.C   -O2 -flto -fuse-linker-plugin -fno-fat-lto-objects  line 27 cnt == 5
FAIL: g++.dg/guality/pr67192.C   -O2 -flto -fuse-linker-plugin -fno-fat-lto-objects  line 39 cnt == 10
FAIL: g++.dg/guality/pr67192.C   -O2 -flto -fuse-linker-plugin -fno-fat-lto-objects  line 48 cnt == 15
FAIL: g++.dg/guality/pr67192.C   -O2 -flto -fuse-linker-plugin -fno-fat-lto-objects  line 54 cnt == 15
FAIL: g++.dg/guality/pr67192.C   -O2 -flto -fuse-linker-plugin -fno-fat-lto-objects  line 59 cnt == 20
FAIL: g++.dg/guality/pr67192.C   -O3 -fomit-frame-pointer -funroll-loops -fpeel-loops -ftracer -finline-functions  line 27 cnt == 5
FAIL: g++.dg/guality/pr67192.C   -O3 -fomit-frame-pointer -funroll-loops -fpeel-loops -ftracer -finline-functions  line 39 cnt == 10
FAIL: g++.dg/guality/pr67192.C   -O3 -fomit-frame-pointer -funroll-loops -fpeel-loops -ftracer -finline-functions  line 48 cnt == 15
FAIL: g++.dg/guality/pr67192.C   -O3 -fomit-frame-pointer -funroll-loops -fpeel-loops -ftracer -finline-functions  line 54 cnt == 15
FAIL: g++.dg/guality/pr67192.C   -O3 -fomit-frame-pointer -funroll-loops -fpeel-loops -ftracer -finline-functions  line 59 cnt == 20
FAIL: g++.dg/guality/pr67192.C   -O3 -g  line 27 cnt == 5
FAIL: g++.dg/guality/pr67192.C   -O3 -g  line 39 cnt == 10
FAIL: g++.dg/guality/pr67192.C   -O3 -g  line 48 cnt == 15
FAIL: g++.dg/guality/pr67192.C   -O3 -g  line 54 cnt == 15
FAIL: g++.dg/guality/pr67192.C   -O3 -g  line 59 cnt == 20
FAIL: g++.dg/guality/pr67192.C   -Os  line 27 cnt == 5
FAIL: g++.dg/guality/pr67192.C   -Os  line 39 cnt == 10
FAIL: g++.dg/guality/pr67192.C   -Os  line 48 cnt == 15
FAIL: g++.dg/guality/pr67192.C   -Os  line 54 cnt == 15
FAIL: g++.dg/guality/pr67192.C   -Os  line 59 cnt == 20
FAIL: g++.dg/guality/pr67192.C  -Og  line 27 cnt == 5
FAIL: g++.dg/guality/pr67192.C  -Og  line 39 cnt == 10
FAIL: g++.dg/guality/pr67192.C  -Og  line 48 cnt == 15
FAIL: g++.dg/guality/pr67192.C  -Og  line 54 cnt == 15
FAIL: g++.dg/guality/pr67192.C  -Og  line 59 cnt == 20
FAIL: g++.dg/lto/pr65276 cp_lto_pr65276_0.o-cp_lto_pr65276_1.o link, -flto -O0 -std=c++11

		=== g++ Summary ===

# of expected passes		130319
# of unexpected failures	66
# of expected failures		523
# of unsupported tests		6470
/home/tcwg-buildslave/workspace/tcwg-buildfarm_0/_build/builds/armv8l-unknown-linux-gnueabihf/armv8l-unknown-linux-gnueabihf/gcc.git~master_rev_397d8d9b79640bca3e35963e85efb4d67b95a3c4-stage2/gcc/xg++  version 10.0.0 20190515 (experimental) [master revision 271271] (GCC) 

		=== obj-c++ tests ===


Running target tcwg-local

		=== obj-c++ Summary ===

# of expected passes		1466
# of expected failures		2
# of unsupported tests		77
/home/tcwg-buildslave/workspace/tcwg-buildfarm_0/_build/builds/armv8l-unknown-linux-gnueabihf/armv8l-unknown-linux-gnueabihf/gcc.git~master_rev_397d8d9b79640bca3e35963e85efb4d67b95a3c4-stage2/gcc/xg++  version 10.0.0 20190515 (experimental) [master revision 271271] (GCC) 

		=== objc tests ===


Running target tcwg-local

		=== objc Summary ===

# of expected passes		2803
# of unsupported tests		68
/home/tcwg-buildslave/workspace/tcwg-buildfarm_0/_build/builds/armv8l-unknown-linux-gnueabihf/armv8l-unknown-linux-gnueabihf/gcc.git~master_rev_397d8d9b79640bca3e35963e85efb4d67b95a3c4-stage2/gcc/xgcc  version 10.0.0 20190515 (experimental) [master revision 271271] (GCC) 


Compiler version: 10.0.0 20190515 (experimental) [master revision 271271] (GCC) 
Platform: armv8l-unknown-linux-gnueabihf
configure flags: SHELL=/bin/bash --with-mpc=/home/tcwg-buildslave/workspace/tcwg-buildfarm_0/_build/builds/destdir/armv8l-unknown-linux-gnueabihf --with-mpfr=/home/tcwg-buildslave/workspace/tcwg-buildfarm_0/_build/builds/destdir/armv8l-unknown-linux-gnueabihf --with-gmp=/home/tcwg-buildslave/workspace/tcwg-buildfarm_0/_build/builds/destdir/armv8l-unknown-linux-gnueabihf --with-gnu-as --with-gnu-ld --disable-libmudflap --enable-lto --enable-shared --without-included-gettext --enable-nls --with-system-zlib --disable-sjlj-exceptions --enable-gnu-unique-object --enable-linker-build-id --disable-libstdcxx-pch --enable-c99 --enable-clocale=gnu --enable-libstdcxx-debug --enable-long-long --with-cloog=no --with-ppl=no --with-isl=no --disable-multilib --with-float=hard --with-fpu=neon-fp-armv8 --with-mode=thumb --with-arch=armv8-a --enable-threads=posix --enable-multiarch --enable-libstdcxx-time=yes --enable-gnu-indirect-function --enable-checking=yes --enable-bootstrap --enable-languages=c,c
 ++,fortran,lto,objc,obj-c++ --build=armv8l-unknown-linux-gnueabihf --host=armv8l-unknown-linux-gnueabihf --target=armv8l-unknown-linux-gnueabihf --prefix=/home/tcwg-buildslave/workspace/tcwg-buildfarm_0/_build/builds/destdir/armv8l-unknown-linux-gnueabihf


Index Nav: [Date Index] [Subject Index] [Author Index] [Thread Index]
Message Nav: [Date Prev] [Date Next] [Thread Prev] [Thread Next]