This is the mail archive of the gcc-testresults@gcc.gnu.org mailing list for the GCC project.


Index Nav: [Date Index] [Subject Index] [Author Index] [Thread Index]
Message Nav: [Date Prev] [Date Next] [Thread Prev] [Thread Next]
Other format: [Raw text]

Results for 9.1.0 (Debian 9.1.0-2) testsuite on s390x-ibm-linux-gnu


LAST_UPDATED: Tue May 14 11:26:44 UTC 2019 (revision 271161)

		=== acats tests ===

		=== acats Summary ===
# of expected passes		2320
# of unexpected failures	0
Native configuration is s390x-ibm-linux-gnu

		=== g++ tests ===


Running target unix
FAIL: c-c++-common/asan/global-overflow-1.c   -O2  output pattern test
FAIL: c-c++-common/asan/global-overflow-1.c   -O2 -flto -fno-use-linker-plugin -flto-partition=none  output pattern test
FAIL: c-c++-common/asan/global-overflow-1.c   -O2 -flto -fuse-linker-plugin -fno-fat-lto-objects  output pattern test
FAIL: c-c++-common/asan/global-overflow-1.c   -O3 -g  output pattern test
FAIL: c-c++-common/asan/global-overflow-1.c   -Os  output pattern test
FAIL: g++.dg/asan/function-argument-3.C   -O0  execution test
FAIL: g++.dg/asan/function-argument-3.C   -O1  output pattern test
FAIL: g++.dg/asan/function-argument-3.C   -O2  output pattern test
FAIL: g++.dg/asan/function-argument-3.C   -O2 -flto -fno-use-linker-plugin -flto-partition=none  output pattern test
FAIL: g++.dg/asan/function-argument-3.C   -O2 -flto -fuse-linker-plugin -fno-fat-lto-objects  output pattern test
FAIL: g++.dg/asan/function-argument-3.C   -O3 -g  output pattern test
FAIL: g++.dg/asan/function-argument-3.C   -Os  output pattern test
FAIL: g++.dg/asan/large-func-test-1.C   -O2  output pattern test
FAIL: g++.dg/asan/large-func-test-1.C   -O2 -flto -fno-use-linker-plugin -flto-partition=none  output pattern test
FAIL: g++.dg/asan/large-func-test-1.C   -O2 -flto -fuse-linker-plugin -fno-fat-lto-objects  output pattern test
FAIL: g++.dg/asan/large-func-test-1.C   -O3 -g  output pattern test
FAIL: g++.dg/asan/large-func-test-1.C   -Os  output pattern test
FAIL: c-c++-common/Wattributes.c  -std=gnu++14  (test for errors, line 404)
FAIL: c-c++-common/Wattributes.c  -std=gnu++17  (test for errors, line 404)
FAIL: c-c++-common/Wattributes.c  -std=gnu++98  (test for errors, line 404)
FAIL: g++.dg/gomp/tls-5.C  -std=c++14  scan-assembler-not \\\\.data
FAIL: g++.dg/gomp/tls-5.C  -std=c++17  scan-assembler-not \\\\.data
FAIL: g++.dg/guality/pr55665.C   -O2  line 23 p == 40
FAIL: g++.dg/guality/pr55665.C   -O2 -flto -fno-use-linker-plugin -flto-partition=none  line 23 p == 40
FAIL: g++.dg/guality/pr55665.C   -O3 -g  line 23 p == 40
FAIL: g++.dg/tls/thread_local7.C  -std=c++14  scan-assembler-not \\\\.data
FAIL: g++.dg/tls/thread_local7.C  -std=c++17  scan-assembler-not \\\\.data
FAIL: g++.dg/tls/thread_local7g.C  -std=c++14  scan-assembler-not \\\\.data
FAIL: g++.dg/tls/thread_local7g.C  -std=c++17  scan-assembler-not \\\\.data

		=== g++ Summary for unix ===

# of expected passes		132669
# of unexpected failures	29
# of expected failures		524
# of unsupported tests		6416

Running target unix/-fstack-protector
FAIL: c-c++-common/asan/global-overflow-1.c   -O2  output pattern test
FAIL: c-c++-common/asan/global-overflow-1.c   -O2 -flto -fno-use-linker-plugin -flto-partition=none  output pattern test
FAIL: c-c++-common/asan/global-overflow-1.c   -O2 -flto -fuse-linker-plugin -fno-fat-lto-objects  output pattern test
FAIL: c-c++-common/asan/global-overflow-1.c   -O3 -g  output pattern test
FAIL: c-c++-common/asan/global-overflow-1.c   -Os  output pattern test
FAIL: g++.dg/asan/function-argument-3.C   -O0  execution test
FAIL: g++.dg/asan/function-argument-3.C   -O1  output pattern test
FAIL: g++.dg/asan/function-argument-3.C   -O2  output pattern test
FAIL: g++.dg/asan/function-argument-3.C   -O2 -flto -fno-use-linker-plugin -flto-partition=none  output pattern test
FAIL: g++.dg/asan/function-argument-3.C   -O2 -flto -fuse-linker-plugin -fno-fat-lto-objects  output pattern test
FAIL: g++.dg/asan/function-argument-3.C   -O3 -g  output pattern test
FAIL: g++.dg/asan/function-argument-3.C   -Os  output pattern test
FAIL: g++.dg/asan/large-func-test-1.C   -O2  output pattern test
FAIL: g++.dg/asan/large-func-test-1.C   -O2 -flto -fno-use-linker-plugin -flto-partition=none  output pattern test
FAIL: g++.dg/asan/large-func-test-1.C   -O2 -flto -fuse-linker-plugin -fno-fat-lto-objects  output pattern test
FAIL: g++.dg/asan/large-func-test-1.C   -O3 -g  output pattern test
FAIL: g++.dg/asan/large-func-test-1.C   -Os  output pattern test
FAIL: c-c++-common/Wattributes.c  -std=gnu++14  (test for errors, line 404)
FAIL: c-c++-common/Wattributes.c  -std=gnu++17  (test for errors, line 404)
FAIL: c-c++-common/Wattributes.c  -std=gnu++98  (test for errors, line 404)
FAIL: g++.dg/gomp/tls-5.C  -std=c++14  scan-assembler-not \\\\.data
FAIL: g++.dg/gomp/tls-5.C  -std=c++17  scan-assembler-not \\\\.data
FAIL: g++.dg/guality/pr55665.C   -O2  line 23 p == 40
FAIL: g++.dg/guality/pr55665.C   -O2 -flto -fno-use-linker-plugin -flto-partition=none  line 23 p == 40
FAIL: g++.dg/guality/pr55665.C   -O3 -g  line 23 p == 40
FAIL: g++.dg/tls/thread_local7.C  -std=c++14  scan-assembler-not \\\\.data
FAIL: g++.dg/tls/thread_local7.C  -std=c++17  scan-assembler-not \\\\.data
FAIL: g++.dg/tls/thread_local7g.C  -std=c++14  scan-assembler-not \\\\.data
FAIL: g++.dg/tls/thread_local7g.C  -std=c++17  scan-assembler-not \\\\.data

		=== g++ Summary for unix/-fstack-protector ===

# of expected passes		132669
# of unexpected failures	29
# of expected failures		524
# of unsupported tests		6416

		=== g++ Summary ===

# of expected passes		265338
# of unexpected failures	58
# of expected failures		1048
# of unsupported tests		12832
/build/gcc-9-uNyRDY/gcc-9-9.1.0/build/gcc/xg++  version 9.1.0 (Debian 9.1.0-2) 

		=== gcc tests ===


Running target unix
FAIL: gcc.c-torture/compile/pr90139.c   -O1  (internal compiler error)
FAIL: gcc.c-torture/compile/pr90139.c   -O1  (test for excess errors)
FAIL: c-c++-common/asan/global-overflow-1.c   -O2  output pattern test
FAIL: c-c++-common/asan/global-overflow-1.c   -O2 -flto -fno-use-linker-plugin -flto-partition=none  output pattern test
FAIL: c-c++-common/asan/global-overflow-1.c   -O2 -flto -fuse-linker-plugin -fno-fat-lto-objects  output pattern test
FAIL: c-c++-common/asan/global-overflow-1.c   -O3 -g  output pattern test
FAIL: c-c++-common/asan/global-overflow-1.c   -Os  output pattern test
FAIL: c-c++-common/Wattributes.c  -Wc++-compat   (test for errors, line 404)
FAIL: gcc.dg/Wattributes-6.c  (test for errors, line 404)
FAIL: gcc.dg/builtin-bswap-7.c scan-rtl-dump-not combine "bswapdi"
FAIL: gcc.dg/loop-9.c scan-rtl-dump loop2_invariant "Decided"
FAIL: gcc.dg/loop-9.c scan-rtl-dump loop2_invariant "without introducing a new temporary register"
FAIL: gcc.dg/pr84877.c execution test
FAIL: gcc.dg/goacc/acc_on_device-1.c scan-rtl-dump-times expand "\\\\(call [^\\\\n]* acc_on_device" 4
XPASS: gcc.dg/graphite/pr69728.c scan-tree-dump graphite "loop nest optimized"
XPASS: gcc.dg/guality/example.c   -O0  execution test
XPASS: gcc.dg/guality/guality.c   -O0  execution test
XPASS: gcc.dg/guality/guality.c   -O1  -DPREVENT_OPTIMIZATION  execution test
XPASS: gcc.dg/guality/guality.c   -O2 -flto -fuse-linker-plugin -fno-fat-lto-objects  -DPREVENT_OPTIMIZATION execution test
XPASS: gcc.dg/guality/guality.c   -Os  -DPREVENT_OPTIMIZATION  execution test
XPASS: gcc.dg/guality/guality.c  -Og -DPREVENT_OPTIMIZATION  execution test
XPASS: gcc.dg/guality/inline-params.c   -O2  -DPREVENT_OPTIMIZATION  execution test
XPASS: gcc.dg/guality/inline-params.c   -O2 -flto -fno-use-linker-plugin -flto-partition=none  -DPREVENT_OPTIMIZATION execution test
XPASS: gcc.dg/guality/inline-params.c   -O2 -flto -fuse-linker-plugin -fno-fat-lto-objects  -DPREVENT_OPTIMIZATION execution test
XPASS: gcc.dg/guality/inline-params.c   -O3 -g  -DPREVENT_OPTIMIZATION  execution test
XPASS: gcc.dg/guality/inline-params.c   -Os  -DPREVENT_OPTIMIZATION  execution test
FAIL: gcc.dg/guality/loop-1.c   -O3 -fomit-frame-pointer -funroll-loops -fpeel-loops -ftracer -finline-functions  -DPREVENT_OPTIMIZATION  line 20 i == 1
FAIL: gcc.dg/guality/pr36728-1.c   -O2  -DPREVENT_OPTIMIZATION  line 16 arg3 == 3
FAIL: gcc.dg/guality/pr36728-1.c   -O2  -DPREVENT_OPTIMIZATION  line 18 arg3 == 3
FAIL: gcc.dg/guality/pr36728-1.c   -O2 -flto -fno-use-linker-plugin -flto-partition=none  -DPREVENT_OPTIMIZATION line 16 arg3 == 3
FAIL: gcc.dg/guality/pr36728-1.c   -O2 -flto -fno-use-linker-plugin -flto-partition=none  -DPREVENT_OPTIMIZATION line 18 arg3 == 3
FAIL: gcc.dg/guality/pr36728-1.c   -O2 -flto -fuse-linker-plugin -fno-fat-lto-objects  -DPREVENT_OPTIMIZATION line 16 arg3 == 3
FAIL: gcc.dg/guality/pr36728-1.c   -O2 -flto -fuse-linker-plugin -fno-fat-lto-objects  -DPREVENT_OPTIMIZATION line 16 arg4 == 4
FAIL: gcc.dg/guality/pr36728-1.c   -O2 -flto -fuse-linker-plugin -fno-fat-lto-objects  -DPREVENT_OPTIMIZATION line 16 arg5 == 5
FAIL: gcc.dg/guality/pr36728-1.c   -O2 -flto -fuse-linker-plugin -fno-fat-lto-objects  -DPREVENT_OPTIMIZATION line 16 arg6 == 6
FAIL: gcc.dg/guality/pr36728-1.c   -O2 -flto -fuse-linker-plugin -fno-fat-lto-objects  -DPREVENT_OPTIMIZATION line 16 arg7 == 30
FAIL: gcc.dg/guality/pr36728-1.c   -O2 -flto -fuse-linker-plugin -fno-fat-lto-objects  -DPREVENT_OPTIMIZATION line 18 arg3 == 3
FAIL: gcc.dg/guality/pr36728-1.c   -O2 -flto -fuse-linker-plugin -fno-fat-lto-objects  -DPREVENT_OPTIMIZATION line 18 arg4 == 4
FAIL: gcc.dg/guality/pr36728-1.c   -O2 -flto -fuse-linker-plugin -fno-fat-lto-objects  -DPREVENT_OPTIMIZATION line 18 arg5 == 5
FAIL: gcc.dg/guality/pr36728-1.c   -O2 -flto -fuse-linker-plugin -fno-fat-lto-objects  -DPREVENT_OPTIMIZATION line 18 arg6 == 6
FAIL: gcc.dg/guality/pr36728-1.c   -O2 -flto -fuse-linker-plugin -fno-fat-lto-objects  -DPREVENT_OPTIMIZATION line 18 arg7 == 30
FAIL: gcc.dg/guality/pr36728-1.c   -O3 -g  -DPREVENT_OPTIMIZATION  line 16 arg3 == 3
FAIL: gcc.dg/guality/pr36728-1.c   -O3 -g  -DPREVENT_OPTIMIZATION  line 16 arg4 == 4
FAIL: gcc.dg/guality/pr36728-1.c   -O3 -g  -DPREVENT_OPTIMIZATION  line 16 arg5 == 5
FAIL: gcc.dg/guality/pr36728-1.c   -O3 -g  -DPREVENT_OPTIMIZATION  line 16 arg6 == 6
FAIL: gcc.dg/guality/pr36728-1.c   -O3 -g  -DPREVENT_OPTIMIZATION  line 16 arg7 == 30
FAIL: gcc.dg/guality/pr36728-1.c   -O3 -g  -DPREVENT_OPTIMIZATION  line 18 arg3 == 3
FAIL: gcc.dg/guality/pr36728-1.c   -O3 -g  -DPREVENT_OPTIMIZATION  line 18 arg4 == 4
FAIL: gcc.dg/guality/pr36728-1.c   -O3 -g  -DPREVENT_OPTIMIZATION  line 18 arg5 == 5
FAIL: gcc.dg/guality/pr36728-1.c   -O3 -g  -DPREVENT_OPTIMIZATION  line 18 arg6 == 6
FAIL: gcc.dg/guality/pr36728-1.c   -O3 -g  -DPREVENT_OPTIMIZATION  line 18 arg7 == 30
FAIL: gcc.dg/guality/pr36728-1.c   -Os  -DPREVENT_OPTIMIZATION  line 18 arg3 == 3
FAIL: gcc.dg/guality/pr36728-2.c   -O2 -flto -fuse-linker-plugin -fno-fat-lto-objects  -DPREVENT_OPTIMIZATION line 16 arg3 == 3
FAIL: gcc.dg/guality/pr36728-2.c   -O2 -flto -fuse-linker-plugin -fno-fat-lto-objects  -DPREVENT_OPTIMIZATION line 16 arg4 == 4
FAIL: gcc.dg/guality/pr36728-2.c   -O2 -flto -fuse-linker-plugin -fno-fat-lto-objects  -DPREVENT_OPTIMIZATION line 16 arg5 == 5
FAIL: gcc.dg/guality/pr36728-2.c   -O2 -flto -fuse-linker-plugin -fno-fat-lto-objects  -DPREVENT_OPTIMIZATION line 16 arg6 == 6
FAIL: gcc.dg/guality/pr36728-2.c   -O2 -flto -fuse-linker-plugin -fno-fat-lto-objects  -DPREVENT_OPTIMIZATION line 16 arg7 == 30
FAIL: gcc.dg/guality/pr36728-2.c   -O2 -flto -fuse-linker-plugin -fno-fat-lto-objects  -DPREVENT_OPTIMIZATION line 16 y == 2
FAIL: gcc.dg/guality/pr36728-2.c   -O2 -flto -fuse-linker-plugin -fno-fat-lto-objects  -DPREVENT_OPTIMIZATION line 18 arg3 == 3
FAIL: gcc.dg/guality/pr36728-2.c   -O2 -flto -fuse-linker-plugin -fno-fat-lto-objects  -DPREVENT_OPTIMIZATION line 18 arg4 == 4
FAIL: gcc.dg/guality/pr36728-2.c   -O2 -flto -fuse-linker-plugin -fno-fat-lto-objects  -DPREVENT_OPTIMIZATION line 18 arg5 == 5
FAIL: gcc.dg/guality/pr36728-2.c   -O2 -flto -fuse-linker-plugin -fno-fat-lto-objects  -DPREVENT_OPTIMIZATION line 18 arg6 == 6
FAIL: gcc.dg/guality/pr36728-2.c   -O2 -flto -fuse-linker-plugin -fno-fat-lto-objects  -DPREVENT_OPTIMIZATION line 18 arg7 == 30
FAIL: gcc.dg/guality/pr36728-2.c   -O3 -g  -DPREVENT_OPTIMIZATION  line 16 arg3 == 3
FAIL: gcc.dg/guality/pr36728-2.c   -O3 -g  -DPREVENT_OPTIMIZATION  line 16 arg4 == 4
FAIL: gcc.dg/guality/pr36728-2.c   -O3 -g  -DPREVENT_OPTIMIZATION  line 16 arg5 == 5
FAIL: gcc.dg/guality/pr36728-2.c   -O3 -g  -DPREVENT_OPTIMIZATION  line 16 arg6 == 6
FAIL: gcc.dg/guality/pr36728-2.c   -O3 -g  -DPREVENT_OPTIMIZATION  line 16 arg7 == 30
FAIL: gcc.dg/guality/pr36728-2.c   -O3 -g  -DPREVENT_OPTIMIZATION  line 18 arg3 == 3
FAIL: gcc.dg/guality/pr36728-2.c   -O3 -g  -DPREVENT_OPTIMIZATION  line 18 arg4 == 4
FAIL: gcc.dg/guality/pr36728-2.c   -O3 -g  -DPREVENT_OPTIMIZATION  line 18 arg5 == 5
FAIL: gcc.dg/guality/pr36728-2.c   -O3 -g  -DPREVENT_OPTIMIZATION  line 18 arg6 == 6
FAIL: gcc.dg/guality/pr36728-2.c   -O3 -g  -DPREVENT_OPTIMIZATION  line 18 arg7 == 30
FAIL: gcc.dg/guality/pr36728-3.c   -O2  -DPREVENT_OPTIMIZATION  line 14 y == 2
FAIL: gcc.dg/guality/pr36728-3.c   -O2 -flto -fno-use-linker-plugin -flto-partition=none  -DPREVENT_OPTIMIZATION line 14 y == 2
FAIL: gcc.dg/guality/pr36728-3.c   -O2 -flto -fuse-linker-plugin -fno-fat-lto-objects  -DPREVENT_OPTIMIZATION line 14 arg3 == 3
FAIL: gcc.dg/guality/pr36728-3.c   -O2 -flto -fuse-linker-plugin -fno-fat-lto-objects  -DPREVENT_OPTIMIZATION line 14 arg4 == 4
FAIL: gcc.dg/guality/pr36728-3.c   -O2 -flto -fuse-linker-plugin -fno-fat-lto-objects  -DPREVENT_OPTIMIZATION line 14 arg5 == 5
FAIL: gcc.dg/guality/pr36728-3.c   -O2 -flto -fuse-linker-plugin -fno-fat-lto-objects  -DPREVENT_OPTIMIZATION line 14 arg6 == 6
FAIL: gcc.dg/guality/pr36728-3.c   -O2 -flto -fuse-linker-plugin -fno-fat-lto-objects  -DPREVENT_OPTIMIZATION line 14 arg7 == 30
FAIL: gcc.dg/guality/pr36728-3.c   -O2 -flto -fuse-linker-plugin -fno-fat-lto-objects  -DPREVENT_OPTIMIZATION line 16 arg3 == 3
FAIL: gcc.dg/guality/pr36728-3.c   -O2 -flto -fuse-linker-plugin -fno-fat-lto-objects  -DPREVENT_OPTIMIZATION line 16 arg4 == 4
FAIL: gcc.dg/guality/pr36728-3.c   -O2 -flto -fuse-linker-plugin -fno-fat-lto-objects  -DPREVENT_OPTIMIZATION line 16 arg5 == 5
FAIL: gcc.dg/guality/pr36728-3.c   -O2 -flto -fuse-linker-plugin -fno-fat-lto-objects  -DPREVENT_OPTIMIZATION line 16 arg6 == 6
FAIL: gcc.dg/guality/pr36728-3.c   -O2 -flto -fuse-linker-plugin -fno-fat-lto-objects  -DPREVENT_OPTIMIZATION line 16 arg7 == 30
FAIL: gcc.dg/guality/pr36728-3.c   -O3 -g  -DPREVENT_OPTIMIZATION  line 14 arg3 == 3
FAIL: gcc.dg/guality/pr36728-3.c   -O3 -g  -DPREVENT_OPTIMIZATION  line 14 arg4 == 4
FAIL: gcc.dg/guality/pr36728-3.c   -O3 -g  -DPREVENT_OPTIMIZATION  line 14 arg5 == 5
FAIL: gcc.dg/guality/pr36728-3.c   -O3 -g  -DPREVENT_OPTIMIZATION  line 14 arg6 == 6
FAIL: gcc.dg/guality/pr36728-3.c   -O3 -g  -DPREVENT_OPTIMIZATION  line 14 arg7 == 30
FAIL: gcc.dg/guality/pr36728-3.c   -O3 -g  -DPREVENT_OPTIMIZATION  line 14 y == 2
FAIL: gcc.dg/guality/pr36728-3.c   -O3 -g  -DPREVENT_OPTIMIZATION  line 16 arg3 == 3
FAIL: gcc.dg/guality/pr36728-3.c   -O3 -g  -DPREVENT_OPTIMIZATION  line 16 arg4 == 4
FAIL: gcc.dg/guality/pr36728-3.c   -O3 -g  -DPREVENT_OPTIMIZATION  line 16 arg5 == 5
FAIL: gcc.dg/guality/pr36728-3.c   -O3 -g  -DPREVENT_OPTIMIZATION  line 16 arg6 == 6
FAIL: gcc.dg/guality/pr36728-3.c   -O3 -g  -DPREVENT_OPTIMIZATION  line 16 arg7 == 30
FAIL: gcc.dg/guality/pr36728-4.c   -O2 -flto -fuse-linker-plugin -fno-fat-lto-objects  -DPREVENT_OPTIMIZATION line 14 arg3 == 3
FAIL: gcc.dg/guality/pr36728-4.c   -O2 -flto -fuse-linker-plugin -fno-fat-lto-objects  -DPREVENT_OPTIMIZATION line 14 arg4 == 4
FAIL: gcc.dg/guality/pr36728-4.c   -O2 -flto -fuse-linker-plugin -fno-fat-lto-objects  -DPREVENT_OPTIMIZATION line 14 arg5 == 5
FAIL: gcc.dg/guality/pr36728-4.c   -O2 -flto -fuse-linker-plugin -fno-fat-lto-objects  -DPREVENT_OPTIMIZATION line 14 arg6 == 6
FAIL: gcc.dg/guality/pr36728-4.c   -O2 -flto -fuse-linker-plugin -fno-fat-lto-objects  -DPREVENT_OPTIMIZATION line 14 arg7 == 30
FAIL: gcc.dg/guality/pr36728-4.c   -O2 -flto -fuse-linker-plugin -fno-fat-lto-objects  -DPREVENT_OPTIMIZATION line 16 arg3 == 3
FAIL: gcc.dg/guality/pr36728-4.c   -O2 -flto -fuse-linker-plugin -fno-fat-lto-objects  -DPREVENT_OPTIMIZATION line 16 arg4 == 4
FAIL: gcc.dg/guality/pr36728-4.c   -O2 -flto -fuse-linker-plugin -fno-fat-lto-objects  -DPREVENT_OPTIMIZATION line 16 arg5 == 5
FAIL: gcc.dg/guality/pr36728-4.c   -O2 -flto -fuse-linker-plugin -fno-fat-lto-objects  -DPREVENT_OPTIMIZATION line 16 arg6 == 6
FAIL: gcc.dg/guality/pr36728-4.c   -O2 -flto -fuse-linker-plugin -fno-fat-lto-objects  -DPREVENT_OPTIMIZATION line 16 arg7 == 30
FAIL: gcc.dg/guality/pr36728-4.c   -O3 -g  -DPREVENT_OPTIMIZATION  line 14 arg3 == 3
FAIL: gcc.dg/guality/pr36728-4.c   -O3 -g  -DPREVENT_OPTIMIZATION  line 14 arg4 == 4
FAIL: gcc.dg/guality/pr36728-4.c   -O3 -g  -DPREVENT_OPTIMIZATION  line 14 arg5 == 5
FAIL: gcc.dg/guality/pr36728-4.c   -O3 -g  -DPREVENT_OPTIMIZATION  line 14 arg6 == 6
FAIL: gcc.dg/guality/pr36728-4.c   -O3 -g  -DPREVENT_OPTIMIZATION  line 14 arg7 == 30
FAIL: gcc.dg/guality/pr36728-4.c   -O3 -g  -DPREVENT_OPTIMIZATION  line 16 arg3 == 3
FAIL: gcc.dg/guality/pr36728-4.c   -O3 -g  -DPREVENT_OPTIMIZATION  line 16 arg4 == 4
FAIL: gcc.dg/guality/pr36728-4.c   -O3 -g  -DPREVENT_OPTIMIZATION  line 16 arg5 == 5
FAIL: gcc.dg/guality/pr36728-4.c   -O3 -g  -DPREVENT_OPTIMIZATION  line 16 arg6 == 6
FAIL: gcc.dg/guality/pr36728-4.c   -O3 -g  -DPREVENT_OPTIMIZATION  line 16 arg7 == 30
XPASS: gcc.dg/guality/pr41353-1.c   -O0  line 28 j == 28 + 37
FAIL: gcc.dg/guality/pr41353-1.c  -Og -DPREVENT_OPTIMIZATION  line 28 i == 37
FAIL: gcc.dg/guality/pr41353-1.c  -Og -DPREVENT_OPTIMIZATION  line 28 i1 == 2 * 37
FAIL: gcc.dg/guality/pr41353-1.c  -Og -DPREVENT_OPTIMIZATION  line 28 i2 == 3 * 37
XPASS: gcc.dg/guality/pr41353-1.c  -Og -DPREVENT_OPTIMIZATION  line 28 j == 28 + 37
FAIL: gcc.dg/guality/pr41616-1.c   -O1  -DPREVENT_OPTIMIZATION  execution test
FAIL: gcc.dg/guality/pr41616-1.c   -Os  -DPREVENT_OPTIMIZATION  execution test
FAIL: gcc.dg/guality/pr43051-1.c   -O1  -DPREVENT_OPTIMIZATION  line 35 v == 1
FAIL: gcc.dg/guality/pr43051-1.c   -O1  -DPREVENT_OPTIMIZATION  line 40 v == 1
FAIL: gcc.dg/guality/pr43051-1.c   -O2  -DPREVENT_OPTIMIZATION  line 35 v == 1
FAIL: gcc.dg/guality/pr43051-1.c   -O2  -DPREVENT_OPTIMIZATION  line 40 v == 1
FAIL: gcc.dg/guality/pr43051-1.c   -O2 -flto -fno-use-linker-plugin -flto-partition=none  -DPREVENT_OPTIMIZATION line 35 v == 1
FAIL: gcc.dg/guality/pr43051-1.c   -O2 -flto -fno-use-linker-plugin -flto-partition=none  -DPREVENT_OPTIMIZATION line 40 v == 1
FAIL: gcc.dg/guality/pr43051-1.c   -O2 -flto -fuse-linker-plugin -fno-fat-lto-objects  -DPREVENT_OPTIMIZATION line 35 v == 1
FAIL: gcc.dg/guality/pr43051-1.c   -O2 -flto -fuse-linker-plugin -fno-fat-lto-objects  -DPREVENT_OPTIMIZATION line 40 v == 1
FAIL: gcc.dg/guality/pr43051-1.c   -O3 -fomit-frame-pointer -funroll-loops -fpeel-loops -ftracer -finline-functions  -DPREVENT_OPTIMIZATION  line 35 v == 1
FAIL: gcc.dg/guality/pr43051-1.c   -O3 -fomit-frame-pointer -funroll-loops -fpeel-loops -ftracer -finline-functions  -DPREVENT_OPTIMIZATION  line 40 v == 1
FAIL: gcc.dg/guality/pr43051-1.c   -O3 -g  -DPREVENT_OPTIMIZATION  line 35 v == 1
FAIL: gcc.dg/guality/pr43051-1.c   -O3 -g  -DPREVENT_OPTIMIZATION  line 40 v == 1
FAIL: gcc.dg/guality/pr43051-1.c   -Os  -DPREVENT_OPTIMIZATION  line 35 v == 1
FAIL: gcc.dg/guality/pr43051-1.c   -Os  -DPREVENT_OPTIMIZATION  line 40 v == 1
FAIL: gcc.dg/guality/pr43051-1.c  -Og -DPREVENT_OPTIMIZATION  line 35 v == 1
FAIL: gcc.dg/guality/pr43051-1.c  -Og -DPREVENT_OPTIMIZATION  line 40 v == 1
FAIL: gcc.dg/guality/pr43077-1.c   -O0  line 42 b == 2
FAIL: gcc.dg/guality/pr43077-1.c   -O0  line 42 c == 3
FAIL: gcc.dg/guality/pr43077-1.c   -O0  line 42 varb == 2
FAIL: gcc.dg/guality/pr43077-1.c   -O0  line 42 varc == 3
FAIL: gcc.dg/guality/pr43077-1.c   -O1  -DPREVENT_OPTIMIZATION  line 42 b == 2
FAIL: gcc.dg/guality/pr43077-1.c   -O1  -DPREVENT_OPTIMIZATION  line 42 c == 3
FAIL: gcc.dg/guality/pr43077-1.c   -O1  -DPREVENT_OPTIMIZATION  line 42 varb == 2
FAIL: gcc.dg/guality/pr43077-1.c   -O1  -DPREVENT_OPTIMIZATION  line 42 varc == 3
FAIL: gcc.dg/guality/pr43077-1.c   -O2  -DPREVENT_OPTIMIZATION  line 42 b == 2
FAIL: gcc.dg/guality/pr43077-1.c   -O2  -DPREVENT_OPTIMIZATION  line 42 c == 3
FAIL: gcc.dg/guality/pr43077-1.c   -O2  -DPREVENT_OPTIMIZATION  line 42 varb == 2
FAIL: gcc.dg/guality/pr43077-1.c   -O2  -DPREVENT_OPTIMIZATION  line 42 varc == 3
FAIL: gcc.dg/guality/pr43077-1.c   -O2 -flto -fno-use-linker-plugin -flto-partition=none  -DPREVENT_OPTIMIZATION line 42 b == 2
FAIL: gcc.dg/guality/pr43077-1.c   -O2 -flto -fno-use-linker-plugin -flto-partition=none  -DPREVENT_OPTIMIZATION line 42 c == 3
FAIL: gcc.dg/guality/pr43077-1.c   -O2 -flto -fno-use-linker-plugin -flto-partition=none  -DPREVENT_OPTIMIZATION line 42 varb == 2
FAIL: gcc.dg/guality/pr43077-1.c   -O2 -flto -fno-use-linker-plugin -flto-partition=none  -DPREVENT_OPTIMIZATION line 42 varc == 3
FAIL: gcc.dg/guality/pr43077-1.c   -O2 -flto -fuse-linker-plugin -fno-fat-lto-objects  -DPREVENT_OPTIMIZATION line 42 b == 2
FAIL: gcc.dg/guality/pr43077-1.c   -O2 -flto -fuse-linker-plugin -fno-fat-lto-objects  -DPREVENT_OPTIMIZATION line 42 c == 3
FAIL: gcc.dg/guality/pr43077-1.c   -O2 -flto -fuse-linker-plugin -fno-fat-lto-objects  -DPREVENT_OPTIMIZATION line 42 varb == 2
FAIL: gcc.dg/guality/pr43077-1.c   -O2 -flto -fuse-linker-plugin -fno-fat-lto-objects  -DPREVENT_OPTIMIZATION line 42 varc == 3
FAIL: gcc.dg/guality/pr43077-1.c   -O3 -g  -DPREVENT_OPTIMIZATION  line 42 b == 2
FAIL: gcc.dg/guality/pr43077-1.c   -O3 -g  -DPREVENT_OPTIMIZATION  line 42 c == 3
FAIL: gcc.dg/guality/pr43077-1.c   -O3 -g  -DPREVENT_OPTIMIZATION  line 42 varb == 2
FAIL: gcc.dg/guality/pr43077-1.c   -O3 -g  -DPREVENT_OPTIMIZATION  line 42 varc == 3
FAIL: gcc.dg/guality/pr43077-1.c   -Os  -DPREVENT_OPTIMIZATION  line 42 b == 2
FAIL: gcc.dg/guality/pr43077-1.c   -Os  -DPREVENT_OPTIMIZATION  line 42 c == 3
FAIL: gcc.dg/guality/pr43077-1.c   -Os  -DPREVENT_OPTIMIZATION  line 42 varb == 2
FAIL: gcc.dg/guality/pr43077-1.c   -Os  -DPREVENT_OPTIMIZATION  line 42 varc == 3
FAIL: gcc.dg/guality/pr43077-1.c  -Og -DPREVENT_OPTIMIZATION  line 42 b == 2
FAIL: gcc.dg/guality/pr43077-1.c  -Og -DPREVENT_OPTIMIZATION  line 42 c == 3
FAIL: gcc.dg/guality/pr43077-1.c  -Og -DPREVENT_OPTIMIZATION  line 42 varb == 2
FAIL: gcc.dg/guality/pr43077-1.c  -Og -DPREVENT_OPTIMIZATION  line 42 varc == 3
FAIL: gcc.dg/guality/pr45882.c   -O1  -DPREVENT_OPTIMIZATION  line 18 b == 7
FAIL: gcc.dg/guality/pr45882.c   -O1  -DPREVENT_OPTIMIZATION  line 18 c == 11
FAIL: gcc.dg/guality/pr45882.c   -O1  -DPREVENT_OPTIMIZATION  line 18 d == 112
FAIL: gcc.dg/guality/pr45882.c   -O1  -DPREVENT_OPTIMIZATION  line 18 e == 142
FAIL: gcc.dg/guality/pr45882.c   -O2  -DPREVENT_OPTIMIZATION  line 18 b == 7
FAIL: gcc.dg/guality/pr45882.c   -O2  -DPREVENT_OPTIMIZATION  line 18 c == 11
FAIL: gcc.dg/guality/pr45882.c   -O2  -DPREVENT_OPTIMIZATION  line 18 d == 112
FAIL: gcc.dg/guality/pr45882.c   -O2  -DPREVENT_OPTIMIZATION  line 18 e == 142
FAIL: gcc.dg/guality/pr45882.c   -O2 -flto -fno-use-linker-plugin -flto-partition=none  -DPREVENT_OPTIMIZATION line 18 b == 7
FAIL: gcc.dg/guality/pr45882.c   -O2 -flto -fno-use-linker-plugin -flto-partition=none  -DPREVENT_OPTIMIZATION line 18 c == 11
FAIL: gcc.dg/guality/pr45882.c   -O2 -flto -fno-use-linker-plugin -flto-partition=none  -DPREVENT_OPTIMIZATION line 18 d == 112
FAIL: gcc.dg/guality/pr45882.c   -O2 -flto -fno-use-linker-plugin -flto-partition=none  -DPREVENT_OPTIMIZATION line 18 e == 142
FAIL: gcc.dg/guality/pr45882.c   -O2 -flto -fuse-linker-plugin -fno-fat-lto-objects  -DPREVENT_OPTIMIZATION line 18 b == 7
FAIL: gcc.dg/guality/pr45882.c   -O2 -flto -fuse-linker-plugin -fno-fat-lto-objects  -DPREVENT_OPTIMIZATION line 18 c == 11
FAIL: gcc.dg/guality/pr45882.c   -O2 -flto -fuse-linker-plugin -fno-fat-lto-objects  -DPREVENT_OPTIMIZATION line 18 d == 112
FAIL: gcc.dg/guality/pr45882.c   -O2 -flto -fuse-linker-plugin -fno-fat-lto-objects  -DPREVENT_OPTIMIZATION line 18 e == 142
FAIL: gcc.dg/guality/pr45882.c   -O3 -g  -DPREVENT_OPTIMIZATION  line 18 b == 7
FAIL: gcc.dg/guality/pr45882.c   -O3 -g  -DPREVENT_OPTIMIZATION  line 18 c == 11
FAIL: gcc.dg/guality/pr45882.c   -O3 -g  -DPREVENT_OPTIMIZATION  line 18 d == 112
FAIL: gcc.dg/guality/pr45882.c   -O3 -g  -DPREVENT_OPTIMIZATION  line 18 e == 142
FAIL: gcc.dg/guality/pr45882.c   -Os  -DPREVENT_OPTIMIZATION  line 18 b == 7
FAIL: gcc.dg/guality/pr45882.c   -Os  -DPREVENT_OPTIMIZATION  line 18 c == 11
FAIL: gcc.dg/guality/pr45882.c   -Os  -DPREVENT_OPTIMIZATION  line 18 d == 112
FAIL: gcc.dg/guality/pr45882.c   -Os  -DPREVENT_OPTIMIZATION  line 18 e == 142
FAIL: gcc.dg/guality/pr45882.c  -Og -DPREVENT_OPTIMIZATION  line 18 b == 7
FAIL: gcc.dg/guality/pr45882.c  -Og -DPREVENT_OPTIMIZATION  line 18 c == 11
FAIL: gcc.dg/guality/pr45882.c  -Og -DPREVENT_OPTIMIZATION  line 18 d == 112
FAIL: gcc.dg/guality/pr45882.c  -Og -DPREVENT_OPTIMIZATION  line 18 e == 142
FAIL: gcc.dg/guality/pr54519-1.c   -O1  -DPREVENT_OPTIMIZATION  line 20 x == 36
FAIL: gcc.dg/guality/pr54519-1.c   -O1  -DPREVENT_OPTIMIZATION  line 20 y == 25
FAIL: gcc.dg/guality/pr54519-1.c   -O1  -DPREVENT_OPTIMIZATION  line 20 z == 6
FAIL: gcc.dg/guality/pr54519-1.c   -O1  -DPREVENT_OPTIMIZATION  line 23 x == 98
FAIL: gcc.dg/guality/pr54519-1.c   -O1  -DPREVENT_OPTIMIZATION  line 23 y == 117
FAIL: gcc.dg/guality/pr54519-1.c   -O1  -DPREVENT_OPTIMIZATION  line 23 z == 8
FAIL: gcc.dg/guality/pr54519-1.c   -O2  -DPREVENT_OPTIMIZATION  line 20 x == 36
FAIL: gcc.dg/guality/pr54519-1.c   -O2  -DPREVENT_OPTIMIZATION  line 20 y == 25
FAIL: gcc.dg/guality/pr54519-1.c   -O2  -DPREVENT_OPTIMIZATION  line 20 z == 6
FAIL: gcc.dg/guality/pr54519-1.c   -O2  -DPREVENT_OPTIMIZATION  line 23 x == 98
FAIL: gcc.dg/guality/pr54519-1.c   -O2  -DPREVENT_OPTIMIZATION  line 23 y == 117
FAIL: gcc.dg/guality/pr54519-1.c   -O2  -DPREVENT_OPTIMIZATION  line 23 z == 8
FAIL: gcc.dg/guality/pr54519-1.c   -O2 -flto -fno-use-linker-plugin -flto-partition=none  -DPREVENT_OPTIMIZATION line 20 x == 36
FAIL: gcc.dg/guality/pr54519-1.c   -O2 -flto -fno-use-linker-plugin -flto-partition=none  -DPREVENT_OPTIMIZATION line 20 y == 25
FAIL: gcc.dg/guality/pr54519-1.c   -O2 -flto -fno-use-linker-plugin -flto-partition=none  -DPREVENT_OPTIMIZATION line 20 z == 6
FAIL: gcc.dg/guality/pr54519-1.c   -O2 -flto -fno-use-linker-plugin -flto-partition=none  -DPREVENT_OPTIMIZATION line 23 x == 98
FAIL: gcc.dg/guality/pr54519-1.c   -O2 -flto -fno-use-linker-plugin -flto-partition=none  -DPREVENT_OPTIMIZATION line 23 y == 117
FAIL: gcc.dg/guality/pr54519-1.c   -O2 -flto -fno-use-linker-plugin -flto-partition=none  -DPREVENT_OPTIMIZATION line 23 z == 8
FAIL: gcc.dg/guality/pr54519-1.c   -O2 -flto -fuse-linker-plugin -fno-fat-lto-objects  -DPREVENT_OPTIMIZATION line 20 y == 25
FAIL: gcc.dg/guality/pr54519-1.c   -O2 -flto -fuse-linker-plugin -fno-fat-lto-objects  -DPREVENT_OPTIMIZATION line 20 z == 6
FAIL: gcc.dg/guality/pr54519-1.c   -O2 -flto -fuse-linker-plugin -fno-fat-lto-objects  -DPREVENT_OPTIMIZATION line 23 y == 117
FAIL: gcc.dg/guality/pr54519-1.c   -O2 -flto -fuse-linker-plugin -fno-fat-lto-objects  -DPREVENT_OPTIMIZATION line 23 z == 8
FAIL: gcc.dg/guality/pr54519-1.c   -Os  -DPREVENT_OPTIMIZATION  line 20 x == 36
FAIL: gcc.dg/guality/pr54519-1.c   -Os  -DPREVENT_OPTIMIZATION  line 20 y == 25
FAIL: gcc.dg/guality/pr54519-1.c   -Os  -DPREVENT_OPTIMIZATION  line 20 z == 6
FAIL: gcc.dg/guality/pr54519-1.c   -Os  -DPREVENT_OPTIMIZATION  line 23 x == 98
FAIL: gcc.dg/guality/pr54519-1.c   -Os  -DPREVENT_OPTIMIZATION  line 23 y == 117
FAIL: gcc.dg/guality/pr54519-1.c   -Os  -DPREVENT_OPTIMIZATION  line 23 z == 8
FAIL: gcc.dg/guality/pr54519-1.c  -Og -DPREVENT_OPTIMIZATION  line 20 x == 36
FAIL: gcc.dg/guality/pr54519-1.c  -Og -DPREVENT_OPTIMIZATION  line 20 y == 25
FAIL: gcc.dg/guality/pr54519-1.c  -Og -DPREVENT_OPTIMIZATION  line 20 z == 6
FAIL: gcc.dg/guality/pr54519-1.c  -Og -DPREVENT_OPTIMIZATION  line 23 x == 98
FAIL: gcc.dg/guality/pr54519-1.c  -Og -DPREVENT_OPTIMIZATION  line 23 y == 117
FAIL: gcc.dg/guality/pr54519-1.c  -Og -DPREVENT_OPTIMIZATION  line 23 z == 8
FAIL: gcc.dg/guality/pr54519-2.c   -O1  -DPREVENT_OPTIMIZATION  line 17 x == 6
FAIL: gcc.dg/guality/pr54519-2.c   -O1  -DPREVENT_OPTIMIZATION  line 17 y == 25
FAIL: gcc.dg/guality/pr54519-2.c   -O2  -DPREVENT_OPTIMIZATION  line 17 x == 6
FAIL: gcc.dg/guality/pr54519-2.c   -O2  -DPREVENT_OPTIMIZATION  line 17 y == 25
FAIL: gcc.dg/guality/pr54519-2.c   -O2 -flto -fno-use-linker-plugin -flto-partition=none  -DPREVENT_OPTIMIZATION line 17 x == 6
FAIL: gcc.dg/guality/pr54519-2.c   -O2 -flto -fno-use-linker-plugin -flto-partition=none  -DPREVENT_OPTIMIZATION line 17 y == 25
FAIL: gcc.dg/guality/pr54519-2.c   -O2 -flto -fuse-linker-plugin -fno-fat-lto-objects  -DPREVENT_OPTIMIZATION line 17 y == 25
FAIL: gcc.dg/guality/pr54519-2.c   -Os  -DPREVENT_OPTIMIZATION  line 17 x == 6
FAIL: gcc.dg/guality/pr54519-2.c   -Os  -DPREVENT_OPTIMIZATION  line 17 y == 25
FAIL: gcc.dg/guality/pr54519-2.c  -Og -DPREVENT_OPTIMIZATION  line 17 x == 6
FAIL: gcc.dg/guality/pr54519-2.c  -Og -DPREVENT_OPTIMIZATION  line 17 y == 25
FAIL: gcc.dg/guality/pr54519-3.c   -O1  -DPREVENT_OPTIMIZATION  line 20 x == 36
FAIL: gcc.dg/guality/pr54519-3.c   -O1  -DPREVENT_OPTIMIZATION  line 20 y == 25
FAIL: gcc.dg/guality/pr54519-3.c   -O1  -DPREVENT_OPTIMIZATION  line 20 z == 6
FAIL: gcc.dg/guality/pr54519-3.c   -O1  -DPREVENT_OPTIMIZATION  line 23 x == 98
FAIL: gcc.dg/guality/pr54519-3.c   -O1  -DPREVENT_OPTIMIZATION  line 23 y == 117
FAIL: gcc.dg/guality/pr54519-3.c   -O1  -DPREVENT_OPTIMIZATION  line 23 z == 8
FAIL: gcc.dg/guality/pr54519-3.c   -O2  -DPREVENT_OPTIMIZATION  line 20 z == 6
FAIL: gcc.dg/guality/pr54519-3.c   -O2  -DPREVENT_OPTIMIZATION  line 23 z == 8
FAIL: gcc.dg/guality/pr54519-3.c   -O2 -flto -fno-use-linker-plugin -flto-partition=none  -DPREVENT_OPTIMIZATION line 20 y == 25
FAIL: gcc.dg/guality/pr54519-3.c   -O2 -flto -fno-use-linker-plugin -flto-partition=none  -DPREVENT_OPTIMIZATION line 20 z == 6
FAIL: gcc.dg/guality/pr54519-3.c   -O2 -flto -fno-use-linker-plugin -flto-partition=none  -DPREVENT_OPTIMIZATION line 23 y == 117
FAIL: gcc.dg/guality/pr54519-3.c   -O2 -flto -fno-use-linker-plugin -flto-partition=none  -DPREVENT_OPTIMIZATION line 23 z == 8
FAIL: gcc.dg/guality/pr54519-3.c   -O2 -flto -fuse-linker-plugin -fno-fat-lto-objects  -DPREVENT_OPTIMIZATION line 20 y == 25
FAIL: gcc.dg/guality/pr54519-3.c   -O2 -flto -fuse-linker-plugin -fno-fat-lto-objects  -DPREVENT_OPTIMIZATION line 20 z == 6
FAIL: gcc.dg/guality/pr54519-3.c   -O2 -flto -fuse-linker-plugin -fno-fat-lto-objects  -DPREVENT_OPTIMIZATION line 23 y == 117
FAIL: gcc.dg/guality/pr54519-3.c   -O2 -flto -fuse-linker-plugin -fno-fat-lto-objects  -DPREVENT_OPTIMIZATION line 23 z == 8
FAIL: gcc.dg/guality/pr54519-3.c   -O3 -g  -DPREVENT_OPTIMIZATION  line 20 z == 6
FAIL: gcc.dg/guality/pr54519-3.c   -O3 -g  -DPREVENT_OPTIMIZATION  line 23 z == 8
FAIL: gcc.dg/guality/pr54519-3.c   -Os  -DPREVENT_OPTIMIZATION  line 20 z == 6
FAIL: gcc.dg/guality/pr54519-3.c   -Os  -DPREVENT_OPTIMIZATION  line 23 z == 8
FAIL: gcc.dg/guality/pr54519-3.c  -Og -DPREVENT_OPTIMIZATION  line 20 x == 36
FAIL: gcc.dg/guality/pr54519-3.c  -Og -DPREVENT_OPTIMIZATION  line 20 y == 25
FAIL: gcc.dg/guality/pr54519-3.c  -Og -DPREVENT_OPTIMIZATION  line 20 z == 6
FAIL: gcc.dg/guality/pr54519-3.c  -Og -DPREVENT_OPTIMIZATION  line 23 x == 98
FAIL: gcc.dg/guality/pr54519-3.c  -Og -DPREVENT_OPTIMIZATION  line 23 y == 117
FAIL: gcc.dg/guality/pr54519-3.c  -Og -DPREVENT_OPTIMIZATION  line 23 z == 8
FAIL: gcc.dg/guality/pr54519-4.c   -O1  -DPREVENT_OPTIMIZATION  line 17 x == 6
FAIL: gcc.dg/guality/pr54519-4.c   -O1  -DPREVENT_OPTIMIZATION  line 17 y == 25
FAIL: gcc.dg/guality/pr54519-4.c   -O2  -DPREVENT_OPTIMIZATION  line 17 y == 25
FAIL: gcc.dg/guality/pr54519-4.c   -O2 -flto -fno-use-linker-plugin -flto-partition=none  -DPREVENT_OPTIMIZATION line 17 y == 25
FAIL: gcc.dg/guality/pr54519-4.c   -O2 -flto -fuse-linker-plugin -fno-fat-lto-objects  -DPREVENT_OPTIMIZATION line 17 y == 25
FAIL: gcc.dg/guality/pr54519-4.c   -O3 -g  -DPREVENT_OPTIMIZATION  line 17 y == 25
FAIL: gcc.dg/guality/pr54519-4.c   -Os  -DPREVENT_OPTIMIZATION  line 17 y == 25
FAIL: gcc.dg/guality/pr54519-4.c  -Og -DPREVENT_OPTIMIZATION  line 17 x == 6
FAIL: gcc.dg/guality/pr54519-4.c  -Og -DPREVENT_OPTIMIZATION  line 17 y == 25
FAIL: gcc.dg/guality/pr54519-5.c   -O1  -DPREVENT_OPTIMIZATION  line 17 x == 6
FAIL: gcc.dg/guality/pr54519-5.c   -O1  -DPREVENT_OPTIMIZATION  line 17 y == 25
FAIL: gcc.dg/guality/pr54519-5.c   -O2  -DPREVENT_OPTIMIZATION  line 17 x == 6
FAIL: gcc.dg/guality/pr54519-5.c   -O2  -DPREVENT_OPTIMIZATION  line 17 y == 25
FAIL: gcc.dg/guality/pr54519-5.c   -O2 -flto -fno-use-linker-plugin -flto-partition=none  -DPREVENT_OPTIMIZATION line 17 x == 6
FAIL: gcc.dg/guality/pr54519-5.c   -O2 -flto -fno-use-linker-plugin -flto-partition=none  -DPREVENT_OPTIMIZATION line 17 y == 25
FAIL: gcc.dg/guality/pr54519-5.c   -O2 -flto -fuse-linker-plugin -fno-fat-lto-objects  -DPREVENT_OPTIMIZATION line 17 y == 25
FAIL: gcc.dg/guality/pr54519-5.c   -O3 -g  -DPREVENT_OPTIMIZATION  line 17 y == 25
FAIL: gcc.dg/guality/pr54519-5.c   -Os  -DPREVENT_OPTIMIZATION  line 17 x == 6
FAIL: gcc.dg/guality/pr54519-5.c   -Os  -DPREVENT_OPTIMIZATION  line 17 y == 25
FAIL: gcc.dg/guality/pr54519-5.c  -Og -DPREVENT_OPTIMIZATION  line 17 x == 6
FAIL: gcc.dg/guality/pr54519-5.c  -Og -DPREVENT_OPTIMIZATION  line 17 y == 25
FAIL: gcc.dg/guality/pr54551.c   -O1  -DPREVENT_OPTIMIZATION  line 18 a == 4
FAIL: gcc.dg/guality/pr54551.c   -O1  -DPREVENT_OPTIMIZATION  line 18 z == 3
FAIL: gcc.dg/guality/pr54551.c   -O2  -DPREVENT_OPTIMIZATION  line 18 a == 4
FAIL: gcc.dg/guality/pr54551.c   -O2  -DPREVENT_OPTIMIZATION  line 18 z == 3
FAIL: gcc.dg/guality/pr54551.c   -O2 -flto -fno-use-linker-plugin -flto-partition=none  -DPREVENT_OPTIMIZATION line 18 a == 4
FAIL: gcc.dg/guality/pr54551.c   -O2 -flto -fno-use-linker-plugin -flto-partition=none  -DPREVENT_OPTIMIZATION line 18 z == 3
FAIL: gcc.dg/guality/pr54551.c   -O3 -g  -DPREVENT_OPTIMIZATION  line 18 a == 4
FAIL: gcc.dg/guality/pr54551.c   -O3 -g  -DPREVENT_OPTIMIZATION  line 18 z == 3
FAIL: gcc.dg/guality/pr54551.c   -Os  -DPREVENT_OPTIMIZATION  line 18 a == 4
FAIL: gcc.dg/guality/pr54551.c   -Os  -DPREVENT_OPTIMIZATION  line 18 z == 3
FAIL: gcc.dg/guality/pr54551.c  -Og -DPREVENT_OPTIMIZATION  line 18 a == 4
FAIL: gcc.dg/guality/pr54551.c  -Og -DPREVENT_OPTIMIZATION  line 18 z == 3
FAIL: gcc.dg/guality/pr54693-2.c   -O1  -DPREVENT_OPTIMIZATION  line 21 x == 10 - i
FAIL: gcc.dg/guality/pr54693-2.c   -O1  -DPREVENT_OPTIMIZATION  line 21 y == 20 - 2 * i
FAIL: gcc.dg/guality/pr54693-2.c   -O2  -DPREVENT_OPTIMIZATION  line 21 x == 10 - i
FAIL: gcc.dg/guality/pr54693-2.c   -O2  -DPREVENT_OPTIMIZATION  line 21 y == 20 - 2 * i
FAIL: gcc.dg/guality/pr54693-2.c   -O2 -flto -fno-use-linker-plugin -flto-partition=none  -DPREVENT_OPTIMIZATION line 21 x == 10 - i
FAIL: gcc.dg/guality/pr54693-2.c   -O2 -flto -fno-use-linker-plugin -flto-partition=none  -DPREVENT_OPTIMIZATION line 21 y == 20 - 2 * i
FAIL: gcc.dg/guality/pr54693-2.c   -O2 -flto -fuse-linker-plugin -fno-fat-lto-objects  -DPREVENT_OPTIMIZATION line 21 y == 20 - 2 * i
FAIL: gcc.dg/guality/pr54693-2.c   -O2 -flto -fuse-linker-plugin -fno-fat-lto-objects  -DPREVENT_OPTIMIZATION line 21 z == 30 - 3 * i
FAIL: gcc.dg/guality/pr54693-2.c   -O3 -fomit-frame-pointer -funroll-loops -fpeel-loops -ftracer -finline-functions  -DPREVENT_OPTIMIZATION  line 21 y == 20 - 2 * i
FAIL: gcc.dg/guality/pr54693-2.c   -O3 -g  -DPREVENT_OPTIMIZATION  line 21 x == 10 - i
FAIL: gcc.dg/guality/pr54693-2.c   -O3 -g  -DPREVENT_OPTIMIZATION  line 21 y == 20 - 2 * i
FAIL: gcc.dg/guality/pr54693-2.c   -Os  -DPREVENT_OPTIMIZATION  line 21 x == 10 - i
FAIL: gcc.dg/guality/pr54693-2.c   -Os  -DPREVENT_OPTIMIZATION  line 21 y == 20 - 2 * i
FAIL: gcc.dg/guality/pr54693.c   -Os  -DPREVENT_OPTIMIZATION  line 22 i == c - 48
FAIL: gcc.dg/guality/pr54796.c   -O1  -DPREVENT_OPTIMIZATION  line 17 a == 5
FAIL: gcc.dg/guality/pr54796.c   -O1  -DPREVENT_OPTIMIZATION  line 17 b == 6
FAIL: gcc.dg/guality/pr54796.c   -O1  -DPREVENT_OPTIMIZATION  line 17 c == 5
FAIL: gcc.dg/guality/pr54796.c   -O2  -DPREVENT_OPTIMIZATION  line 17 a == 5
FAIL: gcc.dg/guality/pr54796.c   -O2  -DPREVENT_OPTIMIZATION  line 17 b == 6
FAIL: gcc.dg/guality/pr54796.c   -O2  -DPREVENT_OPTIMIZATION  line 17 c == 5
FAIL: gcc.dg/guality/pr54796.c   -O2 -flto -fno-use-linker-plugin -flto-partition=none  -DPREVENT_OPTIMIZATION line 17 a == 5
FAIL: gcc.dg/guality/pr54796.c   -O2 -flto -fno-use-linker-plugin -flto-partition=none  -DPREVENT_OPTIMIZATION line 17 b == 6
FAIL: gcc.dg/guality/pr54796.c   -O2 -flto -fno-use-linker-plugin -flto-partition=none  -DPREVENT_OPTIMIZATION line 17 c == 5
FAIL: gcc.dg/guality/pr54796.c   -O2 -flto -fuse-linker-plugin -fno-fat-lto-objects  -DPREVENT_OPTIMIZATION line 17 a == 5
FAIL: gcc.dg/guality/pr54796.c   -O2 -flto -fuse-linker-plugin -fno-fat-lto-objects  -DPREVENT_OPTIMIZATION line 17 b == 6
FAIL: gcc.dg/guality/pr54796.c   -O3 -g  -DPREVENT_OPTIMIZATION  line 17 a == 5
FAIL: gcc.dg/guality/pr54796.c   -O3 -g  -DPREVENT_OPTIMIZATION  line 17 b == 6
FAIL: gcc.dg/guality/pr54796.c   -O3 -g  -DPREVENT_OPTIMIZATION  line 17 c == 5
FAIL: gcc.dg/guality/pr54796.c   -Os  -DPREVENT_OPTIMIZATION  line 17 a == 5
FAIL: gcc.dg/guality/pr54796.c   -Os  -DPREVENT_OPTIMIZATION  line 17 b == 6
FAIL: gcc.dg/guality/pr54796.c   -Os  -DPREVENT_OPTIMIZATION  line 17 c == 5
FAIL: gcc.dg/guality/pr54796.c  -Og -DPREVENT_OPTIMIZATION  line 17 a == 5
FAIL: gcc.dg/guality/pr54796.c  -Og -DPREVENT_OPTIMIZATION  line 17 b == 6
FAIL: gcc.dg/guality/pr54796.c  -Og -DPREVENT_OPTIMIZATION  line 17 c == 5
XPASS: gcc.dg/guality/pr54970.c   -O0  line 15 a[0] == 1
XPASS: gcc.dg/guality/pr54970.c   -O0  line 20 a[0] == 1
XPASS: gcc.dg/guality/pr54970.c   -O0  line 25 a[0] == 1
XPASS: gcc.dg/guality/pr54970.c   -O0  line 31 a[0] == 4
XPASS: gcc.dg/guality/pr54970.c   -O0  line 36 a[0] == 4
XPASS: gcc.dg/guality/pr54970.c   -O0  line 45 a[0] == 4
XPASS: gcc.dg/guality/pr54970.c   -O0  line 45 p[-2] == 4
XPASS: gcc.dg/guality/pr54970.c   -O0  line 45 q[-1] == 4
FAIL: gcc.dg/guality/pr54970.c  -Og -DPREVENT_OPTIMIZATION  line 15 *p == 3
FAIL: gcc.dg/guality/pr54970.c  -Og -DPREVENT_OPTIMIZATION  line 15 *q == 2
FAIL: gcc.dg/guality/pr54970.c  -Og -DPREVENT_OPTIMIZATION  line 15 a[1] == 2
FAIL: gcc.dg/guality/pr54970.c  -Og -DPREVENT_OPTIMIZATION  line 15 a[2] == 3
FAIL: gcc.dg/guality/pr54970.c  -Og -DPREVENT_OPTIMIZATION  line 20 *p == 13
FAIL: gcc.dg/guality/pr54970.c  -Og -DPREVENT_OPTIMIZATION  line 20 *q == 2
FAIL: gcc.dg/guality/pr54970.c  -Og -DPREVENT_OPTIMIZATION  line 20 a[1] == 2
FAIL: gcc.dg/guality/pr54970.c  -Og -DPREVENT_OPTIMIZATION  line 20 a[2] == 13
FAIL: gcc.dg/guality/pr54970.c  -Og -DPREVENT_OPTIMIZATION  line 25 *p == 13
FAIL: gcc.dg/guality/pr54970.c  -Og -DPREVENT_OPTIMIZATION  line 25 *q == 12
FAIL: gcc.dg/guality/pr54970.c  -Og -DPREVENT_OPTIMIZATION  line 25 a[1] == 12
FAIL: gcc.dg/guality/pr54970.c  -Og -DPREVENT_OPTIMIZATION  line 25 a[2] == 13
FAIL: gcc.dg/guality/pr54970.c  -Og -DPREVENT_OPTIMIZATION  line 31 *p == 6
FAIL: gcc.dg/guality/pr54970.c  -Og -DPREVENT_OPTIMIZATION  line 31 *q == 5
FAIL: gcc.dg/guality/pr54970.c  -Og -DPREVENT_OPTIMIZATION  line 31 a[1] == 5
FAIL: gcc.dg/guality/pr54970.c  -Og -DPREVENT_OPTIMIZATION  line 31 a[2] == 6
FAIL: gcc.dg/guality/pr54970.c  -Og -DPREVENT_OPTIMIZATION  line 36 *p == 26
FAIL: gcc.dg/guality/pr54970.c  -Og -DPREVENT_OPTIMIZATION  line 36 *q == 5
FAIL: gcc.dg/guality/pr54970.c  -Og -DPREVENT_OPTIMIZATION  line 36 a[1] == 5
FAIL: gcc.dg/guality/pr54970.c  -Og -DPREVENT_OPTIMIZATION  line 36 a[2] == 26
FAIL: gcc.dg/guality/pr54970.c  -Og -DPREVENT_OPTIMIZATION  line 45 *p == 26
FAIL: gcc.dg/guality/pr54970.c  -Og -DPREVENT_OPTIMIZATION  line 45 *q == 25
FAIL: gcc.dg/guality/pr54970.c  -Og -DPREVENT_OPTIMIZATION  line 45 a[1] == 25
FAIL: gcc.dg/guality/pr54970.c  -Og -DPREVENT_OPTIMIZATION  line 45 a[2] == 26
FAIL: gcc.dg/guality/pr54970.c  -Og -DPREVENT_OPTIMIZATION  line 45 p[-1] == 25
FAIL: gcc.dg/guality/pr54970.c  -Og -DPREVENT_OPTIMIZATION  line 45 q[1] == 26
FAIL: gcc.dg/guality/pr56154-1.c  -Og -DPREVENT_OPTIMIZATION  line pr56154-1.c:20 x.a == 6
FAIL: gcc.dg/guality/pr58791-3.c  -Og -DPREVENT_OPTIMIZATION  line pr58791-3.c:19 g == 24
FAIL: gcc.dg/guality/pr58791-3.c  -Og -DPREVENT_OPTIMIZATION  line pr58791-3.c:19 k == 25
FAIL: gcc.dg/guality/pr58791-5.c   -O1  -DPREVENT_OPTIMIZATION  line pr58791-5.c:20 b1 == 9
FAIL: gcc.dg/guality/pr58791-5.c   -O1  -DPREVENT_OPTIMIZATION  line pr58791-5.c:20 b2 == 73
FAIL: gcc.dg/guality/pr58791-5.c   -O1  -DPREVENT_OPTIMIZATION  line pr58791-5.c:20 b3 == 585
FAIL: gcc.dg/guality/pr58791-5.c   -O1  -DPREVENT_OPTIMIZATION  line pr58791-5.c:20 b4 == 4681
FAIL: gcc.dg/guality/pr58791-5.c   -O2  -DPREVENT_OPTIMIZATION  line pr58791-5.c:20 b1 == 9
FAIL: gcc.dg/guality/pr58791-5.c   -O2  -DPREVENT_OPTIMIZATION  line pr58791-5.c:20 b2 == 73
FAIL: gcc.dg/guality/pr58791-5.c   -O2  -DPREVENT_OPTIMIZATION  line pr58791-5.c:20 b3 == 585
FAIL: gcc.dg/guality/pr58791-5.c   -O2  -DPREVENT_OPTIMIZATION  line pr58791-5.c:20 b4 == 4681
FAIL: gcc.dg/guality/pr58791-5.c   -O2 -flto -fno-use-linker-plugin -flto-partition=none  -DPREVENT_OPTIMIZATION line pr58791-5.c:20 b1 == 9
FAIL: gcc.dg/guality/pr58791-5.c   -O2 -flto -fno-use-linker-plugin -flto-partition=none  -DPREVENT_OPTIMIZATION line pr58791-5.c:20 b2 == 73
FAIL: gcc.dg/guality/pr58791-5.c   -O2 -flto -fno-use-linker-plugin -flto-partition=none  -DPREVENT_OPTIMIZATION line pr58791-5.c:20 b3 == 585
FAIL: gcc.dg/guality/pr58791-5.c   -O2 -flto -fno-use-linker-plugin -flto-partition=none  -DPREVENT_OPTIMIZATION line pr58791-5.c:20 b4 == 4681
FAIL: gcc.dg/guality/pr58791-5.c   -O3 -g  -DPREVENT_OPTIMIZATION  line pr58791-5.c:20 b1 == 9
FAIL: gcc.dg/guality/pr58791-5.c   -O3 -g  -DPREVENT_OPTIMIZATION  line pr58791-5.c:20 b2 == 73
FAIL: gcc.dg/guality/pr58791-5.c   -O3 -g  -DPREVENT_OPTIMIZATION  line pr58791-5.c:20 b3 == 585
FAIL: gcc.dg/guality/pr58791-5.c   -O3 -g  -DPREVENT_OPTIMIZATION  line pr58791-5.c:20 b4 == 4681
FAIL: gcc.dg/guality/pr58791-5.c   -Os  -DPREVENT_OPTIMIZATION  line pr58791-5.c:20 b1 == 9
FAIL: gcc.dg/guality/pr58791-5.c   -Os  -DPREVENT_OPTIMIZATION  line pr58791-5.c:20 b2 == 73
FAIL: gcc.dg/guality/pr58791-5.c   -Os  -DPREVENT_OPTIMIZATION  line pr58791-5.c:20 b3 == 585
FAIL: gcc.dg/guality/pr58791-5.c   -Os  -DPREVENT_OPTIMIZATION  line pr58791-5.c:20 b4 == 4681
FAIL: gcc.dg/guality/pr58791-5.c  -Og -DPREVENT_OPTIMIZATION  line pr58791-5.c:20 b3 == 585
FAIL: gcc.dg/guality/pr58791-5.c  -Og -DPREVENT_OPTIMIZATION  line pr58791-5.c:20 b4 == 4681
FAIL: gcc.dg/guality/pr59776.c  -Og -DPREVENT_OPTIMIZATION  line pr59776.c:17 s1.f == 5.0
FAIL: gcc.dg/guality/pr59776.c  -Og -DPREVENT_OPTIMIZATION  line pr59776.c:17 s1.g == 6.0
FAIL: gcc.dg/guality/pr59776.c  -Og -DPREVENT_OPTIMIZATION  line pr59776.c:17 s2.f == 0.0
FAIL: gcc.dg/guality/pr59776.c  -Og -DPREVENT_OPTIMIZATION  line pr59776.c:17 s2.g == 6.0
FAIL: gcc.dg/guality/pr59776.c  -Og -DPREVENT_OPTIMIZATION  line pr59776.c:20 s1.f == 5.0
FAIL: gcc.dg/guality/pr59776.c  -Og -DPREVENT_OPTIMIZATION  line pr59776.c:20 s1.g == 6.0
FAIL: gcc.dg/guality/pr59776.c  -Og -DPREVENT_OPTIMIZATION  line pr59776.c:20 s2.f == 5.0
FAIL: gcc.dg/guality/pr59776.c  -Og -DPREVENT_OPTIMIZATION  line pr59776.c:20 s2.g == 6.0
FAIL: gcc.dg/guality/pr68860-1.c   -O2  -DPREVENT_OPTIMIZATION  line 14 arg3 == 3
FAIL: gcc.dg/guality/pr68860-1.c   -O2  -DPREVENT_OPTIMIZATION  line 14 arg4 == 4
FAIL: gcc.dg/guality/pr68860-1.c   -O2  -DPREVENT_OPTIMIZATION  line 14 arg5 == 5
FAIL: gcc.dg/guality/pr68860-1.c   -O2  -DPREVENT_OPTIMIZATION  line 14 arg6 == 6
FAIL: gcc.dg/guality/pr68860-1.c   -O2  -DPREVENT_OPTIMIZATION  line 14 arg7 == 30
FAIL: gcc.dg/guality/pr68860-1.c   -O2  -DPREVENT_OPTIMIZATION  line 14 y == 2
FAIL: gcc.dg/guality/pr68860-1.c   -O2  -DPREVENT_OPTIMIZATION  line 16 arg3 == 3
FAIL: gcc.dg/guality/pr68860-1.c   -O2  -DPREVENT_OPTIMIZATION  line 16 arg4 == 4
FAIL: gcc.dg/guality/pr68860-1.c   -O2  -DPREVENT_OPTIMIZATION  line 16 arg5 == 5
FAIL: gcc.dg/guality/pr68860-1.c   -O2  -DPREVENT_OPTIMIZATION  line 16 arg6 == 6
FAIL: gcc.dg/guality/pr68860-1.c   -O2  -DPREVENT_OPTIMIZATION  line 16 arg7 == 30
FAIL: gcc.dg/guality/pr68860-1.c   -O2 -flto -fno-use-linker-plugin -flto-partition=none  -DPREVENT_OPTIMIZATION line 14 arg3 == 3
FAIL: gcc.dg/guality/pr68860-1.c   -O2 -flto -fno-use-linker-plugin -flto-partition=none  -DPREVENT_OPTIMIZATION line 14 arg4 == 4
FAIL: gcc.dg/guality/pr68860-1.c   -O2 -flto -fno-use-linker-plugin -flto-partition=none  -DPREVENT_OPTIMIZATION line 14 arg5 == 5
FAIL: gcc.dg/guality/pr68860-1.c   -O2 -flto -fno-use-linker-plugin -flto-partition=none  -DPREVENT_OPTIMIZATION line 14 arg6 == 6
FAIL: gcc.dg/guality/pr68860-1.c   -O2 -flto -fno-use-linker-plugin -flto-partition=none  -DPREVENT_OPTIMIZATION line 14 arg7 == 30
FAIL: gcc.dg/guality/pr68860-1.c   -O2 -flto -fno-use-linker-plugin -flto-partition=none  -DPREVENT_OPTIMIZATION line 16 arg3 == 3
FAIL: gcc.dg/guality/pr68860-1.c   -O2 -flto -fno-use-linker-plugin -flto-partition=none  -DPREVENT_OPTIMIZATION line 16 arg4 == 4
FAIL: gcc.dg/guality/pr68860-1.c   -O2 -flto -fno-use-linker-plugin -flto-partition=none  -DPREVENT_OPTIMIZATION line 16 arg5 == 5
FAIL: gcc.dg/guality/pr68860-1.c   -O2 -flto -fno-use-linker-plugin -flto-partition=none  -DPREVENT_OPTIMIZATION line 16 arg6 == 6
FAIL: gcc.dg/guality/pr68860-1.c   -O2 -flto -fno-use-linker-plugin -flto-partition=none  -DPREVENT_OPTIMIZATION line 16 arg7 == 30
FAIL: gcc.dg/guality/pr68860-1.c   -O2 -flto -fuse-linker-plugin -fno-fat-lto-objects  -DPREVENT_OPTIMIZATION line 14 arg3 == 3
FAIL: gcc.dg/guality/pr68860-1.c   -O2 -flto -fuse-linker-plugin -fno-fat-lto-objects  -DPREVENT_OPTIMIZATION line 14 arg4 == 4
FAIL: gcc.dg/guality/pr68860-1.c   -O2 -flto -fuse-linker-plugin -fno-fat-lto-objects  -DPREVENT_OPTIMIZATION line 14 arg5 == 5
FAIL: gcc.dg/guality/pr68860-1.c   -O2 -flto -fuse-linker-plugin -fno-fat-lto-objects  -DPREVENT_OPTIMIZATION line 14 arg6 == 6
FAIL: gcc.dg/guality/pr68860-1.c   -O2 -flto -fuse-linker-plugin -fno-fat-lto-objects  -DPREVENT_OPTIMIZATION line 14 arg7 == 30
FAIL: gcc.dg/guality/pr68860-1.c   -O2 -flto -fuse-linker-plugin -fno-fat-lto-objects  -DPREVENT_OPTIMIZATION line 16 arg3 == 3
FAIL: gcc.dg/guality/pr68860-1.c   -O2 -flto -fuse-linker-plugin -fno-fat-lto-objects  -DPREVENT_OPTIMIZATION line 16 arg4 == 4
FAIL: gcc.dg/guality/pr68860-1.c   -O2 -flto -fuse-linker-plugin -fno-fat-lto-objects  -DPREVENT_OPTIMIZATION line 16 arg5 == 5
FAIL: gcc.dg/guality/pr68860-1.c   -O2 -flto -fuse-linker-plugin -fno-fat-lto-objects  -DPREVENT_OPTIMIZATION line 16 arg6 == 6
FAIL: gcc.dg/guality/pr68860-1.c   -O2 -flto -fuse-linker-plugin -fno-fat-lto-objects  -DPREVENT_OPTIMIZATION line 16 arg7 == 30
FAIL: gcc.dg/guality/pr68860-1.c   -O3 -g  -DPREVENT_OPTIMIZATION  line 14 arg3 == 3
FAIL: gcc.dg/guality/pr68860-1.c   -O3 -g  -DPREVENT_OPTIMIZATION  line 14 arg4 == 4
FAIL: gcc.dg/guality/pr68860-1.c   -O3 -g  -DPREVENT_OPTIMIZATION  line 14 arg5 == 5
FAIL: gcc.dg/guality/pr68860-1.c   -O3 -g  -DPREVENT_OPTIMIZATION  line 14 arg6 == 6
FAIL: gcc.dg/guality/pr68860-1.c   -O3 -g  -DPREVENT_OPTIMIZATION  line 14 arg7 == 30
FAIL: gcc.dg/guality/pr68860-1.c   -O3 -g  -DPREVENT_OPTIMIZATION  line 14 y == 2
FAIL: gcc.dg/guality/pr68860-1.c   -O3 -g  -DPREVENT_OPTIMIZATION  line 16 arg3 == 3
FAIL: gcc.dg/guality/pr68860-1.c   -O3 -g  -DPREVENT_OPTIMIZATION  line 16 arg4 == 4
FAIL: gcc.dg/guality/pr68860-1.c   -O3 -g  -DPREVENT_OPTIMIZATION  line 16 arg5 == 5
FAIL: gcc.dg/guality/pr68860-1.c   -O3 -g  -DPREVENT_OPTIMIZATION  line 16 arg6 == 6
FAIL: gcc.dg/guality/pr68860-1.c   -O3 -g  -DPREVENT_OPTIMIZATION  line 16 arg7 == 30
FAIL: gcc.dg/guality/pr68860-1.c   -Os  -DPREVENT_OPTIMIZATION  line 14 arg3 == 3
FAIL: gcc.dg/guality/pr68860-1.c   -Os  -DPREVENT_OPTIMIZATION  line 14 arg4 == 4
FAIL: gcc.dg/guality/pr68860-1.c   -Os  -DPREVENT_OPTIMIZATION  line 14 arg5 == 5
FAIL: gcc.dg/guality/pr68860-1.c   -Os  -DPREVENT_OPTIMIZATION  line 14 arg6 == 6
FAIL: gcc.dg/guality/pr68860-1.c   -Os  -DPREVENT_OPTIMIZATION  line 14 arg7 == 30
FAIL: gcc.dg/guality/pr68860-1.c   -Os  -DPREVENT_OPTIMIZATION  line 16 arg3 == 3
FAIL: gcc.dg/guality/pr68860-1.c   -Os  -DPREVENT_OPTIMIZATION  line 16 arg4 == 4
FAIL: gcc.dg/guality/pr68860-1.c   -Os  -DPREVENT_OPTIMIZATION  line 16 arg5 == 5
FAIL: gcc.dg/guality/pr68860-1.c   -Os  -DPREVENT_OPTIMIZATION  line 16 arg6 == 6
FAIL: gcc.dg/guality/pr68860-1.c   -Os  -DPREVENT_OPTIMIZATION  line 16 arg7 == 30
FAIL: gcc.dg/guality/pr68860-2.c   -O2  -DPREVENT_OPTIMIZATION  line 14 y == 2
FAIL: gcc.dg/guality/pr68860-2.c   -O2 -flto -fno-use-linker-plugin -flto-partition=none  -DPREVENT_OPTIMIZATION line 14 y == 2
FAIL: gcc.dg/guality/pr68860-2.c   -O2 -flto -fuse-linker-plugin -fno-fat-lto-objects  -DPREVENT_OPTIMIZATION line 14 arg3 == 3
FAIL: gcc.dg/guality/pr68860-2.c   -O2 -flto -fuse-linker-plugin -fno-fat-lto-objects  -DPREVENT_OPTIMIZATION line 14 arg4 == 4
FAIL: gcc.dg/guality/pr68860-2.c   -O2 -flto -fuse-linker-plugin -fno-fat-lto-objects  -DPREVENT_OPTIMIZATION line 14 arg5 == 5
FAIL: gcc.dg/guality/pr68860-2.c   -O2 -flto -fuse-linker-plugin -fno-fat-lto-objects  -DPREVENT_OPTIMIZATION line 14 arg6 == 6
FAIL: gcc.dg/guality/pr68860-2.c   -O2 -flto -fuse-linker-plugin -fno-fat-lto-objects  -DPREVENT_OPTIMIZATION line 14 arg7 == 30
FAIL: gcc.dg/guality/pr68860-2.c   -O2 -flto -fuse-linker-plugin -fno-fat-lto-objects  -DPREVENT_OPTIMIZATION line 16 arg3 == 3
FAIL: gcc.dg/guality/pr68860-2.c   -O2 -flto -fuse-linker-plugin -fno-fat-lto-objects  -DPREVENT_OPTIMIZATION line 16 arg4 == 4
FAIL: gcc.dg/guality/pr68860-2.c   -O2 -flto -fuse-linker-plugin -fno-fat-lto-objects  -DPREVENT_OPTIMIZATION line 16 arg5 == 5
FAIL: gcc.dg/guality/pr68860-2.c   -O2 -flto -fuse-linker-plugin -fno-fat-lto-objects  -DPREVENT_OPTIMIZATION line 16 arg6 == 6
FAIL: gcc.dg/guality/pr68860-2.c   -O2 -flto -fuse-linker-plugin -fno-fat-lto-objects  -DPREVENT_OPTIMIZATION line 16 arg7 == 30
FAIL: gcc.dg/guality/pr68860-2.c   -O3 -g  -DPREVENT_OPTIMIZATION  line 14 arg3 == 3
FAIL: gcc.dg/guality/pr68860-2.c   -O3 -g  -DPREVENT_OPTIMIZATION  line 14 arg4 == 4
FAIL: gcc.dg/guality/pr68860-2.c   -O3 -g  -DPREVENT_OPTIMIZATION  line 14 arg5 == 5
FAIL: gcc.dg/guality/pr68860-2.c   -O3 -g  -DPREVENT_OPTIMIZATION  line 14 arg6 == 6
FAIL: gcc.dg/guality/pr68860-2.c   -O3 -g  -DPREVENT_OPTIMIZATION  line 14 arg7 == 30
FAIL: gcc.dg/guality/pr68860-2.c   -O3 -g  -DPREVENT_OPTIMIZATION  line 16 arg3 == 3
FAIL: gcc.dg/guality/pr68860-2.c   -O3 -g  -DPREVENT_OPTIMIZATION  line 16 arg4 == 4
FAIL: gcc.dg/guality/pr68860-2.c   -O3 -g  -DPREVENT_OPTIMIZATION  line 16 arg5 == 5
FAIL: gcc.dg/guality/pr68860-2.c   -O3 -g  -DPREVENT_OPTIMIZATION  line 16 arg6 == 6
FAIL: gcc.dg/guality/pr68860-2.c   -O3 -g  -DPREVENT_OPTIMIZATION  line 16 arg7 == 30
FAIL: gcc.dg/guality/pr90074.c   -O2 -flto -fuse-linker-plugin -fno-fat-lto-objects  -DPREVENT_OPTIMIZATION line 28 i + 1 == 8
FAIL: gcc.dg/guality/sra-1.c  -Og -DPREVENT_OPTIMIZATION  line 21 a.i == 4
FAIL: gcc.dg/guality/sra-1.c  -Og -DPREVENT_OPTIMIZATION  line 21 a.j == 14
FAIL: gcc.dg/guality/sra-1.c  -Og -DPREVENT_OPTIMIZATION  line 32 a[0] == 4
FAIL: gcc.dg/guality/sra-1.c  -Og -DPREVENT_OPTIMIZATION  line 32 a[1] == 14
FAIL: gcc.dg/guality/sra-1.c  -Og -DPREVENT_OPTIMIZATION  line 43 a.i == 4
FAIL: gcc.dg/guality/sra-1.c  -Og -DPREVENT_OPTIMIZATION  line 43 a.j == 14
FAIL: gcc.dg/guality/vla-1.c   -O1  -DPREVENT_OPTIMIZATION  line 17 sizeof (a) == 6
FAIL: gcc.dg/guality/vla-1.c   -O2  -DPREVENT_OPTIMIZATION  line 17 sizeof (a) == 6
FAIL: gcc.dg/guality/vla-1.c   -O2 -flto -fno-use-linker-plugin -flto-partition=none  -DPREVENT_OPTIMIZATION line 17 sizeof (a) == 6
FAIL: gcc.dg/guality/vla-1.c   -O2 -flto -fuse-linker-plugin -fno-fat-lto-objects  -DPREVENT_OPTIMIZATION line 17 i == 5
FAIL: gcc.dg/guality/vla-1.c   -O2 -flto -fuse-linker-plugin -fno-fat-lto-objects  -DPREVENT_OPTIMIZATION line 17 sizeof (a) == 6
FAIL: gcc.dg/guality/vla-1.c   -O3 -g  -DPREVENT_OPTIMIZATION  line 17 i == 5
FAIL: gcc.dg/guality/vla-1.c   -O3 -g  -DPREVENT_OPTIMIZATION  line 17 sizeof (a) == 6
FAIL: gcc.dg/guality/vla-1.c   -Os  -DPREVENT_OPTIMIZATION  line 17 sizeof (a) == 6
FAIL: gcc.dg/torture/inf-compare-1.c   -O0  execution test
FAIL: gcc.dg/torture/inf-compare-1.c   -O1  execution test
FAIL: gcc.dg/torture/inf-compare-1.c   -O2  execution test
FAIL: gcc.dg/torture/inf-compare-1.c   -O2 -flto -fno-use-linker-plugin -flto-partition=none  execution test
FAIL: gcc.dg/torture/inf-compare-1.c   -O2 -flto -fuse-linker-plugin -fno-fat-lto-objects  execution test
FAIL: gcc.dg/torture/inf-compare-1.c   -O3 -g  execution test
FAIL: gcc.dg/torture/inf-compare-1.c   -Os  execution test
FAIL: gcc.dg/torture/inf-compare-2.c   -O0  execution test
FAIL: gcc.dg/torture/inf-compare-2.c   -O1  execution test
FAIL: gcc.dg/torture/inf-compare-2.c   -O2  execution test
FAIL: gcc.dg/torture/inf-compare-2.c   -O2 -flto -fno-use-linker-plugin -flto-partition=none  execution test
FAIL: gcc.dg/torture/inf-compare-2.c   -O2 -flto -fuse-linker-plugin -fno-fat-lto-objects  execution test
FAIL: gcc.dg/torture/inf-compare-2.c   -O3 -g  execution test
FAIL: gcc.dg/torture/inf-compare-2.c   -Os  execution test
FAIL: gcc.dg/torture/inf-compare-3.c   -O0  execution test
FAIL: gcc.dg/torture/inf-compare-3.c   -O1  execution test
FAIL: gcc.dg/torture/inf-compare-3.c   -O2  execution test
FAIL: gcc.dg/torture/inf-compare-3.c   -O2 -flto -fno-use-linker-plugin -flto-partition=none  execution test
FAIL: gcc.dg/torture/inf-compare-3.c   -O2 -flto -fuse-linker-plugin -fno-fat-lto-objects  execution test
FAIL: gcc.dg/torture/inf-compare-3.c   -O3 -g  execution test
FAIL: gcc.dg/torture/inf-compare-3.c   -Os  execution test
FAIL: gcc.dg/torture/inf-compare-4.c   -O0  execution test
FAIL: gcc.dg/torture/inf-compare-4.c   -O1  execution test
FAIL: gcc.dg/torture/inf-compare-4.c   -O2  execution test
FAIL: gcc.dg/torture/inf-compare-4.c   -O2 -flto -fno-use-linker-plugin -flto-partition=none  execution test
FAIL: gcc.dg/torture/inf-compare-4.c   -O2 -flto -fuse-linker-plugin -fno-fat-lto-objects  execution test
FAIL: gcc.dg/torture/inf-compare-4.c   -O3 -g  execution test
FAIL: gcc.dg/torture/inf-compare-4.c   -Os  execution test
FAIL: gcc.dg/torture/pr52451.c   -O0  execution test
FAIL: gcc.dg/torture/pr52451.c   -O1  execution test
FAIL: gcc.dg/torture/pr52451.c   -O2  execution test
FAIL: gcc.dg/torture/pr52451.c   -O2 -flto -fno-use-linker-plugin -flto-partition=none  execution test
FAIL: gcc.dg/torture/pr52451.c   -O2 -flto -fuse-linker-plugin -fno-fat-lto-objects  execution test
FAIL: gcc.dg/torture/pr52451.c   -O3 -g  execution test
FAIL: gcc.dg/torture/pr52451.c   -Os  execution test
FAIL: gcc.dg/tree-ssa/pr84512.c scan-tree-dump optimized "return 285;"
FAIL: gcc.target/s390/20030123-1.c (test for excess errors)
FAIL: gcc.target/s390/20030129-1.c (test for excess errors)
FAIL: gcc.target/s390/20041109-1.c (test for excess errors)
FAIL: gcc.target/s390/20041216-1.c (test for excess errors)
UNRESOLVED: gcc.target/s390/20041216-1.c compilation failed to produce executable
FAIL: gcc.target/s390/20050824-1.c (test for excess errors)
FAIL: gcc.target/s390/arch13/sel-1.c scan-assembler-times \\tselrh\\t 1
FAIL: gcc.target/s390/global-array-almost-huge-element.c scan-assembler (?n)\\\\n\\\\tlarl\\\\t%r\\\\d+,a\\\\+2147483646\\\\n
FAIL: gcc.target/s390/global-array-almost-negative-huge-element.c scan-assembler (?n)\\\\n\\\\tlarl\\\\t%r\\\\d+,a-2147483648\\\\n
FAIL: gcc.target/s390/global-array-element-pic.c scan-assembler (?n)\\\\n\\\\tlarl\\\\t%r\\\\d+,a@GOTENT\\\\n
FAIL: gcc.target/s390/global-array-even-element.c scan-assembler (?n)\\\\n\\\\tlarl\\\\t%r\\\\d+,a\\\\+4\\\\n
FAIL: gcc.target/s390/litpool-r3-1.c scan-assembler-times \\tlarl\\t%r3,.L[0-9] 1
FAIL: gcc.target/s390/load-and-test-fp-2.c scan-assembler ltdbr\\t
FAIL: gcc.target/s390/load-relative-check.c scan-assembler lgfrl\\t%r.?,b.4
FAIL: gcc.target/s390/load-relative-check.c scan-assembler lgfrl\\t%r.?,s.12
FAIL: gcc.target/s390/md/atomic_exchange-1.c  -O0  (test for excess errors)
UNRESOLVED: gcc.target/s390/md/atomic_exchange-1.c  -O0  compilation failed to produce executable
FAIL: gcc.target/s390/md/atomic_exchange-1.c  -O0 -march=z900  (test for excess errors)
UNRESOLVED: gcc.target/s390/md/atomic_exchange-1.c  -O0 -march=z900  compilation failed to produce executable
FAIL: gcc.target/s390/md/atomic_exchange-1.c  -O1  (test for excess errors)
UNRESOLVED: gcc.target/s390/md/atomic_exchange-1.c  -O1  compilation failed to produce executable
FAIL: gcc.target/s390/md/atomic_exchange-1.c  -O1 -march=z900  (test for excess errors)
UNRESOLVED: gcc.target/s390/md/atomic_exchange-1.c  -O1 -march=z900  compilation failed to produce executable
FAIL: gcc.target/s390/md/atomic_exchange-1.c  -O2  (test for excess errors)
UNRESOLVED: gcc.target/s390/md/atomic_exchange-1.c  -O2  compilation failed to produce executable
FAIL: gcc.target/s390/md/atomic_exchange-1.c  -O2 -march=z900  (test for excess errors)
UNRESOLVED: gcc.target/s390/md/atomic_exchange-1.c  -O2 -march=z900  compilation failed to produce executable
FAIL: gcc.target/s390/md/atomic_exchange-1.c  -O3  (test for excess errors)
UNRESOLVED: gcc.target/s390/md/atomic_exchange-1.c  -O3  compilation failed to produce executable
FAIL: gcc.target/s390/md/atomic_exchange-1.c  -O3 -march=z900  (test for excess errors)
UNRESOLVED: gcc.target/s390/md/atomic_exchange-1.c  -O3 -march=z900  compilation failed to produce executable
FAIL: gcc.target/s390/md/atomic_exchange-1.c  -Os  (test for excess errors)
UNRESOLVED: gcc.target/s390/md/atomic_exchange-1.c  -Os  compilation failed to produce executable
FAIL: gcc.target/s390/md/atomic_exchange-1.c  -Os -march=z900  (test for excess errors)
UNRESOLVED: gcc.target/s390/md/atomic_exchange-1.c  -Os -march=z900  compilation failed to produce executable
FAIL: gcc.target/s390/md/atomic_exchange-1.c (test for excess errors)
UNRESOLVED: gcc.target/s390/md/atomic_exchange-1.c compilation failed to produce executable
FAIL: gcc.target/s390/nobp-return-mem-z900.c scan-assembler jgle\\t__s390_indirect_jump
FAIL: gcc.target/s390/pr80080-4.c scan-assembler (?n)\\\\n\\\\tlt\\\\t.*\\\\n\\\\tjne\\\\t(\\\\.L\\\\d+)\\\\n(.*\\\\n)*\\\\tcs\\\\t.*\\\\n\\\\tber\\\\t%r14\\\\n\\\\1:\\\\n\\\\tjg\\\\tbar\\\\n
FAIL: gcc.target/s390/risbg-ll-1.c scan-assembler f19:\\n\\tsra\\t%r2,28\\n\\trisbg\\t%r2,%r2,59,128\\\\+62,0
FAIL: gcc.target/s390/risbg-ll-1.c scan-assembler f24:\\n\\tnilf\\t%r2,254\\n\\trll\\t%r2,%r2,29
FAIL: gcc.target/s390/risbg-ll-1.c scan-assembler f26:\\n\\tnill\\t%r2,65487\\n\\trll\\t%r2,%r2,5
FAIL: gcc.target/s390/risbg-ll-1.c scan-assembler f27:\\n\\trisbg\\t%r2,%r2,55,128\\\\+52,5
FAIL: gcc.target/s390/risbg-ll-1.c scan-assembler f43:\\n\\trisbg\\t%r2,%r2,32,128\\\\+61,64-12
FAIL: gcc.target/s390/risbg-ll-2.c scan-assembler f3:\\n\\trisbg\\t%r2,%r3,64-4,63,4\\\\+52
FAIL: gcc.target/s390/risbg-ll-2.c scan-assembler f4:\\n\\trisbg\\t%r2,%r3,60,60\\\\+4-1,128-60-4-8
FAIL: gcc.target/s390/risbg-ll-2.c scan-assembler f9:\\n\\trisbg\\t%r3,%r2,48,63,64-48
FAIL: gcc.target/s390/risbg-ll-3.c scan-assembler f1:\\n\\trisbgn\\t%r2,%r3,60,60\\\\+3-1,128-60-3-1
FAIL: gcc.target/s390/risbg-ll-3.c scan-assembler f2:\\n\\trisbg\\t%r2,%r3,60,62,0\\n\\tbner\\t%r14\\n\\tjg\\tf2_foo\\n
FAIL: gcc.target/s390/risbg-ll-3.c scan-assembler f2_cconly:\\n\\trisbg\\t%r3,%r2,63,59,0\\n\\tber\\t%r14\\n\\tjg\\tf2_bar\\n
FAIL: gcc.target/s390/vector/align-1.c scan-assembler-times vl\\t%v[0-9]*,[0-9]*\\\\(%r[0-9]*\\\\),3\\n 1
FAIL: gcc.target/s390/vector/align-1.c scan-assembler-times vl\\t%v[0-9]*,[0-9]*\\\\(%r[0-9]*\\\\),4\\n 2
FAIL: gcc.target/s390/vector/align-1.c scan-assembler-times vst\\t%v[0-9]*,[0-9]*\\\\(%r[0-9]*\\\\),3\\n 1
FAIL: gcc.target/s390/vector/align-1.c scan-assembler-times vst\\t%v[0-9]*,[0-9]*\\\\(%r[0-9]*\\\\),4 2
FAIL: gcc.target/s390/vector/align-2.c scan-assembler-times vl\\t%v[0-9]*,[0-9]*\\\\(%r[0-9]*\\\\),3\\n 1
FAIL: gcc.target/s390/vector/align-2.c scan-assembler-times vl\\t%v[0-9]*,[0-9]*\\\\(%r[0-9]*\\\\),4\\n 2
FAIL: gcc.target/s390/vector/align-2.c scan-assembler-times vst\\t%v[0-9]*,[0-9]*\\\\(%r[0-9]*\\\\),3\\n 1
FAIL: gcc.target/s390/vector/align-2.c scan-assembler-times vst\\t%v[0-9]*,[0-9]*\\\\(%r[0-9]*\\\\),4 2
FAIL: gcc.target/s390/zvector/xl-xst-align-2.c scan-assembler-times vl\\t%v[0-9]*,0\\\\(%r2\\\\),3 4
FAIL: gcc.target/s390/zvector/xl-xst-align-2.c scan-assembler-times vst\\t%v[0-9]*,0\\\\(%r2\\\\),3 2

		=== gcc Summary for unix ===

# of expected passes		132143
# of unexpected failures	555
# of unexpected successes	22
# of expected failures		579
# of unresolved testcases	12
# of unsupported tests		2954

Running target unix/-fstack-protector
FAIL: gcc.c-torture/compile/pr90139.c   -O1  (internal compiler error)
FAIL: gcc.c-torture/compile/pr90139.c   -O1  (test for excess errors)
FAIL: c-c++-common/asan/global-overflow-1.c   -O2  output pattern test
FAIL: c-c++-common/asan/global-overflow-1.c   -O2 -flto -fno-use-linker-plugin -flto-partition=none  output pattern test
FAIL: c-c++-common/asan/global-overflow-1.c   -O2 -flto -fuse-linker-plugin -fno-fat-lto-objects  output pattern test
FAIL: c-c++-common/asan/global-overflow-1.c   -O3 -g  output pattern test
FAIL: c-c++-common/asan/global-overflow-1.c   -Os  output pattern test
FAIL: gcc.dg/asan/use-after-scope-4.c   -O0  execution test
FAIL: c-c++-common/Wattributes.c  -Wc++-compat   (test for errors, line 404)
FAIL: gcc.dg/Wattributes-6.c  (test for errors, line 404)
FAIL: gcc.dg/builtin-bswap-7.c scan-rtl-dump-not combine "bswapdi"
FAIL: gcc.dg/loop-9.c scan-rtl-dump loop2_invariant "Decided"
FAIL: gcc.dg/loop-9.c scan-rtl-dump loop2_invariant "without introducing a new temporary register"
FAIL: gcc.dg/pr84877.c execution test
FAIL: gcc.dg/superblock.c scan-rtl-dump-times sched2 "ADVANCING TO" 2
FAIL: gcc.dg/goacc/acc_on_device-1.c scan-rtl-dump-times expand "\\\\(call [^\\\\n]* acc_on_device" 4
XPASS: gcc.dg/graphite/pr69728.c scan-tree-dump graphite "loop nest optimized"
XPASS: gcc.dg/guality/example.c   -O0  execution test
XPASS: gcc.dg/guality/guality.c   -O0  execution test
XPASS: gcc.dg/guality/guality.c   -O1  -DPREVENT_OPTIMIZATION  execution test
XPASS: gcc.dg/guality/guality.c   -O2 -flto -fuse-linker-plugin -fno-fat-lto-objects  -DPREVENT_OPTIMIZATION execution test
XPASS: gcc.dg/guality/guality.c   -Os  -DPREVENT_OPTIMIZATION  execution test
XPASS: gcc.dg/guality/guality.c  -Og -DPREVENT_OPTIMIZATION  execution test
XPASS: gcc.dg/guality/inline-params.c   -O2  -DPREVENT_OPTIMIZATION  execution test
XPASS: gcc.dg/guality/inline-params.c   -O2 -flto -fno-use-linker-plugin -flto-partition=none  -DPREVENT_OPTIMIZATION execution test
XPASS: gcc.dg/guality/inline-params.c   -O2 -flto -fuse-linker-plugin -fno-fat-lto-objects  -DPREVENT_OPTIMIZATION execution test
XPASS: gcc.dg/guality/inline-params.c   -O3 -g  -DPREVENT_OPTIMIZATION  execution test
XPASS: gcc.dg/guality/inline-params.c   -Os  -DPREVENT_OPTIMIZATION  execution test
FAIL: gcc.dg/guality/loop-1.c   -O3 -fomit-frame-pointer -funroll-loops -fpeel-loops -ftracer -finline-functions  -DPREVENT_OPTIMIZATION  line 20 i == 1
FAIL: gcc.dg/guality/pr36728-1.c   -O2  -DPREVENT_OPTIMIZATION  line 16 arg3 == 3
FAIL: gcc.dg/guality/pr36728-1.c   -O2  -DPREVENT_OPTIMIZATION  line 16 arg4 == 4
FAIL: gcc.dg/guality/pr36728-1.c   -O2  -DPREVENT_OPTIMIZATION  line 18 arg3 == 3
FAIL: gcc.dg/guality/pr36728-1.c   -O2  -DPREVENT_OPTIMIZATION  line 18 arg4 == 4
FAIL: gcc.dg/guality/pr36728-1.c   -O2 -flto -fno-use-linker-plugin -flto-partition=none  -DPREVENT_OPTIMIZATION line 16 arg3 == 3
FAIL: gcc.dg/guality/pr36728-1.c   -O2 -flto -fno-use-linker-plugin -flto-partition=none  -DPREVENT_OPTIMIZATION line 16 arg4 == 4
FAIL: gcc.dg/guality/pr36728-1.c   -O2 -flto -fno-use-linker-plugin -flto-partition=none  -DPREVENT_OPTIMIZATION line 18 arg3 == 3
FAIL: gcc.dg/guality/pr36728-1.c   -O2 -flto -fno-use-linker-plugin -flto-partition=none  -DPREVENT_OPTIMIZATION line 18 arg4 == 4
FAIL: gcc.dg/guality/pr36728-1.c   -O2 -flto -fuse-linker-plugin -fno-fat-lto-objects  -DPREVENT_OPTIMIZATION line 16 arg3 == 3
FAIL: gcc.dg/guality/pr36728-1.c   -O2 -flto -fuse-linker-plugin -fno-fat-lto-objects  -DPREVENT_OPTIMIZATION line 16 arg4 == 4
FAIL: gcc.dg/guality/pr36728-1.c   -O2 -flto -fuse-linker-plugin -fno-fat-lto-objects  -DPREVENT_OPTIMIZATION line 16 arg5 == 5
FAIL: gcc.dg/guality/pr36728-1.c   -O2 -flto -fuse-linker-plugin -fno-fat-lto-objects  -DPREVENT_OPTIMIZATION line 16 arg6 == 6
FAIL: gcc.dg/guality/pr36728-1.c   -O2 -flto -fuse-linker-plugin -fno-fat-lto-objects  -DPREVENT_OPTIMIZATION line 16 arg7 == 30
FAIL: gcc.dg/guality/pr36728-1.c   -O2 -flto -fuse-linker-plugin -fno-fat-lto-objects  -DPREVENT_OPTIMIZATION line 16 y == 2
FAIL: gcc.dg/guality/pr36728-1.c   -O2 -flto -fuse-linker-plugin -fno-fat-lto-objects  -DPREVENT_OPTIMIZATION line 18 arg3 == 3
FAIL: gcc.dg/guality/pr36728-1.c   -O2 -flto -fuse-linker-plugin -fno-fat-lto-objects  -DPREVENT_OPTIMIZATION line 18 arg4 == 4
FAIL: gcc.dg/guality/pr36728-1.c   -O2 -flto -fuse-linker-plugin -fno-fat-lto-objects  -DPREVENT_OPTIMIZATION line 18 arg5 == 5
FAIL: gcc.dg/guality/pr36728-1.c   -O2 -flto -fuse-linker-plugin -fno-fat-lto-objects  -DPREVENT_OPTIMIZATION line 18 arg6 == 6
FAIL: gcc.dg/guality/pr36728-1.c   -O2 -flto -fuse-linker-plugin -fno-fat-lto-objects  -DPREVENT_OPTIMIZATION line 18 arg7 == 30
FAIL: gcc.dg/guality/pr36728-1.c   -O3 -g  -DPREVENT_OPTIMIZATION  line 16 arg3 == 3
FAIL: gcc.dg/guality/pr36728-1.c   -O3 -g  -DPREVENT_OPTIMIZATION  line 16 arg4 == 4
FAIL: gcc.dg/guality/pr36728-1.c   -O3 -g  -DPREVENT_OPTIMIZATION  line 16 arg5 == 5
FAIL: gcc.dg/guality/pr36728-1.c   -O3 -g  -DPREVENT_OPTIMIZATION  line 16 arg6 == 6
FAIL: gcc.dg/guality/pr36728-1.c   -O3 -g  -DPREVENT_OPTIMIZATION  line 16 arg7 == 30
FAIL: gcc.dg/guality/pr36728-1.c   -O3 -g  -DPREVENT_OPTIMIZATION  line 18 arg3 == 3
FAIL: gcc.dg/guality/pr36728-1.c   -O3 -g  -DPREVENT_OPTIMIZATION  line 18 arg4 == 4
FAIL: gcc.dg/guality/pr36728-1.c   -O3 -g  -DPREVENT_OPTIMIZATION  line 18 arg5 == 5
FAIL: gcc.dg/guality/pr36728-1.c   -O3 -g  -DPREVENT_OPTIMIZATION  line 18 arg6 == 6
FAIL: gcc.dg/guality/pr36728-1.c   -O3 -g  -DPREVENT_OPTIMIZATION  line 18 arg7 == 30
FAIL: gcc.dg/guality/pr36728-1.c   -Os  -DPREVENT_OPTIMIZATION  line 16 arg3 == 3
FAIL: gcc.dg/guality/pr36728-1.c   -Os  -DPREVENT_OPTIMIZATION  line 16 arg4 == 4
FAIL: gcc.dg/guality/pr36728-1.c   -Os  -DPREVENT_OPTIMIZATION  line 18 arg3 == 3
FAIL: gcc.dg/guality/pr36728-1.c   -Os  -DPREVENT_OPTIMIZATION  line 18 arg4 == 4
FAIL: gcc.dg/guality/pr36728-2.c   -O2  -DPREVENT_OPTIMIZATION  line 16 arg3 == 3
FAIL: gcc.dg/guality/pr36728-2.c   -O2  -DPREVENT_OPTIMIZATION  line 16 arg4 == 4
FAIL: gcc.dg/guality/pr36728-2.c   -O2  -DPREVENT_OPTIMIZATION  line 18 arg3 == 3
FAIL: gcc.dg/guality/pr36728-2.c   -O2  -DPREVENT_OPTIMIZATION  line 18 arg4 == 4
FAIL: gcc.dg/guality/pr36728-2.c   -O2 -flto -fuse-linker-plugin -fno-fat-lto-objects  -DPREVENT_OPTIMIZATION line 16 arg3 == 3
FAIL: gcc.dg/guality/pr36728-2.c   -O2 -flto -fuse-linker-plugin -fno-fat-lto-objects  -DPREVENT_OPTIMIZATION line 16 arg4 == 4
FAIL: gcc.dg/guality/pr36728-2.c   -O2 -flto -fuse-linker-plugin -fno-fat-lto-objects  -DPREVENT_OPTIMIZATION line 16 arg5 == 5
FAIL: gcc.dg/guality/pr36728-2.c   -O2 -flto -fuse-linker-plugin -fno-fat-lto-objects  -DPREVENT_OPTIMIZATION line 16 arg6 == 6
FAIL: gcc.dg/guality/pr36728-2.c   -O2 -flto -fuse-linker-plugin -fno-fat-lto-objects  -DPREVENT_OPTIMIZATION line 16 arg7 == 30
FAIL: gcc.dg/guality/pr36728-2.c   -O2 -flto -fuse-linker-plugin -fno-fat-lto-objects  -DPREVENT_OPTIMIZATION line 16 y == 2
FAIL: gcc.dg/guality/pr36728-2.c   -O2 -flto -fuse-linker-plugin -fno-fat-lto-objects  -DPREVENT_OPTIMIZATION line 18 arg3 == 3
FAIL: gcc.dg/guality/pr36728-2.c   -O2 -flto -fuse-linker-plugin -fno-fat-lto-objects  -DPREVENT_OPTIMIZATION line 18 arg4 == 4
FAIL: gcc.dg/guality/pr36728-2.c   -O2 -flto -fuse-linker-plugin -fno-fat-lto-objects  -DPREVENT_OPTIMIZATION line 18 arg5 == 5
FAIL: gcc.dg/guality/pr36728-2.c   -O2 -flto -fuse-linker-plugin -fno-fat-lto-objects  -DPREVENT_OPTIMIZATION line 18 arg6 == 6
FAIL: gcc.dg/guality/pr36728-2.c   -O2 -flto -fuse-linker-plugin -fno-fat-lto-objects  -DPREVENT_OPTIMIZATION line 18 arg7 == 30
FAIL: gcc.dg/guality/pr36728-2.c   -O3 -g  -DPREVENT_OPTIMIZATION  line 16 arg3 == 3
FAIL: gcc.dg/guality/pr36728-2.c   -O3 -g  -DPREVENT_OPTIMIZATION  line 16 arg4 == 4
FAIL: gcc.dg/guality/pr36728-2.c   -O3 -g  -DPREVENT_OPTIMIZATION  line 16 arg5 == 5
FAIL: gcc.dg/guality/pr36728-2.c   -O3 -g  -DPREVENT_OPTIMIZATION  line 16 arg6 == 6
FAIL: gcc.dg/guality/pr36728-2.c   -O3 -g  -DPREVENT_OPTIMIZATION  line 16 arg7 == 30
FAIL: gcc.dg/guality/pr36728-2.c   -O3 -g  -DPREVENT_OPTIMIZATION  line 18 arg3 == 3
FAIL: gcc.dg/guality/pr36728-2.c   -O3 -g  -DPREVENT_OPTIMIZATION  line 18 arg4 == 4
FAIL: gcc.dg/guality/pr36728-2.c   -O3 -g  -DPREVENT_OPTIMIZATION  line 18 arg5 == 5
FAIL: gcc.dg/guality/pr36728-2.c   -O3 -g  -DPREVENT_OPTIMIZATION  line 18 arg6 == 6
FAIL: gcc.dg/guality/pr36728-2.c   -O3 -g  -DPREVENT_OPTIMIZATION  line 18 arg7 == 30
FAIL: gcc.dg/guality/pr36728-2.c   -Os  -DPREVENT_OPTIMIZATION  line 16 arg3 == 3
FAIL: gcc.dg/guality/pr36728-2.c   -Os  -DPREVENT_OPTIMIZATION  line 18 arg3 == 3
FAIL: gcc.dg/guality/pr36728-3.c   -O2 -flto -fuse-linker-plugin -fno-fat-lto-objects  -DPREVENT_OPTIMIZATION line 14 arg3 == 3
FAIL: gcc.dg/guality/pr36728-3.c   -O2 -flto -fuse-linker-plugin -fno-fat-lto-objects  -DPREVENT_OPTIMIZATION line 14 arg4 == 4
FAIL: gcc.dg/guality/pr36728-3.c   -O2 -flto -fuse-linker-plugin -fno-fat-lto-objects  -DPREVENT_OPTIMIZATION line 14 arg5 == 5
FAIL: gcc.dg/guality/pr36728-3.c   -O2 -flto -fuse-linker-plugin -fno-fat-lto-objects  -DPREVENT_OPTIMIZATION line 14 arg6 == 6
FAIL: gcc.dg/guality/pr36728-3.c   -O2 -flto -fuse-linker-plugin -fno-fat-lto-objects  -DPREVENT_OPTIMIZATION line 14 arg7 == 30
FAIL: gcc.dg/guality/pr36728-3.c   -O2 -flto -fuse-linker-plugin -fno-fat-lto-objects  -DPREVENT_OPTIMIZATION line 16 arg3 == 3
FAIL: gcc.dg/guality/pr36728-3.c   -O2 -flto -fuse-linker-plugin -fno-fat-lto-objects  -DPREVENT_OPTIMIZATION line 16 arg4 == 4
FAIL: gcc.dg/guality/pr36728-3.c   -O2 -flto -fuse-linker-plugin -fno-fat-lto-objects  -DPREVENT_OPTIMIZATION line 16 arg5 == 5
FAIL: gcc.dg/guality/pr36728-3.c   -O2 -flto -fuse-linker-plugin -fno-fat-lto-objects  -DPREVENT_OPTIMIZATION line 16 arg6 == 6
FAIL: gcc.dg/guality/pr36728-3.c   -O2 -flto -fuse-linker-plugin -fno-fat-lto-objects  -DPREVENT_OPTIMIZATION line 16 arg7 == 30
FAIL: gcc.dg/guality/pr36728-3.c   -O3 -g  -DPREVENT_OPTIMIZATION  line 14 arg3 == 3
FAIL: gcc.dg/guality/pr36728-3.c   -O3 -g  -DPREVENT_OPTIMIZATION  line 14 arg4 == 4
FAIL: gcc.dg/guality/pr36728-3.c   -O3 -g  -DPREVENT_OPTIMIZATION  line 14 arg5 == 5
FAIL: gcc.dg/guality/pr36728-3.c   -O3 -g  -DPREVENT_OPTIMIZATION  line 14 arg6 == 6
FAIL: gcc.dg/guality/pr36728-3.c   -O3 -g  -DPREVENT_OPTIMIZATION  line 14 arg7 == 30
FAIL: gcc.dg/guality/pr36728-3.c   -O3 -g  -DPREVENT_OPTIMIZATION  line 16 arg3 == 3
FAIL: gcc.dg/guality/pr36728-3.c   -O3 -g  -DPREVENT_OPTIMIZATION  line 16 arg4 == 4
FAIL: gcc.dg/guality/pr36728-3.c   -O3 -g  -DPREVENT_OPTIMIZATION  line 16 arg5 == 5
FAIL: gcc.dg/guality/pr36728-3.c   -O3 -g  -DPREVENT_OPTIMIZATION  line 16 arg6 == 6
FAIL: gcc.dg/guality/pr36728-3.c   -O3 -g  -DPREVENT_OPTIMIZATION  line 16 arg7 == 30
FAIL: gcc.dg/guality/pr36728-4.c   -O2 -flto -fuse-linker-plugin -fno-fat-lto-objects  -DPREVENT_OPTIMIZATION line 14 arg3 == 3
FAIL: gcc.dg/guality/pr36728-4.c   -O2 -flto -fuse-linker-plugin -fno-fat-lto-objects  -DPREVENT_OPTIMIZATION line 14 arg4 == 4
FAIL: gcc.dg/guality/pr36728-4.c   -O2 -flto -fuse-linker-plugin -fno-fat-lto-objects  -DPREVENT_OPTIMIZATION line 14 arg5 == 5
FAIL: gcc.dg/guality/pr36728-4.c   -O2 -flto -fuse-linker-plugin -fno-fat-lto-objects  -DPREVENT_OPTIMIZATION line 14 arg6 == 6
FAIL: gcc.dg/guality/pr36728-4.c   -O2 -flto -fuse-linker-plugin -fno-fat-lto-objects  -DPREVENT_OPTIMIZATION line 14 arg7 == 30
FAIL: gcc.dg/guality/pr36728-4.c   -O2 -flto -fuse-linker-plugin -fno-fat-lto-objects  -DPREVENT_OPTIMIZATION line 16 arg3 == 3
FAIL: gcc.dg/guality/pr36728-4.c   -O2 -flto -fuse-linker-plugin -fno-fat-lto-objects  -DPREVENT_OPTIMIZATION line 16 arg4 == 4
FAIL: gcc.dg/guality/pr36728-4.c   -O2 -flto -fuse-linker-plugin -fno-fat-lto-objects  -DPREVENT_OPTIMIZATION line 16 arg5 == 5
FAIL: gcc.dg/guality/pr36728-4.c   -O2 -flto -fuse-linker-plugin -fno-fat-lto-objects  -DPREVENT_OPTIMIZATION line 16 arg6 == 6
FAIL: gcc.dg/guality/pr36728-4.c   -O2 -flto -fuse-linker-plugin -fno-fat-lto-objects  -DPREVENT_OPTIMIZATION line 16 arg7 == 30
FAIL: gcc.dg/guality/pr36728-4.c   -O3 -g  -DPREVENT_OPTIMIZATION  line 14 arg3 == 3
FAIL: gcc.dg/guality/pr36728-4.c   -O3 -g  -DPREVENT_OPTIMIZATION  line 14 arg4 == 4
FAIL: gcc.dg/guality/pr36728-4.c   -O3 -g  -DPREVENT_OPTIMIZATION  line 14 arg5 == 5
FAIL: gcc.dg/guality/pr36728-4.c   -O3 -g  -DPREVENT_OPTIMIZATION  line 14 arg6 == 6
FAIL: gcc.dg/guality/pr36728-4.c   -O3 -g  -DPREVENT_OPTIMIZATION  line 14 arg7 == 30
FAIL: gcc.dg/guality/pr36728-4.c   -O3 -g  -DPREVENT_OPTIMIZATION  line 16 arg3 == 3
FAIL: gcc.dg/guality/pr36728-4.c   -O3 -g  -DPREVENT_OPTIMIZATION  line 16 arg4 == 4
FAIL: gcc.dg/guality/pr36728-4.c   -O3 -g  -DPREVENT_OPTIMIZATION  line 16 arg5 == 5
FAIL: gcc.dg/guality/pr36728-4.c   -O3 -g  -DPREVENT_OPTIMIZATION  line 16 arg6 == 6
FAIL: gcc.dg/guality/pr36728-4.c   -O3 -g  -DPREVENT_OPTIMIZATION  line 16 arg7 == 30
XPASS: gcc.dg/guality/pr41353-1.c   -O0  line 28 j == 28 + 37
FAIL: gcc.dg/guality/pr41353-1.c  -Og -DPREVENT_OPTIMIZATION  line 28 i == 37
FAIL: gcc.dg/guality/pr41353-1.c  -Og -DPREVENT_OPTIMIZATION  line 28 i1 == 2 * 37
FAIL: gcc.dg/guality/pr41353-1.c  -Og -DPREVENT_OPTIMIZATION  line 28 i2 == 3 * 37
XPASS: gcc.dg/guality/pr41353-1.c  -Og -DPREVENT_OPTIMIZATION  line 28 j == 28 + 37
FAIL: gcc.dg/guality/pr41616-1.c   -O1  -DPREVENT_OPTIMIZATION  execution test
FAIL: gcc.dg/guality/pr41616-1.c   -Os  -DPREVENT_OPTIMIZATION  execution test
FAIL: gcc.dg/guality/pr43051-1.c   -O1  -DPREVENT_OPTIMIZATION  line 35 v == 1
FAIL: gcc.dg/guality/pr43051-1.c   -O1  -DPREVENT_OPTIMIZATION  line 40 v == 1
FAIL: gcc.dg/guality/pr43051-1.c   -O2  -DPREVENT_OPTIMIZATION  line 35 v == 1
FAIL: gcc.dg/guality/pr43051-1.c   -O2  -DPREVENT_OPTIMIZATION  line 40 v == 1
FAIL: gcc.dg/guality/pr43051-1.c   -O2 -flto -fno-use-linker-plugin -flto-partition=none  -DPREVENT_OPTIMIZATION line 35 v == 1
FAIL: gcc.dg/guality/pr43051-1.c   -O2 -flto -fno-use-linker-plugin -flto-partition=none  -DPREVENT_OPTIMIZATION line 40 v == 1
FAIL: gcc.dg/guality/pr43051-1.c   -O2 -flto -fuse-linker-plugin -fno-fat-lto-objects  -DPREVENT_OPTIMIZATION line 35 v == 1
FAIL: gcc.dg/guality/pr43051-1.c   -O2 -flto -fuse-linker-plugin -fno-fat-lto-objects  -DPREVENT_OPTIMIZATION line 40 v == 1
FAIL: gcc.dg/guality/pr43051-1.c   -O3 -fomit-frame-pointer -funroll-loops -fpeel-loops -ftracer -finline-functions  -DPREVENT_OPTIMIZATION  line 35 v == 1
FAIL: gcc.dg/guality/pr43051-1.c   -O3 -fomit-frame-pointer -funroll-loops -fpeel-loops -ftracer -finline-functions  -DPREVENT_OPTIMIZATION  line 40 v == 1
FAIL: gcc.dg/guality/pr43051-1.c   -O3 -g  -DPREVENT_OPTIMIZATION  line 35 v == 1
FAIL: gcc.dg/guality/pr43051-1.c   -O3 -g  -DPREVENT_OPTIMIZATION  line 40 v == 1
FAIL: gcc.dg/guality/pr43051-1.c   -Os  -DPREVENT_OPTIMIZATION  line 35 v == 1
FAIL: gcc.dg/guality/pr43051-1.c   -Os  -DPREVENT_OPTIMIZATION  line 40 v == 1
FAIL: gcc.dg/guality/pr43051-1.c  -Og -DPREVENT_OPTIMIZATION  line 35 v == 1
FAIL: gcc.dg/guality/pr43051-1.c  -Og -DPREVENT_OPTIMIZATION  line 40 v == 1
FAIL: gcc.dg/guality/pr43077-1.c   -O0  line 42 b == 2
FAIL: gcc.dg/guality/pr43077-1.c   -O0  line 42 c == 3
FAIL: gcc.dg/guality/pr43077-1.c   -O0  line 42 varb == 2
FAIL: gcc.dg/guality/pr43077-1.c   -O0  line 42 varc == 3
FAIL: gcc.dg/guality/pr43077-1.c   -O1  -DPREVENT_OPTIMIZATION  line 42 b == 2
FAIL: gcc.dg/guality/pr43077-1.c   -O1  -DPREVENT_OPTIMIZATION  line 42 c == 3
FAIL: gcc.dg/guality/pr43077-1.c   -O1  -DPREVENT_OPTIMIZATION  line 42 varb == 2
FAIL: gcc.dg/guality/pr43077-1.c   -O1  -DPREVENT_OPTIMIZATION  line 42 varc == 3
FAIL: gcc.dg/guality/pr43077-1.c   -O2  -DPREVENT_OPTIMIZATION  line 42 b == 2
FAIL: gcc.dg/guality/pr43077-1.c   -O2  -DPREVENT_OPTIMIZATION  line 42 c == 3
FAIL: gcc.dg/guality/pr43077-1.c   -O2  -DPREVENT_OPTIMIZATION  line 42 varb == 2
FAIL: gcc.dg/guality/pr43077-1.c   -O2  -DPREVENT_OPTIMIZATION  line 42 varc == 3
FAIL: gcc.dg/guality/pr43077-1.c   -O2 -flto -fno-use-linker-plugin -flto-partition=none  -DPREVENT_OPTIMIZATION line 42 b == 2
FAIL: gcc.dg/guality/pr43077-1.c   -O2 -flto -fno-use-linker-plugin -flto-partition=none  -DPREVENT_OPTIMIZATION line 42 c == 3
FAIL: gcc.dg/guality/pr43077-1.c   -O2 -flto -fno-use-linker-plugin -flto-partition=none  -DPREVENT_OPTIMIZATION line 42 varb == 2
FAIL: gcc.dg/guality/pr43077-1.c   -O2 -flto -fno-use-linker-plugin -flto-partition=none  -DPREVENT_OPTIMIZATION line 42 varc == 3
FAIL: gcc.dg/guality/pr43077-1.c   -O2 -flto -fuse-linker-plugin -fno-fat-lto-objects  -DPREVENT_OPTIMIZATION line 42 b == 2
FAIL: gcc.dg/guality/pr43077-1.c   -O2 -flto -fuse-linker-plugin -fno-fat-lto-objects  -DPREVENT_OPTIMIZATION line 42 c == 3
FAIL: gcc.dg/guality/pr43077-1.c   -O2 -flto -fuse-linker-plugin -fno-fat-lto-objects  -DPREVENT_OPTIMIZATION line 42 varb == 2
FAIL: gcc.dg/guality/pr43077-1.c   -O2 -flto -fuse-linker-plugin -fno-fat-lto-objects  -DPREVENT_OPTIMIZATION line 42 varc == 3
FAIL: gcc.dg/guality/pr43077-1.c   -O3 -g  -DPREVENT_OPTIMIZATION  line 42 b == 2
FAIL: gcc.dg/guality/pr43077-1.c   -O3 -g  -DPREVENT_OPTIMIZATION  line 42 c == 3
FAIL: gcc.dg/guality/pr43077-1.c   -O3 -g  -DPREVENT_OPTIMIZATION  line 42 varb == 2
FAIL: gcc.dg/guality/pr43077-1.c   -O3 -g  -DPREVENT_OPTIMIZATION  line 42 varc == 3
FAIL: gcc.dg/guality/pr43077-1.c   -Os  -DPREVENT_OPTIMIZATION  line 42 b == 2
FAIL: gcc.dg/guality/pr43077-1.c   -Os  -DPREVENT_OPTIMIZATION  line 42 c == 3
FAIL: gcc.dg/guality/pr43077-1.c   -Os  -DPREVENT_OPTIMIZATION  line 42 varb == 2
FAIL: gcc.dg/guality/pr43077-1.c   -Os  -DPREVENT_OPTIMIZATION  line 42 varc == 3
FAIL: gcc.dg/guality/pr43077-1.c  -Og -DPREVENT_OPTIMIZATION  line 42 b == 2
FAIL: gcc.dg/guality/pr43077-1.c  -Og -DPREVENT_OPTIMIZATION  line 42 c == 3
FAIL: gcc.dg/guality/pr43077-1.c  -Og -DPREVENT_OPTIMIZATION  line 42 varb == 2
FAIL: gcc.dg/guality/pr43077-1.c  -Og -DPREVENT_OPTIMIZATION  line 42 varc == 3
FAIL: gcc.dg/guality/pr45882.c   -O1  -DPREVENT_OPTIMIZATION  line 18 b == 7
FAIL: gcc.dg/guality/pr45882.c   -O1  -DPREVENT_OPTIMIZATION  line 18 c == 11
FAIL: gcc.dg/guality/pr45882.c   -O1  -DPREVENT_OPTIMIZATION  line 18 d == 112
FAIL: gcc.dg/guality/pr45882.c   -O1  -DPREVENT_OPTIMIZATION  line 18 e == 142
FAIL: gcc.dg/guality/pr45882.c   -O2  -DPREVENT_OPTIMIZATION  line 18 b == 7
FAIL: gcc.dg/guality/pr45882.c   -O2  -DPREVENT_OPTIMIZATION  line 18 c == 11
FAIL: gcc.dg/guality/pr45882.c   -O2  -DPREVENT_OPTIMIZATION  line 18 d == 112
FAIL: gcc.dg/guality/pr45882.c   -O2  -DPREVENT_OPTIMIZATION  line 18 e == 142
FAIL: gcc.dg/guality/pr45882.c   -O2 -flto -fno-use-linker-plugin -flto-partition=none  -DPREVENT_OPTIMIZATION line 18 b == 7
FAIL: gcc.dg/guality/pr45882.c   -O2 -flto -fno-use-linker-plugin -flto-partition=none  -DPREVENT_OPTIMIZATION line 18 c == 11
FAIL: gcc.dg/guality/pr45882.c   -O2 -flto -fno-use-linker-plugin -flto-partition=none  -DPREVENT_OPTIMIZATION line 18 d == 112
FAIL: gcc.dg/guality/pr45882.c   -O2 -flto -fno-use-linker-plugin -flto-partition=none  -DPREVENT_OPTIMIZATION line 18 e == 142
FAIL: gcc.dg/guality/pr45882.c   -O2 -flto -fuse-linker-plugin -fno-fat-lto-objects  -DPREVENT_OPTIMIZATION line 18 b == 7
FAIL: gcc.dg/guality/pr45882.c   -O2 -flto -fuse-linker-plugin -fno-fat-lto-objects  -DPREVENT_OPTIMIZATION line 18 c == 11
FAIL: gcc.dg/guality/pr45882.c   -O2 -flto -fuse-linker-plugin -fno-fat-lto-objects  -DPREVENT_OPTIMIZATION line 18 d == 112
FAIL: gcc.dg/guality/pr45882.c   -O2 -flto -fuse-linker-plugin -fno-fat-lto-objects  -DPREVENT_OPTIMIZATION line 18 e == 142
FAIL: gcc.dg/guality/pr45882.c   -O3 -g  -DPREVENT_OPTIMIZATION  line 18 b == 7
FAIL: gcc.dg/guality/pr45882.c   -O3 -g  -DPREVENT_OPTIMIZATION  line 18 c == 11
FAIL: gcc.dg/guality/pr45882.c   -O3 -g  -DPREVENT_OPTIMIZATION  line 18 d == 112
FAIL: gcc.dg/guality/pr45882.c   -O3 -g  -DPREVENT_OPTIMIZATION  line 18 e == 142
FAIL: gcc.dg/guality/pr45882.c   -Os  -DPREVENT_OPTIMIZATION  line 18 b == 7
FAIL: gcc.dg/guality/pr45882.c   -Os  -DPREVENT_OPTIMIZATION  line 18 c == 11
FAIL: gcc.dg/guality/pr45882.c   -Os  -DPREVENT_OPTIMIZATION  line 18 d == 112
FAIL: gcc.dg/guality/pr45882.c   -Os  -DPREVENT_OPTIMIZATION  line 18 e == 142
FAIL: gcc.dg/guality/pr45882.c  -Og -DPREVENT_OPTIMIZATION  line 18 b == 7
FAIL: gcc.dg/guality/pr45882.c  -Og -DPREVENT_OPTIMIZATION  line 18 c == 11
FAIL: gcc.dg/guality/pr45882.c  -Og -DPREVENT_OPTIMIZATION  line 18 d == 112
FAIL: gcc.dg/guality/pr45882.c  -Og -DPREVENT_OPTIMIZATION  line 18 e == 142
FAIL: gcc.dg/guality/pr54519-1.c   -O1  -DPREVENT_OPTIMIZATION  line 20 x == 36
FAIL: gcc.dg/guality/pr54519-1.c   -O1  -DPREVENT_OPTIMIZATION  line 20 y == 25
FAIL: gcc.dg/guality/pr54519-1.c   -O1  -DPREVENT_OPTIMIZATION  line 20 z == 6
FAIL: gcc.dg/guality/pr54519-1.c   -O1  -DPREVENT_OPTIMIZATION  line 23 x == 98
FAIL: gcc.dg/guality/pr54519-1.c   -O1  -DPREVENT_OPTIMIZATION  line 23 y == 117
FAIL: gcc.dg/guality/pr54519-1.c   -O1  -DPREVENT_OPTIMIZATION  line 23 z == 8
FAIL: gcc.dg/guality/pr54519-1.c   -O2  -DPREVENT_OPTIMIZATION  line 20 x == 36
FAIL: gcc.dg/guality/pr54519-1.c   -O2  -DPREVENT_OPTIMIZATION  line 20 y == 25
FAIL: gcc.dg/guality/pr54519-1.c   -O2  -DPREVENT_OPTIMIZATION  line 20 z == 6
FAIL: gcc.dg/guality/pr54519-1.c   -O2  -DPREVENT_OPTIMIZATION  line 23 x == 98
FAIL: gcc.dg/guality/pr54519-1.c   -O2  -DPREVENT_OPTIMIZATION  line 23 y == 117
FAIL: gcc.dg/guality/pr54519-1.c   -O2  -DPREVENT_OPTIMIZATION  line 23 z == 8
FAIL: gcc.dg/guality/pr54519-1.c   -O2 -flto -fno-use-linker-plugin -flto-partition=none  -DPREVENT_OPTIMIZATION line 20 x == 36
FAIL: gcc.dg/guality/pr54519-1.c   -O2 -flto -fno-use-linker-plugin -flto-partition=none  -DPREVENT_OPTIMIZATION line 20 y == 25
FAIL: gcc.dg/guality/pr54519-1.c   -O2 -flto -fno-use-linker-plugin -flto-partition=none  -DPREVENT_OPTIMIZATION line 20 z == 6
FAIL: gcc.dg/guality/pr54519-1.c   -O2 -flto -fno-use-linker-plugin -flto-partition=none  -DPREVENT_OPTIMIZATION line 23 x == 98
FAIL: gcc.dg/guality/pr54519-1.c   -O2 -flto -fno-use-linker-plugin -flto-partition=none  -DPREVENT_OPTIMIZATION line 23 y == 117
FAIL: gcc.dg/guality/pr54519-1.c   -O2 -flto -fno-use-linker-plugin -flto-partition=none  -DPREVENT_OPTIMIZATION line 23 z == 8
FAIL: gcc.dg/guality/pr54519-1.c   -O2 -flto -fuse-linker-plugin -fno-fat-lto-objects  -DPREVENT_OPTIMIZATION line 20 y == 25
FAIL: gcc.dg/guality/pr54519-1.c   -O2 -flto -fuse-linker-plugin -fno-fat-lto-objects  -DPREVENT_OPTIMIZATION line 20 z == 6
FAIL: gcc.dg/guality/pr54519-1.c   -O2 -flto -fuse-linker-plugin -fno-fat-lto-objects  -DPREVENT_OPTIMIZATION line 23 y == 117
FAIL: gcc.dg/guality/pr54519-1.c   -O2 -flto -fuse-linker-plugin -fno-fat-lto-objects  -DPREVENT_OPTIMIZATION line 23 z == 8
FAIL: gcc.dg/guality/pr54519-1.c   -Os  -DPREVENT_OPTIMIZATION  line 20 x == 36
FAIL: gcc.dg/guality/pr54519-1.c   -Os  -DPREVENT_OPTIMIZATION  line 20 y == 25
FAIL: gcc.dg/guality/pr54519-1.c   -Os  -DPREVENT_OPTIMIZATION  line 20 z == 6
FAIL: gcc.dg/guality/pr54519-1.c   -Os  -DPREVENT_OPTIMIZATION  line 23 x == 98
FAIL: gcc.dg/guality/pr54519-1.c   -Os  -DPREVENT_OPTIMIZATION  line 23 y == 117
FAIL: gcc.dg/guality/pr54519-1.c   -Os  -DPREVENT_OPTIMIZATION  line 23 z == 8
FAIL: gcc.dg/guality/pr54519-1.c  -Og -DPREVENT_OPTIMIZATION  line 20 x == 36
FAIL: gcc.dg/guality/pr54519-1.c  -Og -DPREVENT_OPTIMIZATION  line 20 y == 25
FAIL: gcc.dg/guality/pr54519-1.c  -Og -DPREVENT_OPTIMIZATION  line 20 z == 6
FAIL: gcc.dg/guality/pr54519-1.c  -Og -DPREVENT_OPTIMIZATION  line 23 x == 98
FAIL: gcc.dg/guality/pr54519-1.c  -Og -DPREVENT_OPTIMIZATION  line 23 y == 117
FAIL: gcc.dg/guality/pr54519-1.c  -Og -DPREVENT_OPTIMIZATION  line 23 z == 8
FAIL: gcc.dg/guality/pr54519-2.c   -O1  -DPREVENT_OPTIMIZATION  line 17 x == 6
FAIL: gcc.dg/guality/pr54519-2.c   -O1  -DPREVENT_OPTIMIZATION  line 17 y == 25
FAIL: gcc.dg/guality/pr54519-2.c   -O2  -DPREVENT_OPTIMIZATION  line 17 x == 6
FAIL: gcc.dg/guality/pr54519-2.c   -O2  -DPREVENT_OPTIMIZATION  line 17 y == 25
FAIL: gcc.dg/guality/pr54519-2.c   -O2 -flto -fno-use-linker-plugin -flto-partition=none  -DPREVENT_OPTIMIZATION line 17 x == 6
FAIL: gcc.dg/guality/pr54519-2.c   -O2 -flto -fno-use-linker-plugin -flto-partition=none  -DPREVENT_OPTIMIZATION line 17 y == 25
FAIL: gcc.dg/guality/pr54519-2.c   -O2 -flto -fuse-linker-plugin -fno-fat-lto-objects  -DPREVENT_OPTIMIZATION line 17 y == 25
FAIL: gcc.dg/guality/pr54519-2.c   -Os  -DPREVENT_OPTIMIZATION  line 17 x == 6
FAIL: gcc.dg/guality/pr54519-2.c   -Os  -DPREVENT_OPTIMIZATION  line 17 y == 25
FAIL: gcc.dg/guality/pr54519-2.c  -Og -DPREVENT_OPTIMIZATION  line 17 x == 6
FAIL: gcc.dg/guality/pr54519-2.c  -Og -DPREVENT_OPTIMIZATION  line 17 y == 25
FAIL: gcc.dg/guality/pr54519-3.c   -O1  -DPREVENT_OPTIMIZATION  line 20 x == 36
FAIL: gcc.dg/guality/pr54519-3.c   -O1  -DPREVENT_OPTIMIZATION  line 20 y == 25
FAIL: gcc.dg/guality/pr54519-3.c   -O1  -DPREVENT_OPTIMIZATION  line 20 z == 6
FAIL: gcc.dg/guality/pr54519-3.c   -O1  -DPREVENT_OPTIMIZATION  line 23 x == 98
FAIL: gcc.dg/guality/pr54519-3.c   -O1  -DPREVENT_OPTIMIZATION  line 23 y == 117
FAIL: gcc.dg/guality/pr54519-3.c   -O1  -DPREVENT_OPTIMIZATION  line 23 z == 8
FAIL: gcc.dg/guality/pr54519-3.c   -O2  -DPREVENT_OPTIMIZATION  line 20 z == 6
FAIL: gcc.dg/guality/pr54519-3.c   -O2  -DPREVENT_OPTIMIZATION  line 23 z == 8
FAIL: gcc.dg/guality/pr54519-3.c   -O2 -flto -fno-use-linker-plugin -flto-partition=none  -DPREVENT_OPTIMIZATION line 20 y == 25
FAIL: gcc.dg/guality/pr54519-3.c   -O2 -flto -fno-use-linker-plugin -flto-partition=none  -DPREVENT_OPTIMIZATION line 20 z == 6
FAIL: gcc.dg/guality/pr54519-3.c   -O2 -flto -fno-use-linker-plugin -flto-partition=none  -DPREVENT_OPTIMIZATION line 23 y == 117
FAIL: gcc.dg/guality/pr54519-3.c   -O2 -flto -fno-use-linker-plugin -flto-partition=none  -DPREVENT_OPTIMIZATION line 23 z == 8
FAIL: gcc.dg/guality/pr54519-3.c   -O2 -flto -fuse-linker-plugin -fno-fat-lto-objects  -DPREVENT_OPTIMIZATION line 20 y == 25
FAIL: gcc.dg/guality/pr54519-3.c   -O2 -flto -fuse-linker-plugin -fno-fat-lto-objects  -DPREVENT_OPTIMIZATION line 20 z == 6
FAIL: gcc.dg/guality/pr54519-3.c   -O2 -flto -fuse-linker-plugin -fno-fat-lto-objects  -DPREVENT_OPTIMIZATION line 23 y == 117
FAIL: gcc.dg/guality/pr54519-3.c   -O2 -flto -fuse-linker-plugin -fno-fat-lto-objects  -DPREVENT_OPTIMIZATION line 23 z == 8
FAIL: gcc.dg/guality/pr54519-3.c   -O3 -g  -DPREVENT_OPTIMIZATION  line 20 z == 6
FAIL: gcc.dg/guality/pr54519-3.c   -O3 -g  -DPREVENT_OPTIMIZATION  line 23 z == 8
FAIL: gcc.dg/guality/pr54519-3.c   -Os  -DPREVENT_OPTIMIZATION  line 20 z == 6
FAIL: gcc.dg/guality/pr54519-3.c   -Os  -DPREVENT_OPTIMIZATION  line 23 z == 8
FAIL: gcc.dg/guality/pr54519-3.c  -Og -DPREVENT_OPTIMIZATION  line 20 x == 36
FAIL: gcc.dg/guality/pr54519-3.c  -Og -DPREVENT_OPTIMIZATION  line 20 y == 25
FAIL: gcc.dg/guality/pr54519-3.c  -Og -DPREVENT_OPTIMIZATION  line 20 z == 6
FAIL: gcc.dg/guality/pr54519-3.c  -Og -DPREVENT_OPTIMIZATION  line 23 x == 98
FAIL: gcc.dg/guality/pr54519-3.c  -Og -DPREVENT_OPTIMIZATION  line 23 y == 117
FAIL: gcc.dg/guality/pr54519-3.c  -Og -DPREVENT_OPTIMIZATION  line 23 z == 8
FAIL: gcc.dg/guality/pr54519-4.c   -O1  -DPREVENT_OPTIMIZATION  line 17 x == 6
FAIL: gcc.dg/guality/pr54519-4.c   -O1  -DPREVENT_OPTIMIZATION  line 17 y == 25
FAIL: gcc.dg/guality/pr54519-4.c   -O2  -DPREVENT_OPTIMIZATION  line 17 y == 25
FAIL: gcc.dg/guality/pr54519-4.c   -O2 -flto -fno-use-linker-plugin -flto-partition=none  -DPREVENT_OPTIMIZATION line 17 y == 25
FAIL: gcc.dg/guality/pr54519-4.c   -O2 -flto -fuse-linker-plugin -fno-fat-lto-objects  -DPREVENT_OPTIMIZATION line 17 y == 25
FAIL: gcc.dg/guality/pr54519-4.c   -O3 -g  -DPREVENT_OPTIMIZATION  line 17 y == 25
FAIL: gcc.dg/guality/pr54519-4.c   -Os  -DPREVENT_OPTIMIZATION  line 17 y == 25
FAIL: gcc.dg/guality/pr54519-4.c  -Og -DPREVENT_OPTIMIZATION  line 17 x == 6
FAIL: gcc.dg/guality/pr54519-4.c  -Og -DPREVENT_OPTIMIZATION  line 17 y == 25
FAIL: gcc.dg/guality/pr54519-5.c   -O1  -DPREVENT_OPTIMIZATION  line 17 x == 6
FAIL: gcc.dg/guality/pr54519-5.c   -O1  -DPREVENT_OPTIMIZATION  line 17 y == 25
FAIL: gcc.dg/guality/pr54519-5.c   -O2  -DPREVENT_OPTIMIZATION  line 17 x == 6
FAIL: gcc.dg/guality/pr54519-5.c   -O2  -DPREVENT_OPTIMIZATION  line 17 y == 25
FAIL: gcc.dg/guality/pr54519-5.c   -O2 -flto -fno-use-linker-plugin -flto-partition=none  -DPREVENT_OPTIMIZATION line 17 x == 6
FAIL: gcc.dg/guality/pr54519-5.c   -O2 -flto -fno-use-linker-plugin -flto-partition=none  -DPREVENT_OPTIMIZATION line 17 y == 25
FAIL: gcc.dg/guality/pr54519-5.c   -O2 -flto -fuse-linker-plugin -fno-fat-lto-objects  -DPREVENT_OPTIMIZATION line 17 y == 25
FAIL: gcc.dg/guality/pr54519-5.c   -O3 -g  -DPREVENT_OPTIMIZATION  line 17 y == 25
FAIL: gcc.dg/guality/pr54519-5.c   -Os  -DPREVENT_OPTIMIZATION  line 17 x == 6
FAIL: gcc.dg/guality/pr54519-5.c   -Os  -DPREVENT_OPTIMIZATION  line 17 y == 25
FAIL: gcc.dg/guality/pr54519-5.c  -Og -DPREVENT_OPTIMIZATION  line 17 x == 6
FAIL: gcc.dg/guality/pr54519-5.c  -Og -DPREVENT_OPTIMIZATION  line 17 y == 25
FAIL: gcc.dg/guality/pr54551.c   -O1  -DPREVENT_OPTIMIZATION  line 18 a == 4
FAIL: gcc.dg/guality/pr54551.c   -O1  -DPREVENT_OPTIMIZATION  line 18 z == 3
FAIL: gcc.dg/guality/pr54551.c   -O2  -DPREVENT_OPTIMIZATION  line 18 a == 4
FAIL: gcc.dg/guality/pr54551.c   -O2  -DPREVENT_OPTIMIZATION  line 18 z == 3
FAIL: gcc.dg/guality/pr54551.c   -O2 -flto -fno-use-linker-plugin -flto-partition=none  -DPREVENT_OPTIMIZATION line 18 a == 4
FAIL: gcc.dg/guality/pr54551.c   -O2 -flto -fno-use-linker-plugin -flto-partition=none  -DPREVENT_OPTIMIZATION line 18 z == 3
FAIL: gcc.dg/guality/pr54551.c   -O3 -g  -DPREVENT_OPTIMIZATION  line 18 a == 4
FAIL: gcc.dg/guality/pr54551.c   -O3 -g  -DPREVENT_OPTIMIZATION  line 18 z == 3
FAIL: gcc.dg/guality/pr54551.c   -Os  -DPREVENT_OPTIMIZATION  line 18 a == 4
FAIL: gcc.dg/guality/pr54551.c   -Os  -DPREVENT_OPTIMIZATION  line 18 z == 3
FAIL: gcc.dg/guality/pr54551.c  -Og -DPREVENT_OPTIMIZATION  line 18 a == 4
FAIL: gcc.dg/guality/pr54551.c  -Og -DPREVENT_OPTIMIZATION  line 18 z == 3
FAIL: gcc.dg/guality/pr54693-2.c   -O1  -DPREVENT_OPTIMIZATION  line 21 x == 10 - i
FAIL: gcc.dg/guality/pr54693-2.c   -O1  -DPREVENT_OPTIMIZATION  line 21 y == 20 - 2 * i
FAIL: gcc.dg/guality/pr54693-2.c   -O2  -DPREVENT_OPTIMIZATION  line 21 x == 10 - i
FAIL: gcc.dg/guality/pr54693-2.c   -O2  -DPREVENT_OPTIMIZATION  line 21 y == 20 - 2 * i
FAIL: gcc.dg/guality/pr54693-2.c   -O2 -flto -fno-use-linker-plugin -flto-partition=none  -DPREVENT_OPTIMIZATION line 21 x == 10 - i
FAIL: gcc.dg/guality/pr54693-2.c   -O2 -flto -fno-use-linker-plugin -flto-partition=none  -DPREVENT_OPTIMIZATION line 21 y == 20 - 2 * i
FAIL: gcc.dg/guality/pr54693-2.c   -O2 -flto -fuse-linker-plugin -fno-fat-lto-objects  -DPREVENT_OPTIMIZATION line 21 y == 20 - 2 * i
FAIL: gcc.dg/guality/pr54693-2.c   -O2 -flto -fuse-linker-plugin -fno-fat-lto-objects  -DPREVENT_OPTIMIZATION line 21 z == 30 - 3 * i
FAIL: gcc.dg/guality/pr54693-2.c   -O3 -fomit-frame-pointer -funroll-loops -fpeel-loops -ftracer -finline-functions  -DPREVENT_OPTIMIZATION  line 21 y == 20 - 2 * i
FAIL: gcc.dg/guality/pr54693-2.c   -O3 -g  -DPREVENT_OPTIMIZATION  line 21 x == 10 - i
FAIL: gcc.dg/guality/pr54693-2.c   -O3 -g  -DPREVENT_OPTIMIZATION  line 21 y == 20 - 2 * i
FAIL: gcc.dg/guality/pr54693-2.c   -Os  -DPREVENT_OPTIMIZATION  line 21 x == 10 - i
FAIL: gcc.dg/guality/pr54693-2.c   -Os  -DPREVENT_OPTIMIZATION  line 21 y == 20 - 2 * i
FAIL: gcc.dg/guality/pr54693.c   -Os  -DPREVENT_OPTIMIZATION  line 22 i == c - 48
FAIL: gcc.dg/guality/pr54796.c   -O1  -DPREVENT_OPTIMIZATION  line 17 a == 5
FAIL: gcc.dg/guality/pr54796.c   -O1  -DPREVENT_OPTIMIZATION  line 17 b == 6
FAIL: gcc.dg/guality/pr54796.c   -O1  -DPREVENT_OPTIMIZATION  line 17 c == 5
FAIL: gcc.dg/guality/pr54796.c   -O2  -DPREVENT_OPTIMIZATION  line 17 a == 5
FAIL: gcc.dg/guality/pr54796.c   -O2  -DPREVENT_OPTIMIZATION  line 17 b == 6
FAIL: gcc.dg/guality/pr54796.c   -O2  -DPREVENT_OPTIMIZATION  line 17 c == 5
FAIL: gcc.dg/guality/pr54796.c   -O2 -flto -fno-use-linker-plugin -flto-partition=none  -DPREVENT_OPTIMIZATION line 17 a == 5
FAIL: gcc.dg/guality/pr54796.c   -O2 -flto -fno-use-linker-plugin -flto-partition=none  -DPREVENT_OPTIMIZATION line 17 b == 6
FAIL: gcc.dg/guality/pr54796.c   -O2 -flto -fno-use-linker-plugin -flto-partition=none  -DPREVENT_OPTIMIZATION line 17 c == 5
FAIL: gcc.dg/guality/pr54796.c   -O2 -flto -fuse-linker-plugin -fno-fat-lto-objects  -DPREVENT_OPTIMIZATION line 17 a == 5
FAIL: gcc.dg/guality/pr54796.c   -O2 -flto -fuse-linker-plugin -fno-fat-lto-objects  -DPREVENT_OPTIMIZATION line 17 b == 6
FAIL: gcc.dg/guality/pr54796.c   -O3 -g  -DPREVENT_OPTIMIZATION  line 17 a == 5
FAIL: gcc.dg/guality/pr54796.c   -O3 -g  -DPREVENT_OPTIMIZATION  line 17 b == 6
FAIL: gcc.dg/guality/pr54796.c   -O3 -g  -DPREVENT_OPTIMIZATION  line 17 c == 5
FAIL: gcc.dg/guality/pr54796.c   -Os  -DPREVENT_OPTIMIZATION  line 17 a == 5
FAIL: gcc.dg/guality/pr54796.c   -Os  -DPREVENT_OPTIMIZATION  line 17 b == 6
FAIL: gcc.dg/guality/pr54796.c   -Os  -DPREVENT_OPTIMIZATION  line 17 c == 5
FAIL: gcc.dg/guality/pr54796.c  -Og -DPREVENT_OPTIMIZATION  line 17 a == 5
FAIL: gcc.dg/guality/pr54796.c  -Og -DPREVENT_OPTIMIZATION  line 17 b == 6
FAIL: gcc.dg/guality/pr54796.c  -Og -DPREVENT_OPTIMIZATION  line 17 c == 5
XPASS: gcc.dg/guality/pr54970.c   -O0  line 15 a[0] == 1
XPASS: gcc.dg/guality/pr54970.c   -O0  line 20 a[0] == 1
XPASS: gcc.dg/guality/pr54970.c   -O0  line 25 a[0] == 1
XPASS: gcc.dg/guality/pr54970.c   -O0  line 31 a[0] == 4
XPASS: gcc.dg/guality/pr54970.c   -O0  line 36 a[0] == 4
XPASS: gcc.dg/guality/pr54970.c   -O0  line 45 a[0] == 4
XPASS: gcc.dg/guality/pr54970.c   -O0  line 45 p[-2] == 4
XPASS: gcc.dg/guality/pr54970.c   -O0  line 45 q[-1] == 4
FAIL: gcc.dg/guality/pr54970.c  -Og -DPREVENT_OPTIMIZATION  line 15 *p == 3
FAIL: gcc.dg/guality/pr54970.c  -Og -DPREVENT_OPTIMIZATION  line 15 *q == 2
FAIL: gcc.dg/guality/pr54970.c  -Og -DPREVENT_OPTIMIZATION  line 15 a[1] == 2
FAIL: gcc.dg/guality/pr54970.c  -Og -DPREVENT_OPTIMIZATION  line 15 a[2] == 3
FAIL: gcc.dg/guality/pr54970.c  -Og -DPREVENT_OPTIMIZATION  line 20 *p == 13
FAIL: gcc.dg/guality/pr54970.c  -Og -DPREVENT_OPTIMIZATION  line 20 *q == 2
FAIL: gcc.dg/guality/pr54970.c  -Og -DPREVENT_OPTIMIZATION  line 20 a[1] == 2
FAIL: gcc.dg/guality/pr54970.c  -Og -DPREVENT_OPTIMIZATION  line 20 a[2] == 13
FAIL: gcc.dg/guality/pr54970.c  -Og -DPREVENT_OPTIMIZATION  line 25 *p == 13
FAIL: gcc.dg/guality/pr54970.c  -Og -DPREVENT_OPTIMIZATION  line 25 *q == 12
FAIL: gcc.dg/guality/pr54970.c  -Og -DPREVENT_OPTIMIZATION  line 25 a[1] == 12
FAIL: gcc.dg/guality/pr54970.c  -Og -DPREVENT_OPTIMIZATION  line 25 a[2] == 13
FAIL: gcc.dg/guality/pr54970.c  -Og -DPREVENT_OPTIMIZATION  line 31 *p == 6
FAIL: gcc.dg/guality/pr54970.c  -Og -DPREVENT_OPTIMIZATION  line 31 *q == 5
FAIL: gcc.dg/guality/pr54970.c  -Og -DPREVENT_OPTIMIZATION  line 31 a[1] == 5
FAIL: gcc.dg/guality/pr54970.c  -Og -DPREVENT_OPTIMIZATION  line 31 a[2] == 6
FAIL: gcc.dg/guality/pr54970.c  -Og -DPREVENT_OPTIMIZATION  line 36 *p == 26
FAIL: gcc.dg/guality/pr54970.c  -Og -DPREVENT_OPTIMIZATION  line 36 *q == 5
FAIL: gcc.dg/guality/pr54970.c  -Og -DPREVENT_OPTIMIZATION  line 36 a[1] == 5
FAIL: gcc.dg/guality/pr54970.c  -Og -DPREVENT_OPTIMIZATION  line 36 a[2] == 26
FAIL: gcc.dg/guality/pr54970.c  -Og -DPREVENT_OPTIMIZATION  line 45 *p == 26
FAIL: gcc.dg/guality/pr54970.c  -Og -DPREVENT_OPTIMIZATION  line 45 *q == 25
FAIL: gcc.dg/guality/pr54970.c  -Og -DPREVENT_OPTIMIZATION  line 45 a[1] == 25
FAIL: gcc.dg/guality/pr54970.c  -Og -DPREVENT_OPTIMIZATION  line 45 a[2] == 26
FAIL: gcc.dg/guality/pr54970.c  -Og -DPREVENT_OPTIMIZATION  line 45 p[-1] == 25
FAIL: gcc.dg/guality/pr54970.c  -Og -DPREVENT_OPTIMIZATION  line 45 q[1] == 26
FAIL: gcc.dg/guality/pr56154-1.c  -Og -DPREVENT_OPTIMIZATION  line pr56154-1.c:20 x.a == 6
FAIL: gcc.dg/guality/pr58791-3.c  -Og -DPREVENT_OPTIMIZATION  line pr58791-3.c:19 g == 24
FAIL: gcc.dg/guality/pr58791-3.c  -Og -DPREVENT_OPTIMIZATION  line pr58791-3.c:19 k == 25
FAIL: gcc.dg/guality/pr58791-5.c   -O1  -DPREVENT_OPTIMIZATION  line pr58791-5.c:20 b1 == 9
FAIL: gcc.dg/guality/pr58791-5.c   -O1  -DPREVENT_OPTIMIZATION  line pr58791-5.c:20 b2 == 73
FAIL: gcc.dg/guality/pr58791-5.c   -O1  -DPREVENT_OPTIMIZATION  line pr58791-5.c:20 b3 == 585
FAIL: gcc.dg/guality/pr58791-5.c   -O1  -DPREVENT_OPTIMIZATION  line pr58791-5.c:20 b4 == 4681
FAIL: gcc.dg/guality/pr58791-5.c   -O2  -DPREVENT_OPTIMIZATION  line pr58791-5.c:20 b1 == 9
FAIL: gcc.dg/guality/pr58791-5.c   -O2  -DPREVENT_OPTIMIZATION  line pr58791-5.c:20 b2 == 73
FAIL: gcc.dg/guality/pr58791-5.c   -O2  -DPREVENT_OPTIMIZATION  line pr58791-5.c:20 b3 == 585
FAIL: gcc.dg/guality/pr58791-5.c   -O2  -DPREVENT_OPTIMIZATION  line pr58791-5.c:20 b4 == 4681
FAIL: gcc.dg/guality/pr58791-5.c   -O2 -flto -fno-use-linker-plugin -flto-partition=none  -DPREVENT_OPTIMIZATION line pr58791-5.c:20 b1 == 9
FAIL: gcc.dg/guality/pr58791-5.c   -O2 -flto -fno-use-linker-plugin -flto-partition=none  -DPREVENT_OPTIMIZATION line pr58791-5.c:20 b2 == 73
FAIL: gcc.dg/guality/pr58791-5.c   -O2 -flto -fno-use-linker-plugin -flto-partition=none  -DPREVENT_OPTIMIZATION line pr58791-5.c:20 b3 == 585
FAIL: gcc.dg/guality/pr58791-5.c   -O2 -flto -fno-use-linker-plugin -flto-partition=none  -DPREVENT_OPTIMIZATION line pr58791-5.c:20 b4 == 4681
FAIL: gcc.dg/guality/pr58791-5.c   -O3 -g  -DPREVENT_OPTIMIZATION  line pr58791-5.c:20 b1 == 9
FAIL: gcc.dg/guality/pr58791-5.c   -O3 -g  -DPREVENT_OPTIMIZATION  line pr58791-5.c:20 b2 == 73
FAIL: gcc.dg/guality/pr58791-5.c   -O3 -g  -DPREVENT_OPTIMIZATION  line pr58791-5.c:20 b3 == 585
FAIL: gcc.dg/guality/pr58791-5.c   -O3 -g  -DPREVENT_OPTIMIZATION  line pr58791-5.c:20 b4 == 4681
FAIL: gcc.dg/guality/pr58791-5.c   -Os  -DPREVENT_OPTIMIZATION  line pr58791-5.c:20 b1 == 9
FAIL: gcc.dg/guality/pr58791-5.c   -Os  -DPREVENT_OPTIMIZATION  line pr58791-5.c:20 b2 == 73
FAIL: gcc.dg/guality/pr58791-5.c   -Os  -DPREVENT_OPTIMIZATION  line pr58791-5.c:20 b3 == 585
FAIL: gcc.dg/guality/pr58791-5.c   -Os  -DPREVENT_OPTIMIZATION  line pr58791-5.c:20 b4 == 4681
FAIL: gcc.dg/guality/pr58791-5.c  -Og -DPREVENT_OPTIMIZATION  line pr58791-5.c:20 b3 == 585
FAIL: gcc.dg/guality/pr58791-5.c  -Og -DPREVENT_OPTIMIZATION  line pr58791-5.c:20 b4 == 4681
FAIL: gcc.dg/guality/pr59776.c  -Og -DPREVENT_OPTIMIZATION  line pr59776.c:17 s1.f == 5.0
FAIL: gcc.dg/guality/pr59776.c  -Og -DPREVENT_OPTIMIZATION  line pr59776.c:17 s1.g == 6.0
FAIL: gcc.dg/guality/pr59776.c  -Og -DPREVENT_OPTIMIZATION  line pr59776.c:17 s2.f == 0.0
FAIL: gcc.dg/guality/pr59776.c  -Og -DPREVENT_OPTIMIZATION  line pr59776.c:17 s2.g == 6.0
FAIL: gcc.dg/guality/pr59776.c  -Og -DPREVENT_OPTIMIZATION  line pr59776.c:20 s1.f == 5.0
FAIL: gcc.dg/guality/pr59776.c  -Og -DPREVENT_OPTIMIZATION  line pr59776.c:20 s1.g == 6.0
FAIL: gcc.dg/guality/pr59776.c  -Og -DPREVENT_OPTIMIZATION  line pr59776.c:20 s2.f == 5.0
FAIL: gcc.dg/guality/pr59776.c  -Og -DPREVENT_OPTIMIZATION  line pr59776.c:20 s2.g == 6.0
FAIL: gcc.dg/guality/pr68860-1.c   -O2  -DPREVENT_OPTIMIZATION  line 14 arg3 == 3
FAIL: gcc.dg/guality/pr68860-1.c   -O2  -DPREVENT_OPTIMIZATION  line 14 arg4 == 4
FAIL: gcc.dg/guality/pr68860-1.c   -O2  -DPREVENT_OPTIMIZATION  line 14 arg5 == 5
FAIL: gcc.dg/guality/pr68860-1.c   -O2  -DPREVENT_OPTIMIZATION  line 14 arg6 == 6
FAIL: gcc.dg/guality/pr68860-1.c   -O2  -DPREVENT_OPTIMIZATION  line 14 arg7 == 30
FAIL: gcc.dg/guality/pr68860-1.c   -O2  -DPREVENT_OPTIMIZATION  line 16 arg3 == 3
FAIL: gcc.dg/guality/pr68860-1.c   -O2  -DPREVENT_OPTIMIZATION  line 16 arg4 == 4
FAIL: gcc.dg/guality/pr68860-1.c   -O2  -DPREVENT_OPTIMIZATION  line 16 arg5 == 5
FAIL: gcc.dg/guality/pr68860-1.c   -O2  -DPREVENT_OPTIMIZATION  line 16 arg6 == 6
FAIL: gcc.dg/guality/pr68860-1.c   -O2  -DPREVENT_OPTIMIZATION  line 16 arg7 == 30
FAIL: gcc.dg/guality/pr68860-1.c   -O2 -flto -fno-use-linker-plugin -flto-partition=none  -DPREVENT_OPTIMIZATION line 14 arg3 == 3
FAIL: gcc.dg/guality/pr68860-1.c   -O2 -flto -fno-use-linker-plugin -flto-partition=none  -DPREVENT_OPTIMIZATION line 14 arg4 == 4
FAIL: gcc.dg/guality/pr68860-1.c   -O2 -flto -fno-use-linker-plugin -flto-partition=none  -DPREVENT_OPTIMIZATION line 14 arg5 == 5
FAIL: gcc.dg/guality/pr68860-1.c   -O2 -flto -fno-use-linker-plugin -flto-partition=none  -DPREVENT_OPTIMIZATION line 14 arg6 == 6
FAIL: gcc.dg/guality/pr68860-1.c   -O2 -flto -fno-use-linker-plugin -flto-partition=none  -DPREVENT_OPTIMIZATION line 14 arg7 == 30
FAIL: gcc.dg/guality/pr68860-1.c   -O2 -flto -fno-use-linker-plugin -flto-partition=none  -DPREVENT_OPTIMIZATION line 16 arg3 == 3
FAIL: gcc.dg/guality/pr68860-1.c   -O2 -flto -fno-use-linker-plugin -flto-partition=none  -DPREVENT_OPTIMIZATION line 16 arg4 == 4
FAIL: gcc.dg/guality/pr68860-1.c   -O2 -flto -fno-use-linker-plugin -flto-partition=none  -DPREVENT_OPTIMIZATION line 16 arg5 == 5
FAIL: gcc.dg/guality/pr68860-1.c   -O2 -flto -fno-use-linker-plugin -flto-partition=none  -DPREVENT_OPTIMIZATION line 16 arg6 == 6
FAIL: gcc.dg/guality/pr68860-1.c   -O2 -flto -fno-use-linker-plugin -flto-partition=none  -DPREVENT_OPTIMIZATION line 16 arg7 == 30
FAIL: gcc.dg/guality/pr68860-1.c   -O2 -flto -fuse-linker-plugin -fno-fat-lto-objects  -DPREVENT_OPTIMIZATION line 14 arg3 == 3
FAIL: gcc.dg/guality/pr68860-1.c   -O2 -flto -fuse-linker-plugin -fno-fat-lto-objects  -DPREVENT_OPTIMIZATION line 14 arg4 == 4
FAIL: gcc.dg/guality/pr68860-1.c   -O2 -flto -fuse-linker-plugin -fno-fat-lto-objects  -DPREVENT_OPTIMIZATION line 14 arg5 == 5
FAIL: gcc.dg/guality/pr68860-1.c   -O2 -flto -fuse-linker-plugin -fno-fat-lto-objects  -DPREVENT_OPTIMIZATION line 14 arg6 == 6
FAIL: gcc.dg/guality/pr68860-1.c   -O2 -flto -fuse-linker-plugin -fno-fat-lto-objects  -DPREVENT_OPTIMIZATION line 14 arg7 == 30
FAIL: gcc.dg/guality/pr68860-1.c   -O2 -flto -fuse-linker-plugin -fno-fat-lto-objects  -DPREVENT_OPTIMIZATION line 16 arg3 == 3
FAIL: gcc.dg/guality/pr68860-1.c   -O2 -flto -fuse-linker-plugin -fno-fat-lto-objects  -DPREVENT_OPTIMIZATION line 16 arg4 == 4
FAIL: gcc.dg/guality/pr68860-1.c   -O2 -flto -fuse-linker-plugin -fno-fat-lto-objects  -DPREVENT_OPTIMIZATION line 16 arg5 == 5
FAIL: gcc.dg/guality/pr68860-1.c   -O2 -flto -fuse-linker-plugin -fno-fat-lto-objects  -DPREVENT_OPTIMIZATION line 16 arg6 == 6
FAIL: gcc.dg/guality/pr68860-1.c   -O2 -flto -fuse-linker-plugin -fno-fat-lto-objects  -DPREVENT_OPTIMIZATION line 16 arg7 == 30
FAIL: gcc.dg/guality/pr68860-1.c   -O3 -g  -DPREVENT_OPTIMIZATION  line 14 arg3 == 3
FAIL: gcc.dg/guality/pr68860-1.c   -O3 -g  -DPREVENT_OPTIMIZATION  line 14 arg4 == 4
FAIL: gcc.dg/guality/pr68860-1.c   -O3 -g  -DPREVENT_OPTIMIZATION  line 14 arg5 == 5
FAIL: gcc.dg/guality/pr68860-1.c   -O3 -g  -DPREVENT_OPTIMIZATION  line 14 arg6 == 6
FAIL: gcc.dg/guality/pr68860-1.c   -O3 -g  -DPREVENT_OPTIMIZATION  line 14 arg7 == 30
FAIL: gcc.dg/guality/pr68860-1.c   -O3 -g  -DPREVENT_OPTIMIZATION  line 16 arg3 == 3
FAIL: gcc.dg/guality/pr68860-1.c   -O3 -g  -DPREVENT_OPTIMIZATION  line 16 arg4 == 4
FAIL: gcc.dg/guality/pr68860-1.c   -O3 -g  -DPREVENT_OPTIMIZATION  line 16 arg5 == 5
FAIL: gcc.dg/guality/pr68860-1.c   -O3 -g  -DPREVENT_OPTIMIZATION  line 16 arg6 == 6
FAIL: gcc.dg/guality/pr68860-1.c   -O3 -g  -DPREVENT_OPTIMIZATION  line 16 arg7 == 30
FAIL: gcc.dg/guality/pr68860-1.c   -Os  -DPREVENT_OPTIMIZATION  line 14 arg3 == 3
FAIL: gcc.dg/guality/pr68860-1.c   -Os  -DPREVENT_OPTIMIZATION  line 14 arg4 == 4
FAIL: gcc.dg/guality/pr68860-1.c   -Os  -DPREVENT_OPTIMIZATION  line 14 arg5 == 5
FAIL: gcc.dg/guality/pr68860-1.c   -Os  -DPREVENT_OPTIMIZATION  line 14 arg6 == 6
FAIL: gcc.dg/guality/pr68860-1.c   -Os  -DPREVENT_OPTIMIZATION  line 14 arg7 == 30
FAIL: gcc.dg/guality/pr68860-1.c   -Os  -DPREVENT_OPTIMIZATION  line 16 arg3 == 3
FAIL: gcc.dg/guality/pr68860-1.c   -Os  -DPREVENT_OPTIMIZATION  line 16 arg4 == 4
FAIL: gcc.dg/guality/pr68860-1.c   -Os  -DPREVENT_OPTIMIZATION  line 16 arg5 == 5
FAIL: gcc.dg/guality/pr68860-1.c   -Os  -DPREVENT_OPTIMIZATION  line 16 arg6 == 6
FAIL: gcc.dg/guality/pr68860-1.c   -Os  -DPREVENT_OPTIMIZATION  line 16 arg7 == 30
FAIL: gcc.dg/guality/pr68860-2.c   -O2  -DPREVENT_OPTIMIZATION  line 14 arg3 == 3
FAIL: gcc.dg/guality/pr68860-2.c   -O2  -DPREVENT_OPTIMIZATION  line 16 arg3 == 3
FAIL: gcc.dg/guality/pr68860-2.c   -O2 -flto -fno-use-linker-plugin -flto-partition=none  -DPREVENT_OPTIMIZATION line 14 arg3 == 3
FAIL: gcc.dg/guality/pr68860-2.c   -O2 -flto -fno-use-linker-plugin -flto-partition=none  -DPREVENT_OPTIMIZATION line 16 arg3 == 3
FAIL: gcc.dg/guality/pr68860-2.c   -O2 -flto -fuse-linker-plugin -fno-fat-lto-objects  -DPREVENT_OPTIMIZATION line 14 arg3 == 3
FAIL: gcc.dg/guality/pr68860-2.c   -O2 -flto -fuse-linker-plugin -fno-fat-lto-objects  -DPREVENT_OPTIMIZATION line 14 arg4 == 4
FAIL: gcc.dg/guality/pr68860-2.c   -O2 -flto -fuse-linker-plugin -fno-fat-lto-objects  -DPREVENT_OPTIMIZATION line 14 arg5 == 5
FAIL: gcc.dg/guality/pr68860-2.c   -O2 -flto -fuse-linker-plugin -fno-fat-lto-objects  -DPREVENT_OPTIMIZATION line 14 arg6 == 6
FAIL: gcc.dg/guality/pr68860-2.c   -O2 -flto -fuse-linker-plugin -fno-fat-lto-objects  -DPREVENT_OPTIMIZATION line 14 arg7 == 30
FAIL: gcc.dg/guality/pr68860-2.c   -O2 -flto -fuse-linker-plugin -fno-fat-lto-objects  -DPREVENT_OPTIMIZATION line 16 arg3 == 3
FAIL: gcc.dg/guality/pr68860-2.c   -O2 -flto -fuse-linker-plugin -fno-fat-lto-objects  -DPREVENT_OPTIMIZATION line 16 arg4 == 4
FAIL: gcc.dg/guality/pr68860-2.c   -O2 -flto -fuse-linker-plugin -fno-fat-lto-objects  -DPREVENT_OPTIMIZATION line 16 arg5 == 5
FAIL: gcc.dg/guality/pr68860-2.c   -O2 -flto -fuse-linker-plugin -fno-fat-lto-objects  -DPREVENT_OPTIMIZATION line 16 arg6 == 6
FAIL: gcc.dg/guality/pr68860-2.c   -O2 -flto -fuse-linker-plugin -fno-fat-lto-objects  -DPREVENT_OPTIMIZATION line 16 arg7 == 30
FAIL: gcc.dg/guality/pr68860-2.c   -O3 -g  -DPREVENT_OPTIMIZATION  line 14 arg3 == 3
FAIL: gcc.dg/guality/pr68860-2.c   -O3 -g  -DPREVENT_OPTIMIZATION  line 14 arg4 == 4
FAIL: gcc.dg/guality/pr68860-2.c   -O3 -g  -DPREVENT_OPTIMIZATION  line 14 arg5 == 5
FAIL: gcc.dg/guality/pr68860-2.c   -O3 -g  -DPREVENT_OPTIMIZATION  line 14 arg6 == 6
FAIL: gcc.dg/guality/pr68860-2.c   -O3 -g  -DPREVENT_OPTIMIZATION  line 14 arg7 == 30
FAIL: gcc.dg/guality/pr68860-2.c   -O3 -g  -DPREVENT_OPTIMIZATION  line 16 arg3 == 3
FAIL: gcc.dg/guality/pr68860-2.c   -O3 -g  -DPREVENT_OPTIMIZATION  line 16 arg4 == 4
FAIL: gcc.dg/guality/pr68860-2.c   -O3 -g  -DPREVENT_OPTIMIZATION  line 16 arg5 == 5
FAIL: gcc.dg/guality/pr68860-2.c   -O3 -g  -DPREVENT_OPTIMIZATION  line 16 arg6 == 6
FAIL: gcc.dg/guality/pr68860-2.c   -O3 -g  -DPREVENT_OPTIMIZATION  line 16 arg7 == 30
FAIL: gcc.dg/guality/pr68860-2.c   -Os  -DPREVENT_OPTIMIZATION  line 14 arg3 == 3
FAIL: gcc.dg/guality/pr68860-2.c   -Os  -DPREVENT_OPTIMIZATION  line 16 arg3 == 3
FAIL: gcc.dg/guality/pr90074.c   -O2 -flto -fuse-linker-plugin -fno-fat-lto-objects  -DPREVENT_OPTIMIZATION line 28 i + 1 == 8
FAIL: gcc.dg/guality/sra-1.c  -Og -DPREVENT_OPTIMIZATION  line 21 a.i == 4
FAIL: gcc.dg/guality/sra-1.c  -Og -DPREVENT_OPTIMIZATION  line 21 a.j == 14
FAIL: gcc.dg/guality/sra-1.c  -Og -DPREVENT_OPTIMIZATION  line 32 a[0] == 4
FAIL: gcc.dg/guality/sra-1.c  -Og -DPREVENT_OPTIMIZATION  line 32 a[1] == 14
FAIL: gcc.dg/guality/sra-1.c  -Og -DPREVENT_OPTIMIZATION  line 43 a.i == 4
FAIL: gcc.dg/guality/sra-1.c  -Og -DPREVENT_OPTIMIZATION  line 43 a.j == 14
FAIL: gcc.dg/guality/vla-1.c   -O1  -DPREVENT_OPTIMIZATION  line 17 sizeof (a) == 6
FAIL: gcc.dg/guality/vla-1.c   -O2  -DPREVENT_OPTIMIZATION  line 17 sizeof (a) == 6
FAIL: gcc.dg/guality/vla-1.c   -O2  -DPREVENT_OPTIMIZATION  line 24 i == 5
FAIL: gcc.dg/guality/vla-1.c   -O2  -DPREVENT_OPTIMIZATION  line 24 sizeof (a) == 17 * sizeof (short)
FAIL: gcc.dg/guality/vla-1.c   -O2 -flto -fno-use-linker-plugin -flto-partition=none  -DPREVENT_OPTIMIZATION line 17 sizeof (a) == 6
FAIL: gcc.dg/guality/vla-1.c   -O2 -flto -fno-use-linker-plugin -flto-partition=none  -DPREVENT_OPTIMIZATION line 24 i == 5
FAIL: gcc.dg/guality/vla-1.c   -O2 -flto -fno-use-linker-plugin -flto-partition=none  -DPREVENT_OPTIMIZATION line 24 sizeof (a) == 17 * sizeof (short)
FAIL: gcc.dg/guality/vla-1.c   -O2 -flto -fuse-linker-plugin -fno-fat-lto-objects  -DPREVENT_OPTIMIZATION line 17 i == 5
FAIL: gcc.dg/guality/vla-1.c   -O2 -flto -fuse-linker-plugin -fno-fat-lto-objects  -DPREVENT_OPTIMIZATION line 17 sizeof (a) == 6
FAIL: gcc.dg/guality/vla-1.c   -O2 -flto -fuse-linker-plugin -fno-fat-lto-objects  -DPREVENT_OPTIMIZATION line 24 i == 5
FAIL: gcc.dg/guality/vla-1.c   -O2 -flto -fuse-linker-plugin -fno-fat-lto-objects  -DPREVENT_OPTIMIZATION line 24 sizeof (a) == 17 * sizeof (short)
FAIL: gcc.dg/guality/vla-1.c   -O3 -g  -DPREVENT_OPTIMIZATION  line 17 i == 5
FAIL: gcc.dg/guality/vla-1.c   -O3 -g  -DPREVENT_OPTIMIZATION  line 17 sizeof (a) == 6
FAIL: gcc.dg/guality/vla-1.c   -O3 -g  -DPREVENT_OPTIMIZATION  line 24 i == 5
FAIL: gcc.dg/guality/vla-1.c   -O3 -g  -DPREVENT_OPTIMIZATION  line 24 sizeof (a) == 17 * sizeof (short)
FAIL: gcc.dg/guality/vla-1.c   -Os  -DPREVENT_OPTIMIZATION  line 17 sizeof (a) == 6
FAIL: gcc.dg/torture/inf-compare-1.c   -O0  execution test
FAIL: gcc.dg/torture/inf-compare-1.c   -O1  execution test
FAIL: gcc.dg/torture/inf-compare-1.c   -O2  execution test
FAIL: gcc.dg/torture/inf-compare-1.c   -O2 -flto -fno-use-linker-plugin -flto-partition=none  execution test
FAIL: gcc.dg/torture/inf-compare-1.c   -O2 -flto -fuse-linker-plugin -fno-fat-lto-objects  execution test
FAIL: gcc.dg/torture/inf-compare-1.c   -O3 -g  execution test
FAIL: gcc.dg/torture/inf-compare-1.c   -Os  execution test
FAIL: gcc.dg/torture/inf-compare-2.c   -O0  execution test
FAIL: gcc.dg/torture/inf-compare-2.c   -O1  execution test
FAIL: gcc.dg/torture/inf-compare-2.c   -O2  execution test
FAIL: gcc.dg/torture/inf-compare-2.c   -O2 -flto -fno-use-linker-plugin -flto-partition=none  execution test
FAIL: gcc.dg/torture/inf-compare-2.c   -O2 -flto -fuse-linker-plugin -fno-fat-lto-objects  execution test
FAIL: gcc.dg/torture/inf-compare-2.c   -O3 -g  execution test
FAIL: gcc.dg/torture/inf-compare-2.c   -Os  execution test
FAIL: gcc.dg/torture/inf-compare-3.c   -O0  execution test
FAIL: gcc.dg/torture/inf-compare-3.c   -O1  execution test
FAIL: gcc.dg/torture/inf-compare-3.c   -O2  execution test
FAIL: gcc.dg/torture/inf-compare-3.c   -O2 -flto -fno-use-linker-plugin -flto-partition=none  execution test
FAIL: gcc.dg/torture/inf-compare-3.c   -O2 -flto -fuse-linker-plugin -fno-fat-lto-objects  execution test
FAIL: gcc.dg/torture/inf-compare-3.c   -O3 -g  execution test
FAIL: gcc.dg/torture/inf-compare-3.c   -Os  execution test
FAIL: gcc.dg/torture/inf-compare-4.c   -O0  execution test
FAIL: gcc.dg/torture/inf-compare-4.c   -O1  execution test
FAIL: gcc.dg/torture/inf-compare-4.c   -O2  execution test
FAIL: gcc.dg/torture/inf-compare-4.c   -O2 -flto -fno-use-linker-plugin -flto-partition=none  execution test
FAIL: gcc.dg/torture/inf-compare-4.c   -O2 -flto -fuse-linker-plugin -fno-fat-lto-objects  execution test
FAIL: gcc.dg/torture/inf-compare-4.c   -O3 -g  execution test
FAIL: gcc.dg/torture/inf-compare-4.c   -Os  execution test
FAIL: gcc.dg/torture/pr52451.c   -O0  execution test
FAIL: gcc.dg/torture/pr52451.c   -O1  execution test
FAIL: gcc.dg/torture/pr52451.c   -O2  execution test
FAIL: gcc.dg/torture/pr52451.c   -O2 -flto -fno-use-linker-plugin -flto-partition=none  execution test
FAIL: gcc.dg/torture/pr52451.c   -O2 -flto -fuse-linker-plugin -fno-fat-lto-objects  execution test
FAIL: gcc.dg/torture/pr52451.c   -O3 -g  execution test
FAIL: gcc.dg/torture/pr52451.c   -Os  execution test
FAIL: gcc.dg/tree-ssa/pr84512.c scan-tree-dump optimized "return 285;"
FAIL: gcc.target/s390/20030123-1.c (test for excess errors)
FAIL: gcc.target/s390/20030129-1.c (test for excess errors)
FAIL: gcc.target/s390/20041109-1.c (test for excess errors)
FAIL: gcc.target/s390/20041216-1.c (test for excess errors)
UNRESOLVED: gcc.target/s390/20041216-1.c compilation failed to produce executable
FAIL: gcc.target/s390/20050824-1.c (test for excess errors)
FAIL: gcc.target/s390/arch13/sel-1.c scan-assembler-times \\tselrh\\t 1
FAIL: gcc.target/s390/global-array-almost-huge-element.c scan-assembler (?n)\\\\n\\\\tlarl\\\\t%r\\\\d+,a\\\\+2147483646\\\\n
FAIL: gcc.target/s390/global-array-almost-negative-huge-element.c scan-assembler (?n)\\\\n\\\\tlarl\\\\t%r\\\\d+,a-2147483648\\\\n
FAIL: gcc.target/s390/global-array-element-pic.c scan-assembler (?n)\\\\n\\\\tlarl\\\\t%r\\\\d+,a@GOTENT\\\\n
FAIL: gcc.target/s390/global-array-even-element.c scan-assembler (?n)\\\\n\\\\tlarl\\\\t%r\\\\d+,a\\\\+4\\\\n
FAIL: gcc.target/s390/gpr2fprsavecfi.c scan-assembler cfi_register
FAIL: gcc.target/s390/litpool-r3-1.c scan-assembler-times \\tlarl\\t%r3,.L[0-9] 1
FAIL: gcc.target/s390/load-and-test-fp-2.c scan-assembler ltdbr\\t
FAIL: gcc.target/s390/load-relative-check.c scan-assembler lgfrl\\t%r.?,b.4
FAIL: gcc.target/s390/load-relative-check.c scan-assembler lgfrl\\t%r.?,s.12
FAIL: gcc.target/s390/md/atomic_exchange-1.c  -O0  (test for excess errors)
UNRESOLVED: gcc.target/s390/md/atomic_exchange-1.c  -O0  compilation failed to produce executable
FAIL: gcc.target/s390/md/atomic_exchange-1.c  -O0 -march=z900  (test for excess errors)
UNRESOLVED: gcc.target/s390/md/atomic_exchange-1.c  -O0 -march=z900  compilation failed to produce executable
FAIL: gcc.target/s390/md/atomic_exchange-1.c  -O1  (test for excess errors)
UNRESOLVED: gcc.target/s390/md/atomic_exchange-1.c  -O1  compilation failed to produce executable
FAIL: gcc.target/s390/md/atomic_exchange-1.c  -O1 -march=z900  (test for excess errors)
UNRESOLVED: gcc.target/s390/md/atomic_exchange-1.c  -O1 -march=z900  compilation failed to produce executable
FAIL: gcc.target/s390/md/atomic_exchange-1.c  -O2  (test for excess errors)
UNRESOLVED: gcc.target/s390/md/atomic_exchange-1.c  -O2  compilation failed to produce executable
FAIL: gcc.target/s390/md/atomic_exchange-1.c  -O2 -march=z900  (test for excess errors)
UNRESOLVED: gcc.target/s390/md/atomic_exchange-1.c  -O2 -march=z900  compilation failed to produce executable
FAIL: gcc.target/s390/md/atomic_exchange-1.c  -O3  (test for excess errors)
UNRESOLVED: gcc.target/s390/md/atomic_exchange-1.c  -O3  compilation failed to produce executable
FAIL: gcc.target/s390/md/atomic_exchange-1.c  -O3 -march=z900  (test for excess errors)
UNRESOLVED: gcc.target/s390/md/atomic_exchange-1.c  -O3 -march=z900  compilation failed to produce executable
FAIL: gcc.target/s390/md/atomic_exchange-1.c  -Os  (test for excess errors)
UNRESOLVED: gcc.target/s390/md/atomic_exchange-1.c  -Os  compilation failed to produce executable
FAIL: gcc.target/s390/md/atomic_exchange-1.c  -Os -march=z900  (test for excess errors)
UNRESOLVED: gcc.target/s390/md/atomic_exchange-1.c  -Os -march=z900  compilation failed to produce executable
FAIL: gcc.target/s390/md/atomic_exchange-1.c (test for excess errors)
UNRESOLVED: gcc.target/s390/md/atomic_exchange-1.c compilation failed to produce executable
FAIL: gcc.target/s390/nobp-return-mem-z900.c scan-assembler jgle\\t__s390_indirect_jump
FAIL: gcc.target/s390/pr80080-4.c scan-assembler (?n)\\\\n\\\\tlt\\\\t.*\\\\n\\\\tjne\\\\t(\\\\.L\\\\d+)\\\\n(.*\\\\n)*\\\\tcs\\\\t.*\\\\n\\\\tber\\\\t%r14\\\\n\\\\1:\\\\n\\\\tjg\\\\tbar\\\\n
FAIL: gcc.target/s390/risbg-ll-1.c scan-assembler f19:\\n\\tsra\\t%r2,28\\n\\trisbg\\t%r2,%r2,59,128\\\\+62,0
FAIL: gcc.target/s390/risbg-ll-1.c scan-assembler f24:\\n\\tnilf\\t%r2,254\\n\\trll\\t%r2,%r2,29
FAIL: gcc.target/s390/risbg-ll-1.c scan-assembler f26:\\n\\tnill\\t%r2,65487\\n\\trll\\t%r2,%r2,5
FAIL: gcc.target/s390/risbg-ll-1.c scan-assembler f27:\\n\\trisbg\\t%r2,%r2,55,128\\\\+52,5
FAIL: gcc.target/s390/risbg-ll-1.c scan-assembler f43:\\n\\trisbg\\t%r2,%r2,32,128\\\\+61,64-12
FAIL: gcc.target/s390/risbg-ll-2.c scan-assembler f3:\\n\\trisbg\\t%r2,%r3,64-4,63,4\\\\+52
FAIL: gcc.target/s390/risbg-ll-2.c scan-assembler f4:\\n\\trisbg\\t%r2,%r3,60,60\\\\+4-1,128-60-4-8
FAIL: gcc.target/s390/risbg-ll-2.c scan-assembler f9:\\n\\trisbg\\t%r3,%r2,48,63,64-48
FAIL: gcc.target/s390/risbg-ll-3.c scan-assembler f1:\\n\\trisbgn\\t%r2,%r3,60,60\\\\+3-1,128-60-3-1
FAIL: gcc.target/s390/risbg-ll-3.c scan-assembler f2:\\n\\trisbg\\t%r2,%r3,60,62,0\\n\\tbner\\t%r14\\n\\tjg\\tf2_foo\\n
FAIL: gcc.target/s390/risbg-ll-3.c scan-assembler f2_cconly:\\n\\trisbg\\t%r3,%r2,63,59,0\\n\\tber\\t%r14\\n\\tjg\\tf2_bar\\n
FAIL: gcc.target/s390/vector/align-1.c scan-assembler-times vl\\t%v[0-9]*,[0-9]*\\\\(%r[0-9]*\\\\),3\\n 1
FAIL: gcc.target/s390/vector/align-1.c scan-assembler-times vl\\t%v[0-9]*,[0-9]*\\\\(%r[0-9]*\\\\),4\\n 2
FAIL: gcc.target/s390/vector/align-1.c scan-assembler-times vst\\t%v[0-9]*,[0-9]*\\\\(%r[0-9]*\\\\),3\\n 1
FAIL: gcc.target/s390/vector/align-1.c scan-assembler-times vst\\t%v[0-9]*,[0-9]*\\\\(%r[0-9]*\\\\),4 2
FAIL: gcc.target/s390/vector/align-2.c scan-assembler-times vl\\t%v[0-9]*,[0-9]*\\\\(%r[0-9]*\\\\),3\\n 1
FAIL: gcc.target/s390/vector/align-2.c scan-assembler-times vl\\t%v[0-9]*,[0-9]*\\\\(%r[0-9]*\\\\),4\\n 2
FAIL: gcc.target/s390/vector/align-2.c scan-assembler-times vst\\t%v[0-9]*,[0-9]*\\\\(%r[0-9]*\\\\),3\\n 1
FAIL: gcc.target/s390/vector/align-2.c scan-assembler-times vst\\t%v[0-9]*,[0-9]*\\\\(%r[0-9]*\\\\),4 2
FAIL: gcc.target/s390/zvector/xl-xst-align-2.c scan-assembler-times vl\\t%v[0-9]*,0\\\\(%r2\\\\),3 4
FAIL: gcc.target/s390/zvector/xl-xst-align-2.c scan-assembler-times vst\\t%v[0-9]*,0\\\\(%r2\\\\),3 2

		=== gcc Summary for unix/-fstack-protector ===

# of expected passes		132101
# of unexpected failures	579
# of unexpected successes	22
# of expected failures		579
# of unresolved testcases	12
# of unsupported tests		2957

		=== gcc Summary ===

# of expected passes		264244
# of unexpected failures	1134
# of unexpected successes	44
# of expected failures		1158
# of unresolved testcases	24
# of unsupported tests		5911
/build/gcc-9-uNyRDY/gcc-9-9.1.0/build/gcc/xgcc  version 9.1.0 (Debian 9.1.0-2) 

		=== gfortran tests ===


Running target unix
FAIL: gfortran.dg/goacc/acc_on_device-1.f95   -O   scan-rtl-dump-times expand "\\\\(call [^\\\\n]* acc_on_device" 4
FAIL: gfortran.dg/goacc/acc_on_device-2-off.f95   -O   scan-rtl-dump-times expand "\\\\(call [^\\\\n]* acc_on_device" 1
XPASS: gfortran.dg/goacc/acc_on_device-2.f95   -O   scan-rtl-dump-times expand "\\\\(call [^\\\\n]* acc_on_device" 0
FAIL: gfortran.dg/graphite/vect-pr40979.f90   -O   scan-tree-dump-times vect "vectorized 1 loops" 1
FAIL: gfortran.dg/vect/fast-math-mgrid-resid.f   -O   scan-tree-dump pcom "vectp_u.*__lsm.* = PHI <.*vectp_u.*__lsm"
FAIL: gfortran.dg/vect/fast-math-pr38968.f90   -O   scan-tree-dump vect "vectorized 1 loops"
FAIL: gfortran.dg/vect/fast-math-rnflow-trs2a2.f90   -O   scan-tree-dump-times vect "vectorized 2 loops" 1
FAIL: gfortran.dg/vect/pr62283.f   -O   scan-tree-dump-times vect "vectorized 1 loops" 2
FAIL: gfortran.dg/vect/vect-8.f90   -O   scan-tree-dump-times vect "vectorized 17 loops" 1

		=== gfortran Summary for unix ===

# of expected passes		49590
# of unexpected failures	8
# of unexpected successes	1
# of expected failures		187
# of unsupported tests		128

Running target unix/-fstack-protector
FAIL: gfortran.dg/goacc/acc_on_device-1.f95   -O   scan-rtl-dump-times expand "\\\\(call [^\\\\n]* acc_on_device" 4
FAIL: gfortran.dg/goacc/acc_on_device-2-off.f95   -O   scan-rtl-dump-times expand "\\\\(call [^\\\\n]* acc_on_device" 1
XPASS: gfortran.dg/goacc/acc_on_device-2.f95   -O   scan-rtl-dump-times expand "\\\\(call [^\\\\n]* acc_on_device" 0
FAIL: gfortran.dg/graphite/vect-pr40979.f90   -O   scan-tree-dump-times vect "vectorized 1 loops" 1
FAIL: gfortran.dg/vect/fast-math-mgrid-resid.f   -O   scan-tree-dump pcom "vectp_u.*__lsm.* = PHI <.*vectp_u.*__lsm"
FAIL: gfortran.dg/vect/fast-math-pr38968.f90   -O   scan-tree-dump vect "vectorized 1 loops"
FAIL: gfortran.dg/vect/fast-math-rnflow-trs2a2.f90   -O   scan-tree-dump-times vect "vectorized 2 loops" 1
FAIL: gfortran.dg/vect/pr62283.f   -O   scan-tree-dump-times vect "vectorized 1 loops" 2
FAIL: gfortran.dg/vect/vect-8.f90   -O   scan-tree-dump-times vect "vectorized 17 loops" 1

		=== gfortran Summary for unix/-fstack-protector ===

# of expected passes		49590
# of unexpected failures	8
# of unexpected successes	1
# of expected failures		187
# of unsupported tests		128

		=== gfortran Summary ===

# of expected passes		99180
# of unexpected failures	16
# of unexpected successes	2
# of expected failures		374
# of unsupported tests		256
/build/gcc-9-uNyRDY/gcc-9-9.1.0/build/gcc/gfortran  version 9.1.0 (Debian 9.1.0-2) 

		=== gnat tests ===


Running target unix
FAIL: gnat.dg/debug11_pkg.adb scan-assembler-not foreign_imported_func

		=== gnat Summary for unix ===

# of expected passes		2942
# of unexpected failures	1
# of expected failures		23
# of unsupported tests		21

Running target unix/-fstack-protector
FAIL: gnat.dg/debug11_pkg.adb scan-assembler-not foreign_imported_func

		=== gnat Summary for unix/-fstack-protector ===

# of expected passes		2942
# of unexpected failures	1
# of expected failures		23
# of unsupported tests		21

		=== gnat Summary ===

# of expected passes		5884
# of unexpected failures	2
# of expected failures		46
# of unsupported tests		42
/build/gcc-9-uNyRDY/gcc-9-9.1.0/build/gcc/gnatmake version 9.1.0

		=== go tests ===


Running target unix

		=== go Summary for unix ===

# of expected passes		582
# of untested testcases		834

Running target unix/-fstack-protector

		=== go Summary for unix/-fstack-protector ===

# of expected passes		582
# of untested testcases		834

		=== go Summary ===

# of expected passes		1164
# of untested testcases		1668
/build/gcc-9-uNyRDY/gcc-9-9.1.0/build/gcc/gccgo  version 9.1.0 (Debian 9.1.0-2) 

		=== obj-c++ tests ===


Running target unix

		=== obj-c++ Summary for unix ===

# of expected passes		1458
# of expected failures		10
# of unsupported tests		77

Running target unix/-fstack-protector

		=== obj-c++ Summary for unix/-fstack-protector ===

# of expected passes		1458
# of expected failures		10
# of unsupported tests		77

		=== obj-c++ Summary ===

# of expected passes		2916
# of expected failures		20
# of unsupported tests		154
/build/gcc-9-uNyRDY/gcc-9-9.1.0/build/gcc/xg++  version 9.1.0 (Debian 9.1.0-2) 

		=== objc tests ===


Running target unix

		=== objc Summary for unix ===

# of expected passes		2803
# of unsupported tests		68

Running target unix/-fstack-protector

		=== objc Summary for unix/-fstack-protector ===

# of expected passes		2803
# of unsupported tests		68

		=== objc Summary ===

# of expected passes		5606
# of unsupported tests		136
/build/gcc-9-uNyRDY/gcc-9-9.1.0/build/gcc/xgcc  version 9.1.0 (Debian 9.1.0-2) 

		=== gotools tests ===

FAIL: go test misc/cgo/test

		=== gotools Summary ===
# of expected passes		332
# of unexpected failures	1
# of untested testcases		183
/build/gcc-9-uNyRDY/gcc-9-9.1.0/build/./gcc/gccgo version 9.1.0 (Debian 9.1.0-2)

		=== libatomic tests ===


Running target unix

		=== libatomic Summary for unix ===

# of expected passes		54

Running target unix/-fstack-protector

		=== libatomic Summary for unix/-fstack-protector ===

# of expected passes		54

		=== libatomic Summary ===

# of expected passes		108
		=== libffi tests ===


Running target unix

		=== libffi Summary for unix ===

# of expected passes		2214

Running target unix/-fstack-protector

		=== libffi Summary for unix/-fstack-protector ===

# of expected passes		2214

		=== libffi Summary ===

# of expected passes		4428
		=== libgo tests ===


Running target unix
FAIL: os

		=== libgo Summary for unix ===

# of expected passes		183
# of unexpected failures	1

Running target unix/-m31
FAIL: net
FAIL: os
FAIL: runtime
FAIL: runtime/pprof

		=== libgo Summary for unix/-m31 ===

# of expected passes		180
# of unexpected failures	4

		=== libgo Summary ===

# of expected passes		363
# of unexpected failures	5
/build/gcc-9-uNyRDY/gcc-9-9.1.0/build/./gcc/gccgo version 9.1.0 (Debian 9.1.0-2)

		=== libgomp tests ===


Running target unix

		=== libgomp Summary for unix ===

# of expected passes		6353
# of expected failures		4
# of unsupported tests		422

Running target unix/-fstack-protector

		=== libgomp Summary for unix/-fstack-protector ===

# of expected passes		6353
# of expected failures		4
# of unsupported tests		422

		=== libgomp Summary ===

# of expected passes		12706
# of expected failures		8
# of unsupported tests		844
		=== libitm tests ===


Running target unix

		=== libitm Summary for unix ===

# of expected passes		42
# of expected failures		3
# of unsupported tests		1

Running target unix/-fstack-protector

		=== libitm Summary for unix/-fstack-protector ===

# of expected passes		42
# of expected failures		3
# of unsupported tests		1

		=== libitm Summary ===

# of expected passes		84
# of expected failures		6
# of unsupported tests		2
		=== libphobos tests ===


Running target unix
FAIL: libphobos.allocations/tls_gc_integration.d execution test
FAIL: libphobos.druntime/core/thread.d execution test
FAIL: libphobos.druntime_shared/core/thread.d execution test
FAIL: libphobos.phobos/std/conv.d execution test
FAIL: libphobos.phobos/std/digest/murmurhash.d execution test
FAIL: libphobos.phobos/std/internal/math/errorfunction.d execution test
FAIL: libphobos.phobos/std/internal/math/gammafunction.d execution test
FAIL: libphobos.phobos/std/math.d execution test
FAIL: libphobos.phobos/std/numeric.d execution test
FAIL: libphobos.phobos/std/parallelism.d execution test
FAIL: libphobos.phobos/std/regex/internal/kickstart.d execution test
FAIL: libphobos.phobos/std/regex/internal/tests.d execution test
FAIL: libphobos.phobos/std/regex/package.d execution test
FAIL: libphobos.phobos/std/zip.d execution test
FAIL: libphobos.phobos_shared/std/conv.d execution test
FAIL: libphobos.phobos_shared/std/digest/murmurhash.d execution test
FAIL: libphobos.phobos_shared/std/internal/math/errorfunction.d execution test
FAIL: libphobos.phobos_shared/std/internal/math/gammafunction.d execution test
FAIL: libphobos.phobos_shared/std/math.d execution test
FAIL: libphobos.phobos_shared/std/numeric.d execution test
FAIL: libphobos.phobos_shared/std/parallelism.d execution test
FAIL: libphobos.phobos_shared/std/regex/internal/kickstart.d execution test
FAIL: libphobos.phobos_shared/std/regex/internal/tests.d execution test
FAIL: libphobos.phobos_shared/std/regex/package.d execution test
FAIL: libphobos.phobos_shared/std/zip.d execution test
FAIL: libphobos.shared/host.c -ldl -pthread execution test
FAIL: libphobos.shared/linkD.c lib.so -ldl -pthread execution test
FAIL: libphobos.shared/linkDR.c -shared-libphobos -ldl -pthread execution test
FAIL: libphobos.shared/link_linkdep.d -I/build/gcc-9-uNyRDY/gcc-9-9.1.0/src/libphobos/testsuite/libphobos.shared liblinkdep.so lib.so -shared-libphobos execution test
FAIL: libphobos.shared/load.d -shared-libphobos -ldl execution test
FAIL: libphobos.shared/loadDR.c -ldl -pthread -g execution test
FAIL: libphobos.shared/load_linkdep.d -shared-libphobos -ldl execution test
FAIL: libphobos.shared/load_loaddep.d -shared-libphobos -ldl execution test
FAIL: libphobos.thread/tlsgc_sections.d execution test

		=== libphobos Summary for unix ===

# of expected passes		718
# of unexpected failures	34
# of unsupported tests		2

Running target unix/-fstack-protector
FAIL: libphobos.allocations/tls_gc_integration.d execution test
FAIL: libphobos.druntime/core/thread.d execution test
FAIL: libphobos.druntime_shared/core/thread.d execution test
FAIL: libphobos.phobos/std/conv.d execution test
FAIL: libphobos.phobos/std/digest/murmurhash.d execution test
FAIL: libphobos.phobos/std/internal/math/errorfunction.d execution test
FAIL: libphobos.phobos/std/internal/math/gammafunction.d execution test
FAIL: libphobos.phobos/std/math.d execution test
FAIL: libphobos.phobos/std/numeric.d execution test
FAIL: libphobos.phobos/std/parallelism.d execution test
FAIL: libphobos.phobos/std/regex/internal/kickstart.d execution test
FAIL: libphobos.phobos/std/regex/internal/tests.d execution test
FAIL: libphobos.phobos/std/regex/package.d execution test
FAIL: libphobos.phobos/std/zip.d execution test
FAIL: libphobos.phobos_shared/std/conv.d execution test
FAIL: libphobos.phobos_shared/std/digest/murmurhash.d execution test
FAIL: libphobos.phobos_shared/std/internal/math/errorfunction.d execution test
FAIL: libphobos.phobos_shared/std/internal/math/gammafunction.d execution test
FAIL: libphobos.phobos_shared/std/math.d execution test
FAIL: libphobos.phobos_shared/std/numeric.d execution test
FAIL: libphobos.phobos_shared/std/parallelism.d execution test
FAIL: libphobos.phobos_shared/std/regex/internal/kickstart.d execution test
FAIL: libphobos.phobos_shared/std/regex/internal/tests.d execution test
FAIL: libphobos.phobos_shared/std/regex/package.d execution test
FAIL: libphobos.phobos_shared/std/zip.d execution test
FAIL: libphobos.shared/host.c -ldl -pthread execution test
FAIL: libphobos.shared/linkD.c lib.so -ldl -pthread execution test
FAIL: libphobos.shared/linkDR.c -shared-libphobos -ldl -pthread execution test
FAIL: libphobos.shared/link_linkdep.d -I/build/gcc-9-uNyRDY/gcc-9-9.1.0/src/libphobos/testsuite/libphobos.shared liblinkdep.so lib.so -shared-libphobos execution test
FAIL: libphobos.shared/load.d -shared-libphobos -ldl execution test
FAIL: libphobos.shared/loadDR.c -ldl -pthread -g execution test
FAIL: libphobos.shared/load_linkdep.d -shared-libphobos -ldl execution test
FAIL: libphobos.shared/load_loaddep.d -shared-libphobos -ldl execution test
FAIL: libphobos.thread/tlsgc_sections.d execution test

		=== libphobos Summary for unix/-fstack-protector ===

# of expected passes		718
# of unexpected failures	34
# of unsupported tests		2

		=== libphobos Summary ===

# of expected passes		1436
# of unexpected failures	68
# of unsupported tests		4
		=== libstdc++ tests ===


Running target unix
FAIL: libstdc++-prettyprinters/80276.cc whatis p4
FAIL: libstdc++-prettyprinters/80276.cc whatis p4

		=== libstdc++ Summary for unix ===

# of expected passes		13642
# of unexpected failures	2
# of expected failures		77
# of unsupported tests		341

Running target unix/-fstack-protector
FAIL: libstdc++-prettyprinters/80276.cc whatis p4
FAIL: libstdc++-prettyprinters/80276.cc whatis p4

		=== libstdc++ Summary for unix/-fstack-protector ===

# of expected passes		13642
# of unexpected failures	2
# of expected failures		77
# of unsupported tests		341

		=== libstdc++ Summary ===

# of expected passes		27284
# of unexpected failures	4
# of expected failures		154
# of unsupported tests		682

Compiler version: 9.1.0 (Debian 9.1.0-2) 
Platform: s390x-ibm-linux-gnu
configure flags: -v --with-pkgversion='Debian 9.1.0-2' --with-bugurl=file:///usr/share/doc/gcc-9/README.Bugs --enable-languages=c,ada,c++,go,d,fortran,objc,obj-c++ --prefix=/usr --with-gcc-major-version-only --program-suffix=-9 --program-prefix=s390x-linux-gnu- --enable-shared --enable-linker-build-id --libexecdir=/usr/lib --without-included-gettext --enable-threads=posix --libdir=/usr/lib --enable-nls --enable-bootstrap --enable-clocale=gnu --enable-libstdcxx-debug --enable-libstdcxx-time=yes --with-default-libstdcxx-abi=new --enable-gnu-unique-object --disable-libquadmath --disable-libquadmath-support --enable-plugin --enable-default-pie --with-system-zlib --with-target-system-zlib=auto --enable-objc-gc=auto --enable-multiarch --disable-werror --with-arch=z196 --with-long-double-128 --enable-multilib --enable-checking=release --build=s390x-linux-gnu --host=s390x-linux-gnu --target=s390x-linux-gnu
BOOT_CFLAGS=


Build Dependencies:
Desired=Unknown/Install/Remove/Purge/Hold
| Status=Not/Inst/Conf-files/Unpacked/halF-conf/Half-inst/trig-aWait/Trig-pend
|/ Err?=(none)/Reinst-required (Status,Err: uppercase=bad)
||/ Name                     Version        Architecture Description
+++-========================-==============-============-===============================================================================
ii  binutils                 2.31.1-16      s390x        GNU assembler, linker and binary utilities
ii  binutils-common:s390x    2.31.1-16      s390x        Common files for the GNU assembler, linker and binary utilities
ii  binutils-s390x-linux-gnu 2.31.1-16      s390x        GNU binary utilities, for s390x-linux-gnu target
ii  g++-8                    8.3.0-7        s390x        GNU C++ compiler
ii  g++-8-multilib           8.3.0-7        s390x        GNU C++ compiler (multilib support)
ii  g++-multilib             4:8.3.0-1      s390x        GNU C++ compiler (multilib files)
ii  libc6:s390x              2.28-10        s390x        GNU C Library: Shared libraries
ii  libgmp-dev:s390x         2:6.1.2+dfsg-4 s390x        Multiprecision arithmetic library developers tools
ii  libisl-dev:s390x         0.20-2         s390x        manipulating sets and relations of integer points bounded by linear constraints
ii  libmpc-dev:s390x         1.1.0-1        s390x        multiple precision complex floating-point library development package
ii  libmpfr-dev:s390x        4.0.2-1        s390x        multiple precision floating-point computation developers tools


svn-updates:
  updates from the 9 branch upto 20190514 (r271161).

gcc-gfdl-build:
  Build a dummy s-tm-texi without access to the texinfo sources

gcc-textdomain:
  Set gettext's domain and textdomain to the versioned package name.

gcc-distro-specs:
  Add empty distro and hardening specs

gcc-driver-extra-langs:
  Add options and specs for languages that are not built from a source
  (but built from separate sources).

gcc-hash-style-gnu:
  Link using --hash-style=gnu (aarch64, alpha, amd64, armel, armhf, ia64,
  i386, powerpc, ppc64, riscv64, s390, sparc)

libstdc++-pic:
  Build and install libstdc++_pic.a library.

libstdc++-doclink:
  adjust hrefs to point to the local documentation

libstdc++-man-3cxx:
  Install libstdc++ man pages with suffix .3cxx instead of .3

libstdc++-test-installed:
  Add support to run the libstdc++-v3 testsuite using the
  installed shared libraries.

alpha-no-ev4-directive:
  never emit .ev4 directive.

note-gnu-stack:
  Add .note.GNU-stack sections for gcc's crt files, libffi and boehm-gc
  Taken from FC.

libgomp-omp_h-multilib:
  Fix up omp.h for multilibs.

libgo-testsuite:
  Only run the libgo testsuite for flags configured in RUNTESTFLAGS

libgo-cleanfiles:

gcc-target-include-asm:
  Search \$(builddir)/sys-include for the asm header files

libgo-revert-timeout-exp:

libgo-setcontext-config:
  libgo: Overwrite the setcontext_clobbers_tls check on mips*

gcc-auto-build:
  Fix cross building a native compiler.

kfreebsd-unwind:
  DWARF2 EH unwinding support for AMD x86-64 and x86 KFreeBSD.

libitm-no-fortify-source:
  Build libitm with -U_FORTIFY_SOURCE on x86 and x86_64.

sparc64-biarch-long-double-128:
  Fix --with-long-double-128 for sparc32 when defaulting to 64-bit.

pr66368:
  PR go/66368, build libgo with -fno-stack-protector

pr67590:
  Fix PR67590, setting objdump macro.

libjit-ldflags:

libffi-pax:

libffi-race-condition:

gcc-foffload-default:
  Allow setting offload targets by OFFLOAD_TARGET_DEFAULT

cuda-float128:

libffi-mipsen-r6:
  libffi: mips/n32.S: disable .set mips4 on mips r6

t-libunwind-elf-Wl-z-defs:
  strip -z,defs from linker options for internal libunwind.

gcc-alpha-bs-ignore:
  Ignore bootstrap comparison failures in gcc/d on alpha

gcc-force-cross-layout:
  Add FORCE_CROSS_LAYOUT env var to force a cross directory layout.

gcc-search-prefixed-as-ld:
  Search for the <triplet>-as / -ld before serching for as / ld.

kfreebsd-decimal-float:
  Enable decimal float support on kfreebsd-amd64

pr87808:
  Fix PR jit/87808.

ada-gcc-name:

ada-verbose:

ada-link-lib:

ada-libgnatvsn:
  - Introduce a new shared library named libgnatvsn, containing
  common components of GNAT under the GNAT-Modified GPL, for
  use in GNAT tools, ASIS, GLADE and GPS.   Link the gnat tools
  against this new library.

ada-gnattools-cross:
  - When building a cross gnat, link against the libgnatvsnBV-dev
  package.
  This link will be done by /usr/bin/\$(host_alias)-gnat*, thus
  the native gnat with the same major version will be required.

ada-tools-move-ldflags:

ada-lib-info-source-date-epoch:

ada-armel-libatomic:

ada-kfreebsd:

ada-749574:

ada-perl-shebang:
  Fix perl shebang for the gnathtml binary.

gdc-texinfo:
  Add macros for the gdc texinfo documentation.

disable-gdc-tests:
  Disable D tests, hang on many buildds

sys-auxv-header:
  Check for the sys/auxv.h header file.

gdc-dynamic-link-phobos:
  Dynamically link the phobos library.

ia64-disable-selective-scheduling:

arm-multilib-soft:
  ARM hard/soft float multilib support

arm-multilib-defaults:
  Set MULTILIB_DEFAULTS for ARM multilib builds

gcc-ice-dump:
  For ICEs, dump the preprocessed source file to stderr
  when in a distro build environment.

gcc-ice-apport:
  Report an ICE to apport (if apport is available
  and the environment variable GCC_NOAPPORT is not set)

skip-bootstrap-multilib:
  Skip non-default multilib and libstdc++-v3 debug builds in bootstrap builds

libffi-ro-eh_frame_sect:
  PR libffi/47248, force a read only eh frame section.

libffi-mips:
  Backport Mips go closure support, taken from libffi issue #197.

gcc-multiarch:
  - Remaining multiarch patches, not yet submitted upstream.
  - Add MULTIARCH_DIRNAME definitions for multilib configurations,
  which are used for the non-multilib builds.

config-ml:
  - Disable some biarch libraries for biarch builds.
  - Fix multilib builds on kernels which don't support all multilibs.

g++-multiarch-incdir:
  Use /usr/include/<multiarch>/c++/4.x as the include directory
  for host dependent c++ header files.

canonical-cpppath:
  Don't use any relative path names for the standard include paths.

gcc-multilib-multiarch:
  Don't auto-detect multilib osdirnames.

gcc-as-needed:
  On linux targets pass --as-needed by default to the linker, but always
  link the sanitizer libraries with --no-as-needed.

gcc-as-needed-gold:
  Use --push-state/--pop-state for gold as well when linking libtsan.

libgomp-kfreebsd-testsuite:
  Disable lock-2.c test on kfreebsd-*

go-testsuite:
  Skip Go testcase on AArch64 which hangs on the buildds.

ada-changes-in-autogen-output:

Counting all warnings,
there are 0 warnings in stage3 of this bootstrap.

Number of warnings per file:

Number of warning types:


Index Nav: [Date Index] [Subject Index] [Author Index] [Thread Index]
Message Nav: [Date Prev] [Date Next] [Thread Prev] [Thread Next]