This is the mail archive of the gcc-testresults@gcc.gnu.org mailing list for the GCC project.


Index Nav: [Date Index] [Subject Index] [Author Index] [Thread Index]
Message Nav: [Date Prev] [Date Next] [Thread Prev] [Thread Next]
Other format: [Raw text]

Results for 10.0.0 20190510 (experimental) (GCC) testsuite on x86_64-pc-linux-gnu


These results are as compiled on an EC2 instance from the SVN source.


The SVN version was 271051

==

Native configuration is x86_64-pc-linux-gnu

		=== gcc tests ===


Running target unix
FAIL: compiler driver --help=params --help=optimizers option(s): "maximum number of" present in output
FAIL: gcc.target/i386/pr57193.c scan-assembler-times movdqa 2

		=== gcc Summary ===

# of expected passes		139330
# of unexpected failures	2
# of expected failures		527
# of unsupported tests		2209
/home/ec2-user/tmp/gcctemp/gcc/xgcc  version 10.0.0 20190510 (experimental) (GCC) 

		=== gfortran tests ===


Running target unix

		=== gfortran Summary ===

# of expected passes		50096
# of expected failures		178
# of unsupported tests		95
/home/ec2-user/tmp/gcctemp/gcc/testsuite/gfortran/../../gfortran  version 10.0.0 20190510 (experimental) (GCC) 

		=== g++ tests ===


Running target unix

		=== g++ Summary ===

# of expected passes		134576
# of expected failures		527
# of unsupported tests		5895
/home/ec2-user/tmp/gcctemp/gcc/testsuite/g++/../../xg++  version 10.0.0 20190510 (experimental) (GCC) 

		=== objc tests ===


Running target unix

		=== objc Summary ===

# of expected passes		2797
# of expected failures		6
# of unsupported tests		68
/home/ec2-user/tmp/gcctemp/gcc/xgcc  version 10.0.0 20190510 (experimental) (GCC) 

		=== libatomic tests ===


Running target unix

		=== libatomic Summary ===

# of expected passes		54
		=== libgomp tests ===


Running target unix

		=== libgomp Summary ===

# of expected passes		6454
# of expected failures		2
# of unsupported tests		349
		=== libitm tests ===


Running target unix

		=== libitm Summary ===

# of expected passes		42
# of expected failures		3
# of unsupported tests		1
		=== libstdc++ tests ===


Running target unix

		=== libstdc++ Summary ===

# of expected passes		12970
# of expected failures		77
# of unsupported tests		331

Compiler version: 10.0.0 20190510 (experimental) (GCC) 
Platform: x86_64-pc-linux-gnu
configure flags: --disable-multilib --prefix=/shrao/testgcc


Index Nav: [Date Index] [Subject Index] [Author Index] [Thread Index]
Message Nav: [Date Prev] [Date Next] [Thread Prev] [Thread Next]