This is the mail archive of the
gcc-testresults@gcc.gnu.org
mailing list for the GCC project.
Results for 8.3.1 20190510 [gcc-8-branch revision 271049] (GCC) testsuite on sparc-sun-solaris2.11
- From: Rainer Orth <ro at CeBiTec dot Uni-Bielefeld dot DE>
- To: gcc-testresults at gcc dot gnu dot org
- Date: Sat, 11 May 2019 09:02:15 +0200 (MEST)
- Subject: Results for 8.3.1 20190510 [gcc-8-branch revision 271049] (GCC) testsuite on sparc-sun-solaris2.11
LAST_UPDATED: Fri May 10 08:49:22 UTC 2019 (revision 271049)
=== acats tests ===
=== acats Summary ===
# of expected passes 2320
# of unexpected failures 0
Native configuration is sparc-sun-solaris2.11
=== g++ tests ===
Running target unix
FAIL: g++.dg/debug/pr44178.C -gstabs+ (test for excess errors)
FAIL: g++.dg/debug/pr44178.C -gstabs+ -O2 (test for excess errors)
FAIL: g++.dg/debug/pr44178.C -gstabs+1 -O3 (test for excess errors)
FAIL: g++.dg/debug/pr46338.C -gstabs+3 -O2 (test for excess errors)
FAIL: g++.dg/pr83239.C -std=gnu++98 (test for excess errors)
FAIL: g++.dg/gcov/pr16855-priority.C -std=gnu++11 gcov: 1 failures in line counts, 0 in branch percentages, 0 in return percentages, 0 in intermediate format
FAIL: g++.dg/gcov/pr16855-priority.C -std=gnu++11 line 22: is #####:should be 1
FAIL: g++.dg/gcov/pr16855-priority.C -std=gnu++14 gcov: 1 failures in line counts, 0 in branch percentages, 0 in return percentages, 0 in intermediate format
FAIL: g++.dg/gcov/pr16855-priority.C -std=gnu++14 line 22: is #####:should be 1
FAIL: g++.dg/gcov/pr16855-priority.C -std=gnu++98 gcov: 1 failures in line counts, 0 in branch percentages, 0 in return percentages, 0 in intermediate format
FAIL: g++.dg/gcov/pr16855-priority.C -std=gnu++98 line 22: is #####:should be 1
FAIL: g++.dg/gcov/pr16855.C -std=gnu++11 gcov: 1 failures in line counts, 0 in branch percentages, 0 in return percentages, 0 in intermediate format
FAIL: g++.dg/gcov/pr16855.C -std=gnu++11 line 21: is #####:should be 1
FAIL: g++.dg/gcov/pr16855.C -std=gnu++14 gcov: 1 failures in line counts, 0 in branch percentages, 0 in return percentages, 0 in intermediate format
FAIL: g++.dg/gcov/pr16855.C -std=gnu++14 line 21: is #####:should be 1
FAIL: g++.dg/gcov/pr16855.C -std=gnu++98 gcov: 1 failures in line counts, 0 in branch percentages, 0 in return percentages, 0 in intermediate format
FAIL: g++.dg/gcov/pr16855.C -std=gnu++98 line 21: is #####:should be 1
=== g++ Summary for unix ===
# of expected passes 114129
# of unexpected failures 17
# of expected failures 509
# of unsupported tests 5400
Running target unix/-m64
FAIL: g++.dg/pr83239.C -std=gnu++98 (test for excess errors)
FAIL: g++.dg/gcov/pr16855-priority.C -std=gnu++11 gcov: 1 failures in line counts, 0 in branch percentages, 0 in return percentages, 0 in intermediate format
FAIL: g++.dg/gcov/pr16855-priority.C -std=gnu++11 line 22: is #####:should be 1
FAIL: g++.dg/gcov/pr16855-priority.C -std=gnu++14 gcov: 1 failures in line counts, 0 in branch percentages, 0 in return percentages, 0 in intermediate format
FAIL: g++.dg/gcov/pr16855-priority.C -std=gnu++14 line 22: is #####:should be 1
FAIL: g++.dg/gcov/pr16855-priority.C -std=gnu++98 gcov: 1 failures in line counts, 0 in branch percentages, 0 in return percentages, 0 in intermediate format
FAIL: g++.dg/gcov/pr16855-priority.C -std=gnu++98 line 22: is #####:should be 1
FAIL: g++.dg/gcov/pr16855.C -std=gnu++11 gcov: 1 failures in line counts, 0 in branch percentages, 0 in return percentages, 0 in intermediate format
FAIL: g++.dg/gcov/pr16855.C -std=gnu++11 line 21: is #####:should be 1
FAIL: g++.dg/gcov/pr16855.C -std=gnu++14 gcov: 1 failures in line counts, 0 in branch percentages, 0 in return percentages, 0 in intermediate format
FAIL: g++.dg/gcov/pr16855.C -std=gnu++14 line 21: is #####:should be 1
FAIL: g++.dg/gcov/pr16855.C -std=gnu++98 gcov: 1 failures in line counts, 0 in branch percentages, 0 in return percentages, 0 in intermediate format
FAIL: g++.dg/gcov/pr16855.C -std=gnu++98 line 21: is #####:should be 1
=== g++ Summary for unix/-m64 ===
# of expected passes 116031
# of unexpected failures 13
# of expected failures 512
# of unsupported tests 5368
=== g++ Summary ===
# of expected passes 230160
# of unexpected failures 30
# of expected failures 1021
# of unsupported tests 10768
/var/gcc/regression/gcc-8-branch/11-gcc-gas/build/gcc/xg++ version 8.3.1 20190510 [gcc-8-branch revision 271049] (GCC)
=== gcc tests ===
Running target unix
FAIL: gcc.c-torture/compile/920428-5.c -O0 (internal compiler error)
FAIL: gcc.c-torture/compile/920428-5.c -O0 (test for excess errors)
FAIL: gcc.c-torture/compile/920428-5.c -O1 (test for excess errors)
FAIL: gcc.c-torture/compile/920428-5.c -O2 (test for excess errors)
FAIL: gcc.c-torture/compile/920501-18.c -O2 -flto -flto-partition=none (test for excess errors)
FAIL: gcc.c-torture/compile/920501-18.c -O3 -g (internal compiler error)
FAIL: gcc.c-torture/compile/920501-18.c -O3 -g (test for excess errors)
FAIL: gcc.c-torture/compile/920501-18.c -Os (test for excess errors)
FAIL: gcc.c-torture/compile/920501-23.c -O2 -flto (internal compiler error)
FAIL: gcc.c-torture/compile/920501-23.c -O2 -flto (test for excess errors)
FAIL: gcc.c-torture/compile/920501-3.c -O0 (test for excess errors)
FAIL: gcc.c-torture/compile/920501-3.c -O1 (test for excess errors)
FAIL: gcc.dg/simulate-thread/atomic-other-int.c -O2 -g thread simulation test
FAIL: gcc.dg/simulate-thread/atomic-other-int.c -O3 -g thread simulation test
FAIL: gcc.dg/simulate-thread/speculative-store-4.c -O0 -g thread simulation test
FAIL: gcc.dg/simulate-thread/speculative-store-4.c -O2 -g thread simulation test
FAIL: gcc.dg/simulate-thread/speculative-store-4.c -O3 -g thread simulation test
FAIL: gcc.dg/simulate-thread/speculative-store.c -O0 -g thread simulation test
=== gcc Summary for unix ===
# of expected passes 103408
# of unexpected failures 18
# of expected failures 477
# of unsupported tests 2785
Running target unix/-m64
=== gcc Summary for unix/-m64 ===
# of expected passes 104570
# of expected failures 467
# of unsupported tests 2524
=== gcc Summary ===
# of expected passes 207978
# of unexpected failures 18
# of expected failures 944
# of unsupported tests 5309
/var/gcc/regression/gcc-8-branch/11-gcc-gas/build/gcc/xgcc version 8.3.1 20190510 [gcc-8-branch revision 271049] (GCC)
=== gfortran tests ===
Running target unix
FAIL: gfortran.dg/alloc_comp_basics_1.f90 -O2 (test for excess errors)
FAIL: gfortran.dg/alloc_comp_basics_1.f90 -O2 execution test
UNRESOLVED: gfortran.dg/alloc_comp_basics_1.f90 -O3 -fomit-frame-pointer -funroll-loops -fpeel-loops -ftracer -finline-functions scan-tree-dump-times original "builtin_free" 21
FAIL: gfortran.dg/alloc_comp_basics_1.f90 -O3 -fomit-frame-pointer -funroll-loops -fpeel-loops -ftracer -finline-functions (test for excess errors)
UNRESOLVED: gfortran.dg/alloc_comp_basics_1.f90 -O3 -fomit-frame-pointer -funroll-loops -fpeel-loops -ftracer -finline-functions compilation failed to produce executable
FAIL: gfortran.dg/elemental_subroutine_3.f90 -O1 (test for excess errors)
FAIL: gfortran.dg/elemental_subroutine_3.f90 -O2 (test for excess errors)
FAIL: gfortran.dg/elemental_subroutine_3.f90 -O3 -fomit-frame-pointer -funroll-loops -fpeel-loops -ftracer -finline-functions (test for excess errors)
FAIL: gfortran.dg/elemental_subroutine_3.f90 -O3 -g (test for excess errors)
FAIL: gfortran.dg/elemental_subroutine_3.f90 -Os (test for excess errors)
FAIL: gfortran.dg/unlimited_polymorphic_30.f03 -O0 execution test
FAIL: gfortran.dg/unlimited_polymorphic_30.f03 -O1 execution test
FAIL: gfortran.dg/unlimited_polymorphic_30.f03 -O3 -fomit-frame-pointer -funroll-loops -fpeel-loops -ftracer -finline-functions execution test
=== gfortran Summary for unix ===
# of expected passes 47707
# of unexpected failures 11
# of expected failures 92
# of unresolved testcases 2
# of unsupported tests 263
Running target unix/-m64
FAIL: gfortran.dg/elemental_subroutine_3.f90 -O1 (test for excess errors)
FAIL: gfortran.dg/elemental_subroutine_3.f90 -O2 (test for excess errors)
FAIL: gfortran.dg/elemental_subroutine_3.f90 -O3 -fomit-frame-pointer -funroll-loops -fpeel-loops -ftracer -finline-functions (test for excess errors)
FAIL: gfortran.dg/elemental_subroutine_3.f90 -O3 -g (test for excess errors)
FAIL: gfortran.dg/elemental_subroutine_3.f90 -Os (test for excess errors)
FAIL: gfortran.dg/unlimited_polymorphic_30.f03 -O0 execution test
FAIL: gfortran.dg/unlimited_polymorphic_30.f03 -O1 execution test
FAIL: gfortran.dg/unlimited_polymorphic_30.f03 -O2 execution test
FAIL: gfortran.dg/unlimited_polymorphic_30.f03 -O3 -fomit-frame-pointer -funroll-loops -fpeel-loops -ftracer -finline-functions execution test
FAIL: gfortran.dg/unlimited_polymorphic_30.f03 -O3 -g execution test
FAIL: gfortran.dg/unlimited_polymorphic_30.f03 -Os execution test
=== gfortran Summary for unix/-m64 ===
# of expected passes 47956
# of unexpected failures 11
# of expected failures 92
# of unsupported tests 142
=== gfortran Summary ===
# of expected passes 95663
# of unexpected failures 22
# of expected failures 184
# of unresolved testcases 2
# of unsupported tests 405
/var/gcc/regression/gcc-8-branch/11-gcc-gas/build/gcc/gfortran version 8.3.1 20190510 [gcc-8-branch revision 271049] (GCC)
=== gnat tests ===
Running target unix
FAIL: gnat.dg/pure_subp_body.adb (test for errors, line 3)
FAIL: gnat.dg/pure_subp_body.adb (test for excess errors)
FAIL: gnat.dg/pure_subp_body.adb non-pure unit (test for errors, line 3)
FAIL: gnat.dg/release_unc_maxalign.adb (test for excess errors)
FAIL: gnat.dg/remote_type.adb (test for excess errors)
=== gnat Summary for unix ===
# of expected passes 2676
# of unexpected failures 5
# of expected failures 24
# of unsupported tests 23
Running target unix/-m64
=== gnat Summary for unix/-m64 ===
# of expected passes 2681
# of expected failures 24
# of unsupported tests 23
=== gnat Summary ===
# of expected passes 5357
# of unexpected failures 5
# of expected failures 48
# of unsupported tests 46
/var/gcc/regression/gcc-8-branch/11-gcc-gas/build/gcc/gnatmake version 8.3.1 20190510 [gcc-8-branch revision 271049]
=== go tests ===
Running target unix
FAIL: ./index0-out.go execution, -O0 -g -fno-var-tracking-assignments
FAIL: complit1.go -O (test for errors, line 21)
FAIL: complit1.go -O (test for errors, line 22)
FAIL: complit1.go -O (test for errors, line 23)
FAIL: complit1.go -O (test for errors, line 40)
FAIL: complit1.go -O (test for errors, line 41)
FAIL: complit1.go -O (test for excess errors)
FAIL: go.test/test/cmplxdivide.go
FAIL: go.test/test/complit.go compilation, -O2 -g
FAIL: go.test/test/fixedbugs/bug077.go -O (internal compiler error)
FAIL: go.test/test/fixedbugs/bug077.go -O (test for excess errors)
FAIL: go.test/test/fixedbugs/bug078.go compilation, -O2 -g
FAIL: go.test/test/fixedbugs/bug080.go -O (test for excess errors)
FAIL: go.test/test/fixedbugs/issue4562.go execution, -O2 -g
FAIL: go.test/test/nil.go execution, -O2 -g
=== go Summary for unix ===
# of expected passes 7378
# of unexpected failures 15
# of expected failures 1
# of untested testcases 13
# of unsupported tests 3
Running target unix/-m64
FAIL: ./index0-out.go execution, -O0 -g -fno-var-tracking-assignments
=== go Summary for unix/-m64 ===
# of expected passes 7273
# of unexpected failures 1
# of expected failures 1
# of untested testcases 11
# of unsupported tests 3
=== go Summary ===
# of expected passes 14651
# of unexpected failures 16
# of expected failures 2
# of untested testcases 24
# of unsupported tests 6
=== obj-c++ tests ===
Running target unix
=== obj-c++ Summary for unix ===
# of expected passes 1464
# of expected failures 2
# of unsupported tests 77
Running target unix/-m64
FAIL: obj-c++.dg/torture/trivial.mm -O2 -flto -fgnu-runtime (test for excess errors)
FAIL: obj-c++.dg/torture/trivial.mm -O2 -flto -fgnu-runtime execution test
=== objc tests ===
Running target unix
=== objc Summary for unix ===
# of expected passes 2803
# of unsupported tests 68
Running target unix/-m64
=== objc Summary for unix/-m64 ===
# of expected passes 2803
# of unsupported tests 68
=== objc Summary ===
# of expected passes 5606
# of unsupported tests 136
/var/gcc/regression/gcc-8-branch/11-gcc-gas/build/gcc/xgcc version 8.3.1 20190510 [gcc-8-branch revision 271049] (GCC)
=== gotools tests ===
FAIL: TestAlwaysLinkSysoFiles
FAIL: TestBuildComplex
FAIL: TestCacheOutput
FAIL: TestCaseCollisions
FAIL: TestCgoAsmError
FAIL: TestCgoShowsFullPathNames
FAIL: TestCpuprofileTwice
FAIL: TestDefaultGOPATH
FAIL: TestDotDotDotOutsideGOPATH
FAIL: TestFFLAGS
FAIL: TestFileLineInErrorMessages
FAIL: TestGOROOTSearchFailureReporting
FAIL: TestGOTMPDIR
FAIL: TestGoEnv
FAIL: TestGoVetWithOnlyTestFiles
FAIL: TestIssue22588
FAIL: TestListTemplateContextFunction
FAIL: TestMatchesNoTestsDoesNotOverrideBuildFailure
FAIL: TestMentionGOPATHNotOnSecondEntry
FAIL: TestMultipleGOPATHEntriesReportedSeparately
FAIL: TestNoCache
FAIL: TestSymlinkWarning
FAIL: TestTestRebuild
FAIL: TestTwoPkgConfigs
FAIL: TestVetWithOnlyCgoFiles
FAIL: go test cmd/go
FAIL: TestBreakpoint
FAIL: TestCatchPanic
FAIL: TestCgoCCodeSIGPROF
FAIL: TestCgoCallbackGC
FAIL: TestCgoCheckBytes
FAIL: TestCgoCrashHandler
FAIL: TestCgoExecSignalMask
FAIL: TestCgoExternalThreadPanic
FAIL: TestCgoExternalThreadSIGPROF
FAIL: TestCgoExternalThreadSignal
FAIL: TestCgoLockOSThreadExit
FAIL: TestCgoNumGoroutine
FAIL: TestCgoPanicDeadlock
FAIL: TestCgoSignalDeadlock
FAIL: TestCgoTraceback
FAIL: TestCgoTracebackSigpanic
FAIL: TestEnsureDropM
FAIL: TestGccgoCrashTraceback
FAIL: TestGccgoCrashTracebackNodebug
FAIL: TestPanicInlined
FAIL: TestSelectStackAdjust
FAIL: TestSigStackSwapping
FAIL: go test runtime
FAIL: go test misc/cgo/test
FAIL: TestCompileWithoutShared
FAIL: TestEarlySignalHandler
FAIL: TestInstall
FAIL: TestOsSignal
FAIL: TestPIE
FAIL: TestSIGPROF
FAIL: TestSigaltstack
FAIL: TestSignalForwarding
FAIL: TestSignalForwardingExternal
FAIL: go test misc/cgo/testcarchive
=== gotools Summary ===
# of expected passes 247
# of unexpected failures 60
# of untested testcases 189
/var/gcc/regression/gcc-8-branch/11-gcc-gas/build/./gcc/gccgo version 8.3.1 20190510 [gcc-8-branch revision 271049] (GCC)
=== libatomic tests ===
Running target unix
=== libatomic Summary for unix ===
# of expected passes 44
# of unsupported tests 5
Running target unix/-m64
=== libatomic Summary for unix/-m64 ===
# of expected passes 54
=== libatomic Summary ===
# of expected passes 98
# of unsupported tests 5
=== libffi tests ===
Running target unix
FAIL: libffi.call/va_struct3.c -W -Wall -Wno-psabi -Os (test for excess errors)
FAIL: libffi.call/va_struct3.c -W -Wall -Wno-psabi -Os execution test
FAIL: libffi.call/va_struct3.c -W -Wall -Wno-psabi -O2 -fomit-frame-pointer (test for excess errors)
UNRESOLVED: libffi.call/va_struct3.c -W -Wall -Wno-psabi -O2 -fomit-frame-pointer compilation failed to produce executable
=== libffi Summary for unix ===
# of expected passes 2208
# of unexpected failures 3
# of unresolved testcases 1
Running target unix/-m64
=== libffi Summary for unix/-m64 ===
# of expected passes 2214
=== libffi Summary ===
# of expected passes 4422
# of unexpected failures 3
# of unresolved testcases 1
=== libgo tests ===
Running target unix
FAIL: runtime
FAIL: go/build
FAIL: net/http
FAIL: os/signal
=== libgo Summary for unix ===
# of expected passes 160
# of unexpected failures 4
Running target unix/-m64
FAIL: go/build
FAIL: net/http
=== libgo Summary for unix/-m64 ===
# of expected passes 162
# of unexpected failures 2
=== libgo Summary ===
# of expected passes 322
# of unexpected failures 6
/var/gcc/regression/gcc-8-branch/11-gcc-gas/build/./gcc/gccgo version 8.3.1 20190510 [gcc-8-branch revision 271049] (GCC)
=== libgomp tests ===
Running target unix
FAIL: libgomp.c/simd-4.c (test for excess errors)
FAIL: libgomp.c/simd-4.c execution test
=== libgomp Summary for unix ===
# of expected passes 5447
# of unexpected failures 2
# of expected failures 2
# of unsupported tests 366
Running target unix/-m64
=== libgomp Summary for unix/-m64 ===
# of expected passes 5449
# of expected failures 2
# of unsupported tests 366
=== libgomp Summary ===
# of expected passes 10896
# of unexpected failures 2
# of expected failures 4
# of unsupported tests 732
=== libitm tests ===
Running target unix
=== libitm Summary for unix ===
# of expected passes 42
# of expected failures 3
# of unsupported tests 1
Running target unix/-m64
=== libitm Summary for unix/-m64 ===
# of expected passes 42
# of expected failures 3
# of unsupported tests 1
=== libitm Summary ===
# of expected passes 84
# of expected failures 6
# of unsupported tests 2
=== libstdc++ tests ===
Running target unix
FAIL: 21_strings/basic_string/requirements/explicit_instantiation/debug.cc (test for excess errors)
FAIL: 21_strings/basic_string/requirements/explicit_instantiation/wchar_t/1.cc (test for excess errors)
FAIL: 21_strings/basic_string/requirements/typedefs.cc (test for excess errors)
FAIL: 22_locale/ctype/scan/char/1.cc (test for excess errors)
UNRESOLVED: 22_locale/ctype/scan/char/1.cc compilation failed to produce executable
FAIL: 22_locale/locale/13630.cc (test for excess errors)
UNRESOLVED: 22_locale/locale/13630.cc compilation failed to produce executable
FAIL: 22_locale/locale/global_locale_objects/1.cc (test for excess errors)
UNRESOLVED: 22_locale/locale/global_locale_objects/1.cc compilation failed to produce executable
FAIL: 22_locale/messages_byname/requirements/base_classes.cc (test for excess errors)
FAIL: 22_locale/messages_byname/requirements/explicit_instantiation.cc (test for excess errors)
FAIL: 22_locale/money_get/get/char/38399.cc (test for excess errors)
UNRESOLVED: 22_locale/money_get/get/char/38399.cc compilation failed to produce executable
FAIL: 22_locale/money_get/get/wchar_t/19.cc (test for excess errors)
FAIL: 22_locale/money_get/get/wchar_t/19.cc execution test
FAIL: 22_locale/money_get/requirements/typedefs.cc (test for excess errors)
FAIL: 22_locale/money_put/cons/3.cc (test for excess errors)
=== libstdc++ Summary for unix ===
# of expected passes 11411
# of unexpected failures 13
# of expected failures 71
# of unresolved testcases 4
# of unsupported tests 641
Running target unix/-m64
=== libstdc++ Summary for unix/-m64 ===
# of expected passes 11428
# of expected failures 71
# of unsupported tests 641
=== libstdc++ Summary ===
# of expected passes 22839
# of unexpected failures 13
# of expected failures 142
# of unresolved testcases 4
# of unsupported tests 1282
Compiler version: 8.3.1 20190510 [gcc-8-branch revision 271049] (GCC)
Platform: sparc-sun-solaris2.11
configure flags: --prefix=/vol/gcc --target=sparc-sun-solaris2.11 --enable-objc-gc --with-target-bdw-gc-include=/vol/gcc/include --with-target-bdw-gc-lib=/vol/gcc/lib,sparcv9=/vol/gcc/lib/sparcv9 --with-as=/vol/gcc/bin/gas-2.32 --with-gnu-as --with-gmp-include=/vol/gcc/include --with-gmp-lib=/vol/gcc/lib --with-mpfr-include=/vol/gcc/include --with-mpfr-lib=/vol/gcc/lib --with-mpc-include=/vol/gcc/include --with-mpc-lib=/vol/gcc/lib --enable-languages=all,ada,obj-c++,go --with-isl-include=/vol/gcc/include --with-isl-lib=/vol/gcc/lib --build=sparc-sun-solaris2.11 --host=sparc-sun-solaris2.11
BOOT_CFLAGS=-g -O2