This is the mail archive of the gcc-testresults@gcc.gnu.org mailing list for the GCC project.


Index Nav: [Date Index] [Subject Index] [Author Index] [Thread Index]
Message Nav: [Date Prev] [Date Next] [Thread Prev] [Thread Next]
Other format: [Raw text]

Results for 8.3.1 20190506 [gcc-8-branch revision 270915] (GCC) testsuite on hppa2.0w-hp-hpux11.11


		=== acats tests ===
FAIL:	c974013
FAIL:	c9a011b

		=== acats Summary ===
# of expected passes		2318
# of unexpected failures	2
Native configuration is hppa2.0w-hp-hpux11.11

		=== g++ tests ===


Running target unix
FAIL: g++.dg/pr83239.C  -std=gnu++98 (test for excess errors)
FAIL: g++.dg/abi/abi-tag18a.C  -std=gnu++98  scan-assembler _ZZ1fB7__test1vEN1T1gB7__test2Ev
FAIL: g++.dg/abi/abi-tag18a.C  -std=gnu++98  scan-assembler _ZZZ1fB7__test1vEN1T1gEvE1x
FAIL: g++.dg/abi/abi-tag18a.C  -std=gnu++11  scan-assembler _ZZ1fB7__test1vEN1T1gB7__test2Ev
FAIL: g++.dg/abi/abi-tag18a.C  -std=gnu++11  scan-assembler _ZZZ1fB7__test1vEN1T1gEvE1x
FAIL: g++.dg/abi/abi-tag18a.C  -std=gnu++14  scan-assembler _ZZ1fB7__test1vEN1T1gB7__test2Ev
FAIL: g++.dg/abi/abi-tag18a.C  -std=gnu++14  scan-assembler _ZZZ1fB7__test1vEN1T1gEvE1x
FAIL: g++.dg/cpp0x/pr84497.C  -std=c++11  scan-assembler .weak[ \\t]*_ZTH8base_obj
FAIL: g++.dg/cpp0x/pr84497.C  -std=c++11  scan-assembler .weak[ \\t]*_ZTH11derived_obj
FAIL: g++.dg/cpp0x/pr84497.C  -std=c++11  scan-assembler .weak[ \\t]*_ZTH13container_obj
FAIL: g++.dg/cpp0x/pr84497.C  -std=c++14  scan-assembler .weak[ \\t]*_ZTH8base_obj
FAIL: g++.dg/cpp0x/pr84497.C  -std=c++14  scan-assembler .weak[ \\t]*_ZTH11derived_obj
FAIL: g++.dg/cpp0x/pr84497.C  -std=c++14  scan-assembler .weak[ \\t]*_ZTH13container_obj
FAIL: g++.dg/ext/visibility/lambda1.C  -std=c++11 (test for excess errors)
FAIL: g++.dg/ext/visibility/lambda1.C  -std=c++14 (test for excess errors)
FAIL: g++.dg/ipa/pr89009.C  -std=gnu++98 (test for excess errors)
FAIL: g++.dg/ipa/pr89009.C  -std=gnu++11 (test for excess errors)
FAIL: g++.dg/ipa/pr89009.C  -std=gnu++14 (test for excess errors)
FAIL: c-c++-common/gomp/clauses-2.c  -std=c++98 (internal compiler error)
FAIL: c-c++-common/gomp/clauses-2.c  -std=c++98  (test for errors, line 25)
FAIL: c-c++-common/gomp/clauses-2.c  -std=c++98  (test for errors, line 39)
FAIL: c-c++-common/gomp/clauses-2.c  -std=c++98  (test for errors, line 41)
FAIL: c-c++-common/gomp/clauses-2.c  -std=c++98  (test for errors, line 43)
FAIL: c-c++-common/gomp/clauses-2.c  -std=c++98 (test for excess errors)
FAIL: c-c++-common/gomp/clauses-2.c  -std=c++11 (internal compiler error)
FAIL: c-c++-common/gomp/clauses-2.c  -std=c++11  (test for errors, line 25)
FAIL: c-c++-common/gomp/clauses-2.c  -std=c++11  (test for errors, line 39)
FAIL: c-c++-common/gomp/clauses-2.c  -std=c++11  (test for errors, line 41)
FAIL: c-c++-common/gomp/clauses-2.c  -std=c++11  (test for errors, line 43)
FAIL: c-c++-common/gomp/clauses-2.c  -std=c++11 (test for excess errors)
FAIL: c-c++-common/gomp/clauses-2.c  -std=c++14 (internal compiler error)
FAIL: c-c++-common/gomp/clauses-2.c  -std=c++14  (test for errors, line 25)
FAIL: c-c++-common/gomp/clauses-2.c  -std=c++14  (test for errors, line 39)
FAIL: c-c++-common/gomp/clauses-2.c  -std=c++14  (test for errors, line 41)
FAIL: c-c++-common/gomp/clauses-2.c  -std=c++14  (test for errors, line 43)
FAIL: c-c++-common/gomp/clauses-2.c  -std=c++14 (test for excess errors)
WARNING: program timed out.
FAIL: c-c++-common/simulate-thread/bitfields-1.c   -O2 -g -std=c++98  thread simulation test
FAIL: c-c++-common/simulate-thread/bitfields-1.c   -O3 -g -std=c++11  thread simulation test
FAIL: g++.dg/tls/pr77285-2.C  -std=c++11  scan-assembler _ZTH4var1B3tag
FAIL: g++.dg/tls/pr77285-2.C  -std=c++14  scan-assembler _ZTH4var1B3tag
FAIL: g++.dg/torture/pr81812.C   -O0  (test for excess errors)
FAIL: g++.dg/torture/pr81812.C   -O1  (test for excess errors)
FAIL: g++.dg/torture/pr81812.C   -O2  (test for excess errors)
FAIL: g++.dg/torture/pr81812.C   -O3 -g  (test for excess errors)
FAIL: g++.dg/torture/pr81812.C   -Os  (test for excess errors)

		=== g++ Summary ===

# of expected passes		106231
# of unexpected failures	45
# of expected failures		502
# of unsupported tests		5774
/mnt/gnu/gcc/objdir-test/gcc/testsuite/g++/../../xg++  version 8.3.1 20190506 [gcc-8-branch revision 270915] (GCC) 

		=== gcc tests ===


Running target unix
FAIL: gcc.c-torture/compile/limits-exprparen.c   -O0  (internal compiler error)
FAIL: gcc.c-torture/compile/limits-exprparen.c   -O0  (test for excess errors)
FAIL: gcc.c-torture/compile/limits-exprparen.c   -O1  (internal compiler error)
FAIL: gcc.c-torture/compile/limits-exprparen.c   -O1  (test for excess errors)
FAIL: gcc.c-torture/compile/limits-exprparen.c   -O2  (internal compiler error)
FAIL: gcc.c-torture/compile/limits-exprparen.c   -O2  (test for excess errors)
FAIL: gcc.c-torture/compile/limits-exprparen.c   -O3 -g  (internal compiler error)
FAIL: gcc.c-torture/compile/limits-exprparen.c   -O3 -g  (test for excess errors)
FAIL: gcc.c-torture/compile/limits-exprparen.c   -Os  (internal compiler error)
FAIL: gcc.c-torture/compile/limits-exprparen.c   -Os  (test for excess errors)
FAIL: gcc.dg/atomic/c11-atomic-exec-5.c   -O0  execution test
FAIL: gcc.dg/atomic/c11-atomic-exec-5.c   -O1  execution test
FAIL: gcc.dg/atomic/c11-atomic-exec-5.c   -O2  execution test
FAIL: gcc.dg/atomic/c11-atomic-exec-5.c   -O3 -fomit-frame-pointer -funroll-loops -fpeel-loops -ftracer -finline-functions  execution test
FAIL: gcc.dg/atomic/c11-atomic-exec-5.c   -O3 -g  execution test
FAIL: gcc.dg/atomic/c11-atomic-exec-5.c   -Os  execution test
FAIL: gcc.dg/compat/pr83487-1 c_compat_y_tst.o compile
FAIL: gcc.dg/compat/pr83487-2 c_compat_y_tst.o compile
FAIL: gcc.dg/pr83480.c (internal compiler error)
FAIL: gcc.dg/pr83480.c (test for excess errors)
FAIL: gcc.dg/pr84941.c (test for excess errors)
FAIL: gcc.dg/pr88074.c (test for excess errors)
FAIL: gcc.dg/predict-13.c scan-tree-dump-times profile_estimate "combined heuristics of edge[^:]*: 0.1%" 2
FAIL: c-c++-common/gomp/clauses-2.c (internal compiler error)
FAIL: c-c++-common/gomp/clauses-2.c  (test for errors, line 25)
FAIL: c-c++-common/gomp/clauses-2.c  (test for errors, line 39)
FAIL: c-c++-common/gomp/clauses-2.c  (test for errors, line 41)
FAIL: c-c++-common/gomp/clauses-2.c  (test for errors, line 43)
FAIL: c-c++-common/gomp/clauses-2.c (test for excess errors)
WARNING: program timed out.
FAIL: c-c++-common/simulate-thread/bitfields-1.c   -O2 -g  thread simulation test
FAIL: c-c++-common/simulate-thread/bitfields-1.c   -O3 -g  thread simulation test
XPASS: gcc.dg/torture/pr47917.c   -O1  execution test
XPASS: gcc.dg/torture/pr47917.c   -O2  execution test
XPASS: gcc.dg/torture/pr47917.c   -O3 -g  execution test
XPASS: gcc.dg/torture/pr47917.c   -Os  execution test
FAIL: gcc.dg/tree-ssa/builtin-sprintf.c execution test
FAIL: gcc.target/hppa/shadd-3.c scan-assembler-times sh.add 5

		=== gcc Summary ===

# of expected passes		80185
# of unexpected failures	33
# of unexpected successes	4
# of expected failures		290
# of unsupported tests		2346
/mnt/gnu/gcc/objdir-test/gcc/xgcc  version 8.3.1 20190506 [gcc-8-branch revision 270915] (GCC) 

		=== gfortran tests ===


Running target unix
FAIL: gfortran.dg/coarray_data_1.f90   -O  (test for excess errors)
FAIL: gfortran.dg/coarray_data_1.f90   -O  execution test
FAIL: gfortran.dg/elemental_subroutine_3.f90   -O1  (test for excess errors)
FAIL: gfortran.dg/elemental_subroutine_3.f90   -O2  (test for excess errors)
FAIL: gfortran.dg/elemental_subroutine_3.f90   -O3 -fomit-frame-pointer -funroll-loops -fpeel-loops -ftracer -finline-functions  (test for excess errors)
FAIL: gfortran.dg/elemental_subroutine_3.f90   -O3 -g  (test for excess errors)
FAIL: gfortran.dg/elemental_subroutine_3.f90   -Os  (test for excess errors)
FAIL: gfortran.dg/temporary_3.f90   -O0  (test for excess errors)
FAIL: gfortran.dg/temporary_3.f90   -O1  (test for excess errors)
FAIL: gfortran.dg/temporary_3.f90   -O2  (test for excess errors)
FAIL: gfortran.dg/temporary_3.f90   -O3 -fomit-frame-pointer -funroll-loops -fpeel-loops -ftracer -finline-functions  (test for excess errors)
FAIL: gfortran.dg/temporary_3.f90   -O3 -g  (test for excess errors)
FAIL: gfortran.dg/temporary_3.f90   -Os  (test for excess errors)
FAIL: gfortran.dg/unlimited_polymorphic_30.f03   -O0  execution test
FAIL: gfortran.dg/unlimited_polymorphic_30.f03   -O1  execution test

		=== gfortran Summary ===

# of expected passes		46100
# of unexpected failures	15
# of expected failures		102
# of unsupported tests		461
/mnt/gnu/gcc/objdir-test/gcc/testsuite/gfortran/../../gfortran  version 8.3.1 20190506 [gcc-8-branch revision 270915] (GCC) 

		=== gnat tests ===


Running target unix
FAIL: gnat.dg/debug11.adb scan-assembler-times 0x5a.*DW_AT_discr_list 1
FAIL: gnat.dg/debug11.adb scan-assembler-times 0x80.*DW_AT_discr_list 1
FAIL: gnat.dg/debug11_pkg.adb scan-assembler local_imported_func
FAIL: gnat.dg/debug11_pkg.adb scan-assembler local_imported_var
FAIL: gnat.dg/debug11_pkg.adb scan-assembler global_imported_func
FAIL: gnat.dg/debug11_pkg.adb scan-assembler global_imported_var
FAIL: gnat.dg/debug12.adb (test for excess errors)
UNRESOLVED: gnat.dg/debug12.adb scan-assembler-times DW_AT_location 4
XPASS: gnat.dg/lto19.adb (test for excess errors)

		=== gnat Summary ===

# of expected passes		2668
# of unexpected failures	7
# of unexpected successes	1
# of expected failures		23
# of unresolved testcases	1
# of unsupported tests		25
/mnt/gnu/gcc/objdir-test/gcc/gnatmake version 8.3.1 20190506 [gcc-8-branch revision 270915]

		=== obj-c++ tests ===


Running target unix

		=== obj-c++ Summary ===

# of expected passes		1406
# of expected failures		2
# of unsupported tests		60
/mnt/gnu/gcc/objdir-test/gcc/testsuite/obj-c++/../../xg++  version 8.3.1 20190506 [gcc-8-branch revision 270915] (GCC) 

		=== objc tests ===


Running target unix

		=== objc Summary ===

# of expected passes		2705
# of unsupported tests		61
/mnt/gnu/gcc/objdir-test/gcc/xgcc  version 8.3.1 20190506 [gcc-8-branch revision 270915] (GCC) 

		=== libatomic tests ===


Running target unix

		=== libatomic Summary ===

# of expected passes		44
# of unsupported tests		5
		=== libgomp tests ===


Running target unix
FAIL: libgomp.c/target-29.c (internal compiler error)
FAIL: libgomp.c/target-29.c (test for excess errors)
UNRESOLVED: libgomp.c/target-29.c compilation failed to produce executable
FAIL: libgomp.c++/target-15.C (internal compiler error)
FAIL: libgomp.c++/target-15.C (test for excess errors)
UNRESOLVED: libgomp.c++/target-15.C compilation failed to produce executable
FAIL: libgomp.c++/target-16.C (internal compiler error)
FAIL: libgomp.c++/target-16.C (test for excess errors)
UNRESOLVED: libgomp.c++/target-16.C compilation failed to produce executable
FAIL: libgomp.c++/target-17.C (internal compiler error)
FAIL: libgomp.c++/target-17.C (test for excess errors)
UNRESOLVED: libgomp.c++/target-17.C compilation failed to produce executable
FAIL: libgomp.c++/target-19.C (internal compiler error)
FAIL: libgomp.c++/target-19.C (test for excess errors)
UNRESOLVED: libgomp.c++/target-19.C compilation failed to produce executable
FAIL: libgomp.oacc-c/../libgomp.oacc-c-c++-common/atomic_update-1.c -DACC_DEVICE_TYPE_host=1 -DACC_MEM_SHARED=1  -O2  execution test
FAIL: libgomp.oacc-c++/../libgomp.oacc-c-c++-common/atomic_update-1.c -DACC_DEVICE_TYPE_host=1 -DACC_MEM_SHARED=1  -O2  execution test

		=== libgomp Summary ===

# of expected passes		5405
# of unexpected failures	12
# of expected failures		2
# of unresolved testcases	5
# of unsupported tests		382
		=== libstdc++ tests ===


Running target unix
FAIL: 20_util/shared_ptr/thread/default_weaktoshared.cc (test for excess errors)
FAIL: 20_util/shared_ptr/thread/default_weaktoshared.cc execution test
FAIL: 20_util/shared_ptr/thread/mutex_weaktoshared.cc (test for excess errors)
FAIL: 20_util/shared_ptr/thread/mutex_weaktoshared.cc execution test
FAIL: libstdc++-prettyprinters/48362.cc
FAIL: libstdc++-prettyprinters/59161.cc
FAIL: libstdc++-prettyprinters/80276.cc
FAIL: libstdc++-prettyprinters/cxx11.cc
FAIL: libstdc++-prettyprinters/cxx17.cc
FAIL: libstdc++-prettyprinters/debug.cc
FAIL: libstdc++-prettyprinters/debug_cxx11.cc
FAIL: libstdc++-prettyprinters/libfundts.cc
FAIL: libstdc++-prettyprinters/shared_ptr.cc
FAIL: libstdc++-prettyprinters/simple.cc
FAIL: libstdc++-prettyprinters/simple11.cc
FAIL: libstdc++-prettyprinters/tr1.cc
FAIL: libstdc++-prettyprinters/whatis.cc
FAIL: libstdc++-prettyprinters/whatis2.cc
FAIL: libstdc++-xmethods/array.cc
FAIL: libstdc++-xmethods/associative-containers.cc
FAIL: libstdc++-xmethods/deque.cc
FAIL: libstdc++-xmethods/forwardlist.cc
FAIL: libstdc++-xmethods/list.cc
FAIL: libstdc++-xmethods/shared_ptr.cc
FAIL: libstdc++-xmethods/unique_ptr.cc
FAIL: libstdc++-xmethods/vector.cc

		=== libstdc++ Summary ===

# of expected passes		10787
# of unexpected failures	26
# of expected failures		71
# of unsupported tests		935

Compiler version: 8.3.1 20190506 [gcc-8-branch revision 270915] (GCC) 
Platform: hppa2.0w-hp-hpux11.11
configure flags:Test Run By dave on Tue May  7 11:19:15  2019


Index Nav: [Date Index] [Subject Index] [Author Index] [Thread Index]
Message Nav: [Date Prev] [Date Next] [Thread Prev] [Thread Next]