This is the mail archive of the gcc-testresults@gcc.gnu.org mailing list for the GCC project.


Index Nav: [Date Index] [Subject Index] [Author Index] [Thread Index]
Message Nav: [Date Prev] [Date Next] [Thread Prev] [Thread Next]
Other format: [Raw text]

Results for 8.3.0 (Debian 8.3.0-12) testsuite on arm-unknown-linux-gnueabihf


LAST_UPDATED: Mon May  6 17:12:25 UTC 2019 (revision 270919)

Native configuration is arm-unknown-linux-gnueabihf

		=== libatomic tests ===


Running target unix

		=== libatomic Summary for unix ===

# of expected passes		44
# of unsupported tests		5

Running target unix/-fstack-protector

		=== libatomic Summary for unix/-fstack-protector ===

# of expected passes		44
# of unsupported tests		5

		=== libatomic Summary ===

# of expected passes		88
# of unsupported tests		10
		=== libffi tests ===


Running target unix

		=== libffi Summary for unix ===

# of expected passes		2214

Running target unix/-fstack-protector

		=== libffi Summary for unix/-fstack-protector ===

# of expected passes		2214

		=== libffi Summary ===

# of expected passes		4428
		=== libgo tests ===


Running target unix
FAIL: io
FAIL: log
FAIL: runtime
FAIL: os/exec
FAIL: runtime/pprof
FAIL: sync/atomic

		=== libgo Summary ===

# of expected passes		157
# of unexpected failures	6
/build/gcc-8-V7EemA/gcc-8-8.3.0/build/./gcc/gccgo version 8.3.0 (Debian 8.3.0-12)

		=== libgomp tests ===


Running target unix

		=== libgomp Summary for unix ===

# of expected passes		5453
# of expected failures		2
# of unsupported tests		364

Running target unix/-fstack-protector

		=== libgomp Summary for unix/-fstack-protector ===

# of expected passes		5453
# of expected failures		2
# of unsupported tests		364

		=== libgomp Summary ===

# of expected passes		10906
# of expected failures		4
# of unsupported tests		728
		=== libphobos tests ===


Running target unix
FAIL: libphobos.unittests/phobos/static/std.digest.murmurhash
FAIL: libphobos.unittests/phobos/static/std.math
WARNING: program timed out.
FAIL: libphobos.unittests/phobos/static/std.net.curl
FAIL: libphobos.unittests/phobos/static/std.random
FAIL: libphobos.unittests/phobos/static/std.zip
FAIL: libphobos.unittests/phobos/shared/std.digest.murmurhash
FAIL: libphobos.unittests/phobos/shared/std.math
WARNING: program timed out.
FAIL: libphobos.unittests/phobos/shared/std.net.curl
FAIL: libphobos.unittests/phobos/shared/std.random
FAIL: libphobos.unittests/phobos/shared/std.zip

		=== libphobos Summary for unix ===

# of expected passes		392
# of unexpected failures	10

Running target unix/-fstack-protector
FAIL: libphobos.unittests/phobos/static/std.digest.murmurhash
FAIL: libphobos.unittests/phobos/static/std.math
WARNING: program timed out.
FAIL: libphobos.unittests/phobos/static/std.net.curl
FAIL: libphobos.unittests/phobos/static/std.random
FAIL: libphobos.unittests/phobos/static/std.zip
FAIL: libphobos.unittests/phobos/shared/std.digest.murmurhash
FAIL: libphobos.unittests/phobos/shared/std.math
WARNING: program timed out.
FAIL: libphobos.unittests/phobos/shared/std.net.curl
FAIL: libphobos.unittests/phobos/shared/std.random
FAIL: libphobos.unittests/phobos/shared/std.zip

		=== libphobos Summary for unix/-fstack-protector ===

# of expected passes		392
# of unexpected failures	10

		=== libphobos Summary ===

# of expected passes		784
# of unexpected failures	20
		=== libstdc++ tests ===


Running target unix
FAIL: 22_locale/time_get/get_date/wchar_t/4.cc execution test
FAIL: 26_numerics/headers/cmath/hypot.cc execution test

		=== libstdc++ Summary for unix ===

# of expected passes		12833
# of unexpected failures	2
# of expected failures		71
# of unsupported tests		281

Running target unix/-fstack-protector
FAIL: 22_locale/time_get/get_date/wchar_t/4.cc execution test
FAIL: 26_numerics/headers/cmath/hypot.cc execution test

		=== libstdc++ Summary for unix/-fstack-protector ===

# of expected passes		12833
# of unexpected failures	2
# of expected failures		71
# of unsupported tests		281

		=== libstdc++ Summary ===

# of expected passes		25666
# of unexpected failures	4
# of expected failures		142
# of unsupported tests		562
		=== acats tests ===

		=== acats Summary ===
# of expected passes		2320
# of unexpected failures	0

		=== g++ tests ===


Running target unix
FAIL: c-c++-common/asan/heap-overflow-1.c   -O0  output pattern test
FAIL: c-c++-common/asan/heap-overflow-1.c   -O1  output pattern test
FAIL: c-c++-common/asan/heap-overflow-1.c   -O2  output pattern test
FAIL: c-c++-common/asan/heap-overflow-1.c   -O2 -flto -fno-use-linker-plugin -flto-partition=none  output pattern test
FAIL: c-c++-common/asan/heap-overflow-1.c   -O2 -flto -fuse-linker-plugin -fno-fat-lto-objects  output pattern test
FAIL: c-c++-common/asan/heap-overflow-1.c   -O3 -g  output pattern test
FAIL: c-c++-common/asan/heap-overflow-1.c   -Os  output pattern test
FAIL: c-c++-common/asan/pr70541.c   -O0  output pattern test
FAIL: c-c++-common/asan/sanity-check-pure-c-1.c   -O0  output pattern test
FAIL: c-c++-common/asan/sanity-check-pure-c-1.c   -O1  output pattern test
FAIL: c-c++-common/asan/sanity-check-pure-c-1.c   -O2  output pattern test
FAIL: c-c++-common/asan/sanity-check-pure-c-1.c   -O2 -flto -fno-use-linker-plugin -flto-partition=none  output pattern test
FAIL: c-c++-common/asan/sanity-check-pure-c-1.c   -O2 -flto -fuse-linker-plugin -fno-fat-lto-objects  output pattern test
FAIL: c-c++-common/asan/sanity-check-pure-c-1.c   -O3 -g  output pattern test
FAIL: c-c++-common/asan/sanity-check-pure-c-1.c   -Os  output pattern test
FAIL: c-c++-common/asan/strncpy-overflow-1.c   -O0  output pattern test
FAIL: c-c++-common/asan/strncpy-overflow-1.c   -O1  output pattern test
FAIL: c-c++-common/asan/strncpy-overflow-1.c   -O2  output pattern test
FAIL: c-c++-common/asan/strncpy-overflow-1.c   -O2 -flto -fno-use-linker-plugin -flto-partition=none  output pattern test
FAIL: c-c++-common/asan/strncpy-overflow-1.c   -O2 -flto -fuse-linker-plugin -fno-fat-lto-objects  output pattern test
FAIL: c-c++-common/asan/strncpy-overflow-1.c   -O3 -g  output pattern test
FAIL: c-c++-common/asan/strncpy-overflow-1.c   -Os  output pattern test
FAIL: c-c++-common/asan/use-after-free-1.c   -O0  output pattern test
FAIL: c-c++-common/asan/use-after-free-1.c   -O1  output pattern test
FAIL: c-c++-common/asan/use-after-free-1.c   -O2  output pattern test
FAIL: c-c++-common/asan/use-after-free-1.c   -O2 -flto -fno-use-linker-plugin -flto-partition=none  output pattern test
FAIL: c-c++-common/asan/use-after-free-1.c   -O2 -flto -fuse-linker-plugin -fno-fat-lto-objects  output pattern test
FAIL: c-c++-common/asan/use-after-free-1.c   -O3 -g  output pattern test
FAIL: c-c++-common/asan/use-after-free-1.c   -Os  output pattern test
FAIL: g++.dg/asan/deep-stack-uaf-1.C   -O0  output pattern test
FAIL: g++.dg/asan/deep-stack-uaf-1.C   -O1  output pattern test
FAIL: g++.dg/asan/deep-stack-uaf-1.C   -O2  output pattern test
FAIL: g++.dg/asan/deep-stack-uaf-1.C   -O3 -g  output pattern test
FAIL: g++.dg/asan/deep-stack-uaf-1.C   -Os  output pattern test
FAIL: g++.dg/other/anon5.C  -std=gnu++11 (test for excess errors)
FAIL: g++.dg/other/anon5.C  -std=gnu++14 (test for excess errors)
FAIL: g++.dg/other/anon5.C  -std=gnu++98 (test for excess errors)
FAIL: g++.dg/pr83239.C  -std=gnu++98 (test for excess errors)
FAIL: g++.dg/guality/pr55665.C   -O2  line 23 p == 40
FAIL: g++.dg/lto/pr65276 cp_lto_pr65276_0.o-cp_lto_pr65276_1.o link, -flto -O0 -std=c++11

		=== g++ Summary for unix ===

# of expected passes		121955
# of unexpected failures	40
# of expected failures		509
# of unsupported tests		5744

Running target unix/-fstack-protector
FAIL: c-c++-common/asan/heap-overflow-1.c   -O0  output pattern test
FAIL: c-c++-common/asan/heap-overflow-1.c   -O1  output pattern test
FAIL: c-c++-common/asan/heap-overflow-1.c   -O2  output pattern test
FAIL: c-c++-common/asan/heap-overflow-1.c   -O2 -flto -fno-use-linker-plugin -flto-partition=none  output pattern test
FAIL: c-c++-common/asan/heap-overflow-1.c   -O2 -flto -fuse-linker-plugin -fno-fat-lto-objects  output pattern test
FAIL: c-c++-common/asan/heap-overflow-1.c   -O3 -g  output pattern test
FAIL: c-c++-common/asan/heap-overflow-1.c   -Os  output pattern test
FAIL: c-c++-common/asan/pr70541.c   -O0  output pattern test
FAIL: c-c++-common/asan/sanity-check-pure-c-1.c   -O0  output pattern test
FAIL: c-c++-common/asan/sanity-check-pure-c-1.c   -O1  output pattern test
FAIL: c-c++-common/asan/sanity-check-pure-c-1.c   -O2  output pattern test
FAIL: c-c++-common/asan/sanity-check-pure-c-1.c   -O2 -flto -fno-use-linker-plugin -flto-partition=none  output pattern test
FAIL: c-c++-common/asan/sanity-check-pure-c-1.c   -O2 -flto -fuse-linker-plugin -fno-fat-lto-objects  output pattern test
FAIL: c-c++-common/asan/sanity-check-pure-c-1.c   -O3 -g  output pattern test
FAIL: c-c++-common/asan/sanity-check-pure-c-1.c   -Os  output pattern test
FAIL: c-c++-common/asan/strncpy-overflow-1.c   -O0  output pattern test
FAIL: c-c++-common/asan/strncpy-overflow-1.c   -O1  output pattern test
FAIL: c-c++-common/asan/strncpy-overflow-1.c   -O2  output pattern test
FAIL: c-c++-common/asan/strncpy-overflow-1.c   -O2 -flto -fno-use-linker-plugin -flto-partition=none  output pattern test
FAIL: c-c++-common/asan/strncpy-overflow-1.c   -O2 -flto -fuse-linker-plugin -fno-fat-lto-objects  output pattern test
FAIL: c-c++-common/asan/strncpy-overflow-1.c   -O3 -g  output pattern test
FAIL: c-c++-common/asan/strncpy-overflow-1.c   -Os  output pattern test
FAIL: c-c++-common/asan/use-after-free-1.c   -O0  output pattern test
FAIL: c-c++-common/asan/use-after-free-1.c   -O1  output pattern test
FAIL: c-c++-common/asan/use-after-free-1.c   -O2  output pattern test
FAIL: c-c++-common/asan/use-after-free-1.c   -O2 -flto -fno-use-linker-plugin -flto-partition=none  output pattern test
FAIL: c-c++-common/asan/use-after-free-1.c   -O2 -flto -fuse-linker-plugin -fno-fat-lto-objects  output pattern test
FAIL: c-c++-common/asan/use-after-free-1.c   -O3 -g  output pattern test
FAIL: c-c++-common/asan/use-after-free-1.c   -Os  output pattern test
FAIL: g++.dg/asan/asan_test.C   -O2  AddressSanitizer_SimpleStackTest A[kSize + 1] = 0 output pattern test
FAIL: g++.dg/asan/asan_test.C   -O2  AddressSanitizer_SimpleStackTest A[kSize + 31] = 0 execution test
FAIL: g++.dg/asan/asan_test.C   -O2  AddressSanitizer_SimpleStackTest A[kSize + 31] = 0 execution test
FAIL: g++.dg/asan/asan_test.C   -O2  AddressSanitizer_SimpleStackTest A[kSize + 31] = 0 execution test
FAIL: g++.dg/asan/asan_test.C   -O2  AddressSanitizer_SimpleStackTest A[kSize + 31] = 0 execution test
FAIL: g++.dg/asan/asan_test.C   -O2  AddressSanitizer_SimpleStackTest A[kSize + 5] = 0 output pattern test
FAIL: g++.dg/asan/asan_test.C   -O2  AddressSanitizer_SimpleStackTest A[kSize] = 0 output pattern test
FAIL: g++.dg/asan/deep-stack-uaf-1.C   -O0  output pattern test
FAIL: g++.dg/asan/deep-stack-uaf-1.C   -O1  output pattern test
FAIL: g++.dg/asan/deep-stack-uaf-1.C   -O2  output pattern test
FAIL: g++.dg/asan/deep-stack-uaf-1.C   -O3 -g  output pattern test
FAIL: g++.dg/asan/deep-stack-uaf-1.C   -Os  output pattern test
FAIL: g++.dg/other/anon5.C  -std=gnu++11 (test for excess errors)
FAIL: g++.dg/other/anon5.C  -std=gnu++14 (test for excess errors)
FAIL: g++.dg/other/anon5.C  -std=gnu++98 (test for excess errors)
FAIL: g++.dg/pr83239.C  -std=gnu++98 (test for excess errors)
FAIL: g++.dg/guality/pr55665.C   -O2  line 23 p == 40
FAIL: g++.dg/lto/pr65276 cp_lto_pr65276_0.o-cp_lto_pr65276_1.o link, -flto -O0 -std=c++11

		=== g++ Summary for unix/-fstack-protector ===

# of expected passes		121944
# of unexpected failures	47
# of expected failures		509
# of unsupported tests		5744

		=== g++ Summary ===

# of expected passes		243899
# of unexpected failures	87
# of expected failures		1018
# of unsupported tests		11488
/build/gcc-8-V7EemA/gcc-8-8.3.0/build/gcc/xg++  version 8.3.0 (Debian 8.3.0-12) 

		=== gcc tests ===


Running target unix
FAIL: c-c++-common/asan/heap-overflow-1.c   -O0  output pattern test
FAIL: c-c++-common/asan/heap-overflow-1.c   -O1  output pattern test
FAIL: c-c++-common/asan/heap-overflow-1.c   -O2  output pattern test
FAIL: c-c++-common/asan/heap-overflow-1.c   -O2 -flto -fno-use-linker-plugin -flto-partition=none  output pattern test
FAIL: c-c++-common/asan/heap-overflow-1.c   -O2 -flto -fuse-linker-plugin -fno-fat-lto-objects  output pattern test
FAIL: c-c++-common/asan/heap-overflow-1.c   -O3 -g  output pattern test
FAIL: c-c++-common/asan/heap-overflow-1.c   -Os  output pattern test
FAIL: c-c++-common/asan/pr70541.c   -O0  output pattern test
FAIL: c-c++-common/asan/sanity-check-pure-c-1.c   -O0  output pattern test
FAIL: c-c++-common/asan/sanity-check-pure-c-1.c   -O1  output pattern test
FAIL: c-c++-common/asan/sanity-check-pure-c-1.c   -O2  output pattern test
FAIL: c-c++-common/asan/sanity-check-pure-c-1.c   -O2 -flto -fno-use-linker-plugin -flto-partition=none  output pattern test
FAIL: c-c++-common/asan/sanity-check-pure-c-1.c   -O2 -flto -fuse-linker-plugin -fno-fat-lto-objects  output pattern test
FAIL: c-c++-common/asan/sanity-check-pure-c-1.c   -O3 -g  output pattern test
FAIL: c-c++-common/asan/sanity-check-pure-c-1.c   -Os  output pattern test
FAIL: c-c++-common/asan/strncpy-overflow-1.c   -O0  output pattern test
FAIL: c-c++-common/asan/strncpy-overflow-1.c   -O1  output pattern test
FAIL: c-c++-common/asan/strncpy-overflow-1.c   -O2  output pattern test
FAIL: c-c++-common/asan/strncpy-overflow-1.c   -O2 -flto -fno-use-linker-plugin -flto-partition=none  output pattern test
FAIL: c-c++-common/asan/strncpy-overflow-1.c   -O2 -flto -fuse-linker-plugin -fno-fat-lto-objects  output pattern test
FAIL: c-c++-common/asan/strncpy-overflow-1.c   -O3 -g  output pattern test
FAIL: c-c++-common/asan/strncpy-overflow-1.c   -Os  output pattern test
FAIL: c-c++-common/asan/use-after-free-1.c   -O0  output pattern test
FAIL: c-c++-common/asan/use-after-free-1.c   -O1  output pattern test
FAIL: c-c++-common/asan/use-after-free-1.c   -O2  output pattern test
FAIL: c-c++-common/asan/use-after-free-1.c   -O2 -flto -fno-use-linker-plugin -flto-partition=none  output pattern test
FAIL: c-c++-common/asan/use-after-free-1.c   -O2 -flto -fuse-linker-plugin -fno-fat-lto-objects  output pattern test
FAIL: c-c++-common/asan/use-after-free-1.c   -O3 -g  output pattern test
FAIL: c-c++-common/asan/use-after-free-1.c   -Os  output pattern test
FAIL: gcc.dg/sibcall-10.c execution test
FAIL: gcc.dg/sibcall-9.c execution test
FAIL: gcc.dg/uninit-19.c  (test for warnings, line 24)
FAIL: gcc.dg/uninit-19.c (test for excess errors)
FAIL: gcc.dg/graphite/scop-19.c scan-tree-dump-times graphite "number of SCoPs: 0" 1
XPASS: gcc.dg/guality/example.c   -O0  execution test
XPASS: gcc.dg/guality/example.c   -O1  execution test
XPASS: gcc.dg/guality/example.c   -O3 -fomit-frame-pointer -funroll-loops -fpeel-loops -ftracer -finline-functions  execution test
XPASS: gcc.dg/guality/example.c   -O3 -g  execution test
XPASS: gcc.dg/guality/guality.c   -O0  execution test
XPASS: gcc.dg/guality/guality.c   -O1  execution test
XPASS: gcc.dg/guality/guality.c   -O2  execution test
XPASS: gcc.dg/guality/guality.c   -O2 -flto -fno-use-linker-plugin -flto-partition=none  execution test
XPASS: gcc.dg/guality/guality.c   -O2 -flto -fuse-linker-plugin -fno-fat-lto-objects  execution test
XPASS: gcc.dg/guality/guality.c   -Os  execution test
XPASS: gcc.dg/guality/inline-params.c   -O2  execution test
XPASS: gcc.dg/guality/inline-params.c   -O2 -flto -fno-use-linker-plugin -flto-partition=none  execution test
XPASS: gcc.dg/guality/inline-params.c   -O2 -flto -fuse-linker-plugin -fno-fat-lto-objects  execution test
XPASS: gcc.dg/guality/inline-params.c   -O3 -g  execution test
XPASS: gcc.dg/guality/inline-params.c   -Os  execution test
FAIL: gcc.dg/guality/pr36728-1.c   -O1  line 16 arg1 == 1
FAIL: gcc.dg/guality/pr36728-1.c   -O1  line 16 arg2 == 2
FAIL: gcc.dg/guality/pr36728-1.c   -O1  line 16 arg3 == 3
FAIL: gcc.dg/guality/pr36728-1.c   -O1  line 16 arg4 == 4
FAIL: gcc.dg/guality/pr36728-1.c   -O1  line 18 arg1 == 1
FAIL: gcc.dg/guality/pr36728-1.c   -O1  line 18 arg2 == 2
FAIL: gcc.dg/guality/pr36728-1.c   -O1  line 18 arg3 == 3
FAIL: gcc.dg/guality/pr36728-1.c   -O1  line 18 arg4 == 4
FAIL: gcc.dg/guality/pr36728-1.c   -O2  line 16 arg1 == 1
FAIL: gcc.dg/guality/pr36728-1.c   -O2  line 16 arg2 == 2
FAIL: gcc.dg/guality/pr36728-1.c   -O2  line 16 arg3 == 3
FAIL: gcc.dg/guality/pr36728-1.c   -O2  line 16 arg4 == 4
FAIL: gcc.dg/guality/pr36728-1.c   -O2  line 18 arg1 == 1
FAIL: gcc.dg/guality/pr36728-1.c   -O2  line 18 arg2 == 2
FAIL: gcc.dg/guality/pr36728-1.c   -O2  line 18 arg3 == 3
FAIL: gcc.dg/guality/pr36728-1.c   -O2  line 18 arg4 == 4
FAIL: gcc.dg/guality/pr36728-1.c   -O2 -flto -fno-use-linker-plugin -flto-partition=none  line 16 arg1 == 1
FAIL: gcc.dg/guality/pr36728-1.c   -O2 -flto -fno-use-linker-plugin -flto-partition=none  line 16 arg2 == 2
FAIL: gcc.dg/guality/pr36728-1.c   -O2 -flto -fno-use-linker-plugin -flto-partition=none  line 16 arg3 == 3
FAIL: gcc.dg/guality/pr36728-1.c   -O2 -flto -fno-use-linker-plugin -flto-partition=none  line 16 arg4 == 4
FAIL: gcc.dg/guality/pr36728-1.c   -O2 -flto -fno-use-linker-plugin -flto-partition=none  line 18 arg1 == 1
FAIL: gcc.dg/guality/pr36728-1.c   -O2 -flto -fno-use-linker-plugin -flto-partition=none  line 18 arg2 == 2
FAIL: gcc.dg/guality/pr36728-1.c   -O2 -flto -fno-use-linker-plugin -flto-partition=none  line 18 arg3 == 3
FAIL: gcc.dg/guality/pr36728-1.c   -O2 -flto -fno-use-linker-plugin -flto-partition=none  line 18 arg4 == 4
FAIL: gcc.dg/guality/pr36728-1.c   -O2 -flto -fuse-linker-plugin -fno-fat-lto-objects  line 16 arg1 == 1
FAIL: gcc.dg/guality/pr36728-1.c   -O2 -flto -fuse-linker-plugin -fno-fat-lto-objects  line 16 arg2 == 2
FAIL: gcc.dg/guality/pr36728-1.c   -O2 -flto -fuse-linker-plugin -fno-fat-lto-objects  line 16 arg3 == 3
FAIL: gcc.dg/guality/pr36728-1.c   -O2 -flto -fuse-linker-plugin -fno-fat-lto-objects  line 16 arg4 == 4
FAIL: gcc.dg/guality/pr36728-1.c   -O2 -flto -fuse-linker-plugin -fno-fat-lto-objects  line 16 arg5 == 5
FAIL: gcc.dg/guality/pr36728-1.c   -O2 -flto -fuse-linker-plugin -fno-fat-lto-objects  line 16 arg6 == 6
FAIL: gcc.dg/guality/pr36728-1.c   -O2 -flto -fuse-linker-plugin -fno-fat-lto-objects  line 16 arg7 == 30
FAIL: gcc.dg/guality/pr36728-1.c   -O2 -flto -fuse-linker-plugin -fno-fat-lto-objects  line 16 y == 2
FAIL: gcc.dg/guality/pr36728-1.c   -O2 -flto -fuse-linker-plugin -fno-fat-lto-objects  line 18 arg1 == 1
FAIL: gcc.dg/guality/pr36728-1.c   -O2 -flto -fuse-linker-plugin -fno-fat-lto-objects  line 18 arg2 == 2
FAIL: gcc.dg/guality/pr36728-1.c   -O2 -flto -fuse-linker-plugin -fno-fat-lto-objects  line 18 arg3 == 3
FAIL: gcc.dg/guality/pr36728-1.c   -O2 -flto -fuse-linker-plugin -fno-fat-lto-objects  line 18 arg4 == 4
FAIL: gcc.dg/guality/pr36728-1.c   -O2 -flto -fuse-linker-plugin -fno-fat-lto-objects  line 18 arg5 == 5
FAIL: gcc.dg/guality/pr36728-1.c   -O2 -flto -fuse-linker-plugin -fno-fat-lto-objects  line 18 arg6 == 6
FAIL: gcc.dg/guality/pr36728-1.c   -O2 -flto -fuse-linker-plugin -fno-fat-lto-objects  line 18 arg7 == 30
FAIL: gcc.dg/guality/pr36728-1.c   -O3 -g  line 16 arg1 == 1
FAIL: gcc.dg/guality/pr36728-1.c   -O3 -g  line 16 arg2 == 2
FAIL: gcc.dg/guality/pr36728-1.c   -O3 -g  line 16 arg3 == 3
FAIL: gcc.dg/guality/pr36728-1.c   -O3 -g  line 16 arg4 == 4
FAIL: gcc.dg/guality/pr36728-1.c   -O3 -g  line 16 arg5 == 5
FAIL: gcc.dg/guality/pr36728-1.c   -O3 -g  line 16 arg6 == 6
FAIL: gcc.dg/guality/pr36728-1.c   -O3 -g  line 16 arg7 == 30
FAIL: gcc.dg/guality/pr36728-1.c   -O3 -g  line 18 arg1 == 1
FAIL: gcc.dg/guality/pr36728-1.c   -O3 -g  line 18 arg2 == 2
FAIL: gcc.dg/guality/pr36728-1.c   -O3 -g  line 18 arg3 == 3
FAIL: gcc.dg/guality/pr36728-1.c   -O3 -g  line 18 arg4 == 4
FAIL: gcc.dg/guality/pr36728-1.c   -O3 -g  line 18 arg5 == 5
FAIL: gcc.dg/guality/pr36728-1.c   -O3 -g  line 18 arg6 == 6
FAIL: gcc.dg/guality/pr36728-1.c   -O3 -g  line 18 arg7 == 30
FAIL: gcc.dg/guality/pr36728-1.c   -Os  line 16 arg1 == 1
FAIL: gcc.dg/guality/pr36728-1.c   -Os  line 16 arg2 == 2
FAIL: gcc.dg/guality/pr36728-1.c   -Os  line 16 arg3 == 3
FAIL: gcc.dg/guality/pr36728-1.c   -Os  line 16 arg4 == 4
FAIL: gcc.dg/guality/pr36728-1.c   -Os  line 18 arg1 == 1
FAIL: gcc.dg/guality/pr36728-1.c   -Os  line 18 arg2 == 2
FAIL: gcc.dg/guality/pr36728-1.c   -Os  line 18 arg3 == 3
FAIL: gcc.dg/guality/pr36728-1.c   -Os  line 18 arg4 == 4
FAIL: gcc.dg/guality/pr36728-2.c   -O1  line 16 arg2 == 2
FAIL: gcc.dg/guality/pr36728-2.c   -O1  line 16 arg3 == 3
FAIL: gcc.dg/guality/pr36728-2.c   -O1  line 16 arg4 == 4
FAIL: gcc.dg/guality/pr36728-2.c   -O1  line 18 arg1 == 1
FAIL: gcc.dg/guality/pr36728-2.c   -O1  line 18 arg2 == 2
FAIL: gcc.dg/guality/pr36728-2.c   -O1  line 18 arg3 == 3
FAIL: gcc.dg/guality/pr36728-2.c   -O1  line 18 arg4 == 4
FAIL: gcc.dg/guality/pr36728-2.c   -O2  line 16 arg1 == 1
FAIL: gcc.dg/guality/pr36728-2.c   -O2  line 16 arg2 == 2
FAIL: gcc.dg/guality/pr36728-2.c   -O2  line 16 arg3 == 3
FAIL: gcc.dg/guality/pr36728-2.c   -O2  line 16 arg4 == 4
FAIL: gcc.dg/guality/pr36728-2.c   -O2  line 18 arg1 == 1
FAIL: gcc.dg/guality/pr36728-2.c   -O2  line 18 arg2 == 2
FAIL: gcc.dg/guality/pr36728-2.c   -O2  line 18 arg3 == 3
FAIL: gcc.dg/guality/pr36728-2.c   -O2  line 18 arg4 == 4
FAIL: gcc.dg/guality/pr36728-2.c   -O2 -flto -fno-use-linker-plugin -flto-partition=none  line 16 arg1 == 1
FAIL: gcc.dg/guality/pr36728-2.c   -O2 -flto -fno-use-linker-plugin -flto-partition=none  line 16 arg2 == 2
FAIL: gcc.dg/guality/pr36728-2.c   -O2 -flto -fno-use-linker-plugin -flto-partition=none  line 16 arg3 == 3
FAIL: gcc.dg/guality/pr36728-2.c   -O2 -flto -fno-use-linker-plugin -flto-partition=none  line 16 arg4 == 4
FAIL: gcc.dg/guality/pr36728-2.c   -O2 -flto -fno-use-linker-plugin -flto-partition=none  line 18 arg1 == 1
FAIL: gcc.dg/guality/pr36728-2.c   -O2 -flto -fno-use-linker-plugin -flto-partition=none  line 18 arg2 == 2
FAIL: gcc.dg/guality/pr36728-2.c   -O2 -flto -fno-use-linker-plugin -flto-partition=none  line 18 arg3 == 3
FAIL: gcc.dg/guality/pr36728-2.c   -O2 -flto -fno-use-linker-plugin -flto-partition=none  line 18 arg4 == 4
FAIL: gcc.dg/guality/pr36728-2.c   -O2 -flto -fuse-linker-plugin -fno-fat-lto-objects  line 16 arg1 == 1
FAIL: gcc.dg/guality/pr36728-2.c   -O2 -flto -fuse-linker-plugin -fno-fat-lto-objects  line 16 arg2 == 2
FAIL: gcc.dg/guality/pr36728-2.c   -O2 -flto -fuse-linker-plugin -fno-fat-lto-objects  line 16 arg3 == 3
FAIL: gcc.dg/guality/pr36728-2.c   -O2 -flto -fuse-linker-plugin -fno-fat-lto-objects  line 16 arg4 == 4
FAIL: gcc.dg/guality/pr36728-2.c   -O2 -flto -fuse-linker-plugin -fno-fat-lto-objects  line 16 arg5 == 5
FAIL: gcc.dg/guality/pr36728-2.c   -O2 -flto -fuse-linker-plugin -fno-fat-lto-objects  line 16 arg6 == 6
FAIL: gcc.dg/guality/pr36728-2.c   -O2 -flto -fuse-linker-plugin -fno-fat-lto-objects  line 16 arg7 == 30
FAIL: gcc.dg/guality/pr36728-2.c   -O2 -flto -fuse-linker-plugin -fno-fat-lto-objects  line 16 y == 2
FAIL: gcc.dg/guality/pr36728-2.c   -O2 -flto -fuse-linker-plugin -fno-fat-lto-objects  line 18 arg1 == 1
FAIL: gcc.dg/guality/pr36728-2.c   -O2 -flto -fuse-linker-plugin -fno-fat-lto-objects  line 18 arg2 == 2
FAIL: gcc.dg/guality/pr36728-2.c   -O2 -flto -fuse-linker-plugin -fno-fat-lto-objects  line 18 arg3 == 3
FAIL: gcc.dg/guality/pr36728-2.c   -O2 -flto -fuse-linker-plugin -fno-fat-lto-objects  line 18 arg4 == 4
FAIL: gcc.dg/guality/pr36728-2.c   -O2 -flto -fuse-linker-plugin -fno-fat-lto-objects  line 18 arg5 == 5
FAIL: gcc.dg/guality/pr36728-2.c   -O2 -flto -fuse-linker-plugin -fno-fat-lto-objects  line 18 arg6 == 6
FAIL: gcc.dg/guality/pr36728-2.c   -O2 -flto -fuse-linker-plugin -fno-fat-lto-objects  line 18 arg7 == 30
FAIL: gcc.dg/guality/pr36728-2.c   -O3 -g  line 16 arg1 == 1
FAIL: gcc.dg/guality/pr36728-2.c   -O3 -g  line 16 arg2 == 2
FAIL: gcc.dg/guality/pr36728-2.c   -O3 -g  line 16 arg3 == 3
FAIL: gcc.dg/guality/pr36728-2.c   -O3 -g  line 16 arg4 == 4
FAIL: gcc.dg/guality/pr36728-2.c   -O3 -g  line 16 arg5 == 5
FAIL: gcc.dg/guality/pr36728-2.c   -O3 -g  line 16 arg6 == 6
FAIL: gcc.dg/guality/pr36728-2.c   -O3 -g  line 16 arg7 == 30
FAIL: gcc.dg/guality/pr36728-2.c   -O3 -g  line 18 arg1 == 1
FAIL: gcc.dg/guality/pr36728-2.c   -O3 -g  line 18 arg2 == 2
FAIL: gcc.dg/guality/pr36728-2.c   -O3 -g  line 18 arg3 == 3
FAIL: gcc.dg/guality/pr36728-2.c   -O3 -g  line 18 arg4 == 4
FAIL: gcc.dg/guality/pr36728-2.c   -O3 -g  line 18 arg5 == 5
FAIL: gcc.dg/guality/pr36728-2.c   -O3 -g  line 18 arg6 == 6
FAIL: gcc.dg/guality/pr36728-2.c   -O3 -g  line 18 arg7 == 30
FAIL: gcc.dg/guality/pr36728-2.c   -Os  line 16 arg1 == 1
FAIL: gcc.dg/guality/pr36728-2.c   -Os  line 16 arg2 == 2
FAIL: gcc.dg/guality/pr36728-2.c   -Os  line 16 arg3 == 3
FAIL: gcc.dg/guality/pr36728-2.c   -Os  line 16 arg4 == 4
FAIL: gcc.dg/guality/pr36728-2.c   -Os  line 16 arg5 == 5
FAIL: gcc.dg/guality/pr36728-2.c   -Os  line 18 arg1 == 1
FAIL: gcc.dg/guality/pr36728-2.c   -Os  line 18 arg2 == 2
FAIL: gcc.dg/guality/pr36728-2.c   -Os  line 18 arg3 == 3
FAIL: gcc.dg/guality/pr36728-2.c   -Os  line 18 arg4 == 4
FAIL: gcc.dg/guality/pr36728-2.c   -Os  line 18 arg5 == 5
FAIL: gcc.dg/guality/pr36728-3.c   -O1  line 14 arg2 == 2
FAIL: gcc.dg/guality/pr36728-3.c   -O1  line 14 arg3 == 3
FAIL: gcc.dg/guality/pr36728-3.c   -O1  line 14 arg4 == 4
FAIL: gcc.dg/guality/pr36728-3.c   -O1  line 16 arg2 == 2
FAIL: gcc.dg/guality/pr36728-3.c   -O1  line 16 arg3 == 3
FAIL: gcc.dg/guality/pr36728-3.c   -O1  line 16 arg4 == 4
FAIL: gcc.dg/guality/pr36728-3.c   -O2  line 14 arg1 == 1
FAIL: gcc.dg/guality/pr36728-3.c   -O2  line 14 arg2 == 2
FAIL: gcc.dg/guality/pr36728-3.c   -O2  line 14 arg3 == 3
FAIL: gcc.dg/guality/pr36728-3.c   -O2  line 14 arg4 == 4
FAIL: gcc.dg/guality/pr36728-3.c   -O2  line 16 arg1 == 1
FAIL: gcc.dg/guality/pr36728-3.c   -O2  line 16 arg2 == 2
FAIL: gcc.dg/guality/pr36728-3.c   -O2  line 16 arg3 == 3
FAIL: gcc.dg/guality/pr36728-3.c   -O2  line 16 arg4 == 4
FAIL: gcc.dg/guality/pr36728-3.c   -O2 -flto -fno-use-linker-plugin -flto-partition=none  line 14 arg1 == 1
FAIL: gcc.dg/guality/pr36728-3.c   -O2 -flto -fno-use-linker-plugin -flto-partition=none  line 14 arg2 == 2
FAIL: gcc.dg/guality/pr36728-3.c   -O2 -flto -fno-use-linker-plugin -flto-partition=none  line 14 arg3 == 3
FAIL: gcc.dg/guality/pr36728-3.c   -O2 -flto -fno-use-linker-plugin -flto-partition=none  line 14 arg4 == 4
FAIL: gcc.dg/guality/pr36728-3.c   -O2 -flto -fno-use-linker-plugin -flto-partition=none  line 16 arg1 == 1
FAIL: gcc.dg/guality/pr36728-3.c   -O2 -flto -fno-use-linker-plugin -flto-partition=none  line 16 arg2 == 2
FAIL: gcc.dg/guality/pr36728-3.c   -O2 -flto -fno-use-linker-plugin -flto-partition=none  line 16 arg3 == 3
FAIL: gcc.dg/guality/pr36728-3.c   -O2 -flto -fno-use-linker-plugin -flto-partition=none  line 16 arg4 == 4
FAIL: gcc.dg/guality/pr36728-3.c   -O2 -flto -fuse-linker-plugin -fno-fat-lto-objects  line 14 arg1 == 1
FAIL: gcc.dg/guality/pr36728-3.c   -O2 -flto -fuse-linker-plugin -fno-fat-lto-objects  line 14 arg2 == 2
FAIL: gcc.dg/guality/pr36728-3.c   -O2 -flto -fuse-linker-plugin -fno-fat-lto-objects  line 14 arg3 == 3
FAIL: gcc.dg/guality/pr36728-3.c   -O2 -flto -fuse-linker-plugin -fno-fat-lto-objects  line 14 arg4 == 4
FAIL: gcc.dg/guality/pr36728-3.c   -O2 -flto -fuse-linker-plugin -fno-fat-lto-objects  line 14 arg5 == 5
FAIL: gcc.dg/guality/pr36728-3.c   -O2 -flto -fuse-linker-plugin -fno-fat-lto-objects  line 14 arg6 == 6
FAIL: gcc.dg/guality/pr36728-3.c   -O2 -flto -fuse-linker-plugin -fno-fat-lto-objects  line 14 arg7 == 30
FAIL: gcc.dg/guality/pr36728-3.c   -O2 -flto -fuse-linker-plugin -fno-fat-lto-objects  line 16 arg1 == 1
FAIL: gcc.dg/guality/pr36728-3.c   -O2 -flto -fuse-linker-plugin -fno-fat-lto-objects  line 16 arg2 == 2
FAIL: gcc.dg/guality/pr36728-3.c   -O2 -flto -fuse-linker-plugin -fno-fat-lto-objects  line 16 arg3 == 3
FAIL: gcc.dg/guality/pr36728-3.c   -O2 -flto -fuse-linker-plugin -fno-fat-lto-objects  line 16 arg4 == 4
FAIL: gcc.dg/guality/pr36728-3.c   -O2 -flto -fuse-linker-plugin -fno-fat-lto-objects  line 16 arg5 == 5
FAIL: gcc.dg/guality/pr36728-3.c   -O2 -flto -fuse-linker-plugin -fno-fat-lto-objects  line 16 arg6 == 6
FAIL: gcc.dg/guality/pr36728-3.c   -O2 -flto -fuse-linker-plugin -fno-fat-lto-objects  line 16 arg7 == 30
FAIL: gcc.dg/guality/pr36728-3.c   -O3 -g  line 14 arg1 == 1
FAIL: gcc.dg/guality/pr36728-3.c   -O3 -g  line 14 arg2 == 2
FAIL: gcc.dg/guality/pr36728-3.c   -O3 -g  line 14 arg3 == 3
FAIL: gcc.dg/guality/pr36728-3.c   -O3 -g  line 14 arg4 == 4
FAIL: gcc.dg/guality/pr36728-3.c   -O3 -g  line 14 arg5 == 5
FAIL: gcc.dg/guality/pr36728-3.c   -O3 -g  line 14 arg6 == 6
FAIL: gcc.dg/guality/pr36728-3.c   -O3 -g  line 14 arg7 == 30
FAIL: gcc.dg/guality/pr36728-3.c   -O3 -g  line 16 arg1 == 1
FAIL: gcc.dg/guality/pr36728-3.c   -O3 -g  line 16 arg2 == 2
FAIL: gcc.dg/guality/pr36728-3.c   -O3 -g  line 16 arg3 == 3
FAIL: gcc.dg/guality/pr36728-3.c   -O3 -g  line 16 arg4 == 4
FAIL: gcc.dg/guality/pr36728-3.c   -O3 -g  line 16 arg5 == 5
FAIL: gcc.dg/guality/pr36728-3.c   -O3 -g  line 16 arg6 == 6
FAIL: gcc.dg/guality/pr36728-3.c   -O3 -g  line 16 arg7 == 30
FAIL: gcc.dg/guality/pr36728-3.c   -Os  line 14 arg2 == 2
FAIL: gcc.dg/guality/pr36728-3.c   -Os  line 14 arg3 == 3
FAIL: gcc.dg/guality/pr36728-3.c   -Os  line 14 arg4 == 4
FAIL: gcc.dg/guality/pr36728-3.c   -Os  line 16 arg2 == 2
FAIL: gcc.dg/guality/pr36728-3.c   -Os  line 16 arg3 == 3
FAIL: gcc.dg/guality/pr36728-3.c   -Os  line 16 arg4 == 4
FAIL: gcc.dg/guality/pr36728-4.c   -O1  line 14 arg3 == 3
FAIL: gcc.dg/guality/pr36728-4.c   -O1  line 14 arg4 == 4
FAIL: gcc.dg/guality/pr36728-4.c   -O1  line 16 arg3 == 3
FAIL: gcc.dg/guality/pr36728-4.c   -O1  line 16 arg4 == 4
FAIL: gcc.dg/guality/pr36728-4.c   -O2  line 14 arg2 == 2
FAIL: gcc.dg/guality/pr36728-4.c   -O2  line 14 arg3 == 3
FAIL: gcc.dg/guality/pr36728-4.c   -O2  line 14 arg4 == 4
FAIL: gcc.dg/guality/pr36728-4.c   -O2  line 14 arg5 == 5
FAIL: gcc.dg/guality/pr36728-4.c   -O2  line 16 arg2 == 2
FAIL: gcc.dg/guality/pr36728-4.c   -O2  line 16 arg3 == 3
FAIL: gcc.dg/guality/pr36728-4.c   -O2  line 16 arg4 == 4
FAIL: gcc.dg/guality/pr36728-4.c   -O2  line 16 arg5 == 5
FAIL: gcc.dg/guality/pr36728-4.c   -O2 -flto -fno-use-linker-plugin -flto-partition=none  line 14 arg2 == 2
FAIL: gcc.dg/guality/pr36728-4.c   -O2 -flto -fno-use-linker-plugin -flto-partition=none  line 14 arg3 == 3
FAIL: gcc.dg/guality/pr36728-4.c   -O2 -flto -fno-use-linker-plugin -flto-partition=none  line 14 arg4 == 4
FAIL: gcc.dg/guality/pr36728-4.c   -O2 -flto -fno-use-linker-plugin -flto-partition=none  line 14 arg5 == 5
FAIL: gcc.dg/guality/pr36728-4.c   -O2 -flto -fno-use-linker-plugin -flto-partition=none  line 16 arg2 == 2
FAIL: gcc.dg/guality/pr36728-4.c   -O2 -flto -fno-use-linker-plugin -flto-partition=none  line 16 arg3 == 3
FAIL: gcc.dg/guality/pr36728-4.c   -O2 -flto -fno-use-linker-plugin -flto-partition=none  line 16 arg4 == 4
FAIL: gcc.dg/guality/pr36728-4.c   -O2 -flto -fno-use-linker-plugin -flto-partition=none  line 16 arg5 == 5
FAIL: gcc.dg/guality/pr36728-4.c   -O2 -flto -fuse-linker-plugin -fno-fat-lto-objects  line 14 arg1 == 1
FAIL: gcc.dg/guality/pr36728-4.c   -O2 -flto -fuse-linker-plugin -fno-fat-lto-objects  line 14 arg2 == 2
FAIL: gcc.dg/guality/pr36728-4.c   -O2 -flto -fuse-linker-plugin -fno-fat-lto-objects  line 14 arg3 == 3
FAIL: gcc.dg/guality/pr36728-4.c   -O2 -flto -fuse-linker-plugin -fno-fat-lto-objects  line 14 arg4 == 4
FAIL: gcc.dg/guality/pr36728-4.c   -O2 -flto -fuse-linker-plugin -fno-fat-lto-objects  line 14 arg5 == 5
FAIL: gcc.dg/guality/pr36728-4.c   -O2 -flto -fuse-linker-plugin -fno-fat-lto-objects  line 14 arg6 == 6
FAIL: gcc.dg/guality/pr36728-4.c   -O2 -flto -fuse-linker-plugin -fno-fat-lto-objects  line 14 arg7 == 30
FAIL: gcc.dg/guality/pr36728-4.c   -O2 -flto -fuse-linker-plugin -fno-fat-lto-objects  line 16 arg1 == 1
FAIL: gcc.dg/guality/pr36728-4.c   -O2 -flto -fuse-linker-plugin -fno-fat-lto-objects  line 16 arg2 == 2
FAIL: gcc.dg/guality/pr36728-4.c   -O2 -flto -fuse-linker-plugin -fno-fat-lto-objects  line 16 arg3 == 3
FAIL: gcc.dg/guality/pr36728-4.c   -O2 -flto -fuse-linker-plugin -fno-fat-lto-objects  line 16 arg4 == 4
FAIL: gcc.dg/guality/pr36728-4.c   -O2 -flto -fuse-linker-plugin -fno-fat-lto-objects  line 16 arg5 == 5
FAIL: gcc.dg/guality/pr36728-4.c   -O2 -flto -fuse-linker-plugin -fno-fat-lto-objects  line 16 arg6 == 6
FAIL: gcc.dg/guality/pr36728-4.c   -O2 -flto -fuse-linker-plugin -fno-fat-lto-objects  line 16 arg7 == 30
FAIL: gcc.dg/guality/pr36728-4.c   -O3 -g  line 14 arg1 == 1
FAIL: gcc.dg/guality/pr36728-4.c   -O3 -g  line 14 arg2 == 2
FAIL: gcc.dg/guality/pr36728-4.c   -O3 -g  line 14 arg3 == 3
FAIL: gcc.dg/guality/pr36728-4.c   -O3 -g  line 14 arg4 == 4
FAIL: gcc.dg/guality/pr36728-4.c   -O3 -g  line 14 arg5 == 5
FAIL: gcc.dg/guality/pr36728-4.c   -O3 -g  line 14 arg6 == 6
FAIL: gcc.dg/guality/pr36728-4.c   -O3 -g  line 14 arg7 == 30
FAIL: gcc.dg/guality/pr36728-4.c   -O3 -g  line 16 arg1 == 1
FAIL: gcc.dg/guality/pr36728-4.c   -O3 -g  line 16 arg2 == 2
FAIL: gcc.dg/guality/pr36728-4.c   -O3 -g  line 16 arg3 == 3
FAIL: gcc.dg/guality/pr36728-4.c   -O3 -g  line 16 arg4 == 4
FAIL: gcc.dg/guality/pr36728-4.c   -O3 -g  line 16 arg5 == 5
FAIL: gcc.dg/guality/pr36728-4.c   -O3 -g  line 16 arg6 == 6
FAIL: gcc.dg/guality/pr36728-4.c   -O3 -g  line 16 arg7 == 30
FAIL: gcc.dg/guality/pr36728-4.c   -Os  line 14 arg3 == 3
FAIL: gcc.dg/guality/pr36728-4.c   -Os  line 14 arg4 == 4
FAIL: gcc.dg/guality/pr36728-4.c   -Os  line 14 arg5 == 5
FAIL: gcc.dg/guality/pr36728-4.c   -Os  line 16 arg3 == 3
FAIL: gcc.dg/guality/pr36728-4.c   -Os  line 16 arg4 == 4
FAIL: gcc.dg/guality/pr36728-4.c   -Os  line 16 arg5 == 5
XPASS: gcc.dg/guality/pr41353-1.c   -O0  line 28 j == 28 + 37
FAIL: gcc.dg/guality/pr41616-1.c   -O2 -flto -fuse-linker-plugin -fno-fat-lto-objects  execution test
FAIL: gcc.dg/guality/pr41616-1.c   -O3 -g  execution test
FAIL: gcc.dg/guality/pr45882.c   -O2 -flto -fuse-linker-plugin -fno-fat-lto-objects  line 16 d == 112
FAIL: gcc.dg/guality/pr45882.c   -O2 -flto -fuse-linker-plugin -fno-fat-lto-objects  line 16 e == 142
FAIL: gcc.dg/guality/pr54200.c   -O1  line 20 z == 3
FAIL: gcc.dg/guality/pr54200.c   -O2  line 20 z == 3
FAIL: gcc.dg/guality/pr54200.c   -O2 -flto -fno-use-linker-plugin -flto-partition=none  line 20 z == 3
FAIL: gcc.dg/guality/pr54200.c   -O3 -g  line 20 z == 3
FAIL: gcc.dg/guality/pr54200.c   -Os  line 20 z == 3
FAIL: gcc.dg/guality/pr54519-1.c   -O1  line 20 z == 6
FAIL: gcc.dg/guality/pr54519-1.c   -O1  line 23 z == 8
FAIL: gcc.dg/guality/pr54519-1.c   -O2  line 20 y == 25
FAIL: gcc.dg/guality/pr54519-1.c   -O2  line 20 z == 6
FAIL: gcc.dg/guality/pr54519-1.c   -O2  line 23 y == 117
FAIL: gcc.dg/guality/pr54519-1.c   -O2  line 23 z == 8
FAIL: gcc.dg/guality/pr54519-1.c   -O2 -flto -fno-use-linker-plugin -flto-partition=none  line 20 y == 25
FAIL: gcc.dg/guality/pr54519-1.c   -O2 -flto -fno-use-linker-plugin -flto-partition=none  line 20 z == 6
FAIL: gcc.dg/guality/pr54519-1.c   -O2 -flto -fno-use-linker-plugin -flto-partition=none  line 23 y == 117
FAIL: gcc.dg/guality/pr54519-1.c   -O2 -flto -fno-use-linker-plugin -flto-partition=none  line 23 z == 8
FAIL: gcc.dg/guality/pr54519-1.c   -O2 -flto -fuse-linker-plugin -fno-fat-lto-objects  line 20 y == 25
FAIL: gcc.dg/guality/pr54519-1.c   -O2 -flto -fuse-linker-plugin -fno-fat-lto-objects  line 20 z == 6
FAIL: gcc.dg/guality/pr54519-1.c   -O2 -flto -fuse-linker-plugin -fno-fat-lto-objects  line 23 y == 117
FAIL: gcc.dg/guality/pr54519-1.c   -O2 -flto -fuse-linker-plugin -fno-fat-lto-objects  line 23 z == 8
FAIL: gcc.dg/guality/pr54519-1.c   -Os  line 20 y == 25
FAIL: gcc.dg/guality/pr54519-1.c   -Os  line 20 z == 6
FAIL: gcc.dg/guality/pr54519-1.c   -Os  line 23 y == 117
FAIL: gcc.dg/guality/pr54519-1.c   -Os  line 23 z == 8
FAIL: gcc.dg/guality/pr54519-2.c   -O1  line 17 y == 25
FAIL: gcc.dg/guality/pr54519-2.c   -O2  line 17 y == 25
FAIL: gcc.dg/guality/pr54519-2.c   -O2 -flto -fno-use-linker-plugin -flto-partition=none  line 17 y == 25
FAIL: gcc.dg/guality/pr54519-2.c   -O2 -flto -fuse-linker-plugin -fno-fat-lto-objects  line 17 y == 25
FAIL: gcc.dg/guality/pr54519-2.c   -Os  line 17 y == 25
FAIL: gcc.dg/guality/pr54519-3.c   -O1  line 20 z == 6
FAIL: gcc.dg/guality/pr54519-3.c   -O1  line 23 z == 8
FAIL: gcc.dg/guality/pr54519-3.c   -O2 -flto -fno-use-linker-plugin -flto-partition=none  line 20 y == 25
FAIL: gcc.dg/guality/pr54519-3.c   -O2 -flto -fno-use-linker-plugin -flto-partition=none  line 20 z == 6
FAIL: gcc.dg/guality/pr54519-3.c   -O2 -flto -fno-use-linker-plugin -flto-partition=none  line 23 y == 117
FAIL: gcc.dg/guality/pr54519-3.c   -O2 -flto -fno-use-linker-plugin -flto-partition=none  line 23 z == 8
FAIL: gcc.dg/guality/pr54519-3.c   -O2 -flto -fuse-linker-plugin -fno-fat-lto-objects  line 20 y == 25
FAIL: gcc.dg/guality/pr54519-3.c   -O2 -flto -fuse-linker-plugin -fno-fat-lto-objects  line 20 z == 6
FAIL: gcc.dg/guality/pr54519-3.c   -O2 -flto -fuse-linker-plugin -fno-fat-lto-objects  line 23 y == 117
FAIL: gcc.dg/guality/pr54519-3.c   -O2 -flto -fuse-linker-plugin -fno-fat-lto-objects  line 23 z == 8
FAIL: gcc.dg/guality/pr54519-4.c   -O1  line 17 y == 25
FAIL: gcc.dg/guality/pr54519-4.c   -O2 -flto -fno-use-linker-plugin -flto-partition=none  line 17 y == 25
FAIL: gcc.dg/guality/pr54519-4.c   -O2 -flto -fuse-linker-plugin -fno-fat-lto-objects  line 17 y == 25
FAIL: gcc.dg/guality/pr54519-5.c   -O1  line 17 y == 25
FAIL: gcc.dg/guality/pr54519-5.c   -O2  line 17 y == 25
FAIL: gcc.dg/guality/pr54519-5.c   -O2 -flto -fno-use-linker-plugin -flto-partition=none  line 17 y == 25
FAIL: gcc.dg/guality/pr54519-5.c   -O2 -flto -fuse-linker-plugin -fno-fat-lto-objects  line 17 y == 25
FAIL: gcc.dg/guality/pr54519-5.c   -Os  line 17 y == 25
FAIL: gcc.dg/guality/pr54551.c   -O1  line 18 a == 4
FAIL: gcc.dg/guality/pr54551.c   -O1  line 18 z == 3
FAIL: gcc.dg/guality/pr54551.c   -O2 -flto -fno-use-linker-plugin -flto-partition=none  line 18 a == 4
FAIL: gcc.dg/guality/pr54551.c   -O2 -flto -fno-use-linker-plugin -flto-partition=none  line 18 z == 3
FAIL: gcc.dg/guality/pr54693-2.c   -O2 -flto -fuse-linker-plugin -fno-fat-lto-objects  line 21 z == 30 - 3 * i
FAIL: gcc.dg/guality/pr54693-2.c   -Os  line 21 y == 20 - 2 * i
FAIL: gcc.dg/guality/pr54693-2.c   -Os  line 21 z == 30 - 3 * i
FAIL: gcc.dg/guality/pr54796.c   -O1  line 17 a == 5
FAIL: gcc.dg/guality/pr54796.c   -O1  line 17 b == 6
FAIL: gcc.dg/guality/pr54796.c   -O1  line 17 c == 5
FAIL: gcc.dg/guality/pr54796.c   -O2  line 17 a == 5
FAIL: gcc.dg/guality/pr54796.c   -O2  line 17 b == 6
FAIL: gcc.dg/guality/pr54796.c   -O2  line 17 c == 5
FAIL: gcc.dg/guality/pr54796.c   -O2 -flto -fno-use-linker-plugin -flto-partition=none  line 17 a == 5
FAIL: gcc.dg/guality/pr54796.c   -O2 -flto -fno-use-linker-plugin -flto-partition=none  line 17 b == 6
FAIL: gcc.dg/guality/pr54796.c   -O2 -flto -fno-use-linker-plugin -flto-partition=none  line 17 c == 5
FAIL: gcc.dg/guality/pr54796.c   -O2 -flto -fuse-linker-plugin -fno-fat-lto-objects  line 17 a == 5
FAIL: gcc.dg/guality/pr54796.c   -O2 -flto -fuse-linker-plugin -fno-fat-lto-objects  line 17 b == 6
FAIL: gcc.dg/guality/pr54796.c   -O2 -flto -fuse-linker-plugin -fno-fat-lto-objects  line 17 c == 5
FAIL: gcc.dg/guality/pr54796.c   -O3 -g  line 17 a == 5
FAIL: gcc.dg/guality/pr54796.c   -O3 -g  line 17 b == 6
FAIL: gcc.dg/guality/pr54796.c   -O3 -g  line 17 c == 5
FAIL: gcc.dg/guality/pr54796.c   -Os  line 17 a == 5
FAIL: gcc.dg/guality/pr54796.c   -Os  line 17 b == 6
FAIL: gcc.dg/guality/pr54796.c   -Os  line 17 c == 5
XPASS: gcc.dg/guality/pr54970.c   -O0  line 15 a[0] == 1
XPASS: gcc.dg/guality/pr54970.c   -O0  line 20 a[0] == 1
XPASS: gcc.dg/guality/pr54970.c   -O0  line 25 a[0] == 1
XPASS: gcc.dg/guality/pr54970.c   -O0  line 31 a[0] == 4
XPASS: gcc.dg/guality/pr54970.c   -O0  line 36 a[0] == 4
XPASS: gcc.dg/guality/pr54970.c   -O0  line 45 a[0] == 4
XPASS: gcc.dg/guality/pr54970.c   -O0  line 45 p[-2] == 4
XPASS: gcc.dg/guality/pr54970.c   -O0  line 45 q[-1] == 4
FAIL: gcc.dg/guality/pr68860-1.c   -O1  line 14 arg2 == 2
FAIL: gcc.dg/guality/pr68860-1.c   -O1  line 14 arg3 == 3
FAIL: gcc.dg/guality/pr68860-1.c   -O1  line 14 arg4 == 4
FAIL: gcc.dg/guality/pr68860-1.c   -O1  line 16 arg2 == 2
FAIL: gcc.dg/guality/pr68860-1.c   -O1  line 16 arg3 == 3
FAIL: gcc.dg/guality/pr68860-1.c   -O1  line 16 arg4 == 4
FAIL: gcc.dg/guality/pr68860-1.c   -O2  line 14 arg1 == 1
FAIL: gcc.dg/guality/pr68860-1.c   -O2  line 14 arg2 == 2
FAIL: gcc.dg/guality/pr68860-1.c   -O2  line 14 arg3 == 3
FAIL: gcc.dg/guality/pr68860-1.c   -O2  line 14 arg4 == 4
FAIL: gcc.dg/guality/pr68860-1.c   -O2  line 14 arg5 == 5
FAIL: gcc.dg/guality/pr68860-1.c   -O2  line 14 arg6 == 6
FAIL: gcc.dg/guality/pr68860-1.c   -O2  line 14 arg7 == 30
FAIL: gcc.dg/guality/pr68860-1.c   -O2  line 16 arg1 == 1
FAIL: gcc.dg/guality/pr68860-1.c   -O2  line 16 arg2 == 2
FAIL: gcc.dg/guality/pr68860-1.c   -O2  line 16 arg3 == 3
FAIL: gcc.dg/guality/pr68860-1.c   -O2  line 16 arg4 == 4
FAIL: gcc.dg/guality/pr68860-1.c   -O2  line 16 arg5 == 5
FAIL: gcc.dg/guality/pr68860-1.c   -O2  line 16 arg6 == 6
FAIL: gcc.dg/guality/pr68860-1.c   -O2  line 16 arg7 == 30
FAIL: gcc.dg/guality/pr68860-1.c   -O2 -flto -fno-use-linker-plugin -flto-partition=none  line 14 arg1 == 1
FAIL: gcc.dg/guality/pr68860-1.c   -O2 -flto -fno-use-linker-plugin -flto-partition=none  line 14 arg2 == 2
FAIL: gcc.dg/guality/pr68860-1.c   -O2 -flto -fno-use-linker-plugin -flto-partition=none  line 14 arg3 == 3
FAIL: gcc.dg/guality/pr68860-1.c   -O2 -flto -fno-use-linker-plugin -flto-partition=none  line 14 arg4 == 4
FAIL: gcc.dg/guality/pr68860-1.c   -O2 -flto -fno-use-linker-plugin -flto-partition=none  line 14 arg5 == 5
FAIL: gcc.dg/guality/pr68860-1.c   -O2 -flto -fno-use-linker-plugin -flto-partition=none  line 14 arg6 == 6
FAIL: gcc.dg/guality/pr68860-1.c   -O2 -flto -fno-use-linker-plugin -flto-partition=none  line 14 arg7 == 30
FAIL: gcc.dg/guality/pr68860-1.c   -O2 -flto -fno-use-linker-plugin -flto-partition=none  line 16 arg1 == 1
FAIL: gcc.dg/guality/pr68860-1.c   -O2 -flto -fno-use-linker-plugin -flto-partition=none  line 16 arg2 == 2
FAIL: gcc.dg/guality/pr68860-1.c   -O2 -flto -fno-use-linker-plugin -flto-partition=none  line 16 arg3 == 3
FAIL: gcc.dg/guality/pr68860-1.c   -O2 -flto -fno-use-linker-plugin -flto-partition=none  line 16 arg4 == 4
FAIL: gcc.dg/guality/pr68860-1.c   -O2 -flto -fno-use-linker-plugin -flto-partition=none  line 16 arg5 == 5
FAIL: gcc.dg/guality/pr68860-1.c   -O2 -flto -fno-use-linker-plugin -flto-partition=none  line 16 arg6 == 6
FAIL: gcc.dg/guality/pr68860-1.c   -O2 -flto -fno-use-linker-plugin -flto-partition=none  line 16 arg7 == 30
FAIL: gcc.dg/guality/pr68860-1.c   -O2 -flto -fuse-linker-plugin -fno-fat-lto-objects  line 14 arg1 == 1
FAIL: gcc.dg/guality/pr68860-1.c   -O2 -flto -fuse-linker-plugin -fno-fat-lto-objects  line 14 arg2 == 2
FAIL: gcc.dg/guality/pr68860-1.c   -O2 -flto -fuse-linker-plugin -fno-fat-lto-objects  line 14 arg3 == 3
FAIL: gcc.dg/guality/pr68860-1.c   -O2 -flto -fuse-linker-plugin -fno-fat-lto-objects  line 14 arg4 == 4
FAIL: gcc.dg/guality/pr68860-1.c   -O2 -flto -fuse-linker-plugin -fno-fat-lto-objects  line 14 arg5 == 5
FAIL: gcc.dg/guality/pr68860-1.c   -O2 -flto -fuse-linker-plugin -fno-fat-lto-objects  line 14 arg6 == 6
FAIL: gcc.dg/guality/pr68860-1.c   -O2 -flto -fuse-linker-plugin -fno-fat-lto-objects  line 14 arg7 == 30
FAIL: gcc.dg/guality/pr68860-1.c   -O2 -flto -fuse-linker-plugin -fno-fat-lto-objects  line 16 arg1 == 1
FAIL: gcc.dg/guality/pr68860-1.c   -O2 -flto -fuse-linker-plugin -fno-fat-lto-objects  line 16 arg2 == 2
FAIL: gcc.dg/guality/pr68860-1.c   -O2 -flto -fuse-linker-plugin -fno-fat-lto-objects  line 16 arg3 == 3
FAIL: gcc.dg/guality/pr68860-1.c   -O2 -flto -fuse-linker-plugin -fno-fat-lto-objects  line 16 arg4 == 4
FAIL: gcc.dg/guality/pr68860-1.c   -O2 -flto -fuse-linker-plugin -fno-fat-lto-objects  line 16 arg5 == 5
FAIL: gcc.dg/guality/pr68860-1.c   -O2 -flto -fuse-linker-plugin -fno-fat-lto-objects  line 16 arg6 == 6
FAIL: gcc.dg/guality/pr68860-1.c   -O2 -flto -fuse-linker-plugin -fno-fat-lto-objects  line 16 arg7 == 30
FAIL: gcc.dg/guality/pr68860-1.c   -O3 -g  line 14 arg1 == 1
FAIL: gcc.dg/guality/pr68860-1.c   -O3 -g  line 14 arg2 == 2
FAIL: gcc.dg/guality/pr68860-1.c   -O3 -g  line 14 arg3 == 3
FAIL: gcc.dg/guality/pr68860-1.c   -O3 -g  line 14 arg4 == 4
FAIL: gcc.dg/guality/pr68860-1.c   -O3 -g  line 14 arg5 == 5
FAIL: gcc.dg/guality/pr68860-1.c   -O3 -g  line 14 arg6 == 6
FAIL: gcc.dg/guality/pr68860-1.c   -O3 -g  line 14 arg7 == 30
FAIL: gcc.dg/guality/pr68860-1.c   -O3 -g  line 16 arg1 == 1
FAIL: gcc.dg/guality/pr68860-1.c   -O3 -g  line 16 arg2 == 2
FAIL: gcc.dg/guality/pr68860-1.c   -O3 -g  line 16 arg3 == 3
FAIL: gcc.dg/guality/pr68860-1.c   -O3 -g  line 16 arg4 == 4
FAIL: gcc.dg/guality/pr68860-1.c   -O3 -g  line 16 arg5 == 5
FAIL: gcc.dg/guality/pr68860-1.c   -O3 -g  line 16 arg6 == 6
FAIL: gcc.dg/guality/pr68860-1.c   -O3 -g  line 16 arg7 == 30
FAIL: gcc.dg/guality/pr68860-1.c   -Os  line 14 arg1 == 1
FAIL: gcc.dg/guality/pr68860-1.c   -Os  line 14 arg2 == 2
FAIL: gcc.dg/guality/pr68860-1.c   -Os  line 14 arg3 == 3
FAIL: gcc.dg/guality/pr68860-1.c   -Os  line 14 arg4 == 4
FAIL: gcc.dg/guality/pr68860-1.c   -Os  line 14 arg5 == 5
FAIL: gcc.dg/guality/pr68860-1.c   -Os  line 14 arg6 == 6
FAIL: gcc.dg/guality/pr68860-1.c   -Os  line 14 arg7 == 30
FAIL: gcc.dg/guality/pr68860-1.c   -Os  line 16 arg1 == 1
FAIL: gcc.dg/guality/pr68860-1.c   -Os  line 16 arg2 == 2
FAIL: gcc.dg/guality/pr68860-1.c   -Os  line 16 arg3 == 3
FAIL: gcc.dg/guality/pr68860-1.c   -Os  line 16 arg4 == 4
FAIL: gcc.dg/guality/pr68860-1.c   -Os  line 16 arg5 == 5
FAIL: gcc.dg/guality/pr68860-1.c   -Os  line 16 arg6 == 6
FAIL: gcc.dg/guality/pr68860-1.c   -Os  line 16 arg7 == 30
FAIL: gcc.dg/guality/pr68860-2.c   -O1  line 14 arg2 == 2
FAIL: gcc.dg/guality/pr68860-2.c   -O1  line 14 arg3 == 3
FAIL: gcc.dg/guality/pr68860-2.c   -O1  line 14 arg4 == 4
FAIL: gcc.dg/guality/pr68860-2.c   -O1  line 16 arg2 == 2
FAIL: gcc.dg/guality/pr68860-2.c   -O1  line 16 arg3 == 3
FAIL: gcc.dg/guality/pr68860-2.c   -O1  line 16 arg4 == 4
FAIL: gcc.dg/guality/pr68860-2.c   -O2  line 14 arg1 == 1
FAIL: gcc.dg/guality/pr68860-2.c   -O2  line 14 arg2 == 2
FAIL: gcc.dg/guality/pr68860-2.c   -O2  line 14 arg3 == 3
FAIL: gcc.dg/guality/pr68860-2.c   -O2  line 14 arg4 == 4
FAIL: gcc.dg/guality/pr68860-2.c   -O2  line 16 arg1 == 1
FAIL: gcc.dg/guality/pr68860-2.c   -O2  line 16 arg2 == 2
FAIL: gcc.dg/guality/pr68860-2.c   -O2  line 16 arg3 == 3
FAIL: gcc.dg/guality/pr68860-2.c   -O2  line 16 arg4 == 4
FAIL: gcc.dg/guality/pr68860-2.c   -O2 -flto -fno-use-linker-plugin -flto-partition=none  line 14 arg1 == 1
FAIL: gcc.dg/guality/pr68860-2.c   -O2 -flto -fno-use-linker-plugin -flto-partition=none  line 14 arg2 == 2
FAIL: gcc.dg/guality/pr68860-2.c   -O2 -flto -fno-use-linker-plugin -flto-partition=none  line 14 arg3 == 3
FAIL: gcc.dg/guality/pr68860-2.c   -O2 -flto -fno-use-linker-plugin -flto-partition=none  line 14 arg4 == 4
FAIL: gcc.dg/guality/pr68860-2.c   -O2 -flto -fno-use-linker-plugin -flto-partition=none  line 16 arg1 == 1
FAIL: gcc.dg/guality/pr68860-2.c   -O2 -flto -fno-use-linker-plugin -flto-partition=none  line 16 arg2 == 2
FAIL: gcc.dg/guality/pr68860-2.c   -O2 -flto -fno-use-linker-plugin -flto-partition=none  line 16 arg3 == 3
FAIL: gcc.dg/guality/pr68860-2.c   -O2 -flto -fno-use-linker-plugin -flto-partition=none  line 16 arg4 == 4
FAIL: gcc.dg/guality/pr68860-2.c   -O2 -flto -fuse-linker-plugin -fno-fat-lto-objects  line 14 arg1 == 1
FAIL: gcc.dg/guality/pr68860-2.c   -O2 -flto -fuse-linker-plugin -fno-fat-lto-objects  line 14 arg2 == 2
FAIL: gcc.dg/guality/pr68860-2.c   -O2 -flto -fuse-linker-plugin -fno-fat-lto-objects  line 14 arg3 == 3
FAIL: gcc.dg/guality/pr68860-2.c   -O2 -flto -fuse-linker-plugin -fno-fat-lto-objects  line 14 arg4 == 4
FAIL: gcc.dg/guality/pr68860-2.c   -O2 -flto -fuse-linker-plugin -fno-fat-lto-objects  line 14 arg5 == 5
FAIL: gcc.dg/guality/pr68860-2.c   -O2 -flto -fuse-linker-plugin -fno-fat-lto-objects  line 14 arg6 == 6
FAIL: gcc.dg/guality/pr68860-2.c   -O2 -flto -fuse-linker-plugin -fno-fat-lto-objects  line 14 arg7 == 30
FAIL: gcc.dg/guality/pr68860-2.c   -O2 -flto -fuse-linker-plugin -fno-fat-lto-objects  line 16 arg1 == 1
FAIL: gcc.dg/guality/pr68860-2.c   -O2 -flto -fuse-linker-plugin -fno-fat-lto-objects  line 16 arg2 == 2
FAIL: gcc.dg/guality/pr68860-2.c   -O2 -flto -fuse-linker-plugin -fno-fat-lto-objects  line 16 arg3 == 3
FAIL: gcc.dg/guality/pr68860-2.c   -O2 -flto -fuse-linker-plugin -fno-fat-lto-objects  line 16 arg4 == 4
FAIL: gcc.dg/guality/pr68860-2.c   -O2 -flto -fuse-linker-plugin -fno-fat-lto-objects  line 16 arg5 == 5
FAIL: gcc.dg/guality/pr68860-2.c   -O2 -flto -fuse-linker-plugin -fno-fat-lto-objects  line 16 arg6 == 6
FAIL: gcc.dg/guality/pr68860-2.c   -O2 -flto -fuse-linker-plugin -fno-fat-lto-objects  line 16 arg7 == 30
FAIL: gcc.dg/guality/pr68860-2.c   -O3 -g  line 14 arg1 == 1
FAIL: gcc.dg/guality/pr68860-2.c   -O3 -g  line 14 arg2 == 2
FAIL: gcc.dg/guality/pr68860-2.c   -O3 -g  line 14 arg3 == 3
FAIL: gcc.dg/guality/pr68860-2.c   -O3 -g  line 14 arg4 == 4
FAIL: gcc.dg/guality/pr68860-2.c   -O3 -g  line 14 arg5 == 5
FAIL: gcc.dg/guality/pr68860-2.c   -O3 -g  line 14 arg6 == 6
FAIL: gcc.dg/guality/pr68860-2.c   -O3 -g  line 14 arg7 == 30
FAIL: gcc.dg/guality/pr68860-2.c   -O3 -g  line 16 arg1 == 1
FAIL: gcc.dg/guality/pr68860-2.c   -O3 -g  line 16 arg2 == 2
FAIL: gcc.dg/guality/pr68860-2.c   -O3 -g  line 16 arg3 == 3
FAIL: gcc.dg/guality/pr68860-2.c   -O3 -g  line 16 arg4 == 4
FAIL: gcc.dg/guality/pr68860-2.c   -O3 -g  line 16 arg5 == 5
FAIL: gcc.dg/guality/pr68860-2.c   -O3 -g  line 16 arg6 == 6
FAIL: gcc.dg/guality/pr68860-2.c   -O3 -g  line 16 arg7 == 30
FAIL: gcc.dg/guality/pr68860-2.c   -Os  line 14 arg2 == 2
FAIL: gcc.dg/guality/pr68860-2.c   -Os  line 14 arg3 == 3
FAIL: gcc.dg/guality/pr68860-2.c   -Os  line 14 arg4 == 4
FAIL: gcc.dg/guality/pr68860-2.c   -Os  line 16 arg2 == 2
FAIL: gcc.dg/guality/pr68860-2.c   -Os  line 16 arg3 == 3
FAIL: gcc.dg/guality/pr68860-2.c   -Os  line 16 arg4 == 4
FAIL: gcc.dg/guality/sra-1.c   -O2 -flto -fno-use-linker-plugin -flto-partition=none  line 43 a.j == 14
FAIL: gcc.dg/guality/vla-1.c   -O1  line 17 sizeof (a) == 6
FAIL: gcc.dg/guality/vla-1.c   -O2  line 17 sizeof (a) == 6
FAIL: gcc.dg/guality/vla-1.c   -O2 -flto -fno-use-linker-plugin -flto-partition=none  line 17 sizeof (a) == 6
FAIL: gcc.dg/guality/vla-1.c   -O2 -flto -fno-use-linker-plugin -flto-partition=none  line 24 sizeof (a) == 17 * sizeof (short)
FAIL: gcc.dg/guality/vla-1.c   -O2 -flto -fuse-linker-plugin -fno-fat-lto-objects  line 17 i == 5
FAIL: gcc.dg/guality/vla-1.c   -O2 -flto -fuse-linker-plugin -fno-fat-lto-objects  line 17 sizeof (a) == 6
FAIL: gcc.dg/guality/vla-1.c   -O2 -flto -fuse-linker-plugin -fno-fat-lto-objects  line 24 sizeof (a) == 17 * sizeof (short)
FAIL: gcc.dg/guality/vla-1.c   -O3 -g  line 17 i == 5
FAIL: gcc.dg/guality/vla-1.c   -O3 -g  line 17 sizeof (a) == 6
FAIL: gcc.dg/guality/vla-1.c   -Os  line 17 sizeof (a) == 6
FAIL: gcc.dg/tree-ssa/builtin-sprintf-warn-18.c  (test for warnings, line 119)
FAIL: gcc.dg/tree-ssa/builtin-sprintf-warn-18.c  (test for warnings, line 121)
FAIL: gcc.dg/tree-ssa/gen-vect-26.c scan-tree-dump-times vect "Alignment of access forced using peeling" 1
FAIL: gcc.dg/tree-ssa/gen-vect-26.c scan-tree-dump-times vect "Vectorizing an unaligned access" 0
FAIL: gcc.dg/tree-ssa/gen-vect-28.c scan-tree-dump-times vect "Alignment of access forced using peeling" 1
FAIL: gcc.dg/tree-ssa/gen-vect-28.c scan-tree-dump-times vect "Vectorizing an unaligned access" 0
UNRESOLVED: gcc.target/aarch64/advsimd-intrinsics/vld1x2.c   -O0  compilation failed to produce executable
UNRESOLVED: gcc.target/aarch64/advsimd-intrinsics/vld1x2.c   -O1  compilation failed to produce executable
UNRESOLVED: gcc.target/aarch64/advsimd-intrinsics/vld1x2.c   -O2  compilation failed to produce executable
UNRESOLVED: gcc.target/aarch64/advsimd-intrinsics/vld1x2.c   -O2 -flto -fno-use-linker-plugin -flto-partition=none  compilation failed to produce executable
UNRESOLVED: gcc.target/aarch64/advsimd-intrinsics/vld1x2.c   -O2 -flto -fuse-linker-plugin -fno-fat-lto-objects  compilation failed to produce executable
UNRESOLVED: gcc.target/aarch64/advsimd-intrinsics/vld1x2.c   -O3 -fomit-frame-pointer -funroll-loops -fpeel-loops -ftracer -finline-functions  compilation failed to produce executable
UNRESOLVED: gcc.target/aarch64/advsimd-intrinsics/vld1x2.c   -O3 -g  compilation failed to produce executable
UNRESOLVED: gcc.target/aarch64/advsimd-intrinsics/vld1x2.c   -Og -g  compilation failed to produce executable
UNRESOLVED: gcc.target/aarch64/advsimd-intrinsics/vld1x2.c   -Os  compilation failed to produce executable
FAIL: gcc.target/arm/eliminate.c scan-assembler-times r0,[\\\\t ]*sp 3
FAIL: gcc.target/arm/lp1243022.c scan-rtl-dump subreg2 "REG_INC"
FAIL: gcc.target/arm/pr43920-2.c scan-assembler-times pop 2
FAIL: gcc.target/arm/lto/pr61123-enum-size c_lto_pr61123-enum-size_0.o-c_lto_pr61123-enum-size_1.o link,  -fno-short-enums -Wl,-Ur,--no-enum-size-warning -Os -nostdlib -flto 
UNRESOLVED: object-readelf Tag_ABI_enum_size 
FAIL: gcc.target/arm/simd/vdot-compile.c (test for excess errors)
UNRESOLVED: gcc.target/arm/simd/vdot-compile.c scan-assembler-times v[us]dot\\\\.[us]8\\\\td[0-9]+, d[0-9]+, d[0-9]+ 4
UNRESOLVED: gcc.target/arm/simd/vdot-compile.c scan-assembler-times v[us]dot\\\\.[us]8\\\\td[0-9]+, d[0-9]+, d[0-9]+\\\\[#?[0-9]\\\\] 2
UNRESOLVED: gcc.target/arm/simd/vdot-compile.c scan-assembler-times v[us]dot\\\\.[us]8\\\\tq[0-9]+, q[0-9]+, d[0-9]+\\\\[#?[0-9]\\\\] 2
UNRESOLVED: gcc.target/arm/simd/vdot-compile.c scan-assembler-times v[us]dot\\\\.[us]8\\\\tq[0-9]+, q[0-9]+, q[0-9]+ 2

		=== gcc Summary for unix ===

# of expected passes		117149
# of unexpected failures	496
# of unexpected successes	24
# of expected failures		374
# of unresolved testcases	14
# of unsupported tests		5922

Running target unix/-fstack-protector
FAIL: c-c++-common/asan/heap-overflow-1.c   -O0  output pattern test
FAIL: c-c++-common/asan/heap-overflow-1.c   -O1  output pattern test
FAIL: c-c++-common/asan/heap-overflow-1.c   -O2  output pattern test
FAIL: c-c++-common/asan/heap-overflow-1.c   -O2 -flto -fno-use-linker-plugin -flto-partition=none  output pattern test
FAIL: c-c++-common/asan/heap-overflow-1.c   -O2 -flto -fuse-linker-plugin -fno-fat-lto-objects  output pattern test
FAIL: c-c++-common/asan/heap-overflow-1.c   -O3 -g  output pattern test
FAIL: c-c++-common/asan/heap-overflow-1.c   -Os  output pattern test
FAIL: c-c++-common/asan/pr70541.c   -O0  output pattern test
FAIL: c-c++-common/asan/sanity-check-pure-c-1.c   -O0  output pattern test
FAIL: c-c++-common/asan/sanity-check-pure-c-1.c   -O1  output pattern test
FAIL: c-c++-common/asan/sanity-check-pure-c-1.c   -O2  output pattern test
FAIL: c-c++-common/asan/sanity-check-pure-c-1.c   -O2 -flto -fno-use-linker-plugin -flto-partition=none  output pattern test
FAIL: c-c++-common/asan/sanity-check-pure-c-1.c   -O2 -flto -fuse-linker-plugin -fno-fat-lto-objects  output pattern test
FAIL: c-c++-common/asan/sanity-check-pure-c-1.c   -O3 -g  output pattern test
FAIL: c-c++-common/asan/sanity-check-pure-c-1.c   -Os  output pattern test
FAIL: c-c++-common/asan/strncpy-overflow-1.c   -O0  output pattern test
FAIL: c-c++-common/asan/strncpy-overflow-1.c   -O1  output pattern test
FAIL: c-c++-common/asan/strncpy-overflow-1.c   -O2  output pattern test
FAIL: c-c++-common/asan/strncpy-overflow-1.c   -O2 -flto -fno-use-linker-plugin -flto-partition=none  output pattern test
FAIL: c-c++-common/asan/strncpy-overflow-1.c   -O2 -flto -fuse-linker-plugin -fno-fat-lto-objects  output pattern test
FAIL: c-c++-common/asan/strncpy-overflow-1.c   -O3 -g  output pattern test
FAIL: c-c++-common/asan/strncpy-overflow-1.c   -Os  output pattern test
FAIL: c-c++-common/asan/use-after-free-1.c   -O0  output pattern test
FAIL: c-c++-common/asan/use-after-free-1.c   -O1  output pattern test
FAIL: c-c++-common/asan/use-after-free-1.c   -O2  output pattern test
FAIL: c-c++-common/asan/use-after-free-1.c   -O2 -flto -fno-use-linker-plugin -flto-partition=none  output pattern test
FAIL: c-c++-common/asan/use-after-free-1.c   -O2 -flto -fuse-linker-plugin -fno-fat-lto-objects  output pattern test
FAIL: c-c++-common/asan/use-after-free-1.c   -O3 -g  output pattern test
FAIL: c-c++-common/asan/use-after-free-1.c   -Os  output pattern test
FAIL: gcc.dg/sibcall-10.c execution test
FAIL: gcc.dg/sibcall-9.c execution test
FAIL: gcc.dg/stack-usage-1.c scan-file foo\\t(256|264)\\tstatic
FAIL: gcc.dg/superblock.c scan-rtl-dump-times sched2 "ADVANCING TO" 2
FAIL: gcc.dg/uninit-19.c  (test for warnings, line 24)
FAIL: gcc.dg/uninit-19.c (test for excess errors)
FAIL: gcc.dg/graphite/scop-19.c scan-tree-dump-times graphite "number of SCoPs: 0" 1
XPASS: gcc.dg/guality/example.c   -O0  execution test
XPASS: gcc.dg/guality/example.c   -O1  execution test
XPASS: gcc.dg/guality/example.c   -O3 -fomit-frame-pointer -funroll-loops -fpeel-loops -ftracer -finline-functions  execution test
XPASS: gcc.dg/guality/example.c   -O3 -g  execution test
XPASS: gcc.dg/guality/guality.c   -O0  execution test
XPASS: gcc.dg/guality/guality.c   -O1  execution test
XPASS: gcc.dg/guality/guality.c   -O2  execution test
XPASS: gcc.dg/guality/guality.c   -O2 -flto -fno-use-linker-plugin -flto-partition=none  execution test
XPASS: gcc.dg/guality/guality.c   -O2 -flto -fuse-linker-plugin -fno-fat-lto-objects  execution test
XPASS: gcc.dg/guality/guality.c   -Os  execution test
XPASS: gcc.dg/guality/inline-params.c   -O2  execution test
XPASS: gcc.dg/guality/inline-params.c   -O2 -flto -fno-use-linker-plugin -flto-partition=none  execution test
XPASS: gcc.dg/guality/inline-params.c   -O2 -flto -fuse-linker-plugin -fno-fat-lto-objects  execution test
XPASS: gcc.dg/guality/inline-params.c   -O3 -g  execution test
XPASS: gcc.dg/guality/inline-params.c   -Os  execution test
FAIL: gcc.dg/guality/pr36728-1.c   -O1  line 16 arg1 == 1
FAIL: gcc.dg/guality/pr36728-1.c   -O1  line 16 arg2 == 2
FAIL: gcc.dg/guality/pr36728-1.c   -O1  line 16 arg3 == 3
FAIL: gcc.dg/guality/pr36728-1.c   -O1  line 16 arg4 == 4
FAIL: gcc.dg/guality/pr36728-1.c   -O1  line 18 arg1 == 1
FAIL: gcc.dg/guality/pr36728-1.c   -O1  line 18 arg2 == 2
FAIL: gcc.dg/guality/pr36728-1.c   -O1  line 18 arg3 == 3
FAIL: gcc.dg/guality/pr36728-1.c   -O1  line 18 arg4 == 4
FAIL: gcc.dg/guality/pr36728-1.c   -O2  line 16 arg1 == 1
FAIL: gcc.dg/guality/pr36728-1.c   -O2  line 16 arg2 == 2
FAIL: gcc.dg/guality/pr36728-1.c   -O2  line 16 arg3 == 3
FAIL: gcc.dg/guality/pr36728-1.c   -O2  line 16 arg4 == 4
FAIL: gcc.dg/guality/pr36728-1.c   -O2  line 18 arg1 == 1
FAIL: gcc.dg/guality/pr36728-1.c   -O2  line 18 arg2 == 2
FAIL: gcc.dg/guality/pr36728-1.c   -O2  line 18 arg3 == 3
FAIL: gcc.dg/guality/pr36728-1.c   -O2  line 18 arg4 == 4
FAIL: gcc.dg/guality/pr36728-1.c   -O2 -flto -fno-use-linker-plugin -flto-partition=none  line 16 arg1 == 1
FAIL: gcc.dg/guality/pr36728-1.c   -O2 -flto -fno-use-linker-plugin -flto-partition=none  line 16 arg2 == 2
FAIL: gcc.dg/guality/pr36728-1.c   -O2 -flto -fno-use-linker-plugin -flto-partition=none  line 16 arg3 == 3
FAIL: gcc.dg/guality/pr36728-1.c   -O2 -flto -fno-use-linker-plugin -flto-partition=none  line 16 arg4 == 4
FAIL: gcc.dg/guality/pr36728-1.c   -O2 -flto -fno-use-linker-plugin -flto-partition=none  line 18 arg1 == 1
FAIL: gcc.dg/guality/pr36728-1.c   -O2 -flto -fno-use-linker-plugin -flto-partition=none  line 18 arg2 == 2
FAIL: gcc.dg/guality/pr36728-1.c   -O2 -flto -fno-use-linker-plugin -flto-partition=none  line 18 arg3 == 3
FAIL: gcc.dg/guality/pr36728-1.c   -O2 -flto -fno-use-linker-plugin -flto-partition=none  line 18 arg4 == 4
FAIL: gcc.dg/guality/pr36728-1.c   -O2 -flto -fuse-linker-plugin -fno-fat-lto-objects  line 16 arg1 == 1
FAIL: gcc.dg/guality/pr36728-1.c   -O2 -flto -fuse-linker-plugin -fno-fat-lto-objects  line 16 arg2 == 2
FAIL: gcc.dg/guality/pr36728-1.c   -O2 -flto -fuse-linker-plugin -fno-fat-lto-objects  line 16 arg3 == 3
FAIL: gcc.dg/guality/pr36728-1.c   -O2 -flto -fuse-linker-plugin -fno-fat-lto-objects  line 16 arg4 == 4
FAIL: gcc.dg/guality/pr36728-1.c   -O2 -flto -fuse-linker-plugin -fno-fat-lto-objects  line 16 arg5 == 5
FAIL: gcc.dg/guality/pr36728-1.c   -O2 -flto -fuse-linker-plugin -fno-fat-lto-objects  line 16 arg6 == 6
FAIL: gcc.dg/guality/pr36728-1.c   -O2 -flto -fuse-linker-plugin -fno-fat-lto-objects  line 16 arg7 == 30
FAIL: gcc.dg/guality/pr36728-1.c   -O2 -flto -fuse-linker-plugin -fno-fat-lto-objects  line 18 arg1 == 1
FAIL: gcc.dg/guality/pr36728-1.c   -O2 -flto -fuse-linker-plugin -fno-fat-lto-objects  line 18 arg2 == 2
FAIL: gcc.dg/guality/pr36728-1.c   -O2 -flto -fuse-linker-plugin -fno-fat-lto-objects  line 18 arg3 == 3
FAIL: gcc.dg/guality/pr36728-1.c   -O2 -flto -fuse-linker-plugin -fno-fat-lto-objects  line 18 arg4 == 4
FAIL: gcc.dg/guality/pr36728-1.c   -O2 -flto -fuse-linker-plugin -fno-fat-lto-objects  line 18 arg5 == 5
FAIL: gcc.dg/guality/pr36728-1.c   -O2 -flto -fuse-linker-plugin -fno-fat-lto-objects  line 18 arg6 == 6
FAIL: gcc.dg/guality/pr36728-1.c   -O2 -flto -fuse-linker-plugin -fno-fat-lto-objects  line 18 arg7 == 30
FAIL: gcc.dg/guality/pr36728-1.c   -O3 -g  line 16 arg1 == 1
FAIL: gcc.dg/guality/pr36728-1.c   -O3 -g  line 16 arg2 == 2
FAIL: gcc.dg/guality/pr36728-1.c   -O3 -g  line 16 arg3 == 3
FAIL: gcc.dg/guality/pr36728-1.c   -O3 -g  line 16 arg4 == 4
FAIL: gcc.dg/guality/pr36728-1.c   -O3 -g  line 16 arg5 == 5
FAIL: gcc.dg/guality/pr36728-1.c   -O3 -g  line 16 arg6 == 6
FAIL: gcc.dg/guality/pr36728-1.c   -O3 -g  line 16 arg7 == 30
FAIL: gcc.dg/guality/pr36728-1.c   -O3 -g  line 18 arg1 == 1
FAIL: gcc.dg/guality/pr36728-1.c   -O3 -g  line 18 arg2 == 2
FAIL: gcc.dg/guality/pr36728-1.c   -O3 -g  line 18 arg3 == 3
FAIL: gcc.dg/guality/pr36728-1.c   -O3 -g  line 18 arg4 == 4
FAIL: gcc.dg/guality/pr36728-1.c   -O3 -g  line 18 arg5 == 5
FAIL: gcc.dg/guality/pr36728-1.c   -O3 -g  line 18 arg6 == 6
FAIL: gcc.dg/guality/pr36728-1.c   -O3 -g  line 18 arg7 == 30
FAIL: gcc.dg/guality/pr36728-1.c   -Os  line 16 arg1 == 1
FAIL: gcc.dg/guality/pr36728-1.c   -Os  line 16 arg2 == 2
FAIL: gcc.dg/guality/pr36728-1.c   -Os  line 16 arg3 == 3
FAIL: gcc.dg/guality/pr36728-1.c   -Os  line 16 arg4 == 4
FAIL: gcc.dg/guality/pr36728-1.c   -Os  line 18 arg1 == 1
FAIL: gcc.dg/guality/pr36728-1.c   -Os  line 18 arg2 == 2
FAIL: gcc.dg/guality/pr36728-1.c   -Os  line 18 arg3 == 3
FAIL: gcc.dg/guality/pr36728-1.c   -Os  line 18 arg4 == 4
FAIL: gcc.dg/guality/pr36728-2.c   -O1  line 16 arg2 == 2
FAIL: gcc.dg/guality/pr36728-2.c   -O1  line 16 arg3 == 3
FAIL: gcc.dg/guality/pr36728-2.c   -O1  line 16 arg4 == 4
FAIL: gcc.dg/guality/pr36728-2.c   -O1  line 18 arg1 == 1
FAIL: gcc.dg/guality/pr36728-2.c   -O1  line 18 arg2 == 2
FAIL: gcc.dg/guality/pr36728-2.c   -O1  line 18 arg3 == 3
FAIL: gcc.dg/guality/pr36728-2.c   -O1  line 18 arg4 == 4
FAIL: gcc.dg/guality/pr36728-2.c   -O2  line 16 arg1 == 1
FAIL: gcc.dg/guality/pr36728-2.c   -O2  line 16 arg2 == 2
FAIL: gcc.dg/guality/pr36728-2.c   -O2  line 16 arg3 == 3
FAIL: gcc.dg/guality/pr36728-2.c   -O2  line 16 arg4 == 4
FAIL: gcc.dg/guality/pr36728-2.c   -O2  line 18 arg1 == 1
FAIL: gcc.dg/guality/pr36728-2.c   -O2  line 18 arg2 == 2
FAIL: gcc.dg/guality/pr36728-2.c   -O2  line 18 arg3 == 3
FAIL: gcc.dg/guality/pr36728-2.c   -O2  line 18 arg4 == 4
FAIL: gcc.dg/guality/pr36728-2.c   -O2 -flto -fno-use-linker-plugin -flto-partition=none  line 16 arg1 == 1
FAIL: gcc.dg/guality/pr36728-2.c   -O2 -flto -fno-use-linker-plugin -flto-partition=none  line 16 arg2 == 2
FAIL: gcc.dg/guality/pr36728-2.c   -O2 -flto -fno-use-linker-plugin -flto-partition=none  line 16 arg3 == 3
FAIL: gcc.dg/guality/pr36728-2.c   -O2 -flto -fno-use-linker-plugin -flto-partition=none  line 16 arg4 == 4
FAIL: gcc.dg/guality/pr36728-2.c   -O2 -flto -fno-use-linker-plugin -flto-partition=none  line 18 arg1 == 1
FAIL: gcc.dg/guality/pr36728-2.c   -O2 -flto -fno-use-linker-plugin -flto-partition=none  line 18 arg2 == 2
FAIL: gcc.dg/guality/pr36728-2.c   -O2 -flto -fno-use-linker-plugin -flto-partition=none  line 18 arg3 == 3
FAIL: gcc.dg/guality/pr36728-2.c   -O2 -flto -fno-use-linker-plugin -flto-partition=none  line 18 arg4 == 4
FAIL: gcc.dg/guality/pr36728-2.c   -O2 -flto -fuse-linker-plugin -fno-fat-lto-objects  line 16 arg1 == 1
FAIL: gcc.dg/guality/pr36728-2.c   -O2 -flto -fuse-linker-plugin -fno-fat-lto-objects  line 16 arg2 == 2
FAIL: gcc.dg/guality/pr36728-2.c   -O2 -flto -fuse-linker-plugin -fno-fat-lto-objects  line 16 arg3 == 3
FAIL: gcc.dg/guality/pr36728-2.c   -O2 -flto -fuse-linker-plugin -fno-fat-lto-objects  line 16 arg4 == 4
FAIL: gcc.dg/guality/pr36728-2.c   -O2 -flto -fuse-linker-plugin -fno-fat-lto-objects  line 16 arg5 == 5
FAIL: gcc.dg/guality/pr36728-2.c   -O2 -flto -fuse-linker-plugin -fno-fat-lto-objects  line 16 arg6 == 6
FAIL: gcc.dg/guality/pr36728-2.c   -O2 -flto -fuse-linker-plugin -fno-fat-lto-objects  line 16 arg7 == 30
FAIL: gcc.dg/guality/pr36728-2.c   -O2 -flto -fuse-linker-plugin -fno-fat-lto-objects  line 16 y == 2
FAIL: gcc.dg/guality/pr36728-2.c   -O2 -flto -fuse-linker-plugin -fno-fat-lto-objects  line 18 arg1 == 1
FAIL: gcc.dg/guality/pr36728-2.c   -O2 -flto -fuse-linker-plugin -fno-fat-lto-objects  line 18 arg2 == 2
FAIL: gcc.dg/guality/pr36728-2.c   -O2 -flto -fuse-linker-plugin -fno-fat-lto-objects  line 18 arg3 == 3
FAIL: gcc.dg/guality/pr36728-2.c   -O2 -flto -fuse-linker-plugin -fno-fat-lto-objects  line 18 arg4 == 4
FAIL: gcc.dg/guality/pr36728-2.c   -O2 -flto -fuse-linker-plugin -fno-fat-lto-objects  line 18 arg5 == 5
FAIL: gcc.dg/guality/pr36728-2.c   -O2 -flto -fuse-linker-plugin -fno-fat-lto-objects  line 18 arg6 == 6
FAIL: gcc.dg/guality/pr36728-2.c   -O2 -flto -fuse-linker-plugin -fno-fat-lto-objects  line 18 arg7 == 30
FAIL: gcc.dg/guality/pr36728-2.c   -O3 -g  line 16 arg1 == 1
FAIL: gcc.dg/guality/pr36728-2.c   -O3 -g  line 16 arg2 == 2
FAIL: gcc.dg/guality/pr36728-2.c   -O3 -g  line 16 arg3 == 3
FAIL: gcc.dg/guality/pr36728-2.c   -O3 -g  line 16 arg4 == 4
FAIL: gcc.dg/guality/pr36728-2.c   -O3 -g  line 16 arg5 == 5
FAIL: gcc.dg/guality/pr36728-2.c   -O3 -g  line 16 arg6 == 6
FAIL: gcc.dg/guality/pr36728-2.c   -O3 -g  line 16 arg7 == 30
FAIL: gcc.dg/guality/pr36728-2.c   -O3 -g  line 18 arg1 == 1
FAIL: gcc.dg/guality/pr36728-2.c   -O3 -g  line 18 arg2 == 2
FAIL: gcc.dg/guality/pr36728-2.c   -O3 -g  line 18 arg3 == 3
FAIL: gcc.dg/guality/pr36728-2.c   -O3 -g  line 18 arg4 == 4
FAIL: gcc.dg/guality/pr36728-2.c   -O3 -g  line 18 arg5 == 5
FAIL: gcc.dg/guality/pr36728-2.c   -O3 -g  line 18 arg6 == 6
FAIL: gcc.dg/guality/pr36728-2.c   -O3 -g  line 18 arg7 == 30
FAIL: gcc.dg/guality/pr36728-2.c   -Os  line 16 arg1 == 1
FAIL: gcc.dg/guality/pr36728-2.c   -Os  line 16 arg2 == 2
FAIL: gcc.dg/guality/pr36728-2.c   -Os  line 16 arg3 == 3
FAIL: gcc.dg/guality/pr36728-2.c   -Os  line 16 arg4 == 4
FAIL: gcc.dg/guality/pr36728-2.c   -Os  line 18 arg1 == 1
FAIL: gcc.dg/guality/pr36728-2.c   -Os  line 18 arg2 == 2
FAIL: gcc.dg/guality/pr36728-2.c   -Os  line 18 arg3 == 3
FAIL: gcc.dg/guality/pr36728-2.c   -Os  line 18 arg4 == 4
FAIL: gcc.dg/guality/pr36728-3.c   -O1  line 14 arg1 == 1
FAIL: gcc.dg/guality/pr36728-3.c   -O1  line 14 arg2 == 2
FAIL: gcc.dg/guality/pr36728-3.c   -O1  line 14 arg3 == 3
FAIL: gcc.dg/guality/pr36728-3.c   -O1  line 14 arg4 == 4
FAIL: gcc.dg/guality/pr36728-3.c   -O1  line 16 arg1 == 1
FAIL: gcc.dg/guality/pr36728-3.c   -O1  line 16 arg2 == 2
FAIL: gcc.dg/guality/pr36728-3.c   -O1  line 16 arg3 == 3
FAIL: gcc.dg/guality/pr36728-3.c   -O1  line 16 arg4 == 4
FAIL: gcc.dg/guality/pr36728-3.c   -O2  line 14 arg1 == 1
FAIL: gcc.dg/guality/pr36728-3.c   -O2  line 14 arg2 == 2
FAIL: gcc.dg/guality/pr36728-3.c   -O2  line 14 arg3 == 3
FAIL: gcc.dg/guality/pr36728-3.c   -O2  line 14 arg4 == 4
FAIL: gcc.dg/guality/pr36728-3.c   -O2  line 16 arg1 == 1
FAIL: gcc.dg/guality/pr36728-3.c   -O2  line 16 arg2 == 2
FAIL: gcc.dg/guality/pr36728-3.c   -O2  line 16 arg3 == 3
FAIL: gcc.dg/guality/pr36728-3.c   -O2  line 16 arg4 == 4
FAIL: gcc.dg/guality/pr36728-3.c   -O2 -flto -fno-use-linker-plugin -flto-partition=none  line 14 arg1 == 1
FAIL: gcc.dg/guality/pr36728-3.c   -O2 -flto -fno-use-linker-plugin -flto-partition=none  line 14 arg2 == 2
FAIL: gcc.dg/guality/pr36728-3.c   -O2 -flto -fno-use-linker-plugin -flto-partition=none  line 14 arg3 == 3
FAIL: gcc.dg/guality/pr36728-3.c   -O2 -flto -fno-use-linker-plugin -flto-partition=none  line 14 arg4 == 4
FAIL: gcc.dg/guality/pr36728-3.c   -O2 -flto -fno-use-linker-plugin -flto-partition=none  line 16 arg1 == 1
FAIL: gcc.dg/guality/pr36728-3.c   -O2 -flto -fno-use-linker-plugin -flto-partition=none  line 16 arg2 == 2
FAIL: gcc.dg/guality/pr36728-3.c   -O2 -flto -fno-use-linker-plugin -flto-partition=none  line 16 arg3 == 3
FAIL: gcc.dg/guality/pr36728-3.c   -O2 -flto -fno-use-linker-plugin -flto-partition=none  line 16 arg4 == 4
FAIL: gcc.dg/guality/pr36728-3.c   -O2 -flto -fuse-linker-plugin -fno-fat-lto-objects  line 14 arg1 == 1
FAIL: gcc.dg/guality/pr36728-3.c   -O2 -flto -fuse-linker-plugin -fno-fat-lto-objects  line 14 arg2 == 2
FAIL: gcc.dg/guality/pr36728-3.c   -O2 -flto -fuse-linker-plugin -fno-fat-lto-objects  line 14 arg3 == 3
FAIL: gcc.dg/guality/pr36728-3.c   -O2 -flto -fuse-linker-plugin -fno-fat-lto-objects  line 14 arg4 == 4
FAIL: gcc.dg/guality/pr36728-3.c   -O2 -flto -fuse-linker-plugin -fno-fat-lto-objects  line 14 arg5 == 5
FAIL: gcc.dg/guality/pr36728-3.c   -O2 -flto -fuse-linker-plugin -fno-fat-lto-objects  line 14 arg6 == 6
FAIL: gcc.dg/guality/pr36728-3.c   -O2 -flto -fuse-linker-plugin -fno-fat-lto-objects  line 14 arg7 == 30
FAIL: gcc.dg/guality/pr36728-3.c   -O2 -flto -fuse-linker-plugin -fno-fat-lto-objects  line 16 arg1 == 1
FAIL: gcc.dg/guality/pr36728-3.c   -O2 -flto -fuse-linker-plugin -fno-fat-lto-objects  line 16 arg2 == 2
FAIL: gcc.dg/guality/pr36728-3.c   -O2 -flto -fuse-linker-plugin -fno-fat-lto-objects  line 16 arg3 == 3
FAIL: gcc.dg/guality/pr36728-3.c   -O2 -flto -fuse-linker-plugin -fno-fat-lto-objects  line 16 arg4 == 4
FAIL: gcc.dg/guality/pr36728-3.c   -O2 -flto -fuse-linker-plugin -fno-fat-lto-objects  line 16 arg5 == 5
FAIL: gcc.dg/guality/pr36728-3.c   -O2 -flto -fuse-linker-plugin -fno-fat-lto-objects  line 16 arg6 == 6
FAIL: gcc.dg/guality/pr36728-3.c   -O2 -flto -fuse-linker-plugin -fno-fat-lto-objects  line 16 arg7 == 30
FAIL: gcc.dg/guality/pr36728-3.c   -O3 -g  line 14 arg1 == 1
FAIL: gcc.dg/guality/pr36728-3.c   -O3 -g  line 14 arg2 == 2
FAIL: gcc.dg/guality/pr36728-3.c   -O3 -g  line 14 arg3 == 3
FAIL: gcc.dg/guality/pr36728-3.c   -O3 -g  line 14 arg4 == 4
FAIL: gcc.dg/guality/pr36728-3.c   -O3 -g  line 14 arg5 == 5
FAIL: gcc.dg/guality/pr36728-3.c   -O3 -g  line 14 arg6 == 6
FAIL: gcc.dg/guality/pr36728-3.c   -O3 -g  line 14 arg7 == 30
FAIL: gcc.dg/guality/pr36728-3.c   -O3 -g  line 16 arg1 == 1
FAIL: gcc.dg/guality/pr36728-3.c   -O3 -g  line 16 arg2 == 2
FAIL: gcc.dg/guality/pr36728-3.c   -O3 -g  line 16 arg3 == 3
FAIL: gcc.dg/guality/pr36728-3.c   -O3 -g  line 16 arg4 == 4
FAIL: gcc.dg/guality/pr36728-3.c   -O3 -g  line 16 arg5 == 5
FAIL: gcc.dg/guality/pr36728-3.c   -O3 -g  line 16 arg6 == 6
FAIL: gcc.dg/guality/pr36728-3.c   -O3 -g  line 16 arg7 == 30
FAIL: gcc.dg/guality/pr36728-3.c   -Os  line 14 arg1 == 1
FAIL: gcc.dg/guality/pr36728-3.c   -Os  line 14 arg2 == 2
FAIL: gcc.dg/guality/pr36728-3.c   -Os  line 14 arg3 == 3
FAIL: gcc.dg/guality/pr36728-3.c   -Os  line 14 arg4 == 4
FAIL: gcc.dg/guality/pr36728-3.c   -Os  line 16 arg1 == 1
FAIL: gcc.dg/guality/pr36728-3.c   -Os  line 16 arg2 == 2
FAIL: gcc.dg/guality/pr36728-3.c   -Os  line 16 arg3 == 3
FAIL: gcc.dg/guality/pr36728-3.c   -Os  line 16 arg4 == 4
FAIL: gcc.dg/guality/pr36728-4.c   -O1  line 14 arg2 == 2
FAIL: gcc.dg/guality/pr36728-4.c   -O1  line 14 arg3 == 3
FAIL: gcc.dg/guality/pr36728-4.c   -O1  line 14 arg4 == 4
FAIL: gcc.dg/guality/pr36728-4.c   -O1  line 16 arg2 == 2
FAIL: gcc.dg/guality/pr36728-4.c   -O1  line 16 arg3 == 3
FAIL: gcc.dg/guality/pr36728-4.c   -O1  line 16 arg4 == 4
FAIL: gcc.dg/guality/pr36728-4.c   -O2  line 14 arg1 == 1
FAIL: gcc.dg/guality/pr36728-4.c   -O2  line 14 arg2 == 2
FAIL: gcc.dg/guality/pr36728-4.c   -O2  line 14 arg3 == 3
FAIL: gcc.dg/guality/pr36728-4.c   -O2  line 14 arg4 == 4
FAIL: gcc.dg/guality/pr36728-4.c   -O2  line 16 arg1 == 1
FAIL: gcc.dg/guality/pr36728-4.c   -O2  line 16 arg2 == 2
FAIL: gcc.dg/guality/pr36728-4.c   -O2  line 16 arg3 == 3
FAIL: gcc.dg/guality/pr36728-4.c   -O2  line 16 arg4 == 4
FAIL: gcc.dg/guality/pr36728-4.c   -O2 -flto -fno-use-linker-plugin -flto-partition=none  line 14 arg2 == 2
FAIL: gcc.dg/guality/pr36728-4.c   -O2 -flto -fno-use-linker-plugin -flto-partition=none  line 14 arg3 == 3
FAIL: gcc.dg/guality/pr36728-4.c   -O2 -flto -fno-use-linker-plugin -flto-partition=none  line 14 arg4 == 4
FAIL: gcc.dg/guality/pr36728-4.c   -O2 -flto -fno-use-linker-plugin -flto-partition=none  line 14 arg5 == 5
FAIL: gcc.dg/guality/pr36728-4.c   -O2 -flto -fno-use-linker-plugin -flto-partition=none  line 16 arg2 == 2
FAIL: gcc.dg/guality/pr36728-4.c   -O2 -flto -fno-use-linker-plugin -flto-partition=none  line 16 arg3 == 3
FAIL: gcc.dg/guality/pr36728-4.c   -O2 -flto -fno-use-linker-plugin -flto-partition=none  line 16 arg4 == 4
FAIL: gcc.dg/guality/pr36728-4.c   -O2 -flto -fno-use-linker-plugin -flto-partition=none  line 16 arg5 == 5
FAIL: gcc.dg/guality/pr36728-4.c   -O2 -flto -fuse-linker-plugin -fno-fat-lto-objects  line 14 arg1 == 1
FAIL: gcc.dg/guality/pr36728-4.c   -O2 -flto -fuse-linker-plugin -fno-fat-lto-objects  line 14 arg2 == 2
FAIL: gcc.dg/guality/pr36728-4.c   -O2 -flto -fuse-linker-plugin -fno-fat-lto-objects  line 14 arg3 == 3
FAIL: gcc.dg/guality/pr36728-4.c   -O2 -flto -fuse-linker-plugin -fno-fat-lto-objects  line 14 arg4 == 4
FAIL: gcc.dg/guality/pr36728-4.c   -O2 -flto -fuse-linker-plugin -fno-fat-lto-objects  line 14 arg5 == 5
FAIL: gcc.dg/guality/pr36728-4.c   -O2 -flto -fuse-linker-plugin -fno-fat-lto-objects  line 14 arg6 == 6
FAIL: gcc.dg/guality/pr36728-4.c   -O2 -flto -fuse-linker-plugin -fno-fat-lto-objects  line 14 arg7 == 30
FAIL: gcc.dg/guality/pr36728-4.c   -O2 -flto -fuse-linker-plugin -fno-fat-lto-objects  line 16 arg1 == 1
FAIL: gcc.dg/guality/pr36728-4.c   -O2 -flto -fuse-linker-plugin -fno-fat-lto-objects  line 16 arg2 == 2
FAIL: gcc.dg/guality/pr36728-4.c   -O2 -flto -fuse-linker-plugin -fno-fat-lto-objects  line 16 arg3 == 3
FAIL: gcc.dg/guality/pr36728-4.c   -O2 -flto -fuse-linker-plugin -fno-fat-lto-objects  line 16 arg4 == 4
FAIL: gcc.dg/guality/pr36728-4.c   -O2 -flto -fuse-linker-plugin -fno-fat-lto-objects  line 16 arg5 == 5
FAIL: gcc.dg/guality/pr36728-4.c   -O2 -flto -fuse-linker-plugin -fno-fat-lto-objects  line 16 arg6 == 6
FAIL: gcc.dg/guality/pr36728-4.c   -O2 -flto -fuse-linker-plugin -fno-fat-lto-objects  line 16 arg7 == 30
FAIL: gcc.dg/guality/pr36728-4.c   -O3 -g  line 14 arg1 == 1
FAIL: gcc.dg/guality/pr36728-4.c   -O3 -g  line 14 arg2 == 2
FAIL: gcc.dg/guality/pr36728-4.c   -O3 -g  line 14 arg3 == 3
FAIL: gcc.dg/guality/pr36728-4.c   -O3 -g  line 14 arg4 == 4
FAIL: gcc.dg/guality/pr36728-4.c   -O3 -g  line 14 arg5 == 5
FAIL: gcc.dg/guality/pr36728-4.c   -O3 -g  line 14 arg6 == 6
FAIL: gcc.dg/guality/pr36728-4.c   -O3 -g  line 14 arg7 == 30
FAIL: gcc.dg/guality/pr36728-4.c   -O3 -g  line 16 arg1 == 1
FAIL: gcc.dg/guality/pr36728-4.c   -O3 -g  line 16 arg2 == 2
FAIL: gcc.dg/guality/pr36728-4.c   -O3 -g  line 16 arg3 == 3
FAIL: gcc.dg/guality/pr36728-4.c   -O3 -g  line 16 arg4 == 4
FAIL: gcc.dg/guality/pr36728-4.c   -O3 -g  line 16 arg5 == 5
FAIL: gcc.dg/guality/pr36728-4.c   -O3 -g  line 16 arg6 == 6
FAIL: gcc.dg/guality/pr36728-4.c   -O3 -g  line 16 arg7 == 30
FAIL: gcc.dg/guality/pr36728-4.c   -Os  line 14 arg2 == 2
FAIL: gcc.dg/guality/pr36728-4.c   -Os  line 14 arg3 == 3
FAIL: gcc.dg/guality/pr36728-4.c   -Os  line 14 arg4 == 4
FAIL: gcc.dg/guality/pr36728-4.c   -Os  line 16 arg2 == 2
FAIL: gcc.dg/guality/pr36728-4.c   -Os  line 16 arg3 == 3
FAIL: gcc.dg/guality/pr36728-4.c   -Os  line 16 arg4 == 4
XPASS: gcc.dg/guality/pr41353-1.c   -O0  line 28 j == 28 + 37
FAIL: gcc.dg/guality/pr41616-1.c   -O2 -flto -fuse-linker-plugin -fno-fat-lto-objects  execution test
FAIL: gcc.dg/guality/pr41616-1.c   -O3 -g  execution test
FAIL: gcc.dg/guality/pr45882.c   -O2 -flto -fuse-linker-plugin -fno-fat-lto-objects  line 16 d == 112
FAIL: gcc.dg/guality/pr45882.c   -O2 -flto -fuse-linker-plugin -fno-fat-lto-objects  line 16 e == 142
FAIL: gcc.dg/guality/pr54200.c   -O1  line 20 z == 3
FAIL: gcc.dg/guality/pr54200.c   -O2  line 20 z == 3
FAIL: gcc.dg/guality/pr54200.c   -O2 -flto -fno-use-linker-plugin -flto-partition=none  line 20 z == 3
FAIL: gcc.dg/guality/pr54200.c   -O3 -g  line 20 z == 3
FAIL: gcc.dg/guality/pr54200.c   -Os  line 20 z == 3
FAIL: gcc.dg/guality/pr54519-1.c   -O1  line 20 z == 6
FAIL: gcc.dg/guality/pr54519-1.c   -O1  line 23 z == 8
FAIL: gcc.dg/guality/pr54519-1.c   -O2  line 20 y == 25
FAIL: gcc.dg/guality/pr54519-1.c   -O2  line 20 z == 6
FAIL: gcc.dg/guality/pr54519-1.c   -O2  line 23 y == 117
FAIL: gcc.dg/guality/pr54519-1.c   -O2  line 23 z == 8
FAIL: gcc.dg/guality/pr54519-1.c   -O2 -flto -fno-use-linker-plugin -flto-partition=none  line 20 y == 25
FAIL: gcc.dg/guality/pr54519-1.c   -O2 -flto -fno-use-linker-plugin -flto-partition=none  line 20 z == 6
FAIL: gcc.dg/guality/pr54519-1.c   -O2 -flto -fno-use-linker-plugin -flto-partition=none  line 23 y == 117
FAIL: gcc.dg/guality/pr54519-1.c   -O2 -flto -fno-use-linker-plugin -flto-partition=none  line 23 z == 8
FAIL: gcc.dg/guality/pr54519-1.c   -O2 -flto -fuse-linker-plugin -fno-fat-lto-objects  line 20 y == 25
FAIL: gcc.dg/guality/pr54519-1.c   -O2 -flto -fuse-linker-plugin -fno-fat-lto-objects  line 20 z == 6
FAIL: gcc.dg/guality/pr54519-1.c   -O2 -flto -fuse-linker-plugin -fno-fat-lto-objects  line 23 y == 117
FAIL: gcc.dg/guality/pr54519-1.c   -O2 -flto -fuse-linker-plugin -fno-fat-lto-objects  line 23 z == 8
FAIL: gcc.dg/guality/pr54519-1.c   -Os  line 20 y == 25
FAIL: gcc.dg/guality/pr54519-1.c   -Os  line 20 z == 6
FAIL: gcc.dg/guality/pr54519-1.c   -Os  line 23 y == 117
FAIL: gcc.dg/guality/pr54519-1.c   -Os  line 23 z == 8
FAIL: gcc.dg/guality/pr54519-2.c   -O1  line 17 y == 25
FAIL: gcc.dg/guality/pr54519-2.c   -O2  line 17 y == 25
FAIL: gcc.dg/guality/pr54519-2.c   -O2 -flto -fno-use-linker-plugin -flto-partition=none  line 17 y == 25
FAIL: gcc.dg/guality/pr54519-2.c   -O2 -flto -fuse-linker-plugin -fno-fat-lto-objects  line 17 y == 25
FAIL: gcc.dg/guality/pr54519-2.c   -Os  line 17 y == 25
FAIL: gcc.dg/guality/pr54519-3.c   -O1  line 20 z == 6
FAIL: gcc.dg/guality/pr54519-3.c   -O1  line 23 z == 8
FAIL: gcc.dg/guality/pr54519-3.c   -O2 -flto -fno-use-linker-plugin -flto-partition=none  line 20 y == 25
FAIL: gcc.dg/guality/pr54519-3.c   -O2 -flto -fno-use-linker-plugin -flto-partition=none  line 20 z == 6
FAIL: gcc.dg/guality/pr54519-3.c   -O2 -flto -fno-use-linker-plugin -flto-partition=none  line 23 y == 117
FAIL: gcc.dg/guality/pr54519-3.c   -O2 -flto -fno-use-linker-plugin -flto-partition=none  line 23 z == 8
FAIL: gcc.dg/guality/pr54519-3.c   -O2 -flto -fuse-linker-plugin -fno-fat-lto-objects  line 20 y == 25
FAIL: gcc.dg/guality/pr54519-3.c   -O2 -flto -fuse-linker-plugin -fno-fat-lto-objects  line 20 z == 6
FAIL: gcc.dg/guality/pr54519-3.c   -O2 -flto -fuse-linker-plugin -fno-fat-lto-objects  line 23 y == 117
FAIL: gcc.dg/guality/pr54519-3.c   -O2 -flto -fuse-linker-plugin -fno-fat-lto-objects  line 23 z == 8
FAIL: gcc.dg/guality/pr54519-4.c   -O1  line 17 y == 25
FAIL: gcc.dg/guality/pr54519-4.c   -O2 -flto -fno-use-linker-plugin -flto-partition=none  line 17 y == 25
FAIL: gcc.dg/guality/pr54519-4.c   -O2 -flto -fuse-linker-plugin -fno-fat-lto-objects  line 17 y == 25
FAIL: gcc.dg/guality/pr54519-5.c   -O1  line 17 y == 25
FAIL: gcc.dg/guality/pr54519-5.c   -O2  line 17 y == 25
FAIL: gcc.dg/guality/pr54519-5.c   -O2 -flto -fno-use-linker-plugin -flto-partition=none  line 17 y == 25
FAIL: gcc.dg/guality/pr54519-5.c   -O2 -flto -fuse-linker-plugin -fno-fat-lto-objects  line 17 y == 25
FAIL: gcc.dg/guality/pr54519-5.c   -Os  line 17 y == 25
FAIL: gcc.dg/guality/pr54551.c   -O1  line 18 a == 4
FAIL: gcc.dg/guality/pr54551.c   -O1  line 18 z == 3
FAIL: gcc.dg/guality/pr54551.c   -O2 -flto -fno-use-linker-plugin -flto-partition=none  line 18 a == 4
FAIL: gcc.dg/guality/pr54551.c   -O2 -flto -fno-use-linker-plugin -flto-partition=none  line 18 z == 3
FAIL: gcc.dg/guality/pr54693-2.c   -O2 -flto -fuse-linker-plugin -fno-fat-lto-objects  line 21 z == 30 - 3 * i
FAIL: gcc.dg/guality/pr54693-2.c   -Os  line 21 y == 20 - 2 * i
FAIL: gcc.dg/guality/pr54693-2.c   -Os  line 21 z == 30 - 3 * i
FAIL: gcc.dg/guality/pr54796.c   -O1  line 17 a == 5
FAIL: gcc.dg/guality/pr54796.c   -O1  line 17 b == 6
FAIL: gcc.dg/guality/pr54796.c   -O1  line 17 c == 5
FAIL: gcc.dg/guality/pr54796.c   -O2  line 17 a == 5
FAIL: gcc.dg/guality/pr54796.c   -O2  line 17 b == 6
FAIL: gcc.dg/guality/pr54796.c   -O2  line 17 c == 5
FAIL: gcc.dg/guality/pr54796.c   -O2 -flto -fno-use-linker-plugin -flto-partition=none  line 17 a == 5
FAIL: gcc.dg/guality/pr54796.c   -O2 -flto -fno-use-linker-plugin -flto-partition=none  line 17 b == 6
FAIL: gcc.dg/guality/pr54796.c   -O2 -flto -fno-use-linker-plugin -flto-partition=none  line 17 c == 5
FAIL: gcc.dg/guality/pr54796.c   -O2 -flto -fuse-linker-plugin -fno-fat-lto-objects  line 17 a == 5
FAIL: gcc.dg/guality/pr54796.c   -O2 -flto -fuse-linker-plugin -fno-fat-lto-objects  line 17 b == 6
FAIL: gcc.dg/guality/pr54796.c   -O2 -flto -fuse-linker-plugin -fno-fat-lto-objects  line 17 c == 5
FAIL: gcc.dg/guality/pr54796.c   -O3 -g  line 17 a == 5
FAIL: gcc.dg/guality/pr54796.c   -O3 -g  line 17 b == 6
FAIL: gcc.dg/guality/pr54796.c   -O3 -g  line 17 c == 5
FAIL: gcc.dg/guality/pr54796.c   -Os  line 17 a == 5
FAIL: gcc.dg/guality/pr54796.c   -Os  line 17 b == 6
FAIL: gcc.dg/guality/pr54796.c   -Os  line 17 c == 5
XPASS: gcc.dg/guality/pr54970.c   -O0  line 15 a[0] == 1
XPASS: gcc.dg/guality/pr54970.c   -O0  line 20 a[0] == 1
XPASS: gcc.dg/guality/pr54970.c   -O0  line 25 a[0] == 1
XPASS: gcc.dg/guality/pr54970.c   -O0  line 31 a[0] == 4
XPASS: gcc.dg/guality/pr54970.c   -O0  line 36 a[0] == 4
XPASS: gcc.dg/guality/pr54970.c   -O0  line 45 a[0] == 4
XPASS: gcc.dg/guality/pr54970.c   -O0  line 45 p[-2] == 4
XPASS: gcc.dg/guality/pr54970.c   -O0  line 45 q[-1] == 4
FAIL: gcc.dg/guality/pr68860-1.c   -O1  line 14 arg2 == 2
FAIL: gcc.dg/guality/pr68860-1.c   -O1  line 14 arg3 == 3
FAIL: gcc.dg/guality/pr68860-1.c   -O1  line 14 arg4 == 4
FAIL: gcc.dg/guality/pr68860-1.c   -O1  line 16 arg2 == 2
FAIL: gcc.dg/guality/pr68860-1.c   -O1  line 16 arg3 == 3
FAIL: gcc.dg/guality/pr68860-1.c   -O1  line 16 arg4 == 4
FAIL: gcc.dg/guality/pr68860-1.c   -O2  line 14 arg1 == 1
FAIL: gcc.dg/guality/pr68860-1.c   -O2  line 14 arg2 == 2
FAIL: gcc.dg/guality/pr68860-1.c   -O2  line 14 arg3 == 3
FAIL: gcc.dg/guality/pr68860-1.c   -O2  line 14 arg4 == 4
FAIL: gcc.dg/guality/pr68860-1.c   -O2  line 14 arg5 == 5
FAIL: gcc.dg/guality/pr68860-1.c   -O2  line 14 arg6 == 6
FAIL: gcc.dg/guality/pr68860-1.c   -O2  line 14 arg7 == 30
FAIL: gcc.dg/guality/pr68860-1.c   -O2  line 16 arg1 == 1
FAIL: gcc.dg/guality/pr68860-1.c   -O2  line 16 arg2 == 2
FAIL: gcc.dg/guality/pr68860-1.c   -O2  line 16 arg3 == 3
FAIL: gcc.dg/guality/pr68860-1.c   -O2  line 16 arg4 == 4
FAIL: gcc.dg/guality/pr68860-1.c   -O2  line 16 arg5 == 5
FAIL: gcc.dg/guality/pr68860-1.c   -O2  line 16 arg6 == 6
FAIL: gcc.dg/guality/pr68860-1.c   -O2  line 16 arg7 == 30
FAIL: gcc.dg/guality/pr68860-1.c   -O2 -flto -fno-use-linker-plugin -flto-partition=none  line 14 arg1 == 1
FAIL: gcc.dg/guality/pr68860-1.c   -O2 -flto -fno-use-linker-plugin -flto-partition=none  line 14 arg2 == 2
FAIL: gcc.dg/guality/pr68860-1.c   -O2 -flto -fno-use-linker-plugin -flto-partition=none  line 14 arg3 == 3
FAIL: gcc.dg/guality/pr68860-1.c   -O2 -flto -fno-use-linker-plugin -flto-partition=none  line 14 arg4 == 4
FAIL: gcc.dg/guality/pr68860-1.c   -O2 -flto -fno-use-linker-plugin -flto-partition=none  line 14 arg5 == 5
FAIL: gcc.dg/guality/pr68860-1.c   -O2 -flto -fno-use-linker-plugin -flto-partition=none  line 14 arg6 == 6
FAIL: gcc.dg/guality/pr68860-1.c   -O2 -flto -fno-use-linker-plugin -flto-partition=none  line 14 arg7 == 30
FAIL: gcc.dg/guality/pr68860-1.c   -O2 -flto -fno-use-linker-plugin -flto-partition=none  line 16 arg1 == 1
FAIL: gcc.dg/guality/pr68860-1.c   -O2 -flto -fno-use-linker-plugin -flto-partition=none  line 16 arg2 == 2
FAIL: gcc.dg/guality/pr68860-1.c   -O2 -flto -fno-use-linker-plugin -flto-partition=none  line 16 arg3 == 3
FAIL: gcc.dg/guality/pr68860-1.c   -O2 -flto -fno-use-linker-plugin -flto-partition=none  line 16 arg4 == 4
FAIL: gcc.dg/guality/pr68860-1.c   -O2 -flto -fno-use-linker-plugin -flto-partition=none  line 16 arg5 == 5
FAIL: gcc.dg/guality/pr68860-1.c   -O2 -flto -fno-use-linker-plugin -flto-partition=none  line 16 arg6 == 6
FAIL: gcc.dg/guality/pr68860-1.c   -O2 -flto -fno-use-linker-plugin -flto-partition=none  line 16 arg7 == 30
FAIL: gcc.dg/guality/pr68860-1.c   -O2 -flto -fuse-linker-plugin -fno-fat-lto-objects  line 14 arg1 == 1
FAIL: gcc.dg/guality/pr68860-1.c   -O2 -flto -fuse-linker-plugin -fno-fat-lto-objects  line 14 arg2 == 2
FAIL: gcc.dg/guality/pr68860-1.c   -O2 -flto -fuse-linker-plugin -fno-fat-lto-objects  line 14 arg3 == 3
FAIL: gcc.dg/guality/pr68860-1.c   -O2 -flto -fuse-linker-plugin -fno-fat-lto-objects  line 14 arg4 == 4
FAIL: gcc.dg/guality/pr68860-1.c   -O2 -flto -fuse-linker-plugin -fno-fat-lto-objects  line 14 arg5 == 5
FAIL: gcc.dg/guality/pr68860-1.c   -O2 -flto -fuse-linker-plugin -fno-fat-lto-objects  line 14 arg6 == 6
FAIL: gcc.dg/guality/pr68860-1.c   -O2 -flto -fuse-linker-plugin -fno-fat-lto-objects  line 14 arg7 == 30
FAIL: gcc.dg/guality/pr68860-1.c   -O2 -flto -fuse-linker-plugin -fno-fat-lto-objects  line 16 arg1 == 1
FAIL: gcc.dg/guality/pr68860-1.c   -O2 -flto -fuse-linker-plugin -fno-fat-lto-objects  line 16 arg2 == 2
FAIL: gcc.dg/guality/pr68860-1.c   -O2 -flto -fuse-linker-plugin -fno-fat-lto-objects  line 16 arg3 == 3
FAIL: gcc.dg/guality/pr68860-1.c   -O2 -flto -fuse-linker-plugin -fno-fat-lto-objects  line 16 arg4 == 4
FAIL: gcc.dg/guality/pr68860-1.c   -O2 -flto -fuse-linker-plugin -fno-fat-lto-objects  line 16 arg5 == 5
FAIL: gcc.dg/guality/pr68860-1.c   -O2 -flto -fuse-linker-plugin -fno-fat-lto-objects  line 16 arg6 == 6
FAIL: gcc.dg/guality/pr68860-1.c   -O2 -flto -fuse-linker-plugin -fno-fat-lto-objects  line 16 arg7 == 30
FAIL: gcc.dg/guality/pr68860-1.c   -O3 -g  line 14 arg1 == 1
FAIL: gcc.dg/guality/pr68860-1.c   -O3 -g  line 14 arg2 == 2
FAIL: gcc.dg/guality/pr68860-1.c   -O3 -g  line 14 arg3 == 3
FAIL: gcc.dg/guality/pr68860-1.c   -O3 -g  line 14 arg4 == 4
FAIL: gcc.dg/guality/pr68860-1.c   -O3 -g  line 14 arg5 == 5
FAIL: gcc.dg/guality/pr68860-1.c   -O3 -g  line 14 arg6 == 6
FAIL: gcc.dg/guality/pr68860-1.c   -O3 -g  line 14 arg7 == 30
FAIL: gcc.dg/guality/pr68860-1.c   -O3 -g  line 16 arg1 == 1
FAIL: gcc.dg/guality/pr68860-1.c   -O3 -g  line 16 arg2 == 2
FAIL: gcc.dg/guality/pr68860-1.c   -O3 -g  line 16 arg3 == 3
FAIL: gcc.dg/guality/pr68860-1.c   -O3 -g  line 16 arg4 == 4
FAIL: gcc.dg/guality/pr68860-1.c   -O3 -g  line 16 arg5 == 5
FAIL: gcc.dg/guality/pr68860-1.c   -O3 -g  line 16 arg6 == 6
FAIL: gcc.dg/guality/pr68860-1.c   -O3 -g  line 16 arg7 == 30
FAIL: gcc.dg/guality/pr68860-1.c   -Os  line 14 arg1 == 1
FAIL: gcc.dg/guality/pr68860-1.c   -Os  line 14 arg2 == 2
FAIL: gcc.dg/guality/pr68860-1.c   -Os  line 14 arg3 == 3
FAIL: gcc.dg/guality/pr68860-1.c   -Os  line 14 arg4 == 4
FAIL: gcc.dg/guality/pr68860-1.c   -Os  line 14 arg5 == 5
FAIL: gcc.dg/guality/pr68860-1.c   -Os  line 14 arg6 == 6
FAIL: gcc.dg/guality/pr68860-1.c   -Os  line 14 arg7 == 30
FAIL: gcc.dg/guality/pr68860-1.c   -Os  line 16 arg1 == 1
FAIL: gcc.dg/guality/pr68860-1.c   -Os  line 16 arg2 == 2
FAIL: gcc.dg/guality/pr68860-1.c   -Os  line 16 arg3 == 3
FAIL: gcc.dg/guality/pr68860-1.c   -Os  line 16 arg4 == 4
FAIL: gcc.dg/guality/pr68860-1.c   -Os  line 16 arg5 == 5
FAIL: gcc.dg/guality/pr68860-1.c   -Os  line 16 arg6 == 6
FAIL: gcc.dg/guality/pr68860-1.c   -Os  line 16 arg7 == 30
FAIL: gcc.dg/guality/pr68860-2.c   -O1  line 14 arg2 == 2
FAIL: gcc.dg/guality/pr68860-2.c   -O1  line 14 arg3 == 3
FAIL: gcc.dg/guality/pr68860-2.c   -O1  line 14 arg4 == 4
FAIL: gcc.dg/guality/pr68860-2.c   -O1  line 16 arg2 == 2
FAIL: gcc.dg/guality/pr68860-2.c   -O1  line 16 arg3 == 3
FAIL: gcc.dg/guality/pr68860-2.c   -O1  line 16 arg4 == 4
FAIL: gcc.dg/guality/pr68860-2.c   -O2  line 14 arg1 == 1
FAIL: gcc.dg/guality/pr68860-2.c   -O2  line 14 arg2 == 2
FAIL: gcc.dg/guality/pr68860-2.c   -O2  line 14 arg3 == 3
FAIL: gcc.dg/guality/pr68860-2.c   -O2  line 14 arg4 == 4
FAIL: gcc.dg/guality/pr68860-2.c   -O2  line 16 arg1 == 1
FAIL: gcc.dg/guality/pr68860-2.c   -O2  line 16 arg2 == 2
FAIL: gcc.dg/guality/pr68860-2.c   -O2  line 16 arg3 == 3
FAIL: gcc.dg/guality/pr68860-2.c   -O2  line 16 arg4 == 4
FAIL: gcc.dg/guality/pr68860-2.c   -O2 -flto -fno-use-linker-plugin -flto-partition=none  line 14 arg1 == 1
FAIL: gcc.dg/guality/pr68860-2.c   -O2 -flto -fno-use-linker-plugin -flto-partition=none  line 14 arg2 == 2
FAIL: gcc.dg/guality/pr68860-2.c   -O2 -flto -fno-use-linker-plugin -flto-partition=none  line 14 arg3 == 3
FAIL: gcc.dg/guality/pr68860-2.c   -O2 -flto -fno-use-linker-plugin -flto-partition=none  line 14 arg4 == 4
FAIL: gcc.dg/guality/pr68860-2.c   -O2 -flto -fno-use-linker-plugin -flto-partition=none  line 16 arg1 == 1
FAIL: gcc.dg/guality/pr68860-2.c   -O2 -flto -fno-use-linker-plugin -flto-partition=none  line 16 arg2 == 2
FAIL: gcc.dg/guality/pr68860-2.c   -O2 -flto -fno-use-linker-plugin -flto-partition=none  line 16 arg3 == 3
FAIL: gcc.dg/guality/pr68860-2.c   -O2 -flto -fno-use-linker-plugin -flto-partition=none  line 16 arg4 == 4
FAIL: gcc.dg/guality/pr68860-2.c   -O2 -flto -fuse-linker-plugin -fno-fat-lto-objects  line 14 arg1 == 1
FAIL: gcc.dg/guality/pr68860-2.c   -O2 -flto -fuse-linker-plugin -fno-fat-lto-objects  line 14 arg2 == 2
FAIL: gcc.dg/guality/pr68860-2.c   -O2 -flto -fuse-linker-plugin -fno-fat-lto-objects  line 14 arg3 == 3
FAIL: gcc.dg/guality/pr68860-2.c   -O2 -flto -fuse-linker-plugin -fno-fat-lto-objects  line 14 arg4 == 4
FAIL: gcc.dg/guality/pr68860-2.c   -O2 -flto -fuse-linker-plugin -fno-fat-lto-objects  line 14 arg5 == 5
FAIL: gcc.dg/guality/pr68860-2.c   -O2 -flto -fuse-linker-plugin -fno-fat-lto-objects  line 14 arg6 == 6
FAIL: gcc.dg/guality/pr68860-2.c   -O2 -flto -fuse-linker-plugin -fno-fat-lto-objects  line 14 arg7 == 30
FAIL: gcc.dg/guality/pr68860-2.c   -O2 -flto -fuse-linker-plugin -fno-fat-lto-objects  line 16 arg1 == 1
FAIL: gcc.dg/guality/pr68860-2.c   -O2 -flto -fuse-linker-plugin -fno-fat-lto-objects  line 16 arg2 == 2
FAIL: gcc.dg/guality/pr68860-2.c   -O2 -flto -fuse-linker-plugin -fno-fat-lto-objects  line 16 arg3 == 3
FAIL: gcc.dg/guality/pr68860-2.c   -O2 -flto -fuse-linker-plugin -fno-fat-lto-objects  line 16 arg4 == 4
FAIL: gcc.dg/guality/pr68860-2.c   -O2 -flto -fuse-linker-plugin -fno-fat-lto-objects  line 16 arg5 == 5
FAIL: gcc.dg/guality/pr68860-2.c   -O2 -flto -fuse-linker-plugin -fno-fat-lto-objects  line 16 arg6 == 6
FAIL: gcc.dg/guality/pr68860-2.c   -O2 -flto -fuse-linker-plugin -fno-fat-lto-objects  line 16 arg7 == 30
FAIL: gcc.dg/guality/pr68860-2.c   -O3 -g  line 14 arg1 == 1
FAIL: gcc.dg/guality/pr68860-2.c   -O3 -g  line 14 arg2 == 2
FAIL: gcc.dg/guality/pr68860-2.c   -O3 -g  line 14 arg3 == 3
FAIL: gcc.dg/guality/pr68860-2.c   -O3 -g  line 14 arg4 == 4
FAIL: gcc.dg/guality/pr68860-2.c   -O3 -g  line 14 arg5 == 5
FAIL: gcc.dg/guality/pr68860-2.c   -O3 -g  line 14 arg6 == 6
FAIL: gcc.dg/guality/pr68860-2.c   -O3 -g  line 14 arg7 == 30
FAIL: gcc.dg/guality/pr68860-2.c   -O3 -g  line 16 arg1 == 1
FAIL: gcc.dg/guality/pr68860-2.c   -O3 -g  line 16 arg2 == 2
FAIL: gcc.dg/guality/pr68860-2.c   -O3 -g  line 16 arg3 == 3
FAIL: gcc.dg/guality/pr68860-2.c   -O3 -g  line 16 arg4 == 4
FAIL: gcc.dg/guality/pr68860-2.c   -O3 -g  line 16 arg5 == 5
FAIL: gcc.dg/guality/pr68860-2.c   -O3 -g  line 16 arg6 == 6
FAIL: gcc.dg/guality/pr68860-2.c   -O3 -g  line 16 arg7 == 30
FAIL: gcc.dg/guality/pr68860-2.c   -Os  line 14 arg2 == 2
FAIL: gcc.dg/guality/pr68860-2.c   -Os  line 14 arg3 == 3
FAIL: gcc.dg/guality/pr68860-2.c   -Os  line 14 arg4 == 4
FAIL: gcc.dg/guality/pr68860-2.c   -Os  line 16 arg2 == 2
FAIL: gcc.dg/guality/pr68860-2.c   -Os  line 16 arg3 == 3
FAIL: gcc.dg/guality/pr68860-2.c   -Os  line 16 arg4 == 4
FAIL: gcc.dg/guality/sra-1.c   -O2 -flto -fno-use-linker-plugin -flto-partition=none  line 43 a.j == 14
FAIL: gcc.dg/guality/vla-1.c   -O1  line 17 sizeof (a) == 6
FAIL: gcc.dg/guality/vla-1.c   -O2  line 17 sizeof (a) == 6
FAIL: gcc.dg/guality/vla-1.c   -O2  line 24 sizeof (a) == 17 * sizeof (short)
FAIL: gcc.dg/guality/vla-1.c   -O2 -flto -fno-use-linker-plugin -flto-partition=none  line 17 sizeof (a) == 6
FAIL: gcc.dg/guality/vla-1.c   -O2 -flto -fno-use-linker-plugin -flto-partition=none  line 24 sizeof (a) == 17 * sizeof (short)
FAIL: gcc.dg/guality/vla-1.c   -O2 -flto -fuse-linker-plugin -fno-fat-lto-objects  line 17 i == 5
FAIL: gcc.dg/guality/vla-1.c   -O2 -flto -fuse-linker-plugin -fno-fat-lto-objects  line 17 sizeof (a) == 6
FAIL: gcc.dg/guality/vla-1.c   -O2 -flto -fuse-linker-plugin -fno-fat-lto-objects  line 24 sizeof (a) == 17 * sizeof (short)
FAIL: gcc.dg/guality/vla-1.c   -O3 -g  line 17 i == 5
FAIL: gcc.dg/guality/vla-1.c   -O3 -g  line 17 sizeof (a) == 6
FAIL: gcc.dg/guality/vla-1.c   -O3 -g  line 24 sizeof (a) == 17 * sizeof (short)
FAIL: gcc.dg/guality/vla-1.c   -Os  line 17 sizeof (a) == 6
FAIL: gcc.dg/tree-ssa/builtin-sprintf-warn-18.c  (test for warnings, line 119)
FAIL: gcc.dg/tree-ssa/builtin-sprintf-warn-18.c  (test for warnings, line 121)
FAIL: gcc.dg/tree-ssa/gen-vect-26.c scan-tree-dump-times vect "Alignment of access forced using peeling" 1
FAIL: gcc.dg/tree-ssa/gen-vect-26.c scan-tree-dump-times vect "Vectorizing an unaligned access" 0
FAIL: gcc.dg/tree-ssa/gen-vect-28.c scan-tree-dump-times vect "Alignment of access forced using peeling" 1
FAIL: gcc.dg/tree-ssa/gen-vect-28.c scan-tree-dump-times vect "Vectorizing an unaligned access" 0
UNRESOLVED: gcc.target/aarch64/advsimd-intrinsics/vld1x2.c   -O0  compilation failed to produce executable
UNRESOLVED: gcc.target/aarch64/advsimd-intrinsics/vld1x2.c   -O1  compilation failed to produce executable
UNRESOLVED: gcc.target/aarch64/advsimd-intrinsics/vld1x2.c   -O2  compilation failed to produce executable
UNRESOLVED: gcc.target/aarch64/advsimd-intrinsics/vld1x2.c   -O2 -flto -fno-use-linker-plugin -flto-partition=none  compilation failed to produce executable
UNRESOLVED: gcc.target/aarch64/advsimd-intrinsics/vld1x2.c   -O2 -flto -fuse-linker-plugin -fno-fat-lto-objects  compilation failed to produce executable
UNRESOLVED: gcc.target/aarch64/advsimd-intrinsics/vld1x2.c   -O3 -fomit-frame-pointer -funroll-loops -fpeel-loops -ftracer -finline-functions  compilation failed to produce executable
UNRESOLVED: gcc.target/aarch64/advsimd-intrinsics/vld1x2.c   -O3 -g  compilation failed to produce executable
UNRESOLVED: gcc.target/aarch64/advsimd-intrinsics/vld1x2.c   -Og -g  compilation failed to produce executable
UNRESOLVED: gcc.target/aarch64/advsimd-intrinsics/vld1x2.c   -Os  compilation failed to produce executable
FAIL: gcc.target/arm/eliminate.c scan-assembler-times r0,[\\\\t ]*sp 3
FAIL: gcc.target/arm/lp1243022.c scan-rtl-dump subreg2 "REG_INC"
FAIL: gcc.target/arm/pr43404.c  (test for errors, line 8)
FAIL: gcc.target/arm/pr43920-2.c scan-assembler-times pop 2
FAIL: gcc.target/arm/pr48470.c  (test for errors, line 9)
FAIL: gcc.target/arm/pr64744-1.c  (test for errors, line 14)
FAIL: gcc.target/arm/pr64744-1.c  (test for errors, line 16)
FAIL: gcc.target/arm/pr64744-1.c  (test for errors, line 17)
FAIL: gcc.target/arm/pr64744-1.c  (test for errors, line 23)
FAIL: gcc.target/arm/pr64744-1.c  (test for errors, line 24)
FAIL: gcc.target/arm/pr64744-1.c  (test for errors, line 25)
FAIL: gcc.target/arm/pr64744-1.c  (test for errors, line 30)
FAIL: gcc.target/arm/pr64744-1.c  (test for errors, line 34)
FAIL: gcc.target/arm/pr64744-1.c  (test for errors, line 39)
FAIL: gcc.target/arm/pr64744-2.c  (test for errors, line 12)
FAIL: gcc.target/arm/lto/pr61123-enum-size c_lto_pr61123-enum-size_0.o-c_lto_pr61123-enum-size_1.o link,  -fno-short-enums -Wl,-Ur,--no-enum-size-warning -Os -nostdlib -flto 
UNRESOLVED: object-readelf Tag_ABI_enum_size 
FAIL: gcc.target/arm/simd/vdot-compile.c (test for excess errors)
UNRESOLVED: gcc.target/arm/simd/vdot-compile.c scan-assembler-times v[us]dot\\\\.[us]8\\\\td[0-9]+, d[0-9]+, d[0-9]+ 4
UNRESOLVED: gcc.target/arm/simd/vdot-compile.c scan-assembler-times v[us]dot\\\\.[us]8\\\\td[0-9]+, d[0-9]+, d[0-9]+\\\\[#?[0-9]\\\\] 2
UNRESOLVED: gcc.target/arm/simd/vdot-compile.c scan-assembler-times v[us]dot\\\\.[us]8\\\\tq[0-9]+, q[0-9]+, d[0-9]+\\\\[#?[0-9]\\\\] 2
UNRESOLVED: gcc.target/arm/simd/vdot-compile.c scan-assembler-times v[us]dot\\\\.[us]8\\\\tq[0-9]+, q[0-9]+, q[0-9]+ 2

		=== gcc Summary for unix/-fstack-protector ===

# of expected passes		117130
# of unexpected failures	515
# of unexpected successes	24
# of expected failures		374
# of unresolved testcases	14
# of unsupported tests		5922

		=== gcc Summary ===

# of expected passes		234279
# of unexpected failures	1011
# of unexpected successes	48
# of expected failures		748
# of unresolved testcases	28
# of unsupported tests		11844
/build/gcc-8-V7EemA/gcc-8-8.3.0/build/gcc/xgcc  version 8.3.0 (Debian 8.3.0-12) 

		=== gfortran tests ===


Running target unix
FAIL: gfortran.dg/elemental_subroutine_3.f90   -O1  (test for excess errors)
FAIL: gfortran.dg/elemental_subroutine_3.f90   -O2  (test for excess errors)
FAIL: gfortran.dg/elemental_subroutine_3.f90   -O3 -fomit-frame-pointer -funroll-loops -fpeel-loops -ftracer -finline-functions  (test for excess errors)
FAIL: gfortran.dg/elemental_subroutine_3.f90   -O3 -g  (test for excess errors)
FAIL: gfortran.dg/elemental_subroutine_3.f90   -Os  (test for excess errors)
FAIL: gfortran.dg/ieee/ieee_6.f90   -O0  execution test
FAIL: gfortran.dg/ieee/ieee_6.f90   -O1  execution test
FAIL: gfortran.dg/ieee/ieee_6.f90   -O2  execution test
FAIL: gfortran.dg/ieee/ieee_6.f90   -O3 -fomit-frame-pointer -funroll-loops -fpeel-loops -ftracer -finline-functions  execution test
FAIL: gfortran.dg/ieee/ieee_6.f90   -O3 -g  execution test
FAIL: gfortran.dg/ieee/ieee_6.f90   -Os  execution test
XPASS: gfortran.dg/ieee/ieee_8.f90   -O0  execution test
XPASS: gfortran.dg/ieee/ieee_8.f90   -O1  execution test
XPASS: gfortran.dg/ieee/ieee_8.f90   -O2  execution test
XPASS: gfortran.dg/ieee/ieee_8.f90   -O3 -fomit-frame-pointer -funroll-loops -fpeel-loops -ftracer -finline-functions  execution test
XPASS: gfortran.dg/ieee/ieee_8.f90   -O3 -g  execution test
XPASS: gfortran.dg/ieee/ieee_8.f90   -Os  execution test

		=== gfortran Summary for unix ===

# of expected passes		46930
# of unexpected failures	11
# of unexpected successes	6
# of expected failures		92
# of unsupported tests		391

Running target unix/-fstack-protector
FAIL: gfortran.dg/elemental_subroutine_3.f90   -O1  (test for excess errors)
FAIL: gfortran.dg/elemental_subroutine_3.f90   -O2  (test for excess errors)
FAIL: gfortran.dg/elemental_subroutine_3.f90   -O3 -fomit-frame-pointer -funroll-loops -fpeel-loops -ftracer -finline-functions  (test for excess errors)
FAIL: gfortran.dg/elemental_subroutine_3.f90   -O3 -g  (test for excess errors)
FAIL: gfortran.dg/elemental_subroutine_3.f90   -Os  (test for excess errors)
FAIL: gfortran.dg/ieee/ieee_6.f90   -O0  execution test
FAIL: gfortran.dg/ieee/ieee_6.f90   -O1  execution test
FAIL: gfortran.dg/ieee/ieee_6.f90   -O2  execution test
FAIL: gfortran.dg/ieee/ieee_6.f90   -O3 -fomit-frame-pointer -funroll-loops -fpeel-loops -ftracer -finline-functions  execution test
FAIL: gfortran.dg/ieee/ieee_6.f90   -O3 -g  execution test
FAIL: gfortran.dg/ieee/ieee_6.f90   -Os  execution test
XPASS: gfortran.dg/ieee/ieee_8.f90   -O0  execution test
XPASS: gfortran.dg/ieee/ieee_8.f90   -O1  execution test
XPASS: gfortran.dg/ieee/ieee_8.f90   -O2  execution test
XPASS: gfortran.dg/ieee/ieee_8.f90   -O3 -fomit-frame-pointer -funroll-loops -fpeel-loops -ftracer -finline-functions  execution test
XPASS: gfortran.dg/ieee/ieee_8.f90   -O3 -g  execution test
XPASS: gfortran.dg/ieee/ieee_8.f90   -Os  execution test

		=== gfortran Summary for unix/-fstack-protector ===

# of expected passes		46930
# of unexpected failures	11
# of unexpected successes	6
# of expected failures		92
# of unsupported tests		391

		=== gfortran Summary ===

# of expected passes		93860
# of unexpected failures	22
# of unexpected successes	12
# of expected failures		184
# of unsupported tests		782
/build/gcc-8-V7EemA/gcc-8-8.3.0/build/gcc/gfortran  version 8.3.0 (Debian 8.3.0-12) 

		=== gnat tests ===


Running target unix
FAIL: gnat.dg/lto8.adb execution test
WARNING: program timed out.

		=== gnat Summary for unix ===

# of expected passes		2681
# of unexpected failures	1
# of expected failures		24
# of unsupported tests		21

Running target unix/-fstack-protector
FAIL: gnat.dg/lto8.adb execution test
WARNING: program timed out.

		=== gnat Summary for unix/-fstack-protector ===

# of expected passes		2681
# of unexpected failures	1
# of expected failures		24
# of unsupported tests		21

		=== gnat Summary ===

# of expected passes		5362
# of unexpected failures	2
# of expected failures		48
# of unsupported tests		42
/build/gcc-8-V7EemA/gcc-8-8.3.0/build/gcc/gnatmake version 8.3.0

		=== go tests ===


Running target unix

		=== go Summary for unix ===

# of expected passes		518
# of untested testcases		834

Running target unix/-fstack-protector

		=== go Summary for unix/-fstack-protector ===

# of expected passes		518
# of untested testcases		834

		=== go Summary ===

# of expected passes		1036
# of untested testcases		1668
/build/gcc-8-V7EemA/gcc-8-8.3.0/build/gcc/gccgo  version 8.3.0 (Debian 8.3.0-12) 

		=== obj-c++ tests ===


Running target unix

		=== obj-c++ Summary for unix ===

# of expected passes		1464
# of expected failures		2
# of unsupported tests		77

Running target unix/-fstack-protector

		=== obj-c++ Summary for unix/-fstack-protector ===

# of expected passes		1464
# of expected failures		2
# of unsupported tests		77

		=== obj-c++ Summary ===

# of expected passes		2928
# of expected failures		4
# of unsupported tests		154
/build/gcc-8-V7EemA/gcc-8-8.3.0/build/gcc/xg++  version 8.3.0 (Debian 8.3.0-12) 

		=== objc tests ===


Running target unix

		=== objc Summary for unix ===

# of expected passes		2803
# of unsupported tests		68

Running target unix/-fstack-protector

		=== objc Summary for unix/-fstack-protector ===

# of expected passes		2803
# of unsupported tests		68

		=== objc Summary ===

# of expected passes		5606
# of unsupported tests		136
/build/gcc-8-V7EemA/gcc-8-8.3.0/build/gcc/xgcc  version 8.3.0 (Debian 8.3.0-12) 

		=== gotools tests ===

FAIL: go test runtime
FAIL: TestEarlySignalHandler
FAIL: go test misc/cgo/testcarchive

		=== gotools Summary ===
# of expected passes		92
# of unexpected failures	3
# of untested testcases		277
/build/gcc-8-V7EemA/gcc-8-8.3.0/build/./gcc/gccgo version 8.3.0 (Debian 8.3.0-12)

Compiler version: 8.3.0 (Debian 8.3.0-12) 
Platform: arm-unknown-linux-gnueabihf
configure flags: -v --with-pkgversion='Debian 8.3.0-12' --with-bugurl=file:///usr/share/doc/gcc-8/README.Bugs --enable-languages=c,ada,c++,go,d,fortran,objc,obj-c++ --prefix=/usr --with-gcc-major-version-only --program-suffix=-8 --program-prefix=arm-linux-gnueabihf- --enable-shared --enable-linker-build-id --libexecdir=/usr/lib --without-included-gettext --enable-threads=posix --libdir=/usr/lib --enable-nls --enable-bootstrap --enable-clocale=gnu --enable-libstdcxx-debug --enable-libstdcxx-time=yes --with-default-libstdcxx-abi=new --enable-gnu-unique-object --disable-libitm --disable-libquadmath --disable-libquadmath-support --enable-plugin --enable-default-pie --with-system-zlib --with-target-system-zlib --enable-objc-gc=auto --enable-multiarch --disable-sjlj-exceptions --with-arch=armv7-a --with-fpu=vfpv3-d16 --with-float=hard --with-mode=thumb --disable-werror --enable-checking=release --build=arm-linux-gnueabihf --host=arm-linux-gnueabihf --target=arm-linux-gnueabihf
BOOT_CFLAGS=


Build Dependencies:
Desired=Unknown/Install/Remove/Purge/Hold
| Status=Not/Inst/Conf-files/Unpacked/halF-conf/Half-inst/trig-aWait/Trig-pend
|/ Err?=(none)/Reinst-required (Status,Err: uppercase=bad)
||/ Name                         Version        Architecture Description
+++-============================-==============-============-===============================================================================
ii  binutils                     2.31.1-16      armhf        GNU assembler, linker and binary utilities
ii  binutils-arm-linux-gnueabihf 2.31.1-16      armhf        GNU binary utilities, for arm-linux-gnueabihf target
ii  binutils-common:armhf        2.31.1-16      armhf        Common files for the GNU assembler, linker and binary utilities
ii  g++-8                        8.3.0-7        armhf        GNU C++ compiler
ii  libc6:armhf                  2.28-10        armhf        GNU C Library: Shared libraries
ii  libgmp-dev:armhf             2:6.1.2+dfsg-4 armhf        Multiprecision arithmetic library developers tools
ii  libisl-dev:armhf             0.20-2         armhf        manipulating sets and relations of integer points bounded by linear constraints
ii  libmpc-dev:armhf             1.1.0-1        armhf        multiple precision complex floating-point library development package
ii  libmpfr-dev:armhf            4.0.2-1        armhf        multiple precision floating-point computation developers tools


svn-updates:
  updates from the 8 branch upto 20190506 (r270919).

gcc-gfdl-build:
  Build a dummy s-tm-texi without access to the texinfo sources

gcc-textdomain:
  Set gettext's domain and textdomain to the versioned package name.

gcc-distro-specs:
  Add empty distro and hardening specs

gcc-driver-extra-langs:
  Add options and specs for languages that are not built from a source
  (but built from separate sources).

gcc-hash-style-gnu:
  Link using --hash-style=gnu (aarch64, alpha, amd64, armel, armhf, ia64,
  i386, powerpc, ppc64, riscv64, s390, sparc)

libstdc++-pic:
  Build and install libstdc++_pic.a library.

libstdc++-doclink:
  adjust hrefs to point to the local documentation

libstdc++-man-3cxx:
  Install libstdc++ man pages with suffix .3cxx instead of .3

libstdc++-test-installed:
  Add support to run the libstdc++-v3 testsuite using the
  installed shared libraries.

alpha-no-ev4-directive:
  never emit .ev4 directive.

note-gnu-stack:
  Add .note.GNU-stack sections for gcc's crt files, libffi and boehm-gc
  Taken from FC.

libgomp-omp_h-multilib:
  Fix up omp.h for multilibs.

libgo-testsuite:
  Only run the libgo testsuite for flags configured in RUNTESTFLAGS

libgo-cleanfiles:

gcc-target-include-asm:
  Search \$(builddir)/sys-include for the asm header files

libgo-revert-timeout-exp:

libgo-setcontext-config:
  libgo: Overwrite the setcontext_clobbers_tls check on mips*

gcc-auto-build:
  Fix cross building a native compiler.

kfreebsd-unwind:
  DWARF2 EH unwinding support for AMD x86-64 and x86 KFreeBSD.

libitm-no-fortify-source:
  Build libitm with -U_FORTIFY_SOURCE on x86 and x86_64.

sparc64-biarch-long-double-128:
  Fix --with-long-double-128 for sparc32 when defaulting to 64-bit.

pr66368:
  PR go/66368, build libgo with -fno-stack-protector

pr67590:
  Fix PR67590, setting objdump macro.

libjit-ldflags:

libffi-pax:

libffi-race-condition:

gcc-foffload-default:
  Allow setting offload targets by OFFLOAD_TARGET_DEFAULT

gcc-fuse-ld-lld:
  Allow to use lld with -fuse-ld=ld.lld

cuda-float128:

libffi-mipsen-r6:
  libffi: mips/n32.S: disable .set mips4 on mips r6

t-libunwind-elf-Wl-z-defs:
  strip -z,defs from linker options for internal libunwind.

gcc-alpha-bs-ignore:
  Ignore bootstrap comparison failures in gcc/d on alpha

libffi-riscv:
  Backport RISC-V support, taken from libffi commit 3840d49aaa

libffi-riscv64-go:
  libffi: RISC-V go closures

gcc-force-cross-layout:
  Add FORCE_CROSS_LAYOUT env var to force a cross directory layout.

kfreebsd-decimal-float:
  Enable decimal float support on kfreebsd-amd64

powerpcspe_remove_many:
  Subject: [PATCH] remove -many on __SPE__ target
  this helps to to detect opcodes which are not part of the current
  CPU because without -many gas won't touch them. This currently could
  break the kernel build as the 603 on steroids cpus use performance
  counter opcodes which are not available on the steroid less 603 core.

ia64-disable-selective-scheduling:

pr87808:
  Fix PR jit/87808.

pr88419-revert:
  Revert the fix for PC c++/88419, causing PR c++/89906.

pr90050:
  Fix PR c++/90050, always link with libstdc++fs.a

gcc-as-needed-push-pop:

ada-arm:

ada-gcc-name:

ada-verbose:

ada-link-lib:

ada-libgnatvsn:
  - Introduce a new shared library named libgnatvsn, containing
  common components of GNAT under the GNAT-Modified GPL, for
  use in GNAT tools, ASIS, GLADE and GPS.   Link the gnat tools
  against this new library.

ada-gnattools-cross:
  - When building a cross gnat, link against the libgnatvsnBV-dev
  package.
  This link will be done by /usr/bin/\$(host_alias)-gnat*, thus
  the native gnat with the same major version will be required.

ada-tools-move-ldflags:

ada-sjlj:

ada-lib-info-source-date-epoch:

ada-armel-libatomic:

ada-kfreebsd:

ada-drop-termio-h:

ada-749574:

ada-lib-info-file-prefix-map:

ada-perl-shebang:
  Fix perl shebang for the gnathtml binary.

gdc-8:
  This implements D language support in the GCC back end, and adds
  relevant documentation about the GDC front end (code part).

gdc-targetdm:

gdc-updates:
  gdc updates up to 20160115.

libphobos-zlib:
  Build zlib in any case to have a fall back for missing libz multilibs

gdc-frontend-posix:
  Fix build of the D frontend on the Hurd and KFreeBSD.

gdc-profiledbuild:
  Don't build gdc build tools idgen and impcnvgen with profiling flags

gdc-sparc-fix:
  Fix gdc build on sparc.

gdc-shared-by-default:
  Link with the shared libphobos library by default.

gdc-cross-build:
  Build idgen.dmdgen.o with the build compiler

gdc-texinfo:
  Add macros for the gdc texinfo documentation.

gdc-libphobos-build:
  This implements building of libphobos library in GCC.

disable-gdc-tests:
  Disable D tests, hang on many buildds

sys-auxv-header:
  Check for the sys/auxv.h header file.

arm-multilib-defaults:
  Set MULTILIB_DEFAULTS for ARM multilib builds

gcc-ice-dump:
  For ICEs, dump the preprocessed source file to stderr
  when in a distro build environment.

gcc-ice-apport:
  Report an ICE to apport (if apport is available
  and the environment variable GCC_NOAPPORT is not set)

skip-bootstrap-multilib:
  Skip non-default multilib and libstdc++-v3 debug builds in bootstrap builds

libffi-ro-eh_frame_sect:
  PR libffi/47248, force a read only eh frame section.

libffi-mips:
  Backport Mips go closure support, taken from libffi issue #197.

gcc-multiarch:
  - Remaining multiarch patches, not yet submitted upstream.
  - Add MULTIARCH_DIRNAME definitions for multilib configurations,
  which are used for the non-multilib builds.

config-ml:
  - Disable some biarch libraries for biarch builds.
  - Fix multilib builds on kernels which don't support all multilibs.

g++-multiarch-incdir:
  Use /usr/include/<multiarch>/c++/4.x as the include directory
  for host dependent c++ header files.

canonical-cpppath:
  Don't use any relative path names for the standard include paths.

gcc-multilib-multiarch:
  Don't auto-detect multilib osdirnames.

libgomp-kfreebsd-testsuite:
  Disable lock-2.c test on kfreebsd-*

go-testsuite:
  Skip Go testcase on AArch64 which hangs on the buildds.

ada-changes-in-autogen-output:

Counting all warnings,
there are 0 warnings in stage3 of this bootstrap.

Number of warnings per file:

Number of warning types:


Index Nav: [Date Index] [Subject Index] [Author Index] [Thread Index]
Message Nav: [Date Prev] [Date Next] [Thread Prev] [Thread Next]