This is the mail archive of the gcc-testresults@gcc.gnu.org mailing list for the GCC project.


Index Nav: [Date Index] [Subject Index] [Author Index] [Thread Index]
Message Nav: [Date Prev] [Date Next] [Thread Prev] [Thread Next]
Other format: [Raw text]

Results for 10.0.0 20190507 (experimental) [trunk revision 270933] (GCC) testsuite on x86_64-pc-linux-gnu


Native configuration is x86_64-pc-linux-gnu

		=== gcc tests ===


Running target unix
FAIL: gcc.dg/stack-layout-dynamic-1.c scan-assembler-not cfi_def_cfa_register
FAIL: gcc.dg/graphite/interchange-3.c scan-tree-dump graphite "tiled"
FAIL: gcc.dg/graphite/interchange-7.c scan-tree-dump graphite "tiled"
FAIL: gcc.dg/graphite/interchange-9.c scan-tree-dump graphite "tiled"
FAIL: gcc.dg/graphite/uns-interchange-9.c scan-tree-dump graphite "tiled"
XPASS: gcc.dg/guality/example.c   -O0  execution test
XPASS: gcc.dg/guality/example.c   -O1  -DPREVENT_OPTIMIZATION  execution test
XPASS: gcc.dg/guality/example.c   -O2  -DPREVENT_OPTIMIZATION  execution test
XPASS: gcc.dg/guality/example.c   -O2 -flto -fno-use-linker-plugin -flto-partition=none  -DPREVENT_OPTIMIZATION execution test
XPASS: gcc.dg/guality/example.c  -Og -DPREVENT_OPTIMIZATION  execution test
XPASS: gcc.dg/guality/guality.c   -O0  execution test
XPASS: gcc.dg/guality/guality.c   -O1  -DPREVENT_OPTIMIZATION  execution test
XPASS: gcc.dg/guality/guality.c   -O2  -DPREVENT_OPTIMIZATION  execution test
XPASS: gcc.dg/guality/guality.c   -O2 -flto -fno-use-linker-plugin -flto-partition=none  -DPREVENT_OPTIMIZATION execution test
XPASS: gcc.dg/guality/guality.c   -O2 -flto -fuse-linker-plugin -fno-fat-lto-objects  -DPREVENT_OPTIMIZATION execution test
XPASS: gcc.dg/guality/guality.c   -O3 -g  -DPREVENT_OPTIMIZATION  execution test
XPASS: gcc.dg/guality/guality.c   -Os  -DPREVENT_OPTIMIZATION  execution test
XPASS: gcc.dg/guality/guality.c  -Og -DPREVENT_OPTIMIZATION  execution test
XPASS: gcc.dg/guality/inline-params.c   -O2  -DPREVENT_OPTIMIZATION  execution test
XPASS: gcc.dg/guality/inline-params.c   -O2 -flto -fno-use-linker-plugin -flto-partition=none  -DPREVENT_OPTIMIZATION execution test
XPASS: gcc.dg/guality/inline-params.c   -O2 -flto -fuse-linker-plugin -fno-fat-lto-objects  -DPREVENT_OPTIMIZATION execution test
XPASS: gcc.dg/guality/inline-params.c   -O3 -g  -DPREVENT_OPTIMIZATION  execution test
XPASS: gcc.dg/guality/inline-params.c   -Os  -DPREVENT_OPTIMIZATION  execution test
FAIL: gcc.dg/guality/loop-1.c   -O3 -fomit-frame-pointer -funroll-loops -fpeel-loops -ftracer -finline-functions  -DPREVENT_OPTIMIZATION  line 20 i == 1
XPASS: gcc.dg/guality/pr41353-1.c   -O0  line 28 j == 28 + 37
XPASS: gcc.dg/guality/pr41353-1.c  -Og -DPREVENT_OPTIMIZATION  line 28 j == 28 + 37
FAIL: gcc.dg/guality/pr41616-1.c   -O2  -DPREVENT_OPTIMIZATION  execution test
FAIL: gcc.dg/guality/pr41616-1.c   -O2 -flto -fno-use-linker-plugin -flto-partition=none  -DPREVENT_OPTIMIZATION execution test
FAIL: gcc.dg/guality/pr41616-1.c   -O3 -g  -DPREVENT_OPTIMIZATION  execution test
FAIL: gcc.dg/guality/pr54519-1.c   -O2 -flto -fno-use-linker-plugin -flto-partition=none  -DPREVENT_OPTIMIZATION line 20 y == 25
FAIL: gcc.dg/guality/pr54519-1.c   -O2 -flto -fno-use-linker-plugin -flto-partition=none  -DPREVENT_OPTIMIZATION line 20 z == 6
FAIL: gcc.dg/guality/pr54519-1.c   -O2 -flto -fno-use-linker-plugin -flto-partition=none  -DPREVENT_OPTIMIZATION line 23 y == 117
FAIL: gcc.dg/guality/pr54519-1.c   -O2 -flto -fno-use-linker-plugin -flto-partition=none  -DPREVENT_OPTIMIZATION line 23 z == 8
FAIL: gcc.dg/guality/pr54519-1.c   -O2 -flto -fuse-linker-plugin -fno-fat-lto-objects  -DPREVENT_OPTIMIZATION line 20 y == 25
FAIL: gcc.dg/guality/pr54519-1.c   -O2 -flto -fuse-linker-plugin -fno-fat-lto-objects  -DPREVENT_OPTIMIZATION line 20 z == 6
FAIL: gcc.dg/guality/pr54519-1.c   -O2 -flto -fuse-linker-plugin -fno-fat-lto-objects  -DPREVENT_OPTIMIZATION line 23 y == 117
FAIL: gcc.dg/guality/pr54519-1.c   -O2 -flto -fuse-linker-plugin -fno-fat-lto-objects  -DPREVENT_OPTIMIZATION line 23 z == 8
FAIL: gcc.dg/guality/pr54519-2.c   -O2 -flto -fno-use-linker-plugin -flto-partition=none  -DPREVENT_OPTIMIZATION line 17 y == 25
FAIL: gcc.dg/guality/pr54519-2.c   -O2 -flto -fuse-linker-plugin -fno-fat-lto-objects  -DPREVENT_OPTIMIZATION line 17 y == 25
FAIL: gcc.dg/guality/pr54519-3.c   -O2 -flto -fno-use-linker-plugin -flto-partition=none  -DPREVENT_OPTIMIZATION line 20 y == 25
FAIL: gcc.dg/guality/pr54519-3.c   -O2 -flto -fno-use-linker-plugin -flto-partition=none  -DPREVENT_OPTIMIZATION line 20 z == 6
FAIL: gcc.dg/guality/pr54519-3.c   -O2 -flto -fno-use-linker-plugin -flto-partition=none  -DPREVENT_OPTIMIZATION line 23 y == 117
FAIL: gcc.dg/guality/pr54519-3.c   -O2 -flto -fno-use-linker-plugin -flto-partition=none  -DPREVENT_OPTIMIZATION line 23 z == 8
FAIL: gcc.dg/guality/pr54519-3.c   -O2 -flto -fuse-linker-plugin -fno-fat-lto-objects  -DPREVENT_OPTIMIZATION line 20 y == 25
FAIL: gcc.dg/guality/pr54519-3.c   -O2 -flto -fuse-linker-plugin -fno-fat-lto-objects  -DPREVENT_OPTIMIZATION line 20 z == 6
FAIL: gcc.dg/guality/pr54519-3.c   -O2 -flto -fuse-linker-plugin -fno-fat-lto-objects  -DPREVENT_OPTIMIZATION line 23 y == 117
FAIL: gcc.dg/guality/pr54519-3.c   -O2 -flto -fuse-linker-plugin -fno-fat-lto-objects  -DPREVENT_OPTIMIZATION line 23 z == 8
FAIL: gcc.dg/guality/pr54519-4.c   -O2 -flto -fno-use-linker-plugin -flto-partition=none  -DPREVENT_OPTIMIZATION line 17 y == 25
FAIL: gcc.dg/guality/pr54519-4.c   -O2 -flto -fuse-linker-plugin -fno-fat-lto-objects  -DPREVENT_OPTIMIZATION line 17 y == 25
FAIL: gcc.dg/guality/pr54519-5.c   -O2 -flto -fno-use-linker-plugin -flto-partition=none  -DPREVENT_OPTIMIZATION line 17 y == 25
FAIL: gcc.dg/guality/pr54519-5.c   -O2 -flto -fuse-linker-plugin -fno-fat-lto-objects  -DPREVENT_OPTIMIZATION line 17 y == 25
XPASS: gcc.dg/guality/pr54970.c   -O0  line 15 a[0] == 1
XPASS: gcc.dg/guality/pr54970.c   -O0  line 20 a[0] == 1
XPASS: gcc.dg/guality/pr54970.c   -O0  line 25 a[0] == 1
XPASS: gcc.dg/guality/pr54970.c   -O0  line 31 a[0] == 4
XPASS: gcc.dg/guality/pr54970.c   -O0  line 36 a[0] == 4
XPASS: gcc.dg/guality/pr54970.c   -O0  line 45 a[0] == 4
XPASS: gcc.dg/guality/pr54970.c   -O0  line 45 p[-2] == 4
XPASS: gcc.dg/guality/pr54970.c   -O0  line 45 q[-1] == 4
FAIL: gcc.dg/guality/pr54970.c  -Og -DPREVENT_OPTIMIZATION  line 15 *p == 3
FAIL: gcc.dg/guality/pr54970.c  -Og -DPREVENT_OPTIMIZATION  line 15 *q == 2
FAIL: gcc.dg/guality/pr54970.c  -Og -DPREVENT_OPTIMIZATION  line 15 a[1] == 2
FAIL: gcc.dg/guality/pr54970.c  -Og -DPREVENT_OPTIMIZATION  line 15 a[2] == 3
FAIL: gcc.dg/guality/pr54970.c  -Og -DPREVENT_OPTIMIZATION  line 20 *p == 13
FAIL: gcc.dg/guality/pr54970.c  -Og -DPREVENT_OPTIMIZATION  line 20 *q == 2
FAIL: gcc.dg/guality/pr54970.c  -Og -DPREVENT_OPTIMIZATION  line 20 a[1] == 2
FAIL: gcc.dg/guality/pr54970.c  -Og -DPREVENT_OPTIMIZATION  line 20 a[2] == 13
FAIL: gcc.dg/guality/pr54970.c  -Og -DPREVENT_OPTIMIZATION  line 25 *p == 13
FAIL: gcc.dg/guality/pr54970.c  -Og -DPREVENT_OPTIMIZATION  line 25 *q == 12
FAIL: gcc.dg/guality/pr54970.c  -Og -DPREVENT_OPTIMIZATION  line 25 a[1] == 12
FAIL: gcc.dg/guality/pr54970.c  -Og -DPREVENT_OPTIMIZATION  line 25 a[2] == 13
FAIL: gcc.dg/guality/pr54970.c  -Og -DPREVENT_OPTIMIZATION  line 31 *p == 6
FAIL: gcc.dg/guality/pr54970.c  -Og -DPREVENT_OPTIMIZATION  line 31 *q == 5
FAIL: gcc.dg/guality/pr54970.c  -Og -DPREVENT_OPTIMIZATION  line 31 a[1] == 5
FAIL: gcc.dg/guality/pr54970.c  -Og -DPREVENT_OPTIMIZATION  line 31 a[2] == 6
FAIL: gcc.dg/guality/pr54970.c  -Og -DPREVENT_OPTIMIZATION  line 36 *p == 26
FAIL: gcc.dg/guality/pr54970.c  -Og -DPREVENT_OPTIMIZATION  line 36 *q == 5
FAIL: gcc.dg/guality/pr54970.c  -Og -DPREVENT_OPTIMIZATION  line 36 a[1] == 5
FAIL: gcc.dg/guality/pr54970.c  -Og -DPREVENT_OPTIMIZATION  line 36 a[2] == 26
FAIL: gcc.dg/guality/pr54970.c  -Og -DPREVENT_OPTIMIZATION  line 45 *p == 26
FAIL: gcc.dg/guality/pr54970.c  -Og -DPREVENT_OPTIMIZATION  line 45 *q == 25
FAIL: gcc.dg/guality/pr54970.c  -Og -DPREVENT_OPTIMIZATION  line 45 a[1] == 25
FAIL: gcc.dg/guality/pr54970.c  -Og -DPREVENT_OPTIMIZATION  line 45 a[2] == 26
FAIL: gcc.dg/guality/pr54970.c  -Og -DPREVENT_OPTIMIZATION  line 45 p[-1] == 25
FAIL: gcc.dg/guality/pr54970.c  -Og -DPREVENT_OPTIMIZATION  line 45 q[1] == 26
FAIL: gcc.dg/guality/pr56154-1.c  -Og -DPREVENT_OPTIMIZATION  line pr56154-1.c:20 x.a == 6
FAIL: gcc.dg/guality/pr59776.c  -Og -DPREVENT_OPTIMIZATION  line pr59776.c:17 s1.f == 5.0
FAIL: gcc.dg/guality/pr59776.c  -Og -DPREVENT_OPTIMIZATION  line pr59776.c:17 s1.g == 6.0
FAIL: gcc.dg/guality/pr59776.c  -Og -DPREVENT_OPTIMIZATION  line pr59776.c:17 s2.f == 0.0
FAIL: gcc.dg/guality/pr59776.c  -Og -DPREVENT_OPTIMIZATION  line pr59776.c:17 s2.g == 6.0
FAIL: gcc.dg/guality/pr59776.c  -Og -DPREVENT_OPTIMIZATION  line pr59776.c:20 s1.f == 5.0
FAIL: gcc.dg/guality/pr59776.c  -Og -DPREVENT_OPTIMIZATION  line pr59776.c:20 s1.g == 6.0
FAIL: gcc.dg/guality/pr59776.c  -Og -DPREVENT_OPTIMIZATION  line pr59776.c:20 s2.f == 5.0
FAIL: gcc.dg/guality/pr59776.c  -Og -DPREVENT_OPTIMIZATION  line pr59776.c:20 s2.g == 6.0
FAIL: gcc.dg/guality/pr68860-1.c   -O2 -flto -fno-use-linker-plugin -flto-partition=none  -DPREVENT_OPTIMIZATION line 14 arg1 == 1
FAIL: gcc.dg/guality/pr68860-1.c   -O2 -flto -fno-use-linker-plugin -flto-partition=none  -DPREVENT_OPTIMIZATION line 14 arg2 == 2
FAIL: gcc.dg/guality/pr68860-1.c   -O2 -flto -fno-use-linker-plugin -flto-partition=none  -DPREVENT_OPTIMIZATION line 14 arg3 == 3
FAIL: gcc.dg/guality/pr68860-1.c   -O2 -flto -fno-use-linker-plugin -flto-partition=none  -DPREVENT_OPTIMIZATION line 14 arg4 == 4
FAIL: gcc.dg/guality/pr68860-1.c   -O2 -flto -fno-use-linker-plugin -flto-partition=none  -DPREVENT_OPTIMIZATION line 14 arg5 == 5
FAIL: gcc.dg/guality/pr68860-1.c   -O2 -flto -fno-use-linker-plugin -flto-partition=none  -DPREVENT_OPTIMIZATION line 14 arg6 == 6
FAIL: gcc.dg/guality/pr68860-1.c   -O2 -flto -fno-use-linker-plugin -flto-partition=none  -DPREVENT_OPTIMIZATION line 16 arg1 == 1
FAIL: gcc.dg/guality/pr68860-1.c   -O2 -flto -fno-use-linker-plugin -flto-partition=none  -DPREVENT_OPTIMIZATION line 16 arg2 == 2
FAIL: gcc.dg/guality/pr68860-1.c   -O2 -flto -fno-use-linker-plugin -flto-partition=none  -DPREVENT_OPTIMIZATION line 16 arg3 == 3
FAIL: gcc.dg/guality/pr68860-1.c   -O2 -flto -fno-use-linker-plugin -flto-partition=none  -DPREVENT_OPTIMIZATION line 16 arg4 == 4
FAIL: gcc.dg/guality/pr68860-1.c   -O2 -flto -fno-use-linker-plugin -flto-partition=none  -DPREVENT_OPTIMIZATION line 16 arg5 == 5
FAIL: gcc.dg/guality/pr68860-1.c   -O2 -flto -fno-use-linker-plugin -flto-partition=none  -DPREVENT_OPTIMIZATION line 16 arg6 == 6
FAIL: gcc.dg/guality/pr68860-1.c   -O2 -flto -fuse-linker-plugin -fno-fat-lto-objects  -DPREVENT_OPTIMIZATION line 14 arg1 == 1
FAIL: gcc.dg/guality/pr68860-1.c   -O2 -flto -fuse-linker-plugin -fno-fat-lto-objects  -DPREVENT_OPTIMIZATION line 14 arg2 == 2
FAIL: gcc.dg/guality/pr68860-1.c   -O2 -flto -fuse-linker-plugin -fno-fat-lto-objects  -DPREVENT_OPTIMIZATION line 14 arg3 == 3
FAIL: gcc.dg/guality/pr68860-1.c   -O2 -flto -fuse-linker-plugin -fno-fat-lto-objects  -DPREVENT_OPTIMIZATION line 14 arg4 == 4
FAIL: gcc.dg/guality/pr68860-1.c   -O2 -flto -fuse-linker-plugin -fno-fat-lto-objects  -DPREVENT_OPTIMIZATION line 14 arg5 == 5
FAIL: gcc.dg/guality/pr68860-1.c   -O2 -flto -fuse-linker-plugin -fno-fat-lto-objects  -DPREVENT_OPTIMIZATION line 14 arg6 == 6
FAIL: gcc.dg/guality/pr68860-1.c   -O2 -flto -fuse-linker-plugin -fno-fat-lto-objects  -DPREVENT_OPTIMIZATION line 16 arg1 == 1
FAIL: gcc.dg/guality/pr68860-1.c   -O2 -flto -fuse-linker-plugin -fno-fat-lto-objects  -DPREVENT_OPTIMIZATION line 16 arg2 == 2
FAIL: gcc.dg/guality/pr68860-1.c   -O2 -flto -fuse-linker-plugin -fno-fat-lto-objects  -DPREVENT_OPTIMIZATION line 16 arg3 == 3
FAIL: gcc.dg/guality/pr68860-1.c   -O2 -flto -fuse-linker-plugin -fno-fat-lto-objects  -DPREVENT_OPTIMIZATION line 16 arg4 == 4
FAIL: gcc.dg/guality/pr68860-1.c   -O2 -flto -fuse-linker-plugin -fno-fat-lto-objects  -DPREVENT_OPTIMIZATION line 16 arg5 == 5
FAIL: gcc.dg/guality/pr68860-1.c   -O2 -flto -fuse-linker-plugin -fno-fat-lto-objects  -DPREVENT_OPTIMIZATION line 16 arg6 == 6
FAIL: gcc.dg/guality/pr90074.c   -O2 -flto -fuse-linker-plugin -fno-fat-lto-objects  -DPREVENT_OPTIMIZATION line 28 c + 1 == 2
FAIL: gcc.dg/guality/pr90074.c   -O2 -flto -fuse-linker-plugin -fno-fat-lto-objects  -DPREVENT_OPTIMIZATION line 28 i + 1 == 8
FAIL: gcc.dg/guality/sra-1.c  -Og -DPREVENT_OPTIMIZATION  line 21 a.i == 4
FAIL: gcc.dg/guality/sra-1.c  -Og -DPREVENT_OPTIMIZATION  line 21 a.j == 14
FAIL: gcc.dg/guality/sra-1.c  -Og -DPREVENT_OPTIMIZATION  line 32 a[0] == 4
FAIL: gcc.dg/guality/sra-1.c  -Og -DPREVENT_OPTIMIZATION  line 32 a[1] == 14
FAIL: gcc.dg/guality/sra-1.c  -Og -DPREVENT_OPTIMIZATION  line 43 a.i == 4
FAIL: gcc.dg/guality/sra-1.c  -Og -DPREVENT_OPTIMIZATION  line 43 a.j == 14
FAIL: gcc.dg/guality/vla-1.c   -O1  -DPREVENT_OPTIMIZATION  line 17 sizeof (a) == 6
FAIL: gcc.dg/guality/vla-1.c   -O2  -DPREVENT_OPTIMIZATION  line 17 sizeof (a) == 6
FAIL: gcc.dg/guality/vla-1.c   -O2 -flto -fno-use-linker-plugin -flto-partition=none  -DPREVENT_OPTIMIZATION line 17 sizeof (a) == 6
FAIL: gcc.dg/guality/vla-1.c   -O2 -flto -fuse-linker-plugin -fno-fat-lto-objects  -DPREVENT_OPTIMIZATION line 17 sizeof (a) == 6
FAIL: gcc.dg/guality/vla-1.c   -O3 -g  -DPREVENT_OPTIMIZATION  line 17 sizeof (a) == 6
FAIL: gcc.dg/guality/vla-1.c   -Os  -DPREVENT_OPTIMIZATION  line 17 sizeof (a) == 6
FAIL: compiler driver --help=params --help=optimizers option(s): "maximum number of" present in output
FAIL: gcc.target/i386/ipa-stack-alignment-2.c scan-assembler sub.*%.sp
FAIL: gcc.target/i386/ipa-stack-alignment.c scan-assembler sub.*%.sp
FAIL: gcc.target/i386/pr57193.c scan-assembler-times movdqa 2
FAIL: gcc.target/i386/pr79690.c scan-assembler mov[au]p.[ \\t][^,]+, %gs:
FAIL: gcc.target/i386/pr79723.c scan-assembler mov[au]p.[ \\t][^,]+, %gs:

		=== gcc Summary for unix ===

# of expected passes		144359
# of unexpected failures	110
# of unexpected successes	28
# of expected failures		602
# of unsupported tests		2279

Running target unix/-m32
FAIL: gcc.dg/stack-layout-dynamic-1.c scan-assembler-not cfi_def_cfa_register
FAIL: gcc.dg/graphite/interchange-3.c scan-tree-dump graphite "tiled"
FAIL: gcc.dg/graphite/interchange-7.c scan-tree-dump graphite "tiled"
FAIL: gcc.dg/graphite/interchange-9.c scan-tree-dump graphite "tiled"
FAIL: gcc.dg/graphite/uns-interchange-9.c scan-tree-dump graphite "tiled"
XPASS: gcc.dg/guality/example.c   -O0  execution test
XPASS: gcc.dg/guality/example.c   -O1  -DPREVENT_OPTIMIZATION  execution test
XPASS: gcc.dg/guality/example.c   -O2  -DPREVENT_OPTIMIZATION  execution test
XPASS: gcc.dg/guality/example.c   -O2 -flto -fno-use-linker-plugin -flto-partition=none  -DPREVENT_OPTIMIZATION execution test
XPASS: gcc.dg/guality/example.c  -Og -DPREVENT_OPTIMIZATION  execution test
XPASS: gcc.dg/guality/guality.c   -O0  execution test
XPASS: gcc.dg/guality/guality.c   -O1  -DPREVENT_OPTIMIZATION  execution test
XPASS: gcc.dg/guality/guality.c   -O2  -DPREVENT_OPTIMIZATION  execution test
XPASS: gcc.dg/guality/guality.c   -O2 -flto -fno-use-linker-plugin -flto-partition=none  -DPREVENT_OPTIMIZATION execution test
XPASS: gcc.dg/guality/guality.c   -O2 -flto -fuse-linker-plugin -fno-fat-lto-objects  -DPREVENT_OPTIMIZATION execution test
XPASS: gcc.dg/guality/guality.c   -O3 -g  -DPREVENT_OPTIMIZATION  execution test
XPASS: gcc.dg/guality/guality.c   -Os  -DPREVENT_OPTIMIZATION  execution test
XPASS: gcc.dg/guality/guality.c  -Og -DPREVENT_OPTIMIZATION  execution test
XPASS: gcc.dg/guality/inline-params.c   -O2  -DPREVENT_OPTIMIZATION  execution test
XPASS: gcc.dg/guality/inline-params.c   -O2 -flto -fno-use-linker-plugin -flto-partition=none  -DPREVENT_OPTIMIZATION execution test
XPASS: gcc.dg/guality/inline-params.c   -O2 -flto -fuse-linker-plugin -fno-fat-lto-objects  -DPREVENT_OPTIMIZATION execution test
XPASS: gcc.dg/guality/inline-params.c   -O3 -g  -DPREVENT_OPTIMIZATION  execution test
XPASS: gcc.dg/guality/inline-params.c   -Os  -DPREVENT_OPTIMIZATION  execution test
FAIL: gcc.dg/guality/loop-1.c   -O3 -fomit-frame-pointer -funroll-loops -fpeel-loops -ftracer -finline-functions  -DPREVENT_OPTIMIZATION  line 20 i == 1
XPASS: gcc.dg/guality/pr41353-1.c   -O0  line 28 j == 28 + 37
XPASS: gcc.dg/guality/pr41353-1.c   -Os  -DPREVENT_OPTIMIZATION  line 28 j == 28 + 37
XPASS: gcc.dg/guality/pr41353-1.c  -Og -DPREVENT_OPTIMIZATION  line 28 j == 28 + 37
FAIL: gcc.dg/guality/pr41447-1.c   -O2  -DPREVENT_OPTIMIZATION  execution test
FAIL: gcc.dg/guality/pr41447-1.c   -O2 -flto -fno-use-linker-plugin -flto-partition=none  -DPREVENT_OPTIMIZATION execution test
FAIL: gcc.dg/guality/pr41447-1.c   -O3 -g  -DPREVENT_OPTIMIZATION  execution test
FAIL: gcc.dg/guality/pr54519-1.c   -O2 -flto -fno-use-linker-plugin -flto-partition=none  -DPREVENT_OPTIMIZATION line 20 y == 25
FAIL: gcc.dg/guality/pr54519-1.c   -O2 -flto -fno-use-linker-plugin -flto-partition=none  -DPREVENT_OPTIMIZATION line 20 z == 6
FAIL: gcc.dg/guality/pr54519-1.c   -O2 -flto -fno-use-linker-plugin -flto-partition=none  -DPREVENT_OPTIMIZATION line 23 y == 117
FAIL: gcc.dg/guality/pr54519-1.c   -O2 -flto -fno-use-linker-plugin -flto-partition=none  -DPREVENT_OPTIMIZATION line 23 z == 8
FAIL: gcc.dg/guality/pr54519-1.c   -O2 -flto -fuse-linker-plugin -fno-fat-lto-objects  -DPREVENT_OPTIMIZATION line 20 y == 25
FAIL: gcc.dg/guality/pr54519-1.c   -O2 -flto -fuse-linker-plugin -fno-fat-lto-objects  -DPREVENT_OPTIMIZATION line 20 z == 6
FAIL: gcc.dg/guality/pr54519-1.c   -O2 -flto -fuse-linker-plugin -fno-fat-lto-objects  -DPREVENT_OPTIMIZATION line 23 y == 117
FAIL: gcc.dg/guality/pr54519-1.c   -O2 -flto -fuse-linker-plugin -fno-fat-lto-objects  -DPREVENT_OPTIMIZATION line 23 z == 8
FAIL: gcc.dg/guality/pr54519-2.c   -O2 -flto -fno-use-linker-plugin -flto-partition=none  -DPREVENT_OPTIMIZATION line 17 y == 25
FAIL: gcc.dg/guality/pr54519-2.c   -O2 -flto -fuse-linker-plugin -fno-fat-lto-objects  -DPREVENT_OPTIMIZATION line 17 y == 25
FAIL: gcc.dg/guality/pr54519-3.c   -O2 -flto -fno-use-linker-plugin -flto-partition=none  -DPREVENT_OPTIMIZATION line 20 y == 25
FAIL: gcc.dg/guality/pr54519-3.c   -O2 -flto -fno-use-linker-plugin -flto-partition=none  -DPREVENT_OPTIMIZATION line 20 z == 6
FAIL: gcc.dg/guality/pr54519-3.c   -O2 -flto -fno-use-linker-plugin -flto-partition=none  -DPREVENT_OPTIMIZATION line 23 y == 117
FAIL: gcc.dg/guality/pr54519-3.c   -O2 -flto -fno-use-linker-plugin -flto-partition=none  -DPREVENT_OPTIMIZATION line 23 z == 8
FAIL: gcc.dg/guality/pr54519-3.c   -O2 -flto -fuse-linker-plugin -fno-fat-lto-objects  -DPREVENT_OPTIMIZATION line 20 y == 25
FAIL: gcc.dg/guality/pr54519-3.c   -O2 -flto -fuse-linker-plugin -fno-fat-lto-objects  -DPREVENT_OPTIMIZATION line 20 z == 6
FAIL: gcc.dg/guality/pr54519-3.c   -O2 -flto -fuse-linker-plugin -fno-fat-lto-objects  -DPREVENT_OPTIMIZATION line 23 y == 117
FAIL: gcc.dg/guality/pr54519-3.c   -O2 -flto -fuse-linker-plugin -fno-fat-lto-objects  -DPREVENT_OPTIMIZATION line 23 z == 8
FAIL: gcc.dg/guality/pr54519-4.c   -O2 -flto -fno-use-linker-plugin -flto-partition=none  -DPREVENT_OPTIMIZATION line 17 y == 25
FAIL: gcc.dg/guality/pr54519-4.c   -O2 -flto -fuse-linker-plugin -fno-fat-lto-objects  -DPREVENT_OPTIMIZATION line 17 y == 25
FAIL: gcc.dg/guality/pr54519-5.c   -O2 -flto -fno-use-linker-plugin -flto-partition=none  -DPREVENT_OPTIMIZATION line 17 y == 25
FAIL: gcc.dg/guality/pr54519-5.c   -O2 -flto -fuse-linker-plugin -fno-fat-lto-objects  -DPREVENT_OPTIMIZATION line 17 y == 25
FAIL: gcc.dg/guality/pr54693-2.c   -O3 -fomit-frame-pointer -funroll-loops -fpeel-loops -ftracer -finline-functions  -DPREVENT_OPTIMIZATION  line 21 i == v + 1
XPASS: gcc.dg/guality/pr54970.c   -O0  line 15 a[0] == 1
XPASS: gcc.dg/guality/pr54970.c   -O0  line 20 a[0] == 1
XPASS: gcc.dg/guality/pr54970.c   -O0  line 25 a[0] == 1
XPASS: gcc.dg/guality/pr54970.c   -O0  line 31 a[0] == 4
XPASS: gcc.dg/guality/pr54970.c   -O0  line 36 a[0] == 4
XPASS: gcc.dg/guality/pr54970.c   -O0  line 45 a[0] == 4
XPASS: gcc.dg/guality/pr54970.c   -O0  line 45 p[-2] == 4
XPASS: gcc.dg/guality/pr54970.c   -O0  line 45 q[-1] == 4
FAIL: gcc.dg/guality/pr54970.c  -Og -DPREVENT_OPTIMIZATION  line 15 *p == 3
FAIL: gcc.dg/guality/pr54970.c  -Og -DPREVENT_OPTIMIZATION  line 15 *q == 2
FAIL: gcc.dg/guality/pr54970.c  -Og -DPREVENT_OPTIMIZATION  line 15 a[1] == 2
FAIL: gcc.dg/guality/pr54970.c  -Og -DPREVENT_OPTIMIZATION  line 15 a[2] == 3
FAIL: gcc.dg/guality/pr54970.c  -Og -DPREVENT_OPTIMIZATION  line 20 *p == 13
FAIL: gcc.dg/guality/pr54970.c  -Og -DPREVENT_OPTIMIZATION  line 20 *q == 2
FAIL: gcc.dg/guality/pr54970.c  -Og -DPREVENT_OPTIMIZATION  line 20 a[1] == 2
FAIL: gcc.dg/guality/pr54970.c  -Og -DPREVENT_OPTIMIZATION  line 20 a[2] == 13
FAIL: gcc.dg/guality/pr54970.c  -Og -DPREVENT_OPTIMIZATION  line 25 *p == 13
FAIL: gcc.dg/guality/pr54970.c  -Og -DPREVENT_OPTIMIZATION  line 25 *q == 12
FAIL: gcc.dg/guality/pr54970.c  -Og -DPREVENT_OPTIMIZATION  line 25 a[1] == 12
FAIL: gcc.dg/guality/pr54970.c  -Og -DPREVENT_OPTIMIZATION  line 25 a[2] == 13
FAIL: gcc.dg/guality/pr54970.c  -Og -DPREVENT_OPTIMIZATION  line 31 *p == 6
FAIL: gcc.dg/guality/pr54970.c  -Og -DPREVENT_OPTIMIZATION  line 31 *q == 5
FAIL: gcc.dg/guality/pr54970.c  -Og -DPREVENT_OPTIMIZATION  line 31 a[1] == 5
FAIL: gcc.dg/guality/pr54970.c  -Og -DPREVENT_OPTIMIZATION  line 31 a[2] == 6
FAIL: gcc.dg/guality/pr54970.c  -Og -DPREVENT_OPTIMIZATION  line 36 *p == 26
FAIL: gcc.dg/guality/pr54970.c  -Og -DPREVENT_OPTIMIZATION  line 36 *q == 5
FAIL: gcc.dg/guality/pr54970.c  -Og -DPREVENT_OPTIMIZATION  line 36 a[1] == 5
FAIL: gcc.dg/guality/pr54970.c  -Og -DPREVENT_OPTIMIZATION  line 36 a[2] == 26
FAIL: gcc.dg/guality/pr54970.c  -Og -DPREVENT_OPTIMIZATION  line 45 *p == 26
FAIL: gcc.dg/guality/pr54970.c  -Og -DPREVENT_OPTIMIZATION  line 45 *q == 25
FAIL: gcc.dg/guality/pr54970.c  -Og -DPREVENT_OPTIMIZATION  line 45 a[1] == 25
FAIL: gcc.dg/guality/pr54970.c  -Og -DPREVENT_OPTIMIZATION  line 45 a[2] == 26
FAIL: gcc.dg/guality/pr54970.c  -Og -DPREVENT_OPTIMIZATION  line 45 p[-1] == 25
FAIL: gcc.dg/guality/pr54970.c  -Og -DPREVENT_OPTIMIZATION  line 45 q[1] == 26
FAIL: gcc.dg/guality/pr56154-1.c  -Og -DPREVENT_OPTIMIZATION  line pr56154-1.c:20 x.a == 6
FAIL: gcc.dg/guality/pr59776.c  -Og -DPREVENT_OPTIMIZATION  line pr59776.c:17 s1.f == 5.0
FAIL: gcc.dg/guality/pr59776.c  -Og -DPREVENT_OPTIMIZATION  line pr59776.c:17 s1.g == 6.0
FAIL: gcc.dg/guality/pr59776.c  -Og -DPREVENT_OPTIMIZATION  line pr59776.c:17 s2.f == 0.0
FAIL: gcc.dg/guality/pr59776.c  -Og -DPREVENT_OPTIMIZATION  line pr59776.c:17 s2.g == 6.0
FAIL: gcc.dg/guality/pr59776.c  -Og -DPREVENT_OPTIMIZATION  line pr59776.c:20 s1.f == 5.0
FAIL: gcc.dg/guality/pr59776.c  -Og -DPREVENT_OPTIMIZATION  line pr59776.c:20 s1.g == 6.0
FAIL: gcc.dg/guality/pr59776.c  -Og -DPREVENT_OPTIMIZATION  line pr59776.c:20 s2.f == 5.0
FAIL: gcc.dg/guality/pr59776.c  -Og -DPREVENT_OPTIMIZATION  line pr59776.c:20 s2.g == 6.0
FAIL: gcc.dg/guality/pr68860-1.c   -O2 -flto -fno-use-linker-plugin -flto-partition=none  -DPREVENT_OPTIMIZATION line 14 arg1 == 1
FAIL: gcc.dg/guality/pr68860-1.c   -O2 -flto -fno-use-linker-plugin -flto-partition=none  -DPREVENT_OPTIMIZATION line 14 arg2 == 2
FAIL: gcc.dg/guality/pr68860-1.c   -O2 -flto -fno-use-linker-plugin -flto-partition=none  -DPREVENT_OPTIMIZATION line 14 arg3 == 3
FAIL: gcc.dg/guality/pr68860-1.c   -O2 -flto -fno-use-linker-plugin -flto-partition=none  -DPREVENT_OPTIMIZATION line 14 arg4 == 4
FAIL: gcc.dg/guality/pr68860-1.c   -O2 -flto -fno-use-linker-plugin -flto-partition=none  -DPREVENT_OPTIMIZATION line 14 arg5 == 5
FAIL: gcc.dg/guality/pr68860-1.c   -O2 -flto -fno-use-linker-plugin -flto-partition=none  -DPREVENT_OPTIMIZATION line 14 arg6 == 6
FAIL: gcc.dg/guality/pr68860-1.c   -O2 -flto -fno-use-linker-plugin -flto-partition=none  -DPREVENT_OPTIMIZATION line 16 arg1 == 1
FAIL: gcc.dg/guality/pr68860-1.c   -O2 -flto -fno-use-linker-plugin -flto-partition=none  -DPREVENT_OPTIMIZATION line 16 arg2 == 2
FAIL: gcc.dg/guality/pr68860-1.c   -O2 -flto -fno-use-linker-plugin -flto-partition=none  -DPREVENT_OPTIMIZATION line 16 arg3 == 3
FAIL: gcc.dg/guality/pr68860-1.c   -O2 -flto -fno-use-linker-plugin -flto-partition=none  -DPREVENT_OPTIMIZATION line 16 arg4 == 4
FAIL: gcc.dg/guality/pr68860-1.c   -O2 -flto -fno-use-linker-plugin -flto-partition=none  -DPREVENT_OPTIMIZATION line 16 arg5 == 5
FAIL: gcc.dg/guality/pr68860-1.c   -O2 -flto -fno-use-linker-plugin -flto-partition=none  -DPREVENT_OPTIMIZATION line 16 arg6 == 6
FAIL: gcc.dg/guality/pr68860-1.c   -O2 -flto -fuse-linker-plugin -fno-fat-lto-objects  -DPREVENT_OPTIMIZATION line 14 arg1 == 1
FAIL: gcc.dg/guality/pr68860-1.c   -O2 -flto -fuse-linker-plugin -fno-fat-lto-objects  -DPREVENT_OPTIMIZATION line 14 arg2 == 2
FAIL: gcc.dg/guality/pr68860-1.c   -O2 -flto -fuse-linker-plugin -fno-fat-lto-objects  -DPREVENT_OPTIMIZATION line 14 arg3 == 3
FAIL: gcc.dg/guality/pr68860-1.c   -O2 -flto -fuse-linker-plugin -fno-fat-lto-objects  -DPREVENT_OPTIMIZATION line 14 arg4 == 4
FAIL: gcc.dg/guality/pr68860-1.c   -O2 -flto -fuse-linker-plugin -fno-fat-lto-objects  -DPREVENT_OPTIMIZATION line 14 arg5 == 5
FAIL: gcc.dg/guality/pr68860-1.c   -O2 -flto -fuse-linker-plugin -fno-fat-lto-objects  -DPREVENT_OPTIMIZATION line 14 arg6 == 6
FAIL: gcc.dg/guality/pr68860-1.c   -O2 -flto -fuse-linker-plugin -fno-fat-lto-objects  -DPREVENT_OPTIMIZATION line 16 arg1 == 1
FAIL: gcc.dg/guality/pr68860-1.c   -O2 -flto -fuse-linker-plugin -fno-fat-lto-objects  -DPREVENT_OPTIMIZATION line 16 arg2 == 2
FAIL: gcc.dg/guality/pr68860-1.c   -O2 -flto -fuse-linker-plugin -fno-fat-lto-objects  -DPREVENT_OPTIMIZATION line 16 arg3 == 3
FAIL: gcc.dg/guality/pr68860-1.c   -O2 -flto -fuse-linker-plugin -fno-fat-lto-objects  -DPREVENT_OPTIMIZATION line 16 arg4 == 4
FAIL: gcc.dg/guality/pr68860-1.c   -O2 -flto -fuse-linker-plugin -fno-fat-lto-objects  -DPREVENT_OPTIMIZATION line 16 arg5 == 5
FAIL: gcc.dg/guality/pr68860-1.c   -O2 -flto -fuse-linker-plugin -fno-fat-lto-objects  -DPREVENT_OPTIMIZATION line 16 arg6 == 6
FAIL: gcc.dg/guality/pr90074.c   -O2 -flto -fuse-linker-plugin -fno-fat-lto-objects  -DPREVENT_OPTIMIZATION line 28 c + 1 == 2
FAIL: gcc.dg/guality/pr90074.c   -O2 -flto -fuse-linker-plugin -fno-fat-lto-objects  -DPREVENT_OPTIMIZATION line 28 i + 1 == 8
FAIL: gcc.dg/guality/sra-1.c  -Og -DPREVENT_OPTIMIZATION  line 21 a.i == 4
FAIL: gcc.dg/guality/sra-1.c  -Og -DPREVENT_OPTIMIZATION  line 21 a.j == 14
FAIL: gcc.dg/guality/sra-1.c  -Og -DPREVENT_OPTIMIZATION  line 32 a[0] == 4
FAIL: gcc.dg/guality/sra-1.c  -Og -DPREVENT_OPTIMIZATION  line 32 a[1] == 14
FAIL: gcc.dg/guality/sra-1.c  -Og -DPREVENT_OPTIMIZATION  line 43 a.i == 4
FAIL: gcc.dg/guality/sra-1.c  -Og -DPREVENT_OPTIMIZATION  line 43 a.j == 14
FAIL: gcc.dg/guality/vla-1.c   -O1  -DPREVENT_OPTIMIZATION  line 17 sizeof (a) == 6
FAIL: gcc.dg/guality/vla-1.c   -O2  -DPREVENT_OPTIMIZATION  line 17 sizeof (a) == 6
FAIL: gcc.dg/guality/vla-1.c   -O2 -flto -fno-use-linker-plugin -flto-partition=none  -DPREVENT_OPTIMIZATION line 17 sizeof (a) == 6
FAIL: gcc.dg/guality/vla-1.c   -O2 -flto -fuse-linker-plugin -fno-fat-lto-objects  -DPREVENT_OPTIMIZATION line 17 sizeof (a) == 6
FAIL: gcc.dg/guality/vla-1.c   -O3 -g  -DPREVENT_OPTIMIZATION  line 17 sizeof (a) == 6
FAIL: gcc.dg/guality/vla-1.c   -Os  -DPREVENT_OPTIMIZATION  line 17 sizeof (a) == 6
FAIL: gcc.dg/tree-ssa/pr64910-2.c scan-assembler-times and|test 20
XPASS: gcc.dg/vect/vect-reduc-in-order-1.c -flto -ffat-lto-objects execution test
XPASS: gcc.dg/vect/vect-reduc-in-order-1.c execution test
XPASS: gcc.dg/vect/vect-reduc-in-order-2.c -flto -ffat-lto-objects execution test
XPASS: gcc.dg/vect/vect-reduc-in-order-2.c execution test
XPASS: gcc.dg/vect/vect-reduc-in-order-3.c -flto -ffat-lto-objects execution test
XPASS: gcc.dg/vect/vect-reduc-in-order-3.c execution test
XPASS: gcc.dg/vect/vect-reduc-in-order-4.c -flto -ffat-lto-objects execution test
XPASS: gcc.dg/vect/vect-reduc-in-order-4.c execution test
FAIL: compiler driver --help=params --help=optimizers option(s): "maximum number of" present in output
FAIL: gcc.target/i386/ipa-stack-alignment-2.c scan-assembler sub.*%.sp
FAIL: gcc.target/i386/ipa-stack-alignment.c scan-assembler sub.*%.sp
FAIL: gcc.target/i386/pr57193.c scan-assembler-times movdqa 2
FAIL: gcc.target/i386/pr79690.c scan-assembler mov[au]p.[ \\t][^,]+, %gs:
FAIL: gcc.target/i386/pr79723.c scan-assembler mov[au]p.[ \\t][^,]+, %gs:
FAIL: gcc.target/i386/pr81563.c scan-assembler-times movl[\\\\t ]*-4\\\\(%ebp\\\\),[\\\\t ]*%edi 1
FAIL: gcc.target/i386/pr81563.c scan-assembler-times movl[\\\\t ]*-8\\\\(%ebp\\\\),[\\\\t ]*%esi 1

		=== gcc Summary for unix/-m32 ===

# of expected passes		141599
# of unexpected failures	114
# of unexpected successes	37
# of expected failures		599
# of unsupported tests		2657

		=== gcc Summary ===

# of expected passes		285958
# of unexpected failures	224
# of unexpected successes	65
# of expected failures		1201
# of unsupported tests		4936
/export/gnu/import/git/gcc-test-intel64corei7/bld/gcc/xgcc  version 10.0.0 20190507 (experimental) [trunk revision 270933] (GCC) 

		=== gfortran tests ===


Running target unix

		=== gfortran Summary for unix ===

# of expected passes		50267
# of expected failures		188
# of unsupported tests		80

Running target unix/-m32
FAIL: gfortran.dg/ISO_Fortran_binding_4.f90   -O  execution test

		=== gfortran Summary for unix/-m32 ===

# of expected passes		50037
# of unexpected failures	1
# of expected failures		188
# of unsupported tests		189

		=== gfortran Summary ===

# of expected passes		100304
# of unexpected failures	1
# of expected failures		376
# of unsupported tests		269
/export/gnu/import/git/gcc-test-intel64corei7/bld/gcc/gfortran  version 10.0.0 20190507 (experimental) [trunk revision 270933] (GCC) 

		=== g++ tests ===


Running target unix
FAIL: g++.dg/guality/pr55665.C   -O2  line 23 p == 40
FAIL: g++.dg/guality/pr55665.C   -O2 -flto -fno-use-linker-plugin -flto-partition=none  line 23 p == 40
FAIL: g++.dg/guality/pr55665.C   -O3 -g  line 23 p == 40
FAIL: g++.dg/vect/slp-pr56812.cc  -std=c++14  (test for errors, line 17)
FAIL: g++.dg/vect/slp-pr56812.cc  -std=c++14 (test for excess errors)
FAIL: g++.dg/vect/slp-pr56812.cc  -std=c++17  (test for errors, line 17)
FAIL: g++.dg/vect/slp-pr56812.cc  -std=c++17 (test for excess errors)
FAIL: g++.dg/vect/slp-pr56812.cc  -std=c++98  (test for errors, line 17)
FAIL: g++.dg/vect/slp-pr56812.cc  -std=c++98 (test for excess errors)

		=== g++ Summary for unix ===

# of expected passes		134889
# of unexpected failures	9
# of expected failures		527
# of unsupported tests		5930

Running target unix/-m32
FAIL: g++.dg/guality/pr55665.C   -O2  line 23 p == 40
FAIL: g++.dg/guality/pr55665.C   -O2 -flto -fno-use-linker-plugin -flto-partition=none  line 23 p == 40
FAIL: g++.dg/guality/pr55665.C   -O3 -g  line 23 p == 40
FAIL: g++.dg/vect/slp-pr56812.cc  -std=c++14  (test for errors, line 17)
FAIL: g++.dg/vect/slp-pr56812.cc  -std=c++14 (test for excess errors)
FAIL: g++.dg/vect/slp-pr56812.cc  -std=c++17  (test for errors, line 17)
FAIL: g++.dg/vect/slp-pr56812.cc  -std=c++17 (test for excess errors)
FAIL: g++.dg/vect/slp-pr56812.cc  -std=c++98  (test for errors, line 17)
FAIL: g++.dg/vect/slp-pr56812.cc  -std=c++98 (test for excess errors)

		=== g++ Summary for unix/-m32 ===

# of expected passes		133103
# of unexpected failures	9
# of expected failures		524
# of unsupported tests		5763

		=== g++ Summary ===

# of expected passes		267992
# of unexpected failures	18
# of expected failures		1051
# of unsupported tests		11693
/export/gnu/import/git/gcc-test-intel64corei7/bld/gcc/xg++  version 10.0.0 20190507 (experimental) [trunk revision 270933] (GCC) 

		=== objc tests ===


Running target unix

		=== objc Summary for unix ===

# of expected passes		2797
# of expected failures		6
# of unsupported tests		68

Running target unix/-m32

		=== objc Summary for unix/-m32 ===

# of expected passes		2797
# of expected failures		6
# of unsupported tests		68

		=== objc Summary ===

# of expected passes		5594
# of expected failures		12
# of unsupported tests		136
/export/gnu/import/git/gcc-test-intel64corei7/bld/gcc/xgcc  version 10.0.0 20190507 (experimental) [trunk revision 270933] (GCC) 

		=== libatomic tests ===


Running target unix/-m32

		=== libatomic Summary for unix/-m32 ===

# of expected passes		44
# of unsupported tests		5

Running target unix

		=== libatomic Summary for unix ===

# of expected passes		54

		=== libatomic Summary ===

# of expected passes		98
# of unsupported tests		5
		=== libgomp tests ===


Running target unix/-m32

		=== libgomp Summary for unix/-m32 ===

# of expected passes		6475
# of expected failures		4
# of unsupported tests		361

Running target unix

		=== libgomp Summary for unix ===

# of expected passes		6475
# of expected failures		4
# of unsupported tests		361

		=== libgomp Summary ===

# of expected passes		12950
# of expected failures		8
# of unsupported tests		722
		=== libitm tests ===


Running target unix/-m32

		=== libitm Summary for unix/-m32 ===

# of expected passes		42
# of expected failures		3
# of unsupported tests		1

Running target unix

		=== libitm Summary for unix ===

# of expected passes		42
# of expected failures		3
# of unsupported tests		1

		=== libitm Summary ===

# of expected passes		84
# of expected failures		6
# of unsupported tests		2
		=== libstdc++ tests ===


Running target unix
FAIL: libstdc++-prettyprinters/80276.cc whatis p4
FAIL: libstdc++-prettyprinters/80276.cc whatis p4

		=== libstdc++ Summary for unix ===

# of expected passes		13676
# of unexpected failures	2
# of expected failures		77
# of unsupported tests		328

Running target unix/-m32
FAIL: libstdc++-prettyprinters/80276.cc whatis p4
FAIL: libstdc++-prettyprinters/80276.cc whatis p4

		=== libstdc++ Summary for unix/-m32 ===

# of expected passes		13684
# of unexpected failures	2
# of expected failures		77
# of unsupported tests		324

		=== libstdc++ Summary ===

# of expected passes		27360
# of unexpected failures	4
# of expected failures		154
# of unsupported tests		652

Compiler version: 10.0.0 20190507 (experimental) [trunk revision 270933] (GCC) 
Platform: x86_64-pc-linux-gnu
configure flags: --with-arch=corei7 --with-cpu=intel --prefix=/usr/10.0.0 --enable-clocale=gnu --with-system-zlib --enable-shared --enable-cet --with-demangler-in-ld --enable-libmpx --with-fpmath=sse


Index Nav: [Date Index] [Subject Index] [Author Index] [Thread Index]
Message Nav: [Date Prev] [Date Next] [Thread Prev] [Thread Next]