This is the mail archive of the gcc-testresults@gcc.gnu.org mailing list for the GCC project.


Index Nav: [Date Index] [Subject Index] [Author Index] [Thread Index]
Message Nav: [Date Prev] [Date Next] [Thread Prev] [Thread Next]
Other format: [Raw text]

Results for 9.1.0 (GCC) testsuite on sparc-sun-solaris2.11


LAST_UPDATED: Obtained from SVN: tags/gcc_9_1_0_release revision 270840

		=== acats tests ===

		=== acats Summary ===
# of expected passes		2320
# of unexpected failures	0
Native configuration is sparc-sun-solaris2.11

		=== g++ tests ===


Running target unix
FAIL: g++.dg/asan/default-options-1.C   -O0  execution test
FAIL: g++.dg/asan/default-options-1.C   -O1  execution test
FAIL: g++.dg/asan/default-options-1.C   -O2  execution test
FAIL: g++.dg/asan/default-options-1.C   -O2 -flto  execution test
FAIL: g++.dg/asan/default-options-1.C   -O2 -flto -flto-partition=none  execution test
FAIL: g++.dg/asan/default-options-1.C   -O3 -g  execution test
FAIL: g++.dg/asan/default-options-1.C   -Os  execution test
FAIL: g++.dg/gcov/pr16855-priority.C  -std=gnu++14  gcov: 1 failures in line counts, 0 in branch percentages, 0 in return percentages, 0 in intermediate format
FAIL: g++.dg/gcov/pr16855-priority.C  -std=gnu++14  line 22: is #####:should be 1
FAIL: g++.dg/gcov/pr16855-priority.C  -std=gnu++17  gcov: 1 failures in line counts, 0 in branch percentages, 0 in return percentages, 0 in intermediate format
FAIL: g++.dg/gcov/pr16855-priority.C  -std=gnu++17  line 22: is #####:should be 1
FAIL: g++.dg/gcov/pr16855-priority.C  -std=gnu++98  gcov: 1 failures in line counts, 0 in branch percentages, 0 in return percentages, 0 in intermediate format
FAIL: g++.dg/gcov/pr16855-priority.C  -std=gnu++98  line 22: is #####:should be 1
FAIL: g++.dg/gcov/pr16855.C  -std=gnu++14  gcov: 1 failures in line counts, 0 in branch percentages, 0 in return percentages, 0 in intermediate format
FAIL: g++.dg/gcov/pr16855.C  -std=gnu++14  line 21: is #####:should be 1
FAIL: g++.dg/gcov/pr16855.C  -std=gnu++17  gcov: 1 failures in line counts, 0 in branch percentages, 0 in return percentages, 0 in intermediate format
FAIL: g++.dg/gcov/pr16855.C  -std=gnu++17  line 21: is #####:should be 1
FAIL: g++.dg/gcov/pr16855.C  -std=gnu++98  gcov: 1 failures in line counts, 0 in branch percentages, 0 in return percentages, 0 in intermediate format
FAIL: g++.dg/gcov/pr16855.C  -std=gnu++98  line 21: is #####:should be 1
FAIL: g++.dg/lto/pr89335 cp_lto_pr89335_0.o assemble, -O2 -flto -Wsuggest-final-methods

		=== g++ Summary for unix ===

# of expected passes		128553
# of unexpected failures	20
# of expected failures		514
# of unsupported tests		6609

Running target unix/-m64
FAIL: g++.dg/gcov/pr16855-priority.C  -std=gnu++14  gcov: 1 failures in line counts, 0 in branch percentages, 0 in return percentages, 0 in intermediate format
FAIL: g++.dg/gcov/pr16855-priority.C  -std=gnu++14  line 22: is #####:should be 1
FAIL: g++.dg/gcov/pr16855-priority.C  -std=gnu++17  gcov: 1 failures in line counts, 0 in branch percentages, 0 in return percentages, 0 in intermediate format
FAIL: g++.dg/gcov/pr16855-priority.C  -std=gnu++17  line 22: is #####:should be 1
FAIL: g++.dg/gcov/pr16855-priority.C  -std=gnu++98  gcov: 1 failures in line counts, 0 in branch percentages, 0 in return percentages, 0 in intermediate format
FAIL: g++.dg/gcov/pr16855-priority.C  -std=gnu++98  line 22: is #####:should be 1
FAIL: g++.dg/gcov/pr16855.C  -std=gnu++14  gcov: 1 failures in line counts, 0 in branch percentages, 0 in return percentages, 0 in intermediate format
FAIL: g++.dg/gcov/pr16855.C  -std=gnu++14  line 21: is #####:should be 1
FAIL: g++.dg/gcov/pr16855.C  -std=gnu++17  gcov: 1 failures in line counts, 0 in branch percentages, 0 in return percentages, 0 in intermediate format
FAIL: g++.dg/gcov/pr16855.C  -std=gnu++17  line 21: is #####:should be 1
FAIL: g++.dg/gcov/pr16855.C  -std=gnu++98  gcov: 1 failures in line counts, 0 in branch percentages, 0 in return percentages, 0 in intermediate format
FAIL: g++.dg/gcov/pr16855.C  -std=gnu++98  line 21: is #####:should be 1
FAIL: g++.dg/lto/pr89335 cp_lto_pr89335_0.o assemble, -O2 -flto -Wsuggest-final-methods

		=== g++ Summary for unix/-m64 ===

# of expected passes		128711
# of unexpected failures	13
# of expected failures		517
# of unsupported tests		6329

		=== g++ Summary ===

# of expected passes		257264
# of unexpected failures	33
# of expected failures		1031
# of unsupported tests		12938
/var/gcc/gcc-9.1.0/11-gcc/gcc/xg++  version 9.1.0 (GCC) 

		=== gcc tests ===


Running target unix
FAIL: gcc.c-torture/execute/pr64242.c   -O2  execution test
FAIL: gcc.c-torture/execute/pr64242.c   -O2 -flto  execution test
FAIL: gcc.c-torture/execute/pr64242.c   -O2 -flto -flto-partition=none  execution test
FAIL: gcc.c-torture/execute/pr64242.c   -O3 -g  execution test
FAIL: gcc.c-torture/execute/pr64242.c   -Os  execution test
FAIL: gcc.dg/pr84877.c execution test
XPASS: gcc.dg/guality/example.c   -O0  execution test
XPASS: gcc.dg/guality/example.c   -O1  -DPREVENT_OPTIMIZATION  execution test
XPASS: gcc.dg/guality/example.c  -Og -DPREVENT_OPTIMIZATION  execution test
XPASS: gcc.dg/guality/guality.c   -O0  execution test
XPASS: gcc.dg/guality/guality.c   -O1  -DPREVENT_OPTIMIZATION  execution test
XPASS: gcc.dg/guality/guality.c   -O2  -DPREVENT_OPTIMIZATION  execution test
XPASS: gcc.dg/guality/guality.c   -O2 -flto  -DPREVENT_OPTIMIZATION execution test
XPASS: gcc.dg/guality/guality.c   -O2 -flto -flto-partition=none  -DPREVENT_OPTIMIZATION execution test
XPASS: gcc.dg/guality/guality.c   -O3 -g  -DPREVENT_OPTIMIZATION  execution test
XPASS: gcc.dg/guality/guality.c   -Os  -DPREVENT_OPTIMIZATION  execution test
XPASS: gcc.dg/guality/guality.c  -Og -DPREVENT_OPTIMIZATION  execution test
XPASS: gcc.dg/guality/inline-params.c   -O2  -DPREVENT_OPTIMIZATION  execution test
XPASS: gcc.dg/guality/inline-params.c   -O2 -flto  -DPREVENT_OPTIMIZATION execution test
XPASS: gcc.dg/guality/inline-params.c   -O2 -flto -flto-partition=none  -DPREVENT_OPTIMIZATION execution test
XPASS: gcc.dg/guality/inline-params.c   -O3 -g  -DPREVENT_OPTIMIZATION  execution test
XPASS: gcc.dg/guality/inline-params.c   -Os  -DPREVENT_OPTIMIZATION  execution test
FAIL: gcc.dg/guality/loop-1.c   -O3 -fomit-frame-pointer -funroll-loops -fpeel-loops -ftracer -finline-functions  -DPREVENT_OPTIMIZATION  line 20 i == 1
FAIL: gcc.dg/guality/pr36728-1.c   -O3 -g  -DPREVENT_OPTIMIZATION  line 16 arg1 == 1
FAIL: gcc.dg/guality/pr36728-1.c   -O3 -g  -DPREVENT_OPTIMIZATION  line 16 arg2 == 2
FAIL: gcc.dg/guality/pr36728-1.c   -O3 -g  -DPREVENT_OPTIMIZATION  line 16 arg3 == 3
FAIL: gcc.dg/guality/pr36728-1.c   -O3 -g  -DPREVENT_OPTIMIZATION  line 16 arg4 == 4
FAIL: gcc.dg/guality/pr36728-1.c   -O3 -g  -DPREVENT_OPTIMIZATION  line 16 arg5 == 5
FAIL: gcc.dg/guality/pr36728-1.c   -O3 -g  -DPREVENT_OPTIMIZATION  line 16 arg6 == 6
FAIL: gcc.dg/guality/pr36728-1.c   -O3 -g  -DPREVENT_OPTIMIZATION  line 16 arg7 == 30
FAIL: gcc.dg/guality/pr36728-1.c   -O3 -g  -DPREVENT_OPTIMIZATION  line 18 arg1 == 1
FAIL: gcc.dg/guality/pr36728-1.c   -O3 -g  -DPREVENT_OPTIMIZATION  line 18 arg2 == 2
FAIL: gcc.dg/guality/pr36728-1.c   -O3 -g  -DPREVENT_OPTIMIZATION  line 18 arg3 == 3
FAIL: gcc.dg/guality/pr36728-1.c   -O3 -g  -DPREVENT_OPTIMIZATION  line 18 arg4 == 4
FAIL: gcc.dg/guality/pr36728-1.c   -O3 -g  -DPREVENT_OPTIMIZATION  line 18 arg5 == 5
FAIL: gcc.dg/guality/pr36728-1.c   -O3 -g  -DPREVENT_OPTIMIZATION  line 18 arg6 == 6
FAIL: gcc.dg/guality/pr36728-1.c   -O3 -g  -DPREVENT_OPTIMIZATION  line 18 arg7 == 30
FAIL: gcc.dg/guality/pr36728-2.c   -O2  -DPREVENT_OPTIMIZATION  line 16 arg7 == 30
FAIL: gcc.dg/guality/pr36728-2.c   -O2  -DPREVENT_OPTIMIZATION  line 18 *x == (char) 25
FAIL: gcc.dg/guality/pr36728-2.c   -O2  -DPREVENT_OPTIMIZATION  line 18 arg7 == 30
FAIL: gcc.dg/guality/pr36728-2.c   -O2 -flto  -DPREVENT_OPTIMIZATION line 16 arg7 == 30
FAIL: gcc.dg/guality/pr36728-2.c   -O2 -flto  -DPREVENT_OPTIMIZATION line 18 *x == (char) 25
FAIL: gcc.dg/guality/pr36728-2.c   -O2 -flto  -DPREVENT_OPTIMIZATION line 18 arg7 == 30
FAIL: gcc.dg/guality/pr36728-2.c   -O2 -flto -flto-partition=none  -DPREVENT_OPTIMIZATION line 16 arg7 == 30
FAIL: gcc.dg/guality/pr36728-2.c   -O2 -flto -flto-partition=none  -DPREVENT_OPTIMIZATION line 18 *x == (char) 25
FAIL: gcc.dg/guality/pr36728-2.c   -O2 -flto -flto-partition=none  -DPREVENT_OPTIMIZATION line 18 arg7 == 30
FAIL: gcc.dg/guality/pr36728-2.c   -O3 -g  -DPREVENT_OPTIMIZATION  line 16 arg1 == 1
FAIL: gcc.dg/guality/pr36728-2.c   -O3 -g  -DPREVENT_OPTIMIZATION  line 16 arg2 == 2
FAIL: gcc.dg/guality/pr36728-2.c   -O3 -g  -DPREVENT_OPTIMIZATION  line 16 arg3 == 3
FAIL: gcc.dg/guality/pr36728-2.c   -O3 -g  -DPREVENT_OPTIMIZATION  line 16 arg4 == 4
FAIL: gcc.dg/guality/pr36728-2.c   -O3 -g  -DPREVENT_OPTIMIZATION  line 16 arg5 == 5
FAIL: gcc.dg/guality/pr36728-2.c   -O3 -g  -DPREVENT_OPTIMIZATION  line 16 arg6 == 6
FAIL: gcc.dg/guality/pr36728-2.c   -O3 -g  -DPREVENT_OPTIMIZATION  line 16 arg7 == 30
FAIL: gcc.dg/guality/pr36728-2.c   -O3 -g  -DPREVENT_OPTIMIZATION  line 18 *x == (char) 25
FAIL: gcc.dg/guality/pr36728-2.c   -O3 -g  -DPREVENT_OPTIMIZATION  line 18 arg1 == 1
FAIL: gcc.dg/guality/pr36728-2.c   -O3 -g  -DPREVENT_OPTIMIZATION  line 18 arg2 == 2
FAIL: gcc.dg/guality/pr36728-2.c   -O3 -g  -DPREVENT_OPTIMIZATION  line 18 arg3 == 3
FAIL: gcc.dg/guality/pr36728-2.c   -O3 -g  -DPREVENT_OPTIMIZATION  line 18 arg4 == 4
FAIL: gcc.dg/guality/pr36728-2.c   -O3 -g  -DPREVENT_OPTIMIZATION  line 18 arg5 == 5
FAIL: gcc.dg/guality/pr36728-2.c   -O3 -g  -DPREVENT_OPTIMIZATION  line 18 arg6 == 6
FAIL: gcc.dg/guality/pr36728-2.c   -O3 -g  -DPREVENT_OPTIMIZATION  line 18 arg7 == 30
FAIL: gcc.dg/guality/pr36728-2.c   -Os  -DPREVENT_OPTIMIZATION  line 16 arg7 == 30
FAIL: gcc.dg/guality/pr36728-2.c   -Os  -DPREVENT_OPTIMIZATION  line 18 *x == (char) 25
FAIL: gcc.dg/guality/pr36728-2.c   -Os  -DPREVENT_OPTIMIZATION  line 18 arg7 == 30
FAIL: gcc.dg/guality/pr36728-3.c   -O3 -g  -DPREVENT_OPTIMIZATION  line 14 arg1 == 1
FAIL: gcc.dg/guality/pr36728-3.c   -O3 -g  -DPREVENT_OPTIMIZATION  line 14 arg2 == 2
FAIL: gcc.dg/guality/pr36728-3.c   -O3 -g  -DPREVENT_OPTIMIZATION  line 14 arg3 == 3
FAIL: gcc.dg/guality/pr36728-3.c   -O3 -g  -DPREVENT_OPTIMIZATION  line 14 arg4 == 4
FAIL: gcc.dg/guality/pr36728-3.c   -O3 -g  -DPREVENT_OPTIMIZATION  line 14 arg5 == 5
FAIL: gcc.dg/guality/pr36728-3.c   -O3 -g  -DPREVENT_OPTIMIZATION  line 14 arg6 == 6
FAIL: gcc.dg/guality/pr36728-3.c   -O3 -g  -DPREVENT_OPTIMIZATION  line 14 arg7 == 30
FAIL: gcc.dg/guality/pr36728-3.c   -O3 -g  -DPREVENT_OPTIMIZATION  line 16 arg1 == 1
FAIL: gcc.dg/guality/pr36728-3.c   -O3 -g  -DPREVENT_OPTIMIZATION  line 16 arg2 == 2
FAIL: gcc.dg/guality/pr36728-3.c   -O3 -g  -DPREVENT_OPTIMIZATION  line 16 arg3 == 3
FAIL: gcc.dg/guality/pr36728-3.c   -O3 -g  -DPREVENT_OPTIMIZATION  line 16 arg4 == 4
FAIL: gcc.dg/guality/pr36728-3.c   -O3 -g  -DPREVENT_OPTIMIZATION  line 16 arg5 == 5
FAIL: gcc.dg/guality/pr36728-3.c   -O3 -g  -DPREVENT_OPTIMIZATION  line 16 arg6 == 6
FAIL: gcc.dg/guality/pr36728-3.c   -O3 -g  -DPREVENT_OPTIMIZATION  line 16 arg7 == 30
FAIL: gcc.dg/guality/pr36728-4.c   -O2  -DPREVENT_OPTIMIZATION  line 14 arg7 == 30
FAIL: gcc.dg/guality/pr36728-4.c   -O2  -DPREVENT_OPTIMIZATION  line 16 *x == (char) 25
FAIL: gcc.dg/guality/pr36728-4.c   -O2  -DPREVENT_OPTIMIZATION  line 16 arg7 == 30
FAIL: gcc.dg/guality/pr36728-4.c   -O2 -flto  -DPREVENT_OPTIMIZATION line 14 arg7 == 30
FAIL: gcc.dg/guality/pr36728-4.c   -O2 -flto  -DPREVENT_OPTIMIZATION line 16 *x == (char) 25
FAIL: gcc.dg/guality/pr36728-4.c   -O2 -flto  -DPREVENT_OPTIMIZATION line 16 arg7 == 30
FAIL: gcc.dg/guality/pr36728-4.c   -O2 -flto -flto-partition=none  -DPREVENT_OPTIMIZATION line 14 arg7 == 30
FAIL: gcc.dg/guality/pr36728-4.c   -O2 -flto -flto-partition=none  -DPREVENT_OPTIMIZATION line 16 *x == (char) 25
FAIL: gcc.dg/guality/pr36728-4.c   -O2 -flto -flto-partition=none  -DPREVENT_OPTIMIZATION line 16 arg7 == 30
FAIL: gcc.dg/guality/pr36728-4.c   -O3 -g  -DPREVENT_OPTIMIZATION  line 16 *x == (char) 25
FAIL: gcc.dg/guality/pr36728-4.c   -Os  -DPREVENT_OPTIMIZATION  line 14 arg7 == 30
FAIL: gcc.dg/guality/pr36728-4.c   -Os  -DPREVENT_OPTIMIZATION  line 16 *x == (char) 25
FAIL: gcc.dg/guality/pr36728-4.c   -Os  -DPREVENT_OPTIMIZATION  line 16 arg7 == 30
XPASS: gcc.dg/guality/pr41353-1.c   -O0  line 28 j == 28 + 37
FAIL: gcc.dg/guality/pr41353-1.c   -O1  -DPREVENT_OPTIMIZATION  line 28 i1 == 2 * 37
FAIL: gcc.dg/guality/pr41353-1.c   -O1  -DPREVENT_OPTIMIZATION  line 28 i2 == 3 * 37
FAIL: gcc.dg/guality/pr41353-1.c   -O2  -DPREVENT_OPTIMIZATION  line 28 i1 == 2 * 37
FAIL: gcc.dg/guality/pr41353-1.c   -O2  -DPREVENT_OPTIMIZATION  line 28 i2 == 3 * 37
FAIL: gcc.dg/guality/pr41353-1.c   -O2 -flto  -DPREVENT_OPTIMIZATION line 28 i1 == 2 * 37
FAIL: gcc.dg/guality/pr41353-1.c   -O2 -flto  -DPREVENT_OPTIMIZATION line 28 i2 == 3 * 37
FAIL: gcc.dg/guality/pr41353-1.c   -O2 -flto -flto-partition=none  -DPREVENT_OPTIMIZATION line 28 i1 == 2 * 37
FAIL: gcc.dg/guality/pr41353-1.c   -O2 -flto -flto-partition=none  -DPREVENT_OPTIMIZATION line 28 i2 == 3 * 37
FAIL: gcc.dg/guality/pr41353-1.c   -O3 -g  -DPREVENT_OPTIMIZATION  line 28 i1 == 2 * 37
FAIL: gcc.dg/guality/pr41353-1.c   -O3 -g  -DPREVENT_OPTIMIZATION  line 28 i2 == 3 * 37
FAIL: gcc.dg/guality/pr41353-1.c   -Os  -DPREVENT_OPTIMIZATION  line 28 i1 == 2 * 37
FAIL: gcc.dg/guality/pr41353-1.c   -Os  -DPREVENT_OPTIMIZATION  line 28 i2 == 3 * 37
FAIL: gcc.dg/guality/pr45882.c   -O1  -DPREVENT_OPTIMIZATION  line 18 b == 7
FAIL: gcc.dg/guality/pr45882.c   -O1  -DPREVENT_OPTIMIZATION  line 18 c == 11
FAIL: gcc.dg/guality/pr45882.c   -O1  -DPREVENT_OPTIMIZATION  line 18 d == 112
FAIL: gcc.dg/guality/pr45882.c   -O1  -DPREVENT_OPTIMIZATION  line 18 e == 142
FAIL: gcc.dg/guality/pr45882.c   -O2  -DPREVENT_OPTIMIZATION  line 18 b == 7
FAIL: gcc.dg/guality/pr45882.c   -O2  -DPREVENT_OPTIMIZATION  line 18 c == 11
FAIL: gcc.dg/guality/pr45882.c   -O2  -DPREVENT_OPTIMIZATION  line 18 d == 112
FAIL: gcc.dg/guality/pr45882.c   -O2  -DPREVENT_OPTIMIZATION  line 18 e == 142
FAIL: gcc.dg/guality/pr45882.c   -O2 -flto  -DPREVENT_OPTIMIZATION line 18 b == 7
FAIL: gcc.dg/guality/pr45882.c   -O2 -flto  -DPREVENT_OPTIMIZATION line 18 c == 11
FAIL: gcc.dg/guality/pr45882.c   -O2 -flto  -DPREVENT_OPTIMIZATION line 18 d == 112
FAIL: gcc.dg/guality/pr45882.c   -O2 -flto  -DPREVENT_OPTIMIZATION line 18 e == 142
FAIL: gcc.dg/guality/pr45882.c   -O2 -flto -flto-partition=none  -DPREVENT_OPTIMIZATION line 18 b == 7
FAIL: gcc.dg/guality/pr45882.c   -O2 -flto -flto-partition=none  -DPREVENT_OPTIMIZATION line 18 c == 11
FAIL: gcc.dg/guality/pr45882.c   -O2 -flto -flto-partition=none  -DPREVENT_OPTIMIZATION line 18 d == 112
FAIL: gcc.dg/guality/pr45882.c   -O2 -flto -flto-partition=none  -DPREVENT_OPTIMIZATION line 18 e == 142
FAIL: gcc.dg/guality/pr45882.c   -O3 -g  -DPREVENT_OPTIMIZATION  line 18 b == 7
FAIL: gcc.dg/guality/pr45882.c   -O3 -g  -DPREVENT_OPTIMIZATION  line 18 c == 11
FAIL: gcc.dg/guality/pr45882.c   -O3 -g  -DPREVENT_OPTIMIZATION  line 18 d == 112
FAIL: gcc.dg/guality/pr45882.c   -O3 -g  -DPREVENT_OPTIMIZATION  line 18 e == 142
FAIL: gcc.dg/guality/pr45882.c   -Os  -DPREVENT_OPTIMIZATION  line 18 b == 7
FAIL: gcc.dg/guality/pr45882.c   -Os  -DPREVENT_OPTIMIZATION  line 18 c == 11
FAIL: gcc.dg/guality/pr45882.c   -Os  -DPREVENT_OPTIMIZATION  line 18 d == 112
FAIL: gcc.dg/guality/pr45882.c   -Os  -DPREVENT_OPTIMIZATION  line 18 e == 142
FAIL: gcc.dg/guality/pr54200.c   -Os  -DPREVENT_OPTIMIZATION  line 20 z == 3
FAIL: gcc.dg/guality/pr54200.c  -Og -DPREVENT_OPTIMIZATION  line 20 z == 3
FAIL: gcc.dg/guality/pr54519-1.c   -O2  -DPREVENT_OPTIMIZATION  line 20 y == 25
FAIL: gcc.dg/guality/pr54519-1.c   -O2  -DPREVENT_OPTIMIZATION  line 20 z == 6
FAIL: gcc.dg/guality/pr54519-1.c   -O2  -DPREVENT_OPTIMIZATION  line 23 y == 117
FAIL: gcc.dg/guality/pr54519-1.c   -O2  -DPREVENT_OPTIMIZATION  line 23 z == 8
FAIL: gcc.dg/guality/pr54519-1.c   -O2 -flto  -DPREVENT_OPTIMIZATION line 20 y == 25
FAIL: gcc.dg/guality/pr54519-1.c   -O2 -flto  -DPREVENT_OPTIMIZATION line 20 z == 6
FAIL: gcc.dg/guality/pr54519-1.c   -O2 -flto  -DPREVENT_OPTIMIZATION line 23 y == 117
FAIL: gcc.dg/guality/pr54519-1.c   -O2 -flto  -DPREVENT_OPTIMIZATION line 23 z == 8
FAIL: gcc.dg/guality/pr54519-1.c   -O2 -flto -flto-partition=none  -DPREVENT_OPTIMIZATION line 20 y == 25
FAIL: gcc.dg/guality/pr54519-1.c   -O2 -flto -flto-partition=none  -DPREVENT_OPTIMIZATION line 20 z == 6
FAIL: gcc.dg/guality/pr54519-1.c   -O2 -flto -flto-partition=none  -DPREVENT_OPTIMIZATION line 23 y == 117
FAIL: gcc.dg/guality/pr54519-1.c   -O2 -flto -flto-partition=none  -DPREVENT_OPTIMIZATION line 23 z == 8
FAIL: gcc.dg/guality/pr54519-2.c   -O2  -DPREVENT_OPTIMIZATION  line 17 y == 25
FAIL: gcc.dg/guality/pr54519-2.c   -O2 -flto  -DPREVENT_OPTIMIZATION line 17 y == 25
FAIL: gcc.dg/guality/pr54519-2.c   -O2 -flto -flto-partition=none  -DPREVENT_OPTIMIZATION line 17 y == 25
FAIL: gcc.dg/guality/pr54519-2.c   -Os  -DPREVENT_OPTIMIZATION  line 17 y == 25
FAIL: gcc.dg/guality/pr54519-3.c   -O2 -flto  -DPREVENT_OPTIMIZATION line 20 y == 25
FAIL: gcc.dg/guality/pr54519-3.c   -O2 -flto  -DPREVENT_OPTIMIZATION line 20 z == 6
FAIL: gcc.dg/guality/pr54519-3.c   -O2 -flto  -DPREVENT_OPTIMIZATION line 23 y == 117
FAIL: gcc.dg/guality/pr54519-3.c   -O2 -flto  -DPREVENT_OPTIMIZATION line 23 z == 8
FAIL: gcc.dg/guality/pr54519-3.c   -O2 -flto -flto-partition=none  -DPREVENT_OPTIMIZATION line 20 y == 25
FAIL: gcc.dg/guality/pr54519-3.c   -O2 -flto -flto-partition=none  -DPREVENT_OPTIMIZATION line 20 z == 6
FAIL: gcc.dg/guality/pr54519-3.c   -O2 -flto -flto-partition=none  -DPREVENT_OPTIMIZATION line 23 y == 117
FAIL: gcc.dg/guality/pr54519-3.c   -O2 -flto -flto-partition=none  -DPREVENT_OPTIMIZATION line 23 z == 8
FAIL: gcc.dg/guality/pr54519-4.c   -O2 -flto  -DPREVENT_OPTIMIZATION line 17 y == 25
FAIL: gcc.dg/guality/pr54519-4.c   -O2 -flto -flto-partition=none  -DPREVENT_OPTIMIZATION line 17 y == 25
FAIL: gcc.dg/guality/pr54519-5.c   -O2  -DPREVENT_OPTIMIZATION  line 17 y == 25
FAIL: gcc.dg/guality/pr54519-5.c   -O2 -flto  -DPREVENT_OPTIMIZATION line 17 y == 25
FAIL: gcc.dg/guality/pr54519-5.c   -O2 -flto -flto-partition=none  -DPREVENT_OPTIMIZATION line 17 y == 25
FAIL: gcc.dg/guality/pr54519-5.c   -Os  -DPREVENT_OPTIMIZATION  line 17 y == 25
FAIL: gcc.dg/guality/pr54693-2.c   -Os  -DPREVENT_OPTIMIZATION  line 21 z == 30 - 3 * i
FAIL: gcc.dg/guality/pr54796.c   -O1  -DPREVENT_OPTIMIZATION  line 17 b == 6
FAIL: gcc.dg/guality/pr54796.c   -O2  -DPREVENT_OPTIMIZATION  line 17 b == 6
FAIL: gcc.dg/guality/pr54796.c   -O2 -flto  -DPREVENT_OPTIMIZATION line 17 b == 6
FAIL: gcc.dg/guality/pr54796.c   -O2 -flto -flto-partition=none  -DPREVENT_OPTIMIZATION line 17 b == 6
FAIL: gcc.dg/guality/pr54796.c   -O3 -g  -DPREVENT_OPTIMIZATION  line 17 b == 6
FAIL: gcc.dg/guality/pr54796.c   -Os  -DPREVENT_OPTIMIZATION  line 17 b == 6
XPASS: gcc.dg/guality/pr54970.c   -O0  line 15 a[0] == 1
XPASS: gcc.dg/guality/pr54970.c   -O0  line 20 a[0] == 1
XPASS: gcc.dg/guality/pr54970.c   -O0  line 25 a[0] == 1
XPASS: gcc.dg/guality/pr54970.c   -O0  line 31 a[0] == 4
XPASS: gcc.dg/guality/pr54970.c   -O0  line 36 a[0] == 4
XPASS: gcc.dg/guality/pr54970.c   -O0  line 45 a[0] == 4
XPASS: gcc.dg/guality/pr54970.c   -O0  line 45 p[-2] == 4
XPASS: gcc.dg/guality/pr54970.c   -O0  line 45 q[-1] == 4
FAIL: gcc.dg/guality/pr54970.c  -Og -DPREVENT_OPTIMIZATION  line 15 *p == 3
FAIL: gcc.dg/guality/pr54970.c  -Og -DPREVENT_OPTIMIZATION  line 15 *q == 2
FAIL: gcc.dg/guality/pr54970.c  -Og -DPREVENT_OPTIMIZATION  line 15 a[1] == 2
FAIL: gcc.dg/guality/pr54970.c  -Og -DPREVENT_OPTIMIZATION  line 15 a[2] == 3
FAIL: gcc.dg/guality/pr54970.c  -Og -DPREVENT_OPTIMIZATION  line 20 *p == 13
FAIL: gcc.dg/guality/pr54970.c  -Og -DPREVENT_OPTIMIZATION  line 20 *q == 2
FAIL: gcc.dg/guality/pr54970.c  -Og -DPREVENT_OPTIMIZATION  line 20 a[1] == 2
FAIL: gcc.dg/guality/pr54970.c  -Og -DPREVENT_OPTIMIZATION  line 20 a[2] == 13
FAIL: gcc.dg/guality/pr54970.c  -Og -DPREVENT_OPTIMIZATION  line 25 *p == 13
FAIL: gcc.dg/guality/pr54970.c  -Og -DPREVENT_OPTIMIZATION  line 25 *q == 12
FAIL: gcc.dg/guality/pr54970.c  -Og -DPREVENT_OPTIMIZATION  line 25 a[1] == 12
FAIL: gcc.dg/guality/pr54970.c  -Og -DPREVENT_OPTIMIZATION  line 25 a[2] == 13
FAIL: gcc.dg/guality/pr54970.c  -Og -DPREVENT_OPTIMIZATION  line 31 *p == 6
FAIL: gcc.dg/guality/pr54970.c  -Og -DPREVENT_OPTIMIZATION  line 31 *q == 5
FAIL: gcc.dg/guality/pr54970.c  -Og -DPREVENT_OPTIMIZATION  line 31 a[1] == 5
FAIL: gcc.dg/guality/pr54970.c  -Og -DPREVENT_OPTIMIZATION  line 31 a[2] == 6
FAIL: gcc.dg/guality/pr54970.c  -Og -DPREVENT_OPTIMIZATION  line 36 *p == 26
FAIL: gcc.dg/guality/pr54970.c  -Og -DPREVENT_OPTIMIZATION  line 36 *q == 5
FAIL: gcc.dg/guality/pr54970.c  -Og -DPREVENT_OPTIMIZATION  line 36 a[1] == 5
FAIL: gcc.dg/guality/pr54970.c  -Og -DPREVENT_OPTIMIZATION  line 36 a[2] == 26
FAIL: gcc.dg/guality/pr54970.c  -Og -DPREVENT_OPTIMIZATION  line 45 *p == 26
FAIL: gcc.dg/guality/pr54970.c  -Og -DPREVENT_OPTIMIZATION  line 45 *q == 25
FAIL: gcc.dg/guality/pr54970.c  -Og -DPREVENT_OPTIMIZATION  line 45 a[1] == 25
FAIL: gcc.dg/guality/pr54970.c  -Og -DPREVENT_OPTIMIZATION  line 45 a[2] == 26
FAIL: gcc.dg/guality/pr54970.c  -Og -DPREVENT_OPTIMIZATION  line 45 p[-1] == 25
FAIL: gcc.dg/guality/pr54970.c  -Og -DPREVENT_OPTIMIZATION  line 45 q[1] == 26
FAIL: gcc.dg/guality/pr56154-1.c  -Og -DPREVENT_OPTIMIZATION  line pr56154-1.c:20 x.a == 6
FAIL: gcc.dg/guality/pr58791-5.c   -O1  -DPREVENT_OPTIMIZATION  line pr58791-5.c:20 b1 == 9
FAIL: gcc.dg/guality/pr58791-5.c   -O1  -DPREVENT_OPTIMIZATION  line pr58791-5.c:20 b2 == 73
FAIL: gcc.dg/guality/pr58791-5.c   -O1  -DPREVENT_OPTIMIZATION  line pr58791-5.c:20 b3 == 585
FAIL: gcc.dg/guality/pr58791-5.c   -O1  -DPREVENT_OPTIMIZATION  line pr58791-5.c:20 b4 == 4681
FAIL: gcc.dg/guality/pr58791-5.c   -O2  -DPREVENT_OPTIMIZATION  line pr58791-5.c:20 b1 == 9
FAIL: gcc.dg/guality/pr58791-5.c   -O2  -DPREVENT_OPTIMIZATION  line pr58791-5.c:20 b2 == 73
FAIL: gcc.dg/guality/pr58791-5.c   -O2  -DPREVENT_OPTIMIZATION  line pr58791-5.c:20 b3 == 585
FAIL: gcc.dg/guality/pr58791-5.c   -O2  -DPREVENT_OPTIMIZATION  line pr58791-5.c:20 b4 == 4681
FAIL: gcc.dg/guality/pr58791-5.c   -O2 -flto  -DPREVENT_OPTIMIZATION line pr58791-5.c:20 b1 == 9
FAIL: gcc.dg/guality/pr58791-5.c   -O2 -flto  -DPREVENT_OPTIMIZATION line pr58791-5.c:20 b2 == 73
FAIL: gcc.dg/guality/pr58791-5.c   -O2 -flto  -DPREVENT_OPTIMIZATION line pr58791-5.c:20 b3 == 585
FAIL: gcc.dg/guality/pr58791-5.c   -O2 -flto  -DPREVENT_OPTIMIZATION line pr58791-5.c:20 b4 == 4681
FAIL: gcc.dg/guality/pr58791-5.c   -O2 -flto -flto-partition=none  -DPREVENT_OPTIMIZATION line pr58791-5.c:20 b1 == 9
FAIL: gcc.dg/guality/pr58791-5.c   -O2 -flto -flto-partition=none  -DPREVENT_OPTIMIZATION line pr58791-5.c:20 b2 == 73
FAIL: gcc.dg/guality/pr58791-5.c   -O2 -flto -flto-partition=none  -DPREVENT_OPTIMIZATION line pr58791-5.c:20 b3 == 585
FAIL: gcc.dg/guality/pr58791-5.c   -O2 -flto -flto-partition=none  -DPREVENT_OPTIMIZATION line pr58791-5.c:20 b4 == 4681
FAIL: gcc.dg/guality/pr58791-5.c   -O3 -g  -DPREVENT_OPTIMIZATION  line pr58791-5.c:20 b1 == 9
FAIL: gcc.dg/guality/pr58791-5.c   -O3 -g  -DPREVENT_OPTIMIZATION  line pr58791-5.c:20 b2 == 73
FAIL: gcc.dg/guality/pr58791-5.c   -O3 -g  -DPREVENT_OPTIMIZATION  line pr58791-5.c:20 b3 == 585
FAIL: gcc.dg/guality/pr58791-5.c   -O3 -g  -DPREVENT_OPTIMIZATION  line pr58791-5.c:20 b4 == 4681
FAIL: gcc.dg/guality/pr58791-5.c   -Os  -DPREVENT_OPTIMIZATION  line pr58791-5.c:20 b1 == 9
FAIL: gcc.dg/guality/pr58791-5.c   -Os  -DPREVENT_OPTIMIZATION  line pr58791-5.c:20 b2 == 73
FAIL: gcc.dg/guality/pr58791-5.c   -Os  -DPREVENT_OPTIMIZATION  line pr58791-5.c:20 b3 == 585
FAIL: gcc.dg/guality/pr58791-5.c   -Os  -DPREVENT_OPTIMIZATION  line pr58791-5.c:20 b4 == 4681
FAIL: gcc.dg/guality/pr59776.c   -O1  -DPREVENT_OPTIMIZATION  line pr59776.c:17 s1.f == 5.0
FAIL: gcc.dg/guality/pr59776.c   -O1  -DPREVENT_OPTIMIZATION  line pr59776.c:17 s1.g == 6.0
FAIL: gcc.dg/guality/pr59776.c   -O1  -DPREVENT_OPTIMIZATION  line pr59776.c:17 s2.f == 0.0
FAIL: gcc.dg/guality/pr59776.c   -O1  -DPREVENT_OPTIMIZATION  line pr59776.c:17 s2.g == 6.0
FAIL: gcc.dg/guality/pr59776.c   -O1  -DPREVENT_OPTIMIZATION  line pr59776.c:20 s1.f == 5.0
FAIL: gcc.dg/guality/pr59776.c   -O1  -DPREVENT_OPTIMIZATION  line pr59776.c:20 s1.g == 6.0
FAIL: gcc.dg/guality/pr59776.c   -O1  -DPREVENT_OPTIMIZATION  line pr59776.c:20 s2.f == 5.0
FAIL: gcc.dg/guality/pr59776.c   -O1  -DPREVENT_OPTIMIZATION  line pr59776.c:20 s2.g == 6.0
FAIL: gcc.dg/guality/pr59776.c   -O2  -DPREVENT_OPTIMIZATION  line pr59776.c:17 s1.f == 5.0
FAIL: gcc.dg/guality/pr59776.c   -O2  -DPREVENT_OPTIMIZATION  line pr59776.c:17 s1.g == 6.0
FAIL: gcc.dg/guality/pr59776.c   -O2  -DPREVENT_OPTIMIZATION  line pr59776.c:17 s2.f == 0.0
FAIL: gcc.dg/guality/pr59776.c   -O2  -DPREVENT_OPTIMIZATION  line pr59776.c:17 s2.g == 6.0
FAIL: gcc.dg/guality/pr59776.c   -O2  -DPREVENT_OPTIMIZATION  line pr59776.c:20 s1.f == 5.0
FAIL: gcc.dg/guality/pr59776.c   -O2  -DPREVENT_OPTIMIZATION  line pr59776.c:20 s1.g == 6.0
FAIL: gcc.dg/guality/pr59776.c   -O2  -DPREVENT_OPTIMIZATION  line pr59776.c:20 s2.f == 5.0
FAIL: gcc.dg/guality/pr59776.c   -O2  -DPREVENT_OPTIMIZATION  line pr59776.c:20 s2.g == 6.0
FAIL: gcc.dg/guality/pr59776.c   -O2 -flto  -DPREVENT_OPTIMIZATION line pr59776.c:17 s1.f == 5.0
FAIL: gcc.dg/guality/pr59776.c   -O2 -flto  -DPREVENT_OPTIMIZATION line pr59776.c:17 s1.g == 6.0
FAIL: gcc.dg/guality/pr59776.c   -O2 -flto  -DPREVENT_OPTIMIZATION line pr59776.c:17 s2.f == 0.0
FAIL: gcc.dg/guality/pr59776.c   -O2 -flto  -DPREVENT_OPTIMIZATION line pr59776.c:17 s2.g == 6.0
FAIL: gcc.dg/guality/pr59776.c   -O2 -flto  -DPREVENT_OPTIMIZATION line pr59776.c:20 s1.f == 5.0
FAIL: gcc.dg/guality/pr59776.c   -O2 -flto  -DPREVENT_OPTIMIZATION line pr59776.c:20 s1.g == 6.0
FAIL: gcc.dg/guality/pr59776.c   -O2 -flto  -DPREVENT_OPTIMIZATION line pr59776.c:20 s2.f == 5.0
FAIL: gcc.dg/guality/pr59776.c   -O2 -flto  -DPREVENT_OPTIMIZATION line pr59776.c:20 s2.g == 6.0
FAIL: gcc.dg/guality/pr59776.c   -O2 -flto -flto-partition=none  -DPREVENT_OPTIMIZATION line pr59776.c:17 s1.f == 5.0
FAIL: gcc.dg/guality/pr59776.c   -O2 -flto -flto-partition=none  -DPREVENT_OPTIMIZATION line pr59776.c:17 s1.g == 6.0
FAIL: gcc.dg/guality/pr59776.c   -O2 -flto -flto-partition=none  -DPREVENT_OPTIMIZATION line pr59776.c:17 s2.f == 0.0
FAIL: gcc.dg/guality/pr59776.c   -O2 -flto -flto-partition=none  -DPREVENT_OPTIMIZATION line pr59776.c:17 s2.g == 6.0
FAIL: gcc.dg/guality/pr59776.c   -O2 -flto -flto-partition=none  -DPREVENT_OPTIMIZATION line pr59776.c:20 s1.f == 5.0
FAIL: gcc.dg/guality/pr59776.c   -O2 -flto -flto-partition=none  -DPREVENT_OPTIMIZATION line pr59776.c:20 s1.g == 6.0
FAIL: gcc.dg/guality/pr59776.c   -O2 -flto -flto-partition=none  -DPREVENT_OPTIMIZATION line pr59776.c:20 s2.f == 5.0
FAIL: gcc.dg/guality/pr59776.c   -O2 -flto -flto-partition=none  -DPREVENT_OPTIMIZATION line pr59776.c:20 s2.g == 6.0
FAIL: gcc.dg/guality/pr59776.c   -O3 -g  -DPREVENT_OPTIMIZATION  line pr59776.c:17 s1.f == 5.0
FAIL: gcc.dg/guality/pr59776.c   -O3 -g  -DPREVENT_OPTIMIZATION  line pr59776.c:17 s1.g == 6.0
FAIL: gcc.dg/guality/pr59776.c   -O3 -g  -DPREVENT_OPTIMIZATION  line pr59776.c:17 s2.f == 0.0
FAIL: gcc.dg/guality/pr59776.c   -O3 -g  -DPREVENT_OPTIMIZATION  line pr59776.c:17 s2.g == 6.0
FAIL: gcc.dg/guality/pr59776.c   -O3 -g  -DPREVENT_OPTIMIZATION  line pr59776.c:20 s1.f == 5.0
FAIL: gcc.dg/guality/pr59776.c   -O3 -g  -DPREVENT_OPTIMIZATION  line pr59776.c:20 s1.g == 6.0
FAIL: gcc.dg/guality/pr59776.c   -O3 -g  -DPREVENT_OPTIMIZATION  line pr59776.c:20 s2.f == 5.0
FAIL: gcc.dg/guality/pr59776.c   -O3 -g  -DPREVENT_OPTIMIZATION  line pr59776.c:20 s2.g == 6.0
FAIL: gcc.dg/guality/pr59776.c   -Os  -DPREVENT_OPTIMIZATION  line pr59776.c:17 s1.f == 5.0
FAIL: gcc.dg/guality/pr59776.c   -Os  -DPREVENT_OPTIMIZATION  line pr59776.c:17 s1.g == 6.0
FAIL: gcc.dg/guality/pr59776.c   -Os  -DPREVENT_OPTIMIZATION  line pr59776.c:17 s2.f == 0.0
FAIL: gcc.dg/guality/pr59776.c   -Os  -DPREVENT_OPTIMIZATION  line pr59776.c:17 s2.g == 6.0
FAIL: gcc.dg/guality/pr59776.c   -Os  -DPREVENT_OPTIMIZATION  line pr59776.c:20 s1.f == 5.0
FAIL: gcc.dg/guality/pr59776.c   -Os  -DPREVENT_OPTIMIZATION  line pr59776.c:20 s1.g == 6.0
FAIL: gcc.dg/guality/pr59776.c   -Os  -DPREVENT_OPTIMIZATION  line pr59776.c:20 s2.f == 5.0
FAIL: gcc.dg/guality/pr59776.c   -Os  -DPREVENT_OPTIMIZATION  line pr59776.c:20 s2.g == 6.0
FAIL: gcc.dg/guality/pr59776.c  -Og -DPREVENT_OPTIMIZATION  line pr59776.c:17 s1.f == 5.0
FAIL: gcc.dg/guality/pr59776.c  -Og -DPREVENT_OPTIMIZATION  line pr59776.c:17 s1.g == 6.0
FAIL: gcc.dg/guality/pr59776.c  -Og -DPREVENT_OPTIMIZATION  line pr59776.c:17 s2.f == 0.0
FAIL: gcc.dg/guality/pr59776.c  -Og -DPREVENT_OPTIMIZATION  line pr59776.c:17 s2.g == 6.0
FAIL: gcc.dg/guality/pr59776.c  -Og -DPREVENT_OPTIMIZATION  line pr59776.c:20 s1.f == 5.0
FAIL: gcc.dg/guality/pr59776.c  -Og -DPREVENT_OPTIMIZATION  line pr59776.c:20 s1.g == 6.0
FAIL: gcc.dg/guality/pr59776.c  -Og -DPREVENT_OPTIMIZATION  line pr59776.c:20 s2.f == 5.0
FAIL: gcc.dg/guality/pr59776.c  -Og -DPREVENT_OPTIMIZATION  line pr59776.c:20 s2.g == 6.0
FAIL: gcc.dg/guality/pr68860-1.c   -O2  -DPREVENT_OPTIMIZATION  line 14 arg1 == 1
FAIL: gcc.dg/guality/pr68860-1.c   -O2  -DPREVENT_OPTIMIZATION  line 14 arg2 == 2
FAIL: gcc.dg/guality/pr68860-1.c   -O2  -DPREVENT_OPTIMIZATION  line 14 arg3 == 3
FAIL: gcc.dg/guality/pr68860-1.c   -O2  -DPREVENT_OPTIMIZATION  line 14 arg4 == 4
FAIL: gcc.dg/guality/pr68860-1.c   -O2  -DPREVENT_OPTIMIZATION  line 14 arg5 == 5
FAIL: gcc.dg/guality/pr68860-1.c   -O2  -DPREVENT_OPTIMIZATION  line 14 arg6 == 6
FAIL: gcc.dg/guality/pr68860-1.c   -O2  -DPREVENT_OPTIMIZATION  line 14 arg7 == 30
FAIL: gcc.dg/guality/pr68860-1.c   -O2  -DPREVENT_OPTIMIZATION  line 16 arg1 == 1
FAIL: gcc.dg/guality/pr68860-1.c   -O2  -DPREVENT_OPTIMIZATION  line 16 arg2 == 2
FAIL: gcc.dg/guality/pr68860-1.c   -O2  -DPREVENT_OPTIMIZATION  line 16 arg3 == 3
FAIL: gcc.dg/guality/pr68860-1.c   -O2  -DPREVENT_OPTIMIZATION  line 16 arg4 == 4
FAIL: gcc.dg/guality/pr68860-1.c   -O2  -DPREVENT_OPTIMIZATION  line 16 arg5 == 5
FAIL: gcc.dg/guality/pr68860-1.c   -O2  -DPREVENT_OPTIMIZATION  line 16 arg6 == 6
FAIL: gcc.dg/guality/pr68860-1.c   -O2  -DPREVENT_OPTIMIZATION  line 16 arg7 == 30
FAIL: gcc.dg/guality/pr68860-1.c   -O2 -flto  -DPREVENT_OPTIMIZATION line 14 arg1 == 1
FAIL: gcc.dg/guality/pr68860-1.c   -O2 -flto  -DPREVENT_OPTIMIZATION line 14 arg2 == 2
FAIL: gcc.dg/guality/pr68860-1.c   -O2 -flto  -DPREVENT_OPTIMIZATION line 14 arg3 == 3
FAIL: gcc.dg/guality/pr68860-1.c   -O2 -flto  -DPREVENT_OPTIMIZATION line 14 arg4 == 4
FAIL: gcc.dg/guality/pr68860-1.c   -O2 -flto  -DPREVENT_OPTIMIZATION line 14 arg5 == 5
FAIL: gcc.dg/guality/pr68860-1.c   -O2 -flto  -DPREVENT_OPTIMIZATION line 14 arg6 == 6
FAIL: gcc.dg/guality/pr68860-1.c   -O2 -flto  -DPREVENT_OPTIMIZATION line 14 arg7 == 30
FAIL: gcc.dg/guality/pr68860-1.c   -O2 -flto  -DPREVENT_OPTIMIZATION line 16 arg1 == 1
FAIL: gcc.dg/guality/pr68860-1.c   -O2 -flto  -DPREVENT_OPTIMIZATION line 16 arg2 == 2
FAIL: gcc.dg/guality/pr68860-1.c   -O2 -flto  -DPREVENT_OPTIMIZATION line 16 arg3 == 3
FAIL: gcc.dg/guality/pr68860-1.c   -O2 -flto  -DPREVENT_OPTIMIZATION line 16 arg4 == 4
FAIL: gcc.dg/guality/pr68860-1.c   -O2 -flto  -DPREVENT_OPTIMIZATION line 16 arg5 == 5
FAIL: gcc.dg/guality/pr68860-1.c   -O2 -flto  -DPREVENT_OPTIMIZATION line 16 arg6 == 6
FAIL: gcc.dg/guality/pr68860-1.c   -O2 -flto  -DPREVENT_OPTIMIZATION line 16 arg7 == 30
FAIL: gcc.dg/guality/pr68860-1.c   -O2 -flto -flto-partition=none  -DPREVENT_OPTIMIZATION line 14 arg1 == 1
FAIL: gcc.dg/guality/pr68860-1.c   -O2 -flto -flto-partition=none  -DPREVENT_OPTIMIZATION line 14 arg2 == 2
FAIL: gcc.dg/guality/pr68860-1.c   -O2 -flto -flto-partition=none  -DPREVENT_OPTIMIZATION line 14 arg3 == 3
FAIL: gcc.dg/guality/pr68860-1.c   -O2 -flto -flto-partition=none  -DPREVENT_OPTIMIZATION line 14 arg4 == 4
FAIL: gcc.dg/guality/pr68860-1.c   -O2 -flto -flto-partition=none  -DPREVENT_OPTIMIZATION line 14 arg5 == 5
FAIL: gcc.dg/guality/pr68860-1.c   -O2 -flto -flto-partition=none  -DPREVENT_OPTIMIZATION line 14 arg6 == 6
FAIL: gcc.dg/guality/pr68860-1.c   -O2 -flto -flto-partition=none  -DPREVENT_OPTIMIZATION line 14 arg7 == 30
FAIL: gcc.dg/guality/pr68860-1.c   -O2 -flto -flto-partition=none  -DPREVENT_OPTIMIZATION line 16 arg1 == 1
FAIL: gcc.dg/guality/pr68860-1.c   -O2 -flto -flto-partition=none  -DPREVENT_OPTIMIZATION line 16 arg2 == 2
FAIL: gcc.dg/guality/pr68860-1.c   -O2 -flto -flto-partition=none  -DPREVENT_OPTIMIZATION line 16 arg3 == 3
FAIL: gcc.dg/guality/pr68860-1.c   -O2 -flto -flto-partition=none  -DPREVENT_OPTIMIZATION line 16 arg4 == 4
FAIL: gcc.dg/guality/pr68860-1.c   -O2 -flto -flto-partition=none  -DPREVENT_OPTIMIZATION line 16 arg5 == 5
FAIL: gcc.dg/guality/pr68860-1.c   -O2 -flto -flto-partition=none  -DPREVENT_OPTIMIZATION line 16 arg6 == 6
FAIL: gcc.dg/guality/pr68860-1.c   -O2 -flto -flto-partition=none  -DPREVENT_OPTIMIZATION line 16 arg7 == 30
FAIL: gcc.dg/guality/pr68860-1.c   -O3 -g  -DPREVENT_OPTIMIZATION  line 14 arg1 == 1
FAIL: gcc.dg/guality/pr68860-1.c   -O3 -g  -DPREVENT_OPTIMIZATION  line 14 arg2 == 2
FAIL: gcc.dg/guality/pr68860-1.c   -O3 -g  -DPREVENT_OPTIMIZATION  line 14 arg3 == 3
FAIL: gcc.dg/guality/pr68860-1.c   -O3 -g  -DPREVENT_OPTIMIZATION  line 14 arg4 == 4
FAIL: gcc.dg/guality/pr68860-1.c   -O3 -g  -DPREVENT_OPTIMIZATION  line 14 arg5 == 5
FAIL: gcc.dg/guality/pr68860-1.c   -O3 -g  -DPREVENT_OPTIMIZATION  line 14 arg6 == 6
FAIL: gcc.dg/guality/pr68860-1.c   -O3 -g  -DPREVENT_OPTIMIZATION  line 14 arg7 == 30
FAIL: gcc.dg/guality/pr68860-1.c   -O3 -g  -DPREVENT_OPTIMIZATION  line 16 arg1 == 1
FAIL: gcc.dg/guality/pr68860-1.c   -O3 -g  -DPREVENT_OPTIMIZATION  line 16 arg2 == 2
FAIL: gcc.dg/guality/pr68860-1.c   -O3 -g  -DPREVENT_OPTIMIZATION  line 16 arg3 == 3
FAIL: gcc.dg/guality/pr68860-1.c   -O3 -g  -DPREVENT_OPTIMIZATION  line 16 arg4 == 4
FAIL: gcc.dg/guality/pr68860-1.c   -O3 -g  -DPREVENT_OPTIMIZATION  line 16 arg5 == 5
FAIL: gcc.dg/guality/pr68860-1.c   -O3 -g  -DPREVENT_OPTIMIZATION  line 16 arg6 == 6
FAIL: gcc.dg/guality/pr68860-1.c   -O3 -g  -DPREVENT_OPTIMIZATION  line 16 arg7 == 30
FAIL: gcc.dg/guality/pr68860-1.c   -Os  -DPREVENT_OPTIMIZATION  line 14 arg1 == 1
FAIL: gcc.dg/guality/pr68860-1.c   -Os  -DPREVENT_OPTIMIZATION  line 14 arg2 == 2
FAIL: gcc.dg/guality/pr68860-1.c   -Os  -DPREVENT_OPTIMIZATION  line 14 arg3 == 3
FAIL: gcc.dg/guality/pr68860-1.c   -Os  -DPREVENT_OPTIMIZATION  line 14 arg4 == 4
FAIL: gcc.dg/guality/pr68860-1.c   -Os  -DPREVENT_OPTIMIZATION  line 14 arg5 == 5
FAIL: gcc.dg/guality/pr68860-1.c   -Os  -DPREVENT_OPTIMIZATION  line 14 arg6 == 6
FAIL: gcc.dg/guality/pr68860-1.c   -Os  -DPREVENT_OPTIMIZATION  line 14 arg7 == 30
FAIL: gcc.dg/guality/pr68860-1.c   -Os  -DPREVENT_OPTIMIZATION  line 16 arg1 == 1
FAIL: gcc.dg/guality/pr68860-1.c   -Os  -DPREVENT_OPTIMIZATION  line 16 arg2 == 2
FAIL: gcc.dg/guality/pr68860-1.c   -Os  -DPREVENT_OPTIMIZATION  line 16 arg3 == 3
FAIL: gcc.dg/guality/pr68860-1.c   -Os  -DPREVENT_OPTIMIZATION  line 16 arg4 == 4
FAIL: gcc.dg/guality/pr68860-1.c   -Os  -DPREVENT_OPTIMIZATION  line 16 arg5 == 5
FAIL: gcc.dg/guality/pr68860-1.c   -Os  -DPREVENT_OPTIMIZATION  line 16 arg6 == 6
FAIL: gcc.dg/guality/pr68860-1.c   -Os  -DPREVENT_OPTIMIZATION  line 16 arg7 == 30
FAIL: gcc.dg/guality/pr68860-2.c   -O3 -g  -DPREVENT_OPTIMIZATION  line 14 arg1 == 1
FAIL: gcc.dg/guality/pr68860-2.c   -O3 -g  -DPREVENT_OPTIMIZATION  line 14 arg2 == 2
FAIL: gcc.dg/guality/pr68860-2.c   -O3 -g  -DPREVENT_OPTIMIZATION  line 14 arg3 == 3
FAIL: gcc.dg/guality/pr68860-2.c   -O3 -g  -DPREVENT_OPTIMIZATION  line 14 arg4 == 4
FAIL: gcc.dg/guality/pr68860-2.c   -O3 -g  -DPREVENT_OPTIMIZATION  line 14 arg5 == 5
FAIL: gcc.dg/guality/pr68860-2.c   -O3 -g  -DPREVENT_OPTIMIZATION  line 14 arg6 == 6
FAIL: gcc.dg/guality/pr68860-2.c   -O3 -g  -DPREVENT_OPTIMIZATION  line 14 arg7 == 30
FAIL: gcc.dg/guality/pr68860-2.c   -O3 -g  -DPREVENT_OPTIMIZATION  line 16 *x == (char) 32
FAIL: gcc.dg/guality/pr68860-2.c   -O3 -g  -DPREVENT_OPTIMIZATION  line 16 arg1 == 1
FAIL: gcc.dg/guality/pr68860-2.c   -O3 -g  -DPREVENT_OPTIMIZATION  line 16 arg2 == 2
FAIL: gcc.dg/guality/pr68860-2.c   -O3 -g  -DPREVENT_OPTIMIZATION  line 16 arg3 == 3
FAIL: gcc.dg/guality/pr68860-2.c   -O3 -g  -DPREVENT_OPTIMIZATION  line 16 arg4 == 4
FAIL: gcc.dg/guality/pr68860-2.c   -O3 -g  -DPREVENT_OPTIMIZATION  line 16 arg5 == 5
FAIL: gcc.dg/guality/pr68860-2.c   -O3 -g  -DPREVENT_OPTIMIZATION  line 16 arg6 == 6
FAIL: gcc.dg/guality/pr68860-2.c   -O3 -g  -DPREVENT_OPTIMIZATION  line 16 arg7 == 30
FAIL: gcc.dg/guality/sra-1.c   -O1  -DPREVENT_OPTIMIZATION  line 43 a.i == 4
FAIL: gcc.dg/guality/sra-1.c   -O2  -DPREVENT_OPTIMIZATION  line 21 a.i == 4
FAIL: gcc.dg/guality/sra-1.c   -O2  -DPREVENT_OPTIMIZATION  line 32 a[0] == 4
FAIL: gcc.dg/guality/sra-1.c   -O2  -DPREVENT_OPTIMIZATION  line 43 a.i == 4
FAIL: gcc.dg/guality/sra-1.c   -O2 -flto  -DPREVENT_OPTIMIZATION line 21 a.i == 4
FAIL: gcc.dg/guality/sra-1.c   -O2 -flto  -DPREVENT_OPTIMIZATION line 32 a[0] == 4
FAIL: gcc.dg/guality/sra-1.c   -O2 -flto  -DPREVENT_OPTIMIZATION line 43 a.i == 4
FAIL: gcc.dg/guality/sra-1.c   -O2 -flto -flto-partition=none  -DPREVENT_OPTIMIZATION line 21 a.i == 4
FAIL: gcc.dg/guality/sra-1.c   -O2 -flto -flto-partition=none  -DPREVENT_OPTIMIZATION line 32 a[0] == 4
FAIL: gcc.dg/guality/sra-1.c   -O2 -flto -flto-partition=none  -DPREVENT_OPTIMIZATION line 43 a.i == 4
FAIL: gcc.dg/guality/sra-1.c   -O3 -g  -DPREVENT_OPTIMIZATION  line 21 a.i == 4
FAIL: gcc.dg/guality/sra-1.c   -O3 -g  -DPREVENT_OPTIMIZATION  line 32 a[0] == 4
FAIL: gcc.dg/guality/sra-1.c   -O3 -g  -DPREVENT_OPTIMIZATION  line 43 a.i == 4
FAIL: gcc.dg/guality/sra-1.c   -Os  -DPREVENT_OPTIMIZATION  line 43 a.i == 4
FAIL: gcc.dg/guality/sra-1.c   -Os  -DPREVENT_OPTIMIZATION  line 43 a.j == 14
FAIL: gcc.dg/guality/sra-1.c  -Og -DPREVENT_OPTIMIZATION  line 21 a.i == 4
FAIL: gcc.dg/guality/sra-1.c  -Og -DPREVENT_OPTIMIZATION  line 21 a.j == 14
FAIL: gcc.dg/guality/sra-1.c  -Og -DPREVENT_OPTIMIZATION  line 32 a[0] == 4
FAIL: gcc.dg/guality/sra-1.c  -Og -DPREVENT_OPTIMIZATION  line 32 a[1] == 14
FAIL: gcc.dg/guality/sra-1.c  -Og -DPREVENT_OPTIMIZATION  line 43 a.i == 4
FAIL: gcc.dg/guality/sra-1.c  -Og -DPREVENT_OPTIMIZATION  line 43 a.j == 14
FAIL: gcc.dg/guality/vla-1.c   -O1  -DPREVENT_OPTIMIZATION  line 17 sizeof (a) == 6
FAIL: gcc.dg/guality/vla-1.c   -O2  -DPREVENT_OPTIMIZATION  line 17 sizeof (a) == 6
FAIL: gcc.dg/guality/vla-1.c   -O2 -flto  -DPREVENT_OPTIMIZATION line 17 sizeof (a) == 6
FAIL: gcc.dg/guality/vla-1.c   -O2 -flto -flto-partition=none  -DPREVENT_OPTIMIZATION line 17 sizeof (a) == 6
FAIL: gcc.dg/guality/vla-1.c   -O3 -g  -DPREVENT_OPTIMIZATION  line 17 i == 5
FAIL: gcc.dg/guality/vla-1.c   -O3 -g  -DPREVENT_OPTIMIZATION  line 17 sizeof (a) == 6
FAIL: gcc.dg/guality/vla-1.c   -Os  -DPREVENT_OPTIMIZATION  line 17 sizeof (a) == 6
FAIL: gcc.dg/guality/vla-1.c   -Os  -DPREVENT_OPTIMIZATION  line 24 i == 5
FAIL: gcc.dg/guality/vla-1.c   -Os  -DPREVENT_OPTIMIZATION  line 24 sizeof (a) == 17 * sizeof (short)
FAIL: gcc.dg/ipa/ipa-icf-38.c scan-ltrans-tree-dump-not optimized "Function bar"
FAIL: gcc.dg/simulate-thread/atomic-other-int.c   -O2 -g  thread simulation test
FAIL: gcc.dg/simulate-thread/atomic-other-int.c   -O3 -g  thread simulation test
FAIL: gcc.dg/simulate-thread/speculative-store-4.c   -O0 -g  thread simulation test
FAIL: gcc.dg/simulate-thread/speculative-store-4.c   -O2 -g  thread simulation test
FAIL: gcc.dg/simulate-thread/speculative-store-4.c   -O3 -g  thread simulation test
FAIL: gcc.dg/simulate-thread/speculative-store.c   -O0 -g  thread simulation test
XPASS: gcc.dg/vect/bb-slp-div-1.c -flto -ffat-lto-objects  scan-tree-dump slp2 "basic block vectorized"
XPASS: gcc.dg/vect/bb-slp-div-1.c scan-tree-dump slp2 "basic block vectorized"

		=== gcc Summary for unix ===

# of expected passes		117607
# of unexpected failures	379
# of unexpected successes	27
# of expected failures		672
# of unsupported tests		3681

Running target unix/-m64
FAIL: gcc.c-torture/execute/pr64242.c   -O2  execution test
FAIL: gcc.c-torture/execute/pr64242.c   -O2 -flto  execution test
FAIL: gcc.c-torture/execute/pr64242.c   -O2 -flto -flto-partition=none  execution test
FAIL: gcc.c-torture/execute/pr64242.c   -O3 -g  execution test
FAIL: gcc.c-torture/execute/pr64242.c   -Os  execution test
XPASS: gcc.dg/guality/example.c   -O0  execution test
XPASS: gcc.dg/guality/example.c  -Og -DPREVENT_OPTIMIZATION  execution test
XPASS: gcc.dg/guality/guality.c   -O0  execution test
XPASS: gcc.dg/guality/guality.c  -Og -DPREVENT_OPTIMIZATION  execution test
XPASS: gcc.dg/guality/inline-params.c   -O2  -DPREVENT_OPTIMIZATION  execution test
XPASS: gcc.dg/guality/inline-params.c   -O2 -flto  -DPREVENT_OPTIMIZATION execution test
XPASS: gcc.dg/guality/inline-params.c   -O2 -flto -flto-partition=none  -DPREVENT_OPTIMIZATION execution test
XPASS: gcc.dg/guality/inline-params.c   -O3 -g  -DPREVENT_OPTIMIZATION  execution test
XPASS: gcc.dg/guality/inline-params.c   -Os  -DPREVENT_OPTIMIZATION  execution test
FAIL: gcc.dg/guality/loop-1.c   -O3 -fomit-frame-pointer -funroll-loops -fpeel-loops -ftracer -finline-functions  -DPREVENT_OPTIMIZATION  line 20 i == 1
FAIL: gcc.dg/guality/pr36728-1.c   -O1  -DPREVENT_OPTIMIZATION  line 16 arg1 == 1
FAIL: gcc.dg/guality/pr36728-1.c   -O1  -DPREVENT_OPTIMIZATION  line 16 arg2 == 2
FAIL: gcc.dg/guality/pr36728-1.c   -O1  -DPREVENT_OPTIMIZATION  line 16 arg3 == 3
FAIL: gcc.dg/guality/pr36728-1.c   -O1  -DPREVENT_OPTIMIZATION  line 16 arg4 == 4
FAIL: gcc.dg/guality/pr36728-1.c   -O1  -DPREVENT_OPTIMIZATION  line 16 arg5 == 5
FAIL: gcc.dg/guality/pr36728-1.c   -O1  -DPREVENT_OPTIMIZATION  line 16 arg6 == 6
FAIL: gcc.dg/guality/pr36728-1.c   -O1  -DPREVENT_OPTIMIZATION  line 18 arg1 == 1
FAIL: gcc.dg/guality/pr36728-1.c   -O1  -DPREVENT_OPTIMIZATION  line 18 arg2 == 2
FAIL: gcc.dg/guality/pr36728-1.c   -O1  -DPREVENT_OPTIMIZATION  line 18 arg3 == 3
FAIL: gcc.dg/guality/pr36728-1.c   -O1  -DPREVENT_OPTIMIZATION  line 18 arg4 == 4
FAIL: gcc.dg/guality/pr36728-1.c   -O1  -DPREVENT_OPTIMIZATION  line 18 arg5 == 5
FAIL: gcc.dg/guality/pr36728-1.c   -O1  -DPREVENT_OPTIMIZATION  line 18 arg6 == 6
FAIL: gcc.dg/guality/pr36728-1.c   -O2  -DPREVENT_OPTIMIZATION  line 16 arg1 == 1
FAIL: gcc.dg/guality/pr36728-1.c   -O2  -DPREVENT_OPTIMIZATION  line 16 arg2 == 2
FAIL: gcc.dg/guality/pr36728-1.c   -O2  -DPREVENT_OPTIMIZATION  line 16 arg3 == 3
FAIL: gcc.dg/guality/pr36728-1.c   -O2  -DPREVENT_OPTIMIZATION  line 16 arg4 == 4
FAIL: gcc.dg/guality/pr36728-1.c   -O2  -DPREVENT_OPTIMIZATION  line 16 arg5 == 5
FAIL: gcc.dg/guality/pr36728-1.c   -O2  -DPREVENT_OPTIMIZATION  line 16 arg6 == 6
FAIL: gcc.dg/guality/pr36728-1.c   -O2  -DPREVENT_OPTIMIZATION  line 18 arg1 == 1
FAIL: gcc.dg/guality/pr36728-1.c   -O2  -DPREVENT_OPTIMIZATION  line 18 arg2 == 2
FAIL: gcc.dg/guality/pr36728-1.c   -O2  -DPREVENT_OPTIMIZATION  line 18 arg3 == 3
FAIL: gcc.dg/guality/pr36728-1.c   -O2  -DPREVENT_OPTIMIZATION  line 18 arg4 == 4
FAIL: gcc.dg/guality/pr36728-1.c   -O2  -DPREVENT_OPTIMIZATION  line 18 arg5 == 5
FAIL: gcc.dg/guality/pr36728-1.c   -O2  -DPREVENT_OPTIMIZATION  line 18 arg6 == 6
FAIL: gcc.dg/guality/pr36728-1.c   -O2 -flto  -DPREVENT_OPTIMIZATION line 16 arg1 == 1
FAIL: gcc.dg/guality/pr36728-1.c   -O2 -flto  -DPREVENT_OPTIMIZATION line 16 arg2 == 2
FAIL: gcc.dg/guality/pr36728-1.c   -O2 -flto  -DPREVENT_OPTIMIZATION line 16 arg3 == 3
FAIL: gcc.dg/guality/pr36728-1.c   -O2 -flto  -DPREVENT_OPTIMIZATION line 16 arg4 == 4
FAIL: gcc.dg/guality/pr36728-1.c   -O2 -flto  -DPREVENT_OPTIMIZATION line 16 arg5 == 5
FAIL: gcc.dg/guality/pr36728-1.c   -O2 -flto  -DPREVENT_OPTIMIZATION line 16 arg6 == 6
FAIL: gcc.dg/guality/pr36728-1.c   -O2 -flto  -DPREVENT_OPTIMIZATION line 18 arg1 == 1
FAIL: gcc.dg/guality/pr36728-1.c   -O2 -flto  -DPREVENT_OPTIMIZATION line 18 arg2 == 2
FAIL: gcc.dg/guality/pr36728-1.c   -O2 -flto  -DPREVENT_OPTIMIZATION line 18 arg3 == 3
FAIL: gcc.dg/guality/pr36728-1.c   -O2 -flto  -DPREVENT_OPTIMIZATION line 18 arg4 == 4
FAIL: gcc.dg/guality/pr36728-1.c   -O2 -flto  -DPREVENT_OPTIMIZATION line 18 arg5 == 5
FAIL: gcc.dg/guality/pr36728-1.c   -O2 -flto  -DPREVENT_OPTIMIZATION line 18 arg6 == 6
FAIL: gcc.dg/guality/pr36728-1.c   -O2 -flto -flto-partition=none  -DPREVENT_OPTIMIZATION line 16 arg1 == 1
FAIL: gcc.dg/guality/pr36728-1.c   -O2 -flto -flto-partition=none  -DPREVENT_OPTIMIZATION line 16 arg2 == 2
FAIL: gcc.dg/guality/pr36728-1.c   -O2 -flto -flto-partition=none  -DPREVENT_OPTIMIZATION line 16 arg3 == 3
FAIL: gcc.dg/guality/pr36728-1.c   -O2 -flto -flto-partition=none  -DPREVENT_OPTIMIZATION line 16 arg4 == 4
FAIL: gcc.dg/guality/pr36728-1.c   -O2 -flto -flto-partition=none  -DPREVENT_OPTIMIZATION line 16 arg5 == 5
FAIL: gcc.dg/guality/pr36728-1.c   -O2 -flto -flto-partition=none  -DPREVENT_OPTIMIZATION line 16 arg6 == 6
FAIL: gcc.dg/guality/pr36728-1.c   -O2 -flto -flto-partition=none  -DPREVENT_OPTIMIZATION line 18 arg1 == 1
FAIL: gcc.dg/guality/pr36728-1.c   -O2 -flto -flto-partition=none  -DPREVENT_OPTIMIZATION line 18 arg2 == 2
FAIL: gcc.dg/guality/pr36728-1.c   -O2 -flto -flto-partition=none  -DPREVENT_OPTIMIZATION line 18 arg3 == 3
FAIL: gcc.dg/guality/pr36728-1.c   -O2 -flto -flto-partition=none  -DPREVENT_OPTIMIZATION line 18 arg4 == 4
FAIL: gcc.dg/guality/pr36728-1.c   -O2 -flto -flto-partition=none  -DPREVENT_OPTIMIZATION line 18 arg5 == 5
FAIL: gcc.dg/guality/pr36728-1.c   -O2 -flto -flto-partition=none  -DPREVENT_OPTIMIZATION line 18 arg6 == 6
FAIL: gcc.dg/guality/pr36728-1.c   -O3 -g  -DPREVENT_OPTIMIZATION  line 16 arg1 == 1
FAIL: gcc.dg/guality/pr36728-1.c   -O3 -g  -DPREVENT_OPTIMIZATION  line 16 arg2 == 2
FAIL: gcc.dg/guality/pr36728-1.c   -O3 -g  -DPREVENT_OPTIMIZATION  line 16 arg3 == 3
FAIL: gcc.dg/guality/pr36728-1.c   -O3 -g  -DPREVENT_OPTIMIZATION  line 16 arg4 == 4
FAIL: gcc.dg/guality/pr36728-1.c   -O3 -g  -DPREVENT_OPTIMIZATION  line 16 arg5 == 5
FAIL: gcc.dg/guality/pr36728-1.c   -O3 -g  -DPREVENT_OPTIMIZATION  line 16 arg6 == 6
FAIL: gcc.dg/guality/pr36728-1.c   -O3 -g  -DPREVENT_OPTIMIZATION  line 16 arg7 == 30
FAIL: gcc.dg/guality/pr36728-1.c   -O3 -g  -DPREVENT_OPTIMIZATION  line 18 arg1 == 1
FAIL: gcc.dg/guality/pr36728-1.c   -O3 -g  -DPREVENT_OPTIMIZATION  line 18 arg2 == 2
FAIL: gcc.dg/guality/pr36728-1.c   -O3 -g  -DPREVENT_OPTIMIZATION  line 18 arg3 == 3
FAIL: gcc.dg/guality/pr36728-1.c   -O3 -g  -DPREVENT_OPTIMIZATION  line 18 arg4 == 4
FAIL: gcc.dg/guality/pr36728-1.c   -O3 -g  -DPREVENT_OPTIMIZATION  line 18 arg5 == 5
FAIL: gcc.dg/guality/pr36728-1.c   -O3 -g  -DPREVENT_OPTIMIZATION  line 18 arg6 == 6
FAIL: gcc.dg/guality/pr36728-1.c   -O3 -g  -DPREVENT_OPTIMIZATION  line 18 arg7 == 30
FAIL: gcc.dg/guality/pr36728-1.c   -Os  -DPREVENT_OPTIMIZATION  line 16 arg1 == 1
FAIL: gcc.dg/guality/pr36728-1.c   -Os  -DPREVENT_OPTIMIZATION  line 16 arg2 == 2
FAIL: gcc.dg/guality/pr36728-1.c   -Os  -DPREVENT_OPTIMIZATION  line 16 arg3 == 3
FAIL: gcc.dg/guality/pr36728-1.c   -Os  -DPREVENT_OPTIMIZATION  line 16 arg4 == 4
FAIL: gcc.dg/guality/pr36728-1.c   -Os  -DPREVENT_OPTIMIZATION  line 16 arg5 == 5
FAIL: gcc.dg/guality/pr36728-1.c   -Os  -DPREVENT_OPTIMIZATION  line 16 arg6 == 6
FAIL: gcc.dg/guality/pr36728-1.c   -Os  -DPREVENT_OPTIMIZATION  line 18 arg1 == 1
FAIL: gcc.dg/guality/pr36728-1.c   -Os  -DPREVENT_OPTIMIZATION  line 18 arg2 == 2
FAIL: gcc.dg/guality/pr36728-1.c   -Os  -DPREVENT_OPTIMIZATION  line 18 arg3 == 3
FAIL: gcc.dg/guality/pr36728-1.c   -Os  -DPREVENT_OPTIMIZATION  line 18 arg4 == 4
FAIL: gcc.dg/guality/pr36728-1.c   -Os  -DPREVENT_OPTIMIZATION  line 18 arg5 == 5
FAIL: gcc.dg/guality/pr36728-1.c   -Os  -DPREVENT_OPTIMIZATION  line 18 arg6 == 6
FAIL: gcc.dg/guality/pr36728-2.c   -O3 -g  -DPREVENT_OPTIMIZATION  line 16 arg1 == 1
FAIL: gcc.dg/guality/pr36728-2.c   -O3 -g  -DPREVENT_OPTIMIZATION  line 16 arg2 == 2
FAIL: gcc.dg/guality/pr36728-2.c   -O3 -g  -DPREVENT_OPTIMIZATION  line 16 arg3 == 3
FAIL: gcc.dg/guality/pr36728-2.c   -O3 -g  -DPREVENT_OPTIMIZATION  line 16 arg4 == 4
FAIL: gcc.dg/guality/pr36728-2.c   -O3 -g  -DPREVENT_OPTIMIZATION  line 16 arg5 == 5
FAIL: gcc.dg/guality/pr36728-2.c   -O3 -g  -DPREVENT_OPTIMIZATION  line 16 arg6 == 6
FAIL: gcc.dg/guality/pr36728-2.c   -O3 -g  -DPREVENT_OPTIMIZATION  line 16 arg7 == 30
FAIL: gcc.dg/guality/pr36728-2.c   -O3 -g  -DPREVENT_OPTIMIZATION  line 18 arg1 == 1
FAIL: gcc.dg/guality/pr36728-2.c   -O3 -g  -DPREVENT_OPTIMIZATION  line 18 arg2 == 2
FAIL: gcc.dg/guality/pr36728-2.c   -O3 -g  -DPREVENT_OPTIMIZATION  line 18 arg3 == 3
FAIL: gcc.dg/guality/pr36728-2.c   -O3 -g  -DPREVENT_OPTIMIZATION  line 18 arg4 == 4
FAIL: gcc.dg/guality/pr36728-2.c   -O3 -g  -DPREVENT_OPTIMIZATION  line 18 arg5 == 5
FAIL: gcc.dg/guality/pr36728-2.c   -O3 -g  -DPREVENT_OPTIMIZATION  line 18 arg6 == 6
FAIL: gcc.dg/guality/pr36728-2.c   -O3 -g  -DPREVENT_OPTIMIZATION  line 18 arg7 == 30
FAIL: gcc.dg/guality/pr36728-2.c   -Os  -DPREVENT_OPTIMIZATION  line 16 arg7 == 30
FAIL: gcc.dg/guality/pr36728-2.c   -Os  -DPREVENT_OPTIMIZATION  line 18 *x == (char) 25
FAIL: gcc.dg/guality/pr36728-2.c   -Os  -DPREVENT_OPTIMIZATION  line 18 arg7 == 30
FAIL: gcc.dg/guality/pr36728-3.c   -O1  -DPREVENT_OPTIMIZATION  line 14 arg1 == 1
FAIL: gcc.dg/guality/pr36728-3.c   -O1  -DPREVENT_OPTIMIZATION  line 14 arg2 == 2
FAIL: gcc.dg/guality/pr36728-3.c   -O1  -DPREVENT_OPTIMIZATION  line 14 arg3 == 3
FAIL: gcc.dg/guality/pr36728-3.c   -O1  -DPREVENT_OPTIMIZATION  line 14 arg4 == 4
FAIL: gcc.dg/guality/pr36728-3.c   -O1  -DPREVENT_OPTIMIZATION  line 14 arg5 == 5
FAIL: gcc.dg/guality/pr36728-3.c   -O1  -DPREVENT_OPTIMIZATION  line 14 arg6 == 6
FAIL: gcc.dg/guality/pr36728-3.c   -O1  -DPREVENT_OPTIMIZATION  line 16 arg1 == 1
FAIL: gcc.dg/guality/pr36728-3.c   -O1  -DPREVENT_OPTIMIZATION  line 16 arg2 == 2
FAIL: gcc.dg/guality/pr36728-3.c   -O1  -DPREVENT_OPTIMIZATION  line 16 arg3 == 3
FAIL: gcc.dg/guality/pr36728-3.c   -O1  -DPREVENT_OPTIMIZATION  line 16 arg4 == 4
FAIL: gcc.dg/guality/pr36728-3.c   -O1  -DPREVENT_OPTIMIZATION  line 16 arg5 == 5
FAIL: gcc.dg/guality/pr36728-3.c   -O1  -DPREVENT_OPTIMIZATION  line 16 arg6 == 6
FAIL: gcc.dg/guality/pr36728-3.c   -O2  -DPREVENT_OPTIMIZATION  line 14 arg1 == 1
FAIL: gcc.dg/guality/pr36728-3.c   -O2  -DPREVENT_OPTIMIZATION  line 14 arg2 == 2
FAIL: gcc.dg/guality/pr36728-3.c   -O2  -DPREVENT_OPTIMIZATION  line 14 arg3 == 3
FAIL: gcc.dg/guality/pr36728-3.c   -O2  -DPREVENT_OPTIMIZATION  line 14 arg4 == 4
FAIL: gcc.dg/guality/pr36728-3.c   -O2  -DPREVENT_OPTIMIZATION  line 14 arg5 == 5
FAIL: gcc.dg/guality/pr36728-3.c   -O2  -DPREVENT_OPTIMIZATION  line 14 arg6 == 6
FAIL: gcc.dg/guality/pr36728-3.c   -O2  -DPREVENT_OPTIMIZATION  line 16 *x == (char) 25
FAIL: gcc.dg/guality/pr36728-3.c   -O2  -DPREVENT_OPTIMIZATION  line 16 arg1 == 1
FAIL: gcc.dg/guality/pr36728-3.c   -O2  -DPREVENT_OPTIMIZATION  line 16 arg2 == 2
FAIL: gcc.dg/guality/pr36728-3.c   -O2  -DPREVENT_OPTIMIZATION  line 16 arg3 == 3
FAIL: gcc.dg/guality/pr36728-3.c   -O2  -DPREVENT_OPTIMIZATION  line 16 arg4 == 4
FAIL: gcc.dg/guality/pr36728-3.c   -O2  -DPREVENT_OPTIMIZATION  line 16 arg5 == 5
FAIL: gcc.dg/guality/pr36728-3.c   -O2  -DPREVENT_OPTIMIZATION  line 16 arg6 == 6
FAIL: gcc.dg/guality/pr36728-3.c   -O2 -flto  -DPREVENT_OPTIMIZATION line 14 arg1 == 1
FAIL: gcc.dg/guality/pr36728-3.c   -O2 -flto  -DPREVENT_OPTIMIZATION line 14 arg2 == 2
FAIL: gcc.dg/guality/pr36728-3.c   -O2 -flto  -DPREVENT_OPTIMIZATION line 14 arg3 == 3
FAIL: gcc.dg/guality/pr36728-3.c   -O2 -flto  -DPREVENT_OPTIMIZATION line 14 arg4 == 4
FAIL: gcc.dg/guality/pr36728-3.c   -O2 -flto  -DPREVENT_OPTIMIZATION line 14 arg5 == 5
FAIL: gcc.dg/guality/pr36728-3.c   -O2 -flto  -DPREVENT_OPTIMIZATION line 14 arg6 == 6
FAIL: gcc.dg/guality/pr36728-3.c   -O2 -flto  -DPREVENT_OPTIMIZATION line 16 *x == (char) 25
FAIL: gcc.dg/guality/pr36728-3.c   -O2 -flto  -DPREVENT_OPTIMIZATION line 16 arg1 == 1
FAIL: gcc.dg/guality/pr36728-3.c   -O2 -flto  -DPREVENT_OPTIMIZATION line 16 arg2 == 2
FAIL: gcc.dg/guality/pr36728-3.c   -O2 -flto  -DPREVENT_OPTIMIZATION line 16 arg3 == 3
FAIL: gcc.dg/guality/pr36728-3.c   -O2 -flto  -DPREVENT_OPTIMIZATION line 16 arg4 == 4
FAIL: gcc.dg/guality/pr36728-3.c   -O2 -flto  -DPREVENT_OPTIMIZATION line 16 arg5 == 5
FAIL: gcc.dg/guality/pr36728-3.c   -O2 -flto  -DPREVENT_OPTIMIZATION line 16 arg6 == 6
FAIL: gcc.dg/guality/pr36728-3.c   -O2 -flto -flto-partition=none  -DPREVENT_OPTIMIZATION line 14 arg1 == 1
FAIL: gcc.dg/guality/pr36728-3.c   -O2 -flto -flto-partition=none  -DPREVENT_OPTIMIZATION line 14 arg2 == 2
FAIL: gcc.dg/guality/pr36728-3.c   -O2 -flto -flto-partition=none  -DPREVENT_OPTIMIZATION line 14 arg3 == 3
FAIL: gcc.dg/guality/pr36728-3.c   -O2 -flto -flto-partition=none  -DPREVENT_OPTIMIZATION line 14 arg4 == 4
FAIL: gcc.dg/guality/pr36728-3.c   -O2 -flto -flto-partition=none  -DPREVENT_OPTIMIZATION line 14 arg5 == 5
FAIL: gcc.dg/guality/pr36728-3.c   -O2 -flto -flto-partition=none  -DPREVENT_OPTIMIZATION line 14 arg6 == 6
FAIL: gcc.dg/guality/pr36728-3.c   -O2 -flto -flto-partition=none  -DPREVENT_OPTIMIZATION line 16 *x == (char) 25
FAIL: gcc.dg/guality/pr36728-3.c   -O2 -flto -flto-partition=none  -DPREVENT_OPTIMIZATION line 16 arg1 == 1
FAIL: gcc.dg/guality/pr36728-3.c   -O2 -flto -flto-partition=none  -DPREVENT_OPTIMIZATION line 16 arg2 == 2
FAIL: gcc.dg/guality/pr36728-3.c   -O2 -flto -flto-partition=none  -DPREVENT_OPTIMIZATION line 16 arg3 == 3
FAIL: gcc.dg/guality/pr36728-3.c   -O2 -flto -flto-partition=none  -DPREVENT_OPTIMIZATION line 16 arg4 == 4
FAIL: gcc.dg/guality/pr36728-3.c   -O2 -flto -flto-partition=none  -DPREVENT_OPTIMIZATION line 16 arg5 == 5
FAIL: gcc.dg/guality/pr36728-3.c   -O2 -flto -flto-partition=none  -DPREVENT_OPTIMIZATION line 16 arg6 == 6
FAIL: gcc.dg/guality/pr36728-3.c   -O3 -g  -DPREVENT_OPTIMIZATION  line 14 arg1 == 1
FAIL: gcc.dg/guality/pr36728-3.c   -O3 -g  -DPREVENT_OPTIMIZATION  line 14 arg2 == 2
FAIL: gcc.dg/guality/pr36728-3.c   -O3 -g  -DPREVENT_OPTIMIZATION  line 14 arg3 == 3
FAIL: gcc.dg/guality/pr36728-3.c   -O3 -g  -DPREVENT_OPTIMIZATION  line 14 arg4 == 4
FAIL: gcc.dg/guality/pr36728-3.c   -O3 -g  -DPREVENT_OPTIMIZATION  line 14 arg5 == 5
FAIL: gcc.dg/guality/pr36728-3.c   -O3 -g  -DPREVENT_OPTIMIZATION  line 14 arg6 == 6
FAIL: gcc.dg/guality/pr36728-3.c   -O3 -g  -DPREVENT_OPTIMIZATION  line 14 arg7 == 30
FAIL: gcc.dg/guality/pr36728-3.c   -O3 -g  -DPREVENT_OPTIMIZATION  line 16 arg1 == 1
FAIL: gcc.dg/guality/pr36728-3.c   -O3 -g  -DPREVENT_OPTIMIZATION  line 16 arg2 == 2
FAIL: gcc.dg/guality/pr36728-3.c   -O3 -g  -DPREVENT_OPTIMIZATION  line 16 arg3 == 3
FAIL: gcc.dg/guality/pr36728-3.c   -O3 -g  -DPREVENT_OPTIMIZATION  line 16 arg4 == 4
FAIL: gcc.dg/guality/pr36728-3.c   -O3 -g  -DPREVENT_OPTIMIZATION  line 16 arg5 == 5
FAIL: gcc.dg/guality/pr36728-3.c   -O3 -g  -DPREVENT_OPTIMIZATION  line 16 arg6 == 6
FAIL: gcc.dg/guality/pr36728-3.c   -O3 -g  -DPREVENT_OPTIMIZATION  line 16 arg7 == 30
FAIL: gcc.dg/guality/pr36728-3.c   -Os  -DPREVENT_OPTIMIZATION  line 14 arg1 == 1
FAIL: gcc.dg/guality/pr36728-3.c   -Os  -DPREVENT_OPTIMIZATION  line 14 arg2 == 2
FAIL: gcc.dg/guality/pr36728-3.c   -Os  -DPREVENT_OPTIMIZATION  line 14 arg3 == 3
FAIL: gcc.dg/guality/pr36728-3.c   -Os  -DPREVENT_OPTIMIZATION  line 14 arg4 == 4
FAIL: gcc.dg/guality/pr36728-3.c   -Os  -DPREVENT_OPTIMIZATION  line 14 arg5 == 5
FAIL: gcc.dg/guality/pr36728-3.c   -Os  -DPREVENT_OPTIMIZATION  line 14 arg6 == 6
FAIL: gcc.dg/guality/pr36728-3.c   -Os  -DPREVENT_OPTIMIZATION  line 16 arg1 == 1
FAIL: gcc.dg/guality/pr36728-3.c   -Os  -DPREVENT_OPTIMIZATION  line 16 arg2 == 2
FAIL: gcc.dg/guality/pr36728-3.c   -Os  -DPREVENT_OPTIMIZATION  line 16 arg3 == 3
FAIL: gcc.dg/guality/pr36728-3.c   -Os  -DPREVENT_OPTIMIZATION  line 16 arg4 == 4
FAIL: gcc.dg/guality/pr36728-3.c   -Os  -DPREVENT_OPTIMIZATION  line 16 arg5 == 5
FAIL: gcc.dg/guality/pr36728-3.c   -Os  -DPREVENT_OPTIMIZATION  line 16 arg6 == 6
FAIL: gcc.dg/guality/pr36728-4.c   -O2  -DPREVENT_OPTIMIZATION  line 14 arg7 == 30
FAIL: gcc.dg/guality/pr36728-4.c   -O2  -DPREVENT_OPTIMIZATION  line 16 *x == (char) 25
FAIL: gcc.dg/guality/pr36728-4.c   -O2  -DPREVENT_OPTIMIZATION  line 16 arg7 == 30
FAIL: gcc.dg/guality/pr36728-4.c   -O2 -flto  -DPREVENT_OPTIMIZATION line 14 arg7 == 30
FAIL: gcc.dg/guality/pr36728-4.c   -O2 -flto  -DPREVENT_OPTIMIZATION line 16 *x == (char) 25
FAIL: gcc.dg/guality/pr36728-4.c   -O2 -flto  -DPREVENT_OPTIMIZATION line 16 arg7 == 30
FAIL: gcc.dg/guality/pr36728-4.c   -O2 -flto -flto-partition=none  -DPREVENT_OPTIMIZATION line 14 arg7 == 30
FAIL: gcc.dg/guality/pr36728-4.c   -O2 -flto -flto-partition=none  -DPREVENT_OPTIMIZATION line 16 *x == (char) 25
FAIL: gcc.dg/guality/pr36728-4.c   -O2 -flto -flto-partition=none  -DPREVENT_OPTIMIZATION line 16 arg7 == 30
FAIL: gcc.dg/guality/pr36728-4.c   -O3 -g  -DPREVENT_OPTIMIZATION  line 16 *x == (char) 25
FAIL: gcc.dg/guality/pr36728-4.c   -Os  -DPREVENT_OPTIMIZATION  line 14 arg7 == 30
FAIL: gcc.dg/guality/pr36728-4.c   -Os  -DPREVENT_OPTIMIZATION  line 16 *x == (char) 25
FAIL: gcc.dg/guality/pr36728-4.c   -Os  -DPREVENT_OPTIMIZATION  line 16 arg7 == 30
XPASS: gcc.dg/guality/pr41353-1.c   -O0  line 28 j == 28 + 37
FAIL: gcc.dg/guality/pr41353-1.c  -Og -DPREVENT_OPTIMIZATION  line 28 i == 37
FAIL: gcc.dg/guality/pr41353-1.c  -Og -DPREVENT_OPTIMIZATION  line 28 i1 == 2 * 37
FAIL: gcc.dg/guality/pr41353-1.c  -Og -DPREVENT_OPTIMIZATION  line 28 i2 == 3 * 37
XPASS: gcc.dg/guality/pr41353-1.c  -Og -DPREVENT_OPTIMIZATION  line 28 j == 28 + 37
FAIL: gcc.dg/guality/pr43051-1.c   -O1  -DPREVENT_OPTIMIZATION  line 35 v == 1
FAIL: gcc.dg/guality/pr43051-1.c   -O1  -DPREVENT_OPTIMIZATION  line 40 v == 1
FAIL: gcc.dg/guality/pr43051-1.c   -O2  -DPREVENT_OPTIMIZATION  line 35 v == 1
FAIL: gcc.dg/guality/pr43051-1.c   -O2  -DPREVENT_OPTIMIZATION  line 40 v == 1
FAIL: gcc.dg/guality/pr43051-1.c   -O2 -flto  -DPREVENT_OPTIMIZATION line 35 v == 1
FAIL: gcc.dg/guality/pr43051-1.c   -O2 -flto  -DPREVENT_OPTIMIZATION line 40 v == 1
FAIL: gcc.dg/guality/pr43051-1.c   -O2 -flto -flto-partition=none  -DPREVENT_OPTIMIZATION line 35 v == 1
FAIL: gcc.dg/guality/pr43051-1.c   -O2 -flto -flto-partition=none  -DPREVENT_OPTIMIZATION line 40 v == 1
FAIL: gcc.dg/guality/pr43051-1.c   -O3 -fomit-frame-pointer -funroll-loops -fpeel-loops -ftracer -finline-functions  -DPREVENT_OPTIMIZATION  line 35 v == 1
FAIL: gcc.dg/guality/pr43051-1.c   -O3 -fomit-frame-pointer -funroll-loops -fpeel-loops -ftracer -finline-functions  -DPREVENT_OPTIMIZATION  line 40 v == 1
FAIL: gcc.dg/guality/pr43051-1.c   -O3 -g  -DPREVENT_OPTIMIZATION  line 35 v == 1
FAIL: gcc.dg/guality/pr43051-1.c   -O3 -g  -DPREVENT_OPTIMIZATION  line 40 v == 1
FAIL: gcc.dg/guality/pr43051-1.c   -Os  -DPREVENT_OPTIMIZATION  line 35 v == 1
FAIL: gcc.dg/guality/pr43051-1.c   -Os  -DPREVENT_OPTIMIZATION  line 40 v == 1
FAIL: gcc.dg/guality/pr43051-1.c  -Og -DPREVENT_OPTIMIZATION  line 35 v == 1
FAIL: gcc.dg/guality/pr43051-1.c  -Og -DPREVENT_OPTIMIZATION  line 40 v == 1
FAIL: gcc.dg/guality/pr43177.c   -O1  -DPREVENT_OPTIMIZATION  line 24 x == 7
FAIL: gcc.dg/guality/pr43177.c   -O2  -DPREVENT_OPTIMIZATION  line 24 x == 7
FAIL: gcc.dg/guality/pr43177.c   -O2 -flto  -DPREVENT_OPTIMIZATION line 24 x == 7
FAIL: gcc.dg/guality/pr43177.c   -O2 -flto -flto-partition=none  -DPREVENT_OPTIMIZATION line 24 x == 7
FAIL: gcc.dg/guality/pr43177.c   -O3 -g  -DPREVENT_OPTIMIZATION  line 24 x == 7
FAIL: gcc.dg/guality/pr43177.c   -Os  -DPREVENT_OPTIMIZATION  line 24 x == 7
FAIL: gcc.dg/guality/pr45882.c   -O1  -DPREVENT_OPTIMIZATION  line 18 b == 7
FAIL: gcc.dg/guality/pr45882.c   -O1  -DPREVENT_OPTIMIZATION  line 18 c == 11
FAIL: gcc.dg/guality/pr45882.c   -O1  -DPREVENT_OPTIMIZATION  line 18 d == 112
FAIL: gcc.dg/guality/pr45882.c   -O1  -DPREVENT_OPTIMIZATION  line 18 e == 142
FAIL: gcc.dg/guality/pr45882.c   -O2  -DPREVENT_OPTIMIZATION  line 18 b == 7
FAIL: gcc.dg/guality/pr45882.c   -O2  -DPREVENT_OPTIMIZATION  line 18 c == 11
FAIL: gcc.dg/guality/pr45882.c   -O2  -DPREVENT_OPTIMIZATION  line 18 d == 112
FAIL: gcc.dg/guality/pr45882.c   -O2  -DPREVENT_OPTIMIZATION  line 18 e == 142
FAIL: gcc.dg/guality/pr45882.c   -O2 -flto  -DPREVENT_OPTIMIZATION line 18 b == 7
FAIL: gcc.dg/guality/pr45882.c   -O2 -flto  -DPREVENT_OPTIMIZATION line 18 c == 11
FAIL: gcc.dg/guality/pr45882.c   -O2 -flto  -DPREVENT_OPTIMIZATION line 18 d == 112
FAIL: gcc.dg/guality/pr45882.c   -O2 -flto  -DPREVENT_OPTIMIZATION line 18 e == 142
FAIL: gcc.dg/guality/pr45882.c   -O2 -flto -flto-partition=none  -DPREVENT_OPTIMIZATION line 18 b == 7
FAIL: gcc.dg/guality/pr45882.c   -O2 -flto -flto-partition=none  -DPREVENT_OPTIMIZATION line 18 c == 11
FAIL: gcc.dg/guality/pr45882.c   -O2 -flto -flto-partition=none  -DPREVENT_OPTIMIZATION line 18 d == 112
FAIL: gcc.dg/guality/pr45882.c   -O2 -flto -flto-partition=none  -DPREVENT_OPTIMIZATION line 18 e == 142
FAIL: gcc.dg/guality/pr45882.c   -O3 -g  -DPREVENT_OPTIMIZATION  line 18 b == 7
FAIL: gcc.dg/guality/pr45882.c   -O3 -g  -DPREVENT_OPTIMIZATION  line 18 c == 11
FAIL: gcc.dg/guality/pr45882.c   -O3 -g  -DPREVENT_OPTIMIZATION  line 18 d == 112
FAIL: gcc.dg/guality/pr45882.c   -O3 -g  -DPREVENT_OPTIMIZATION  line 18 e == 142
FAIL: gcc.dg/guality/pr45882.c   -Os  -DPREVENT_OPTIMIZATION  line 18 b == 7
FAIL: gcc.dg/guality/pr45882.c   -Os  -DPREVENT_OPTIMIZATION  line 18 c == 11
FAIL: gcc.dg/guality/pr45882.c   -Os  -DPREVENT_OPTIMIZATION  line 18 d == 112
FAIL: gcc.dg/guality/pr45882.c   -Os  -DPREVENT_OPTIMIZATION  line 18 e == 142
FAIL: gcc.dg/guality/pr54200.c   -Os  -DPREVENT_OPTIMIZATION  line 20 z == 3
FAIL: gcc.dg/guality/pr54200.c  -Og -DPREVENT_OPTIMIZATION  line 20 z == 3
FAIL: gcc.dg/guality/pr54519-1.c   -O1  -DPREVENT_OPTIMIZATION  line 20 x == 36
FAIL: gcc.dg/guality/pr54519-1.c   -O1  -DPREVENT_OPTIMIZATION  line 20 y == 25
FAIL: gcc.dg/guality/pr54519-1.c   -O1  -DPREVENT_OPTIMIZATION  line 20 z == 6
FAIL: gcc.dg/guality/pr54519-1.c   -O1  -DPREVENT_OPTIMIZATION  line 23 x == 98
FAIL: gcc.dg/guality/pr54519-1.c   -O1  -DPREVENT_OPTIMIZATION  line 23 y == 117
FAIL: gcc.dg/guality/pr54519-1.c   -O1  -DPREVENT_OPTIMIZATION  line 23 z == 8
FAIL: gcc.dg/guality/pr54519-1.c   -O2  -DPREVENT_OPTIMIZATION  line 20 x == 36
FAIL: gcc.dg/guality/pr54519-1.c   -O2  -DPREVENT_OPTIMIZATION  line 20 y == 25
FAIL: gcc.dg/guality/pr54519-1.c   -O2  -DPREVENT_OPTIMIZATION  line 20 z == 6
FAIL: gcc.dg/guality/pr54519-1.c   -O2  -DPREVENT_OPTIMIZATION  line 23 x == 98
FAIL: gcc.dg/guality/pr54519-1.c   -O2  -DPREVENT_OPTIMIZATION  line 23 y == 117
FAIL: gcc.dg/guality/pr54519-1.c   -O2  -DPREVENT_OPTIMIZATION  line 23 z == 8
FAIL: gcc.dg/guality/pr54519-1.c   -O2 -flto  -DPREVENT_OPTIMIZATION line 20 x == 36
FAIL: gcc.dg/guality/pr54519-1.c   -O2 -flto  -DPREVENT_OPTIMIZATION line 20 y == 25
FAIL: gcc.dg/guality/pr54519-1.c   -O2 -flto  -DPREVENT_OPTIMIZATION line 20 z == 6
FAIL: gcc.dg/guality/pr54519-1.c   -O2 -flto  -DPREVENT_OPTIMIZATION line 23 x == 98
FAIL: gcc.dg/guality/pr54519-1.c   -O2 -flto  -DPREVENT_OPTIMIZATION line 23 y == 117
FAIL: gcc.dg/guality/pr54519-1.c   -O2 -flto  -DPREVENT_OPTIMIZATION line 23 z == 8
FAIL: gcc.dg/guality/pr54519-1.c   -O2 -flto -flto-partition=none  -DPREVENT_OPTIMIZATION line 20 x == 36
FAIL: gcc.dg/guality/pr54519-1.c   -O2 -flto -flto-partition=none  -DPREVENT_OPTIMIZATION line 20 y == 25
FAIL: gcc.dg/guality/pr54519-1.c   -O2 -flto -flto-partition=none  -DPREVENT_OPTIMIZATION line 20 z == 6
FAIL: gcc.dg/guality/pr54519-1.c   -O2 -flto -flto-partition=none  -DPREVENT_OPTIMIZATION line 23 x == 98
FAIL: gcc.dg/guality/pr54519-1.c   -O2 -flto -flto-partition=none  -DPREVENT_OPTIMIZATION line 23 y == 117
FAIL: gcc.dg/guality/pr54519-1.c   -O2 -flto -flto-partition=none  -DPREVENT_OPTIMIZATION line 23 z == 8
FAIL: gcc.dg/guality/pr54519-2.c   -O1  -DPREVENT_OPTIMIZATION  line 17 x == 6
FAIL: gcc.dg/guality/pr54519-2.c   -O1  -DPREVENT_OPTIMIZATION  line 17 y == 25
FAIL: gcc.dg/guality/pr54519-2.c   -O2  -DPREVENT_OPTIMIZATION  line 17 x == 6
FAIL: gcc.dg/guality/pr54519-2.c   -O2  -DPREVENT_OPTIMIZATION  line 17 y == 25
FAIL: gcc.dg/guality/pr54519-2.c   -O2 -flto  -DPREVENT_OPTIMIZATION line 17 x == 6
FAIL: gcc.dg/guality/pr54519-2.c   -O2 -flto  -DPREVENT_OPTIMIZATION line 17 y == 25
FAIL: gcc.dg/guality/pr54519-2.c   -O2 -flto -flto-partition=none  -DPREVENT_OPTIMIZATION line 17 x == 6
FAIL: gcc.dg/guality/pr54519-2.c   -O2 -flto -flto-partition=none  -DPREVENT_OPTIMIZATION line 17 y == 25
FAIL: gcc.dg/guality/pr54519-2.c   -Os  -DPREVENT_OPTIMIZATION  line 17 x == 6
FAIL: gcc.dg/guality/pr54519-2.c   -Os  -DPREVENT_OPTIMIZATION  line 17 y == 25
FAIL: gcc.dg/guality/pr54519-3.c   -O1  -DPREVENT_OPTIMIZATION  line 20 x == 36
FAIL: gcc.dg/guality/pr54519-3.c   -O1  -DPREVENT_OPTIMIZATION  line 20 y == 25
FAIL: gcc.dg/guality/pr54519-3.c   -O1  -DPREVENT_OPTIMIZATION  line 20 z == 6
FAIL: gcc.dg/guality/pr54519-3.c   -O1  -DPREVENT_OPTIMIZATION  line 23 x == 98
FAIL: gcc.dg/guality/pr54519-3.c   -O1  -DPREVENT_OPTIMIZATION  line 23 y == 117
FAIL: gcc.dg/guality/pr54519-3.c   -O1  -DPREVENT_OPTIMIZATION  line 23 z == 8
FAIL: gcc.dg/guality/pr54519-3.c   -O2 -flto  -DPREVENT_OPTIMIZATION line 20 y == 25
FAIL: gcc.dg/guality/pr54519-3.c   -O2 -flto  -DPREVENT_OPTIMIZATION line 20 z == 6
FAIL: gcc.dg/guality/pr54519-3.c   -O2 -flto  -DPREVENT_OPTIMIZATION line 23 y == 117
FAIL: gcc.dg/guality/pr54519-3.c   -O2 -flto  -DPREVENT_OPTIMIZATION line 23 z == 8
FAIL: gcc.dg/guality/pr54519-3.c   -O2 -flto -flto-partition=none  -DPREVENT_OPTIMIZATION line 20 y == 25
FAIL: gcc.dg/guality/pr54519-3.c   -O2 -flto -flto-partition=none  -DPREVENT_OPTIMIZATION line 20 z == 6
FAIL: gcc.dg/guality/pr54519-3.c   -O2 -flto -flto-partition=none  -DPREVENT_OPTIMIZATION line 23 y == 117
FAIL: gcc.dg/guality/pr54519-3.c   -O2 -flto -flto-partition=none  -DPREVENT_OPTIMIZATION line 23 z == 8
FAIL: gcc.dg/guality/pr54519-4.c   -O1  -DPREVENT_OPTIMIZATION  line 17 x == 6
FAIL: gcc.dg/guality/pr54519-4.c   -O1  -DPREVENT_OPTIMIZATION  line 17 y == 25
FAIL: gcc.dg/guality/pr54519-4.c   -O2 -flto  -DPREVENT_OPTIMIZATION line 17 y == 25
FAIL: gcc.dg/guality/pr54519-4.c   -O2 -flto -flto-partition=none  -DPREVENT_OPTIMIZATION line 17 y == 25
FAIL: gcc.dg/guality/pr54519-5.c   -O1  -DPREVENT_OPTIMIZATION  line 17 x == 6
FAIL: gcc.dg/guality/pr54519-5.c   -O1  -DPREVENT_OPTIMIZATION  line 17 y == 25
FAIL: gcc.dg/guality/pr54519-5.c   -O2  -DPREVENT_OPTIMIZATION  line 17 x == 6
FAIL: gcc.dg/guality/pr54519-5.c   -O2  -DPREVENT_OPTIMIZATION  line 17 y == 25
FAIL: gcc.dg/guality/pr54519-5.c   -O2 -flto  -DPREVENT_OPTIMIZATION line 17 x == 6
FAIL: gcc.dg/guality/pr54519-5.c   -O2 -flto  -DPREVENT_OPTIMIZATION line 17 y == 25
FAIL: gcc.dg/guality/pr54519-5.c   -O2 -flto -flto-partition=none  -DPREVENT_OPTIMIZATION line 17 x == 6
FAIL: gcc.dg/guality/pr54519-5.c   -O2 -flto -flto-partition=none  -DPREVENT_OPTIMIZATION line 17 y == 25
FAIL: gcc.dg/guality/pr54519-5.c   -Os  -DPREVENT_OPTIMIZATION  line 17 x == 6
FAIL: gcc.dg/guality/pr54519-5.c   -Os  -DPREVENT_OPTIMIZATION  line 17 y == 25
FAIL: gcc.dg/guality/pr54551.c   -O1  -DPREVENT_OPTIMIZATION  line 18 z == 3
FAIL: gcc.dg/guality/pr54551.c   -O2  -DPREVENT_OPTIMIZATION  line 18 z == 3
FAIL: gcc.dg/guality/pr54551.c   -O2 -flto  -DPREVENT_OPTIMIZATION line 18 z == 3
FAIL: gcc.dg/guality/pr54551.c   -O2 -flto -flto-partition=none  -DPREVENT_OPTIMIZATION line 18 z == 3
FAIL: gcc.dg/guality/pr54551.c   -O3 -g  -DPREVENT_OPTIMIZATION  line 18 z == 3
FAIL: gcc.dg/guality/pr54551.c   -Os  -DPREVENT_OPTIMIZATION  line 18 z == 3
FAIL: gcc.dg/guality/pr54693-2.c   -Os  -DPREVENT_OPTIMIZATION  line 21 z == 30 - 3 * i
FAIL: gcc.dg/guality/pr54693.c   -Os  -DPREVENT_OPTIMIZATION  line 22 i == c - 48
FAIL: gcc.dg/guality/pr54796.c   -O1  -DPREVENT_OPTIMIZATION  line 17 a == 5
FAIL: gcc.dg/guality/pr54796.c   -O1  -DPREVENT_OPTIMIZATION  line 17 b == 6
FAIL: gcc.dg/guality/pr54796.c   -O1  -DPREVENT_OPTIMIZATION  line 17 c == 5
FAIL: gcc.dg/guality/pr54796.c   -O2  -DPREVENT_OPTIMIZATION  line 17 a == 5
FAIL: gcc.dg/guality/pr54796.c   -O2  -DPREVENT_OPTIMIZATION  line 17 b == 6
FAIL: gcc.dg/guality/pr54796.c   -O2  -DPREVENT_OPTIMIZATION  line 17 c == 5
FAIL: gcc.dg/guality/pr54796.c   -O2 -flto  -DPREVENT_OPTIMIZATION line 17 a == 5
FAIL: gcc.dg/guality/pr54796.c   -O2 -flto  -DPREVENT_OPTIMIZATION line 17 b == 6
FAIL: gcc.dg/guality/pr54796.c   -O2 -flto  -DPREVENT_OPTIMIZATION line 17 c == 5
FAIL: gcc.dg/guality/pr54796.c   -O2 -flto -flto-partition=none  -DPREVENT_OPTIMIZATION line 17 a == 5
FAIL: gcc.dg/guality/pr54796.c   -O2 -flto -flto-partition=none  -DPREVENT_OPTIMIZATION line 17 b == 6
FAIL: gcc.dg/guality/pr54796.c   -O2 -flto -flto-partition=none  -DPREVENT_OPTIMIZATION line 17 c == 5
FAIL: gcc.dg/guality/pr54796.c   -O3 -g  -DPREVENT_OPTIMIZATION  line 17 a == 5
FAIL: gcc.dg/guality/pr54796.c   -O3 -g  -DPREVENT_OPTIMIZATION  line 17 b == 6
FAIL: gcc.dg/guality/pr54796.c   -O3 -g  -DPREVENT_OPTIMIZATION  line 17 c == 5
FAIL: gcc.dg/guality/pr54796.c   -Os  -DPREVENT_OPTIMIZATION  line 17 a == 5
FAIL: gcc.dg/guality/pr54796.c   -Os  -DPREVENT_OPTIMIZATION  line 17 b == 6
FAIL: gcc.dg/guality/pr54796.c   -Os  -DPREVENT_OPTIMIZATION  line 17 c == 5
XPASS: gcc.dg/guality/pr54970.c   -O0  line 15 a[0] == 1
XPASS: gcc.dg/guality/pr54970.c   -O0  line 20 a[0] == 1
XPASS: gcc.dg/guality/pr54970.c   -O0  line 25 a[0] == 1
XPASS: gcc.dg/guality/pr54970.c   -O0  line 31 a[0] == 4
XPASS: gcc.dg/guality/pr54970.c   -O0  line 36 a[0] == 4
XPASS: gcc.dg/guality/pr54970.c   -O0  line 45 a[0] == 4
XPASS: gcc.dg/guality/pr54970.c   -O0  line 45 p[-2] == 4
XPASS: gcc.dg/guality/pr54970.c   -O0  line 45 q[-1] == 4
FAIL: gcc.dg/guality/pr54970.c  -Og -DPREVENT_OPTIMIZATION  line 15 *p == 3
FAIL: gcc.dg/guality/pr54970.c  -Og -DPREVENT_OPTIMIZATION  line 15 *q == 2
FAIL: gcc.dg/guality/pr54970.c  -Og -DPREVENT_OPTIMIZATION  line 15 a[1] == 2
FAIL: gcc.dg/guality/pr54970.c  -Og -DPREVENT_OPTIMIZATION  line 15 a[2] == 3
FAIL: gcc.dg/guality/pr54970.c  -Og -DPREVENT_OPTIMIZATION  line 20 *p == 13
FAIL: gcc.dg/guality/pr54970.c  -Og -DPREVENT_OPTIMIZATION  line 20 *q == 2
FAIL: gcc.dg/guality/pr54970.c  -Og -DPREVENT_OPTIMIZATION  line 20 a[1] == 2
FAIL: gcc.dg/guality/pr54970.c  -Og -DPREVENT_OPTIMIZATION  line 20 a[2] == 13
FAIL: gcc.dg/guality/pr54970.c  -Og -DPREVENT_OPTIMIZATION  line 25 *p == 13
FAIL: gcc.dg/guality/pr54970.c  -Og -DPREVENT_OPTIMIZATION  line 25 *q == 12
FAIL: gcc.dg/guality/pr54970.c  -Og -DPREVENT_OPTIMIZATION  line 25 a[1] == 12
FAIL: gcc.dg/guality/pr54970.c  -Og -DPREVENT_OPTIMIZATION  line 25 a[2] == 13
FAIL: gcc.dg/guality/pr54970.c  -Og -DPREVENT_OPTIMIZATION  line 31 *p == 6
FAIL: gcc.dg/guality/pr54970.c  -Og -DPREVENT_OPTIMIZATION  line 31 *q == 5
FAIL: gcc.dg/guality/pr54970.c  -Og -DPREVENT_OPTIMIZATION  line 31 a[1] == 5
FAIL: gcc.dg/guality/pr54970.c  -Og -DPREVENT_OPTIMIZATION  line 31 a[2] == 6
FAIL: gcc.dg/guality/pr54970.c  -Og -DPREVENT_OPTIMIZATION  line 36 *p == 26
FAIL: gcc.dg/guality/pr54970.c  -Og -DPREVENT_OPTIMIZATION  line 36 *q == 5
FAIL: gcc.dg/guality/pr54970.c  -Og -DPREVENT_OPTIMIZATION  line 36 a[1] == 5
FAIL: gcc.dg/guality/pr54970.c  -Og -DPREVENT_OPTIMIZATION  line 36 a[2] == 26
FAIL: gcc.dg/guality/pr54970.c  -Og -DPREVENT_OPTIMIZATION  line 45 *p == 26
FAIL: gcc.dg/guality/pr54970.c  -Og -DPREVENT_OPTIMIZATION  line 45 *q == 25
FAIL: gcc.dg/guality/pr54970.c  -Og -DPREVENT_OPTIMIZATION  line 45 a[1] == 25
FAIL: gcc.dg/guality/pr54970.c  -Og -DPREVENT_OPTIMIZATION  line 45 a[2] == 26
FAIL: gcc.dg/guality/pr54970.c  -Og -DPREVENT_OPTIMIZATION  line 45 p[-1] == 25
FAIL: gcc.dg/guality/pr54970.c  -Og -DPREVENT_OPTIMIZATION  line 45 q[1] == 26
FAIL: gcc.dg/guality/pr56154-1.c  -Og -DPREVENT_OPTIMIZATION  line pr56154-1.c:17 x.a == 4
FAIL: gcc.dg/guality/pr58791-5.c   -O1  -DPREVENT_OPTIMIZATION  line pr58791-5.c:20 b1 == 9
FAIL: gcc.dg/guality/pr58791-5.c   -O1  -DPREVENT_OPTIMIZATION  line pr58791-5.c:20 b2 == 73
FAIL: gcc.dg/guality/pr58791-5.c   -O1  -DPREVENT_OPTIMIZATION  line pr58791-5.c:20 b3 == 585
FAIL: gcc.dg/guality/pr58791-5.c   -O1  -DPREVENT_OPTIMIZATION  line pr58791-5.c:20 b4 == 4681
FAIL: gcc.dg/guality/pr58791-5.c   -O2  -DPREVENT_OPTIMIZATION  line pr58791-5.c:20 b1 == 9
FAIL: gcc.dg/guality/pr58791-5.c   -O2  -DPREVENT_OPTIMIZATION  line pr58791-5.c:20 b2 == 73
FAIL: gcc.dg/guality/pr58791-5.c   -O2  -DPREVENT_OPTIMIZATION  line pr58791-5.c:20 b3 == 585
FAIL: gcc.dg/guality/pr58791-5.c   -O2  -DPREVENT_OPTIMIZATION  line pr58791-5.c:20 b4 == 4681
FAIL: gcc.dg/guality/pr58791-5.c   -O2 -flto  -DPREVENT_OPTIMIZATION line pr58791-5.c:20 b1 == 9
FAIL: gcc.dg/guality/pr58791-5.c   -O2 -flto  -DPREVENT_OPTIMIZATION line pr58791-5.c:20 b2 == 73
FAIL: gcc.dg/guality/pr58791-5.c   -O2 -flto  -DPREVENT_OPTIMIZATION line pr58791-5.c:20 b3 == 585
FAIL: gcc.dg/guality/pr58791-5.c   -O2 -flto  -DPREVENT_OPTIMIZATION line pr58791-5.c:20 b4 == 4681
FAIL: gcc.dg/guality/pr58791-5.c   -O2 -flto -flto-partition=none  -DPREVENT_OPTIMIZATION line pr58791-5.c:20 b1 == 9
FAIL: gcc.dg/guality/pr58791-5.c   -O2 -flto -flto-partition=none  -DPREVENT_OPTIMIZATION line pr58791-5.c:20 b2 == 73
FAIL: gcc.dg/guality/pr58791-5.c   -O2 -flto -flto-partition=none  -DPREVENT_OPTIMIZATION line pr58791-5.c:20 b3 == 585
FAIL: gcc.dg/guality/pr58791-5.c   -O2 -flto -flto-partition=none  -DPREVENT_OPTIMIZATION line pr58791-5.c:20 b4 == 4681
FAIL: gcc.dg/guality/pr58791-5.c   -O3 -g  -DPREVENT_OPTIMIZATION  line pr58791-5.c:20 b1 == 9
FAIL: gcc.dg/guality/pr58791-5.c   -O3 -g  -DPREVENT_OPTIMIZATION  line pr58791-5.c:20 b2 == 73
FAIL: gcc.dg/guality/pr58791-5.c   -O3 -g  -DPREVENT_OPTIMIZATION  line pr58791-5.c:20 b3 == 585
FAIL: gcc.dg/guality/pr58791-5.c   -O3 -g  -DPREVENT_OPTIMIZATION  line pr58791-5.c:20 b4 == 4681
FAIL: gcc.dg/guality/pr58791-5.c   -Os  -DPREVENT_OPTIMIZATION  line pr58791-5.c:20 b1 == 9
FAIL: gcc.dg/guality/pr58791-5.c   -Os  -DPREVENT_OPTIMIZATION  line pr58791-5.c:20 b2 == 73
FAIL: gcc.dg/guality/pr58791-5.c   -Os  -DPREVENT_OPTIMIZATION  line pr58791-5.c:20 b3 == 585
FAIL: gcc.dg/guality/pr58791-5.c   -Os  -DPREVENT_OPTIMIZATION  line pr58791-5.c:20 b4 == 4681
FAIL: gcc.dg/guality/pr59776.c   -O1  -DPREVENT_OPTIMIZATION  line pr59776.c:17 s1.f == 5.0
FAIL: gcc.dg/guality/pr59776.c   -O1  -DPREVENT_OPTIMIZATION  line pr59776.c:17 s1.g == 6.0
FAIL: gcc.dg/guality/pr59776.c   -O1  -DPREVENT_OPTIMIZATION  line pr59776.c:17 s2.f == 0.0
FAIL: gcc.dg/guality/pr59776.c   -O1  -DPREVENT_OPTIMIZATION  line pr59776.c:17 s2.g == 6.0
FAIL: gcc.dg/guality/pr59776.c   -O1  -DPREVENT_OPTIMIZATION  line pr59776.c:20 s1.f == 5.0
FAIL: gcc.dg/guality/pr59776.c   -O1  -DPREVENT_OPTIMIZATION  line pr59776.c:20 s1.g == 6.0
FAIL: gcc.dg/guality/pr59776.c   -O1  -DPREVENT_OPTIMIZATION  line pr59776.c:20 s2.f == 5.0
FAIL: gcc.dg/guality/pr59776.c   -O1  -DPREVENT_OPTIMIZATION  line pr59776.c:20 s2.g == 6.0
FAIL: gcc.dg/guality/pr59776.c   -O2  -DPREVENT_OPTIMIZATION  line pr59776.c:17 s1.f == 5.0
FAIL: gcc.dg/guality/pr59776.c   -O2  -DPREVENT_OPTIMIZATION  line pr59776.c:17 s1.g == 6.0
FAIL: gcc.dg/guality/pr59776.c   -O2  -DPREVENT_OPTIMIZATION  line pr59776.c:17 s2.f == 0.0
FAIL: gcc.dg/guality/pr59776.c   -O2  -DPREVENT_OPTIMIZATION  line pr59776.c:17 s2.g == 6.0
FAIL: gcc.dg/guality/pr59776.c   -O2  -DPREVENT_OPTIMIZATION  line pr59776.c:20 s1.f == 5.0
FAIL: gcc.dg/guality/pr59776.c   -O2  -DPREVENT_OPTIMIZATION  line pr59776.c:20 s1.g == 6.0
FAIL: gcc.dg/guality/pr59776.c   -O2  -DPREVENT_OPTIMIZATION  line pr59776.c:20 s2.f == 5.0
FAIL: gcc.dg/guality/pr59776.c   -O2  -DPREVENT_OPTIMIZATION  line pr59776.c:20 s2.g == 6.0
FAIL: gcc.dg/guality/pr59776.c   -O2 -flto  -DPREVENT_OPTIMIZATION line pr59776.c:17 s1.f == 5.0
FAIL: gcc.dg/guality/pr59776.c   -O2 -flto  -DPREVENT_OPTIMIZATION line pr59776.c:17 s1.g == 6.0
FAIL: gcc.dg/guality/pr59776.c   -O2 -flto  -DPREVENT_OPTIMIZATION line pr59776.c:17 s2.f == 0.0
FAIL: gcc.dg/guality/pr59776.c   -O2 -flto  -DPREVENT_OPTIMIZATION line pr59776.c:17 s2.g == 6.0
FAIL: gcc.dg/guality/pr59776.c   -O2 -flto  -DPREVENT_OPTIMIZATION line pr59776.c:20 s1.f == 5.0
FAIL: gcc.dg/guality/pr59776.c   -O2 -flto  -DPREVENT_OPTIMIZATION line pr59776.c:20 s1.g == 6.0
FAIL: gcc.dg/guality/pr59776.c   -O2 -flto  -DPREVENT_OPTIMIZATION line pr59776.c:20 s2.f == 5.0
FAIL: gcc.dg/guality/pr59776.c   -O2 -flto  -DPREVENT_OPTIMIZATION line pr59776.c:20 s2.g == 6.0
FAIL: gcc.dg/guality/pr59776.c   -O2 -flto -flto-partition=none  -DPREVENT_OPTIMIZATION line pr59776.c:17 s1.f == 5.0
FAIL: gcc.dg/guality/pr59776.c   -O2 -flto -flto-partition=none  -DPREVENT_OPTIMIZATION line pr59776.c:17 s1.g == 6.0
FAIL: gcc.dg/guality/pr59776.c   -O2 -flto -flto-partition=none  -DPREVENT_OPTIMIZATION line pr59776.c:17 s2.f == 0.0
FAIL: gcc.dg/guality/pr59776.c   -O2 -flto -flto-partition=none  -DPREVENT_OPTIMIZATION line pr59776.c:17 s2.g == 6.0
FAIL: gcc.dg/guality/pr59776.c   -O2 -flto -flto-partition=none  -DPREVENT_OPTIMIZATION line pr59776.c:20 s1.f == 5.0
FAIL: gcc.dg/guality/pr59776.c   -O2 -flto -flto-partition=none  -DPREVENT_OPTIMIZATION line pr59776.c:20 s1.g == 6.0
FAIL: gcc.dg/guality/pr59776.c   -O2 -flto -flto-partition=none  -DPREVENT_OPTIMIZATION line pr59776.c:20 s2.f == 5.0
FAIL: gcc.dg/guality/pr59776.c   -O2 -flto -flto-partition=none  -DPREVENT_OPTIMIZATION line pr59776.c:20 s2.g == 6.0
FAIL: gcc.dg/guality/pr59776.c   -O3 -g  -DPREVENT_OPTIMIZATION  line pr59776.c:17 s1.f == 5.0
FAIL: gcc.dg/guality/pr59776.c   -O3 -g  -DPREVENT_OPTIMIZATION  line pr59776.c:17 s1.g == 6.0
FAIL: gcc.dg/guality/pr59776.c   -O3 -g  -DPREVENT_OPTIMIZATION  line pr59776.c:17 s2.f == 0.0
FAIL: gcc.dg/guality/pr59776.c   -O3 -g  -DPREVENT_OPTIMIZATION  line pr59776.c:17 s2.g == 6.0
FAIL: gcc.dg/guality/pr59776.c   -O3 -g  -DPREVENT_OPTIMIZATION  line pr59776.c:20 s1.f == 5.0
FAIL: gcc.dg/guality/pr59776.c   -O3 -g  -DPREVENT_OPTIMIZATION  line pr59776.c:20 s1.g == 6.0
FAIL: gcc.dg/guality/pr59776.c   -O3 -g  -DPREVENT_OPTIMIZATION  line pr59776.c:20 s2.f == 5.0
FAIL: gcc.dg/guality/pr59776.c   -O3 -g  -DPREVENT_OPTIMIZATION  line pr59776.c:20 s2.g == 6.0
FAIL: gcc.dg/guality/pr59776.c   -Os  -DPREVENT_OPTIMIZATION  line pr59776.c:17 s1.f == 5.0
FAIL: gcc.dg/guality/pr59776.c   -Os  -DPREVENT_OPTIMIZATION  line pr59776.c:17 s1.g == 6.0
FAIL: gcc.dg/guality/pr59776.c   -Os  -DPREVENT_OPTIMIZATION  line pr59776.c:17 s2.f == 0.0
FAIL: gcc.dg/guality/pr59776.c   -Os  -DPREVENT_OPTIMIZATION  line pr59776.c:17 s2.g == 6.0
FAIL: gcc.dg/guality/pr59776.c   -Os  -DPREVENT_OPTIMIZATION  line pr59776.c:20 s1.f == 5.0
FAIL: gcc.dg/guality/pr59776.c   -Os  -DPREVENT_OPTIMIZATION  line pr59776.c:20 s1.g == 6.0
FAIL: gcc.dg/guality/pr59776.c   -Os  -DPREVENT_OPTIMIZATION  line pr59776.c:20 s2.f == 5.0
FAIL: gcc.dg/guality/pr59776.c   -Os  -DPREVENT_OPTIMIZATION  line pr59776.c:20 s2.g == 6.0
FAIL: gcc.dg/guality/pr59776.c  -Og -DPREVENT_OPTIMIZATION  line pr59776.c:17 s1.f == 5.0
FAIL: gcc.dg/guality/pr59776.c  -Og -DPREVENT_OPTIMIZATION  line pr59776.c:17 s1.g == 6.0
FAIL: gcc.dg/guality/pr59776.c  -Og -DPREVENT_OPTIMIZATION  line pr59776.c:17 s2.f == 0.0
FAIL: gcc.dg/guality/pr59776.c  -Og -DPREVENT_OPTIMIZATION  line pr59776.c:17 s2.g == 6.0
FAIL: gcc.dg/guality/pr59776.c  -Og -DPREVENT_OPTIMIZATION  line pr59776.c:20 s1.f == 5.0
FAIL: gcc.dg/guality/pr59776.c  -Og -DPREVENT_OPTIMIZATION  line pr59776.c:20 s1.g == 6.0
FAIL: gcc.dg/guality/pr59776.c  -Og -DPREVENT_OPTIMIZATION  line pr59776.c:20 s2.f == 5.0
FAIL: gcc.dg/guality/pr59776.c  -Og -DPREVENT_OPTIMIZATION  line pr59776.c:20 s2.g == 6.0
FAIL: gcc.dg/guality/pr68860-1.c   -O1  -DPREVENT_OPTIMIZATION  line 14 arg1 == 1
FAIL: gcc.dg/guality/pr68860-1.c   -O1  -DPREVENT_OPTIMIZATION  line 14 arg2 == 2
FAIL: gcc.dg/guality/pr68860-1.c   -O1  -DPREVENT_OPTIMIZATION  line 14 arg3 == 3
FAIL: gcc.dg/guality/pr68860-1.c   -O1  -DPREVENT_OPTIMIZATION  line 14 arg4 == 4
FAIL: gcc.dg/guality/pr68860-1.c   -O1  -DPREVENT_OPTIMIZATION  line 14 arg5 == 5
FAIL: gcc.dg/guality/pr68860-1.c   -O1  -DPREVENT_OPTIMIZATION  line 14 arg6 == 6
FAIL: gcc.dg/guality/pr68860-1.c   -O1  -DPREVENT_OPTIMIZATION  line 16 arg1 == 1
FAIL: gcc.dg/guality/pr68860-1.c   -O1  -DPREVENT_OPTIMIZATION  line 16 arg2 == 2
FAIL: gcc.dg/guality/pr68860-1.c   -O1  -DPREVENT_OPTIMIZATION  line 16 arg3 == 3
FAIL: gcc.dg/guality/pr68860-1.c   -O1  -DPREVENT_OPTIMIZATION  line 16 arg4 == 4
FAIL: gcc.dg/guality/pr68860-1.c   -O1  -DPREVENT_OPTIMIZATION  line 16 arg5 == 5
FAIL: gcc.dg/guality/pr68860-1.c   -O1  -DPREVENT_OPTIMIZATION  line 16 arg6 == 6
FAIL: gcc.dg/guality/pr68860-1.c   -O2  -DPREVENT_OPTIMIZATION  line 14 arg1 == 1
FAIL: gcc.dg/guality/pr68860-1.c   -O2  -DPREVENT_OPTIMIZATION  line 14 arg2 == 2
FAIL: gcc.dg/guality/pr68860-1.c   -O2  -DPREVENT_OPTIMIZATION  line 14 arg3 == 3
FAIL: gcc.dg/guality/pr68860-1.c   -O2  -DPREVENT_OPTIMIZATION  line 14 arg4 == 4
FAIL: gcc.dg/guality/pr68860-1.c   -O2  -DPREVENT_OPTIMIZATION  line 14 arg5 == 5
FAIL: gcc.dg/guality/pr68860-1.c   -O2  -DPREVENT_OPTIMIZATION  line 14 arg6 == 6
FAIL: gcc.dg/guality/pr68860-1.c   -O2  -DPREVENT_OPTIMIZATION  line 14 arg7 == 30
FAIL: gcc.dg/guality/pr68860-1.c   -O2  -DPREVENT_OPTIMIZATION  line 16 arg1 == 1
FAIL: gcc.dg/guality/pr68860-1.c   -O2  -DPREVENT_OPTIMIZATION  line 16 arg2 == 2
FAIL: gcc.dg/guality/pr68860-1.c   -O2  -DPREVENT_OPTIMIZATION  line 16 arg3 == 3
FAIL: gcc.dg/guality/pr68860-1.c   -O2  -DPREVENT_OPTIMIZATION  line 16 arg4 == 4
FAIL: gcc.dg/guality/pr68860-1.c   -O2  -DPREVENT_OPTIMIZATION  line 16 arg5 == 5
FAIL: gcc.dg/guality/pr68860-1.c   -O2  -DPREVENT_OPTIMIZATION  line 16 arg6 == 6
FAIL: gcc.dg/guality/pr68860-1.c   -O2  -DPREVENT_OPTIMIZATION  line 16 arg7 == 30
FAIL: gcc.dg/guality/pr68860-1.c   -O2 -flto  -DPREVENT_OPTIMIZATION line 14 arg1 == 1
FAIL: gcc.dg/guality/pr68860-1.c   -O2 -flto  -DPREVENT_OPTIMIZATION line 14 arg2 == 2
FAIL: gcc.dg/guality/pr68860-1.c   -O2 -flto  -DPREVENT_OPTIMIZATION line 14 arg3 == 3
FAIL: gcc.dg/guality/pr68860-1.c   -O2 -flto  -DPREVENT_OPTIMIZATION line 14 arg4 == 4
FAIL: gcc.dg/guality/pr68860-1.c   -O2 -flto  -DPREVENT_OPTIMIZATION line 14 arg5 == 5
FAIL: gcc.dg/guality/pr68860-1.c   -O2 -flto  -DPREVENT_OPTIMIZATION line 14 arg6 == 6
FAIL: gcc.dg/guality/pr68860-1.c   -O2 -flto  -DPREVENT_OPTIMIZATION line 14 arg7 == 30
FAIL: gcc.dg/guality/pr68860-1.c   -O2 -flto  -DPREVENT_OPTIMIZATION line 16 arg1 == 1
FAIL: gcc.dg/guality/pr68860-1.c   -O2 -flto  -DPREVENT_OPTIMIZATION line 16 arg2 == 2
FAIL: gcc.dg/guality/pr68860-1.c   -O2 -flto  -DPREVENT_OPTIMIZATION line 16 arg3 == 3
FAIL: gcc.dg/guality/pr68860-1.c   -O2 -flto  -DPREVENT_OPTIMIZATION line 16 arg4 == 4
FAIL: gcc.dg/guality/pr68860-1.c   -O2 -flto  -DPREVENT_OPTIMIZATION line 16 arg5 == 5
FAIL: gcc.dg/guality/pr68860-1.c   -O2 -flto  -DPREVENT_OPTIMIZATION line 16 arg6 == 6
FAIL: gcc.dg/guality/pr68860-1.c   -O2 -flto  -DPREVENT_OPTIMIZATION line 16 arg7 == 30
FAIL: gcc.dg/guality/pr68860-1.c   -O2 -flto -flto-partition=none  -DPREVENT_OPTIMIZATION line 14 arg1 == 1
FAIL: gcc.dg/guality/pr68860-1.c   -O2 -flto -flto-partition=none  -DPREVENT_OPTIMIZATION line 14 arg2 == 2
FAIL: gcc.dg/guality/pr68860-1.c   -O2 -flto -flto-partition=none  -DPREVENT_OPTIMIZATION line 14 arg3 == 3
FAIL: gcc.dg/guality/pr68860-1.c   -O2 -flto -flto-partition=none  -DPREVENT_OPTIMIZATION line 14 arg4 == 4
FAIL: gcc.dg/guality/pr68860-1.c   -O2 -flto -flto-partition=none  -DPREVENT_OPTIMIZATION line 14 arg5 == 5
FAIL: gcc.dg/guality/pr68860-1.c   -O2 -flto -flto-partition=none  -DPREVENT_OPTIMIZATION line 14 arg6 == 6
FAIL: gcc.dg/guality/pr68860-1.c   -O2 -flto -flto-partition=none  -DPREVENT_OPTIMIZATION line 14 arg7 == 30
FAIL: gcc.dg/guality/pr68860-1.c   -O2 -flto -flto-partition=none  -DPREVENT_OPTIMIZATION line 16 arg1 == 1
FAIL: gcc.dg/guality/pr68860-1.c   -O2 -flto -flto-partition=none  -DPREVENT_OPTIMIZATION line 16 arg2 == 2
FAIL: gcc.dg/guality/pr68860-1.c   -O2 -flto -flto-partition=none  -DPREVENT_OPTIMIZATION line 16 arg3 == 3
FAIL: gcc.dg/guality/pr68860-1.c   -O2 -flto -flto-partition=none  -DPREVENT_OPTIMIZATION line 16 arg4 == 4
FAIL: gcc.dg/guality/pr68860-1.c   -O2 -flto -flto-partition=none  -DPREVENT_OPTIMIZATION line 16 arg5 == 5
FAIL: gcc.dg/guality/pr68860-1.c   -O2 -flto -flto-partition=none  -DPREVENT_OPTIMIZATION line 16 arg6 == 6
FAIL: gcc.dg/guality/pr68860-1.c   -O2 -flto -flto-partition=none  -DPREVENT_OPTIMIZATION line 16 arg7 == 30
FAIL: gcc.dg/guality/pr68860-1.c   -O3 -g  -DPREVENT_OPTIMIZATION  line 14 arg1 == 1
FAIL: gcc.dg/guality/pr68860-1.c   -O3 -g  -DPREVENT_OPTIMIZATION  line 14 arg2 == 2
FAIL: gcc.dg/guality/pr68860-1.c   -O3 -g  -DPREVENT_OPTIMIZATION  line 14 arg3 == 3
FAIL: gcc.dg/guality/pr68860-1.c   -O3 -g  -DPREVENT_OPTIMIZATION  line 14 arg4 == 4
FAIL: gcc.dg/guality/pr68860-1.c   -O3 -g  -DPREVENT_OPTIMIZATION  line 14 arg5 == 5
FAIL: gcc.dg/guality/pr68860-1.c   -O3 -g  -DPREVENT_OPTIMIZATION  line 14 arg6 == 6
FAIL: gcc.dg/guality/pr68860-1.c   -O3 -g  -DPREVENT_OPTIMIZATION  line 14 arg7 == 30
FAIL: gcc.dg/guality/pr68860-1.c   -O3 -g  -DPREVENT_OPTIMIZATION  line 16 arg1 == 1
FAIL: gcc.dg/guality/pr68860-1.c   -O3 -g  -DPREVENT_OPTIMIZATION  line 16 arg2 == 2
FAIL: gcc.dg/guality/pr68860-1.c   -O3 -g  -DPREVENT_OPTIMIZATION  line 16 arg3 == 3
FAIL: gcc.dg/guality/pr68860-1.c   -O3 -g  -DPREVENT_OPTIMIZATION  line 16 arg4 == 4
FAIL: gcc.dg/guality/pr68860-1.c   -O3 -g  -DPREVENT_OPTIMIZATION  line 16 arg5 == 5
FAIL: gcc.dg/guality/pr68860-1.c   -O3 -g  -DPREVENT_OPTIMIZATION  line 16 arg6 == 6
FAIL: gcc.dg/guality/pr68860-1.c   -O3 -g  -DPREVENT_OPTIMIZATION  line 16 arg7 == 30
FAIL: gcc.dg/guality/pr68860-1.c   -Os  -DPREVENT_OPTIMIZATION  line 14 arg1 == 1
FAIL: gcc.dg/guality/pr68860-1.c   -Os  -DPREVENT_OPTIMIZATION  line 14 arg2 == 2
FAIL: gcc.dg/guality/pr68860-1.c   -Os  -DPREVENT_OPTIMIZATION  line 14 arg3 == 3
FAIL: gcc.dg/guality/pr68860-1.c   -Os  -DPREVENT_OPTIMIZATION  line 14 arg4 == 4
FAIL: gcc.dg/guality/pr68860-1.c   -Os  -DPREVENT_OPTIMIZATION  line 14 arg5 == 5
FAIL: gcc.dg/guality/pr68860-1.c   -Os  -DPREVENT_OPTIMIZATION  line 14 arg6 == 6
FAIL: gcc.dg/guality/pr68860-1.c   -Os  -DPREVENT_OPTIMIZATION  line 14 arg7 == 30
FAIL: gcc.dg/guality/pr68860-1.c   -Os  -DPREVENT_OPTIMIZATION  line 16 arg1 == 1
FAIL: gcc.dg/guality/pr68860-1.c   -Os  -DPREVENT_OPTIMIZATION  line 16 arg2 == 2
FAIL: gcc.dg/guality/pr68860-1.c   -Os  -DPREVENT_OPTIMIZATION  line 16 arg3 == 3
FAIL: gcc.dg/guality/pr68860-1.c   -Os  -DPREVENT_OPTIMIZATION  line 16 arg4 == 4
FAIL: gcc.dg/guality/pr68860-1.c   -Os  -DPREVENT_OPTIMIZATION  line 16 arg5 == 5
FAIL: gcc.dg/guality/pr68860-1.c   -Os  -DPREVENT_OPTIMIZATION  line 16 arg6 == 6
FAIL: gcc.dg/guality/pr68860-1.c   -Os  -DPREVENT_OPTIMIZATION  line 16 arg7 == 30
FAIL: gcc.dg/guality/pr68860-2.c   -O1  -DPREVENT_OPTIMIZATION  line 14 arg1 == 1
FAIL: gcc.dg/guality/pr68860-2.c   -O1  -DPREVENT_OPTIMIZATION  line 14 arg2 == 2
FAIL: gcc.dg/guality/pr68860-2.c   -O1  -DPREVENT_OPTIMIZATION  line 14 arg3 == 3
FAIL: gcc.dg/guality/pr68860-2.c   -O1  -DPREVENT_OPTIMIZATION  line 14 arg4 == 4
FAIL: gcc.dg/guality/pr68860-2.c   -O1  -DPREVENT_OPTIMIZATION  line 14 arg5 == 5
FAIL: gcc.dg/guality/pr68860-2.c   -O1  -DPREVENT_OPTIMIZATION  line 14 arg6 == 6
FAIL: gcc.dg/guality/pr68860-2.c   -O1  -DPREVENT_OPTIMIZATION  line 16 arg1 == 1
FAIL: gcc.dg/guality/pr68860-2.c   -O1  -DPREVENT_OPTIMIZATION  line 16 arg2 == 2
FAIL: gcc.dg/guality/pr68860-2.c   -O1  -DPREVENT_OPTIMIZATION  line 16 arg3 == 3
FAIL: gcc.dg/guality/pr68860-2.c   -O1  -DPREVENT_OPTIMIZATION  line 16 arg4 == 4
FAIL: gcc.dg/guality/pr68860-2.c   -O1  -DPREVENT_OPTIMIZATION  line 16 arg5 == 5
FAIL: gcc.dg/guality/pr68860-2.c   -O1  -DPREVENT_OPTIMIZATION  line 16 arg6 == 6
FAIL: gcc.dg/guality/pr68860-2.c   -O2  -DPREVENT_OPTIMIZATION  line 14 arg1 == 1
FAIL: gcc.dg/guality/pr68860-2.c   -O2  -DPREVENT_OPTIMIZATION  line 14 arg2 == 2
FAIL: gcc.dg/guality/pr68860-2.c   -O2  -DPREVENT_OPTIMIZATION  line 14 arg3 == 3
FAIL: gcc.dg/guality/pr68860-2.c   -O2  -DPREVENT_OPTIMIZATION  line 14 arg4 == 4
FAIL: gcc.dg/guality/pr68860-2.c   -O2  -DPREVENT_OPTIMIZATION  line 14 arg5 == 5
FAIL: gcc.dg/guality/pr68860-2.c   -O2  -DPREVENT_OPTIMIZATION  line 14 arg6 == 6
FAIL: gcc.dg/guality/pr68860-2.c   -O2  -DPREVENT_OPTIMIZATION  line 14 y == 2
FAIL: gcc.dg/guality/pr68860-2.c   -O2  -DPREVENT_OPTIMIZATION  line 16 arg1 == 1
FAIL: gcc.dg/guality/pr68860-2.c   -O2  -DPREVENT_OPTIMIZATION  line 16 arg2 == 2
FAIL: gcc.dg/guality/pr68860-2.c   -O2  -DPREVENT_OPTIMIZATION  line 16 arg3 == 3
FAIL: gcc.dg/guality/pr68860-2.c   -O2  -DPREVENT_OPTIMIZATION  line 16 arg4 == 4
FAIL: gcc.dg/guality/pr68860-2.c   -O2  -DPREVENT_OPTIMIZATION  line 16 arg5 == 5
FAIL: gcc.dg/guality/pr68860-2.c   -O2  -DPREVENT_OPTIMIZATION  line 16 arg6 == 6
FAIL: gcc.dg/guality/pr68860-2.c   -O2 -flto  -DPREVENT_OPTIMIZATION line 14 arg1 == 1
FAIL: gcc.dg/guality/pr68860-2.c   -O2 -flto  -DPREVENT_OPTIMIZATION line 14 arg2 == 2
FAIL: gcc.dg/guality/pr68860-2.c   -O2 -flto  -DPREVENT_OPTIMIZATION line 14 arg3 == 3
FAIL: gcc.dg/guality/pr68860-2.c   -O2 -flto  -DPREVENT_OPTIMIZATION line 14 arg4 == 4
FAIL: gcc.dg/guality/pr68860-2.c   -O2 -flto  -DPREVENT_OPTIMIZATION line 14 arg5 == 5
FAIL: gcc.dg/guality/pr68860-2.c   -O2 -flto  -DPREVENT_OPTIMIZATION line 14 arg6 == 6
FAIL: gcc.dg/guality/pr68860-2.c   -O2 -flto  -DPREVENT_OPTIMIZATION line 14 y == 2
FAIL: gcc.dg/guality/pr68860-2.c   -O2 -flto  -DPREVENT_OPTIMIZATION line 16 arg1 == 1
FAIL: gcc.dg/guality/pr68860-2.c   -O2 -flto  -DPREVENT_OPTIMIZATION line 16 arg2 == 2
FAIL: gcc.dg/guality/pr68860-2.c   -O2 -flto  -DPREVENT_OPTIMIZATION line 16 arg3 == 3
FAIL: gcc.dg/guality/pr68860-2.c   -O2 -flto  -DPREVENT_OPTIMIZATION line 16 arg4 == 4
FAIL: gcc.dg/guality/pr68860-2.c   -O2 -flto  -DPREVENT_OPTIMIZATION line 16 arg5 == 5
FAIL: gcc.dg/guality/pr68860-2.c   -O2 -flto  -DPREVENT_OPTIMIZATION line 16 arg6 == 6
FAIL: gcc.dg/guality/pr68860-2.c   -O2 -flto -flto-partition=none  -DPREVENT_OPTIMIZATION line 14 arg1 == 1
FAIL: gcc.dg/guality/pr68860-2.c   -O2 -flto -flto-partition=none  -DPREVENT_OPTIMIZATION line 14 arg2 == 2
FAIL: gcc.dg/guality/pr68860-2.c   -O2 -flto -flto-partition=none  -DPREVENT_OPTIMIZATION line 14 arg3 == 3
FAIL: gcc.dg/guality/pr68860-2.c   -O2 -flto -flto-partition=none  -DPREVENT_OPTIMIZATION line 14 arg4 == 4
FAIL: gcc.dg/guality/pr68860-2.c   -O2 -flto -flto-partition=none  -DPREVENT_OPTIMIZATION line 14 arg5 == 5
FAIL: gcc.dg/guality/pr68860-2.c   -O2 -flto -flto-partition=none  -DPREVENT_OPTIMIZATION line 14 arg6 == 6
FAIL: gcc.dg/guality/pr68860-2.c   -O2 -flto -flto-partition=none  -DPREVENT_OPTIMIZATION line 14 y == 2
FAIL: gcc.dg/guality/pr68860-2.c   -O2 -flto -flto-partition=none  -DPREVENT_OPTIMIZATION line 16 arg1 == 1
FAIL: gcc.dg/guality/pr68860-2.c   -O2 -flto -flto-partition=none  -DPREVENT_OPTIMIZATION line 16 arg2 == 2
FAIL: gcc.dg/guality/pr68860-2.c   -O2 -flto -flto-partition=none  -DPREVENT_OPTIMIZATION line 16 arg3 == 3
FAIL: gcc.dg/guality/pr68860-2.c   -O2 -flto -flto-partition=none  -DPREVENT_OPTIMIZATION line 16 arg4 == 4
FAIL: gcc.dg/guality/pr68860-2.c   -O2 -flto -flto-partition=none  -DPREVENT_OPTIMIZATION line 16 arg5 == 5
FAIL: gcc.dg/guality/pr68860-2.c   -O2 -flto -flto-partition=none  -DPREVENT_OPTIMIZATION line 16 arg6 == 6
FAIL: gcc.dg/guality/pr68860-2.c   -O3 -g  -DPREVENT_OPTIMIZATION  line 14 arg1 == 1
FAIL: gcc.dg/guality/pr68860-2.c   -O3 -g  -DPREVENT_OPTIMIZATION  line 14 arg2 == 2
FAIL: gcc.dg/guality/pr68860-2.c   -O3 -g  -DPREVENT_OPTIMIZATION  line 14 arg3 == 3
FAIL: gcc.dg/guality/pr68860-2.c   -O3 -g  -DPREVENT_OPTIMIZATION  line 14 arg4 == 4
FAIL: gcc.dg/guality/pr68860-2.c   -O3 -g  -DPREVENT_OPTIMIZATION  line 14 arg5 == 5
FAIL: gcc.dg/guality/pr68860-2.c   -O3 -g  -DPREVENT_OPTIMIZATION  line 14 arg6 == 6
FAIL: gcc.dg/guality/pr68860-2.c   -O3 -g  -DPREVENT_OPTIMIZATION  line 14 arg7 == 30
FAIL: gcc.dg/guality/pr68860-2.c   -O3 -g  -DPREVENT_OPTIMIZATION  line 14 arg8 == 7
FAIL: gcc.dg/guality/pr68860-2.c   -O3 -g  -DPREVENT_OPTIMIZATION  line 16 arg1 == 1
FAIL: gcc.dg/guality/pr68860-2.c   -O3 -g  -DPREVENT_OPTIMIZATION  line 16 arg2 == 2
FAIL: gcc.dg/guality/pr68860-2.c   -O3 -g  -DPREVENT_OPTIMIZATION  line 16 arg3 == 3
FAIL: gcc.dg/guality/pr68860-2.c   -O3 -g  -DPREVENT_OPTIMIZATION  line 16 arg4 == 4
FAIL: gcc.dg/guality/pr68860-2.c   -O3 -g  -DPREVENT_OPTIMIZATION  line 16 arg5 == 5
FAIL: gcc.dg/guality/pr68860-2.c   -O3 -g  -DPREVENT_OPTIMIZATION  line 16 arg6 == 6
FAIL: gcc.dg/guality/pr68860-2.c   -O3 -g  -DPREVENT_OPTIMIZATION  line 16 arg7 == 30
FAIL: gcc.dg/guality/pr68860-2.c   -O3 -g  -DPREVENT_OPTIMIZATION  line 16 arg8 == 7
FAIL: gcc.dg/guality/pr68860-2.c   -Os  -DPREVENT_OPTIMIZATION  line 14 arg1 == 1
FAIL: gcc.dg/guality/pr68860-2.c   -Os  -DPREVENT_OPTIMIZATION  line 14 arg2 == 2
FAIL: gcc.dg/guality/pr68860-2.c   -Os  -DPREVENT_OPTIMIZATION  line 14 arg3 == 3
FAIL: gcc.dg/guality/pr68860-2.c   -Os  -DPREVENT_OPTIMIZATION  line 14 arg4 == 4
FAIL: gcc.dg/guality/pr68860-2.c   -Os  -DPREVENT_OPTIMIZATION  line 14 arg5 == 5
FAIL: gcc.dg/guality/pr68860-2.c   -Os  -DPREVENT_OPTIMIZATION  line 14 arg6 == 6
FAIL: gcc.dg/guality/pr68860-2.c   -Os  -DPREVENT_OPTIMIZATION  line 16 arg1 == 1
FAIL: gcc.dg/guality/pr68860-2.c   -Os  -DPREVENT_OPTIMIZATION  line 16 arg2 == 2
FAIL: gcc.dg/guality/pr68860-2.c   -Os  -DPREVENT_OPTIMIZATION  line 16 arg3 == 3
FAIL: gcc.dg/guality/pr68860-2.c   -Os  -DPREVENT_OPTIMIZATION  line 16 arg4 == 4
FAIL: gcc.dg/guality/pr68860-2.c   -Os  -DPREVENT_OPTIMIZATION  line 16 arg5 == 5
FAIL: gcc.dg/guality/pr68860-2.c   -Os  -DPREVENT_OPTIMIZATION  line 16 arg6 == 6
FAIL: gcc.dg/guality/sra-1.c   -O1  -DPREVENT_OPTIMIZATION  line 43 a.i == 4
FAIL: gcc.dg/guality/sra-1.c   -O2  -DPREVENT_OPTIMIZATION  line 43 a.i == 4
FAIL: gcc.dg/guality/sra-1.c   -O2  -DPREVENT_OPTIMIZATION  line 43 a.j == 14
FAIL: gcc.dg/guality/sra-1.c   -O2 -flto  -DPREVENT_OPTIMIZATION line 43 a.i == 4
FAIL: gcc.dg/guality/sra-1.c   -O2 -flto  -DPREVENT_OPTIMIZATION line 43 a.j == 14
FAIL: gcc.dg/guality/sra-1.c   -O2 -flto -flto-partition=none  -DPREVENT_OPTIMIZATION line 43 a.i == 4
FAIL: gcc.dg/guality/sra-1.c   -O2 -flto -flto-partition=none  -DPREVENT_OPTIMIZATION line 43 a.j == 14
FAIL: gcc.dg/guality/sra-1.c   -O3 -g  -DPREVENT_OPTIMIZATION  line 43 a.i == 4
FAIL: gcc.dg/guality/sra-1.c   -O3 -g  -DPREVENT_OPTIMIZATION  line 43 a.j == 14
FAIL: gcc.dg/guality/sra-1.c   -Os  -DPREVENT_OPTIMIZATION  line 43 a.i == 4
FAIL: gcc.dg/guality/sra-1.c   -Os  -DPREVENT_OPTIMIZATION  line 43 a.j == 14
FAIL: gcc.dg/guality/sra-1.c  -Og -DPREVENT_OPTIMIZATION  line 21 a.i == 4
FAIL: gcc.dg/guality/sra-1.c  -Og -DPREVENT_OPTIMIZATION  line 21 a.j == 14
FAIL: gcc.dg/guality/sra-1.c  -Og -DPREVENT_OPTIMIZATION  line 32 a[0] == 4
FAIL: gcc.dg/guality/sra-1.c  -Og -DPREVENT_OPTIMIZATION  line 32 a[1] == 14
FAIL: gcc.dg/guality/sra-1.c  -Og -DPREVENT_OPTIMIZATION  line 43 a.i == 4
FAIL: gcc.dg/guality/sra-1.c  -Og -DPREVENT_OPTIMIZATION  line 43 a.j == 14
FAIL: gcc.dg/guality/vla-1.c   -O1  -DPREVENT_OPTIMIZATION  line 17 sizeof (a) == 6
FAIL: gcc.dg/guality/vla-1.c   -O1  -DPREVENT_OPTIMIZATION  line 24 i == 5
FAIL: gcc.dg/guality/vla-1.c   -O2  -DPREVENT_OPTIMIZATION  line 17 sizeof (a) == 6
FAIL: gcc.dg/guality/vla-1.c   -O2  -DPREVENT_OPTIMIZATION  line 24 sizeof (a) == 17 * sizeof (short)
FAIL: gcc.dg/guality/vla-1.c   -O2 -flto  -DPREVENT_OPTIMIZATION line 17 sizeof (a) == 6
FAIL: gcc.dg/guality/vla-1.c   -O2 -flto  -DPREVENT_OPTIMIZATION line 24 sizeof (a) == 17 * sizeof (short)
FAIL: gcc.dg/guality/vla-1.c   -O2 -flto -flto-partition=none  -DPREVENT_OPTIMIZATION line 17 sizeof (a) == 6
FAIL: gcc.dg/guality/vla-1.c   -O2 -flto -flto-partition=none  -DPREVENT_OPTIMIZATION line 24 sizeof (a) == 17 * sizeof (short)
FAIL: gcc.dg/guality/vla-1.c   -O3 -g  -DPREVENT_OPTIMIZATION  line 17 i == 5
FAIL: gcc.dg/guality/vla-1.c   -O3 -g  -DPREVENT_OPTIMIZATION  line 17 sizeof (a) == 6
FAIL: gcc.dg/guality/vla-1.c   -O3 -g  -DPREVENT_OPTIMIZATION  line 24 sizeof (a) == 17 * sizeof (short)
FAIL: gcc.dg/guality/vla-1.c   -Os  -DPREVENT_OPTIMIZATION  line 17 sizeof (a) == 6
FAIL: gcc.dg/guality/vla-1.c   -Os  -DPREVENT_OPTIMIZATION  line 24 i == 5
FAIL: gcc.dg/guality/vla-1.c   -Os  -DPREVENT_OPTIMIZATION  line 24 sizeof (a) == 17 * sizeof (short)
FAIL: gcc.dg/guality/vla-1.c  -Og -DPREVENT_OPTIMIZATION  line 17 sizeof (a) == 6
FAIL: gcc.dg/ipa/ipa-icf-38.c scan-ltrans-tree-dump-not optimized "Function bar"
XPASS: gcc.dg/vect/bb-slp-div-1.c -flto -ffat-lto-objects  scan-tree-dump slp2 "basic block vectorized"
XPASS: gcc.dg/vect/bb-slp-div-1.c scan-tree-dump slp2 "basic block vectorized"

		=== gcc Summary for unix/-m64 ===

# of expected passes		117174
# of unexpected failures	627
# of unexpected successes	21
# of expected failures		672
# of unsupported tests		3097

		=== gcc Summary ===

# of expected passes		234781
# of unexpected failures	1006
# of unexpected successes	48
# of expected failures		1344
# of unsupported tests		6778
/var/gcc/gcc-9.1.0/11-gcc/gcc/xgcc  version 9.1.0 (GCC) 

		=== gdc tests ===


Running target unix

		=== gdc Summary for unix ===

# of expected passes		22445
# of unsupported tests		40

Running target unix/-m64

		=== gdc Summary for unix/-m64 ===

# of expected passes		22445
# of unsupported tests		40

		=== gdc Summary ===

# of expected passes		44890
# of unsupported tests		80
/var/gcc/gcc-9.1.0/11-gcc/gcc/gdc  version 9.1.0 (GCC) 

		=== gfortran tests ===


Running target unix
FAIL: gfortran.dg/ISO_Fortran_binding_4.f90   -O  execution test
FAIL: gfortran.dg/elemental_subroutine_3.f90   -O1  (test for excess errors)
FAIL: gfortran.dg/elemental_subroutine_3.f90   -O2  (test for excess errors)
FAIL: gfortran.dg/elemental_subroutine_3.f90   -O3 -fomit-frame-pointer -funroll-loops -fpeel-loops -ftracer -finline-functions  (test for excess errors)
FAIL: gfortran.dg/elemental_subroutine_3.f90   -O3 -g  (test for excess errors)
FAIL: gfortran.dg/elemental_subroutine_3.f90   -Os  (test for excess errors)
FAIL: gfortran.dg/unlimited_polymorphic_30.f03   -O0  execution test

		=== gfortran Summary for unix ===

# of expected passes		49811
# of unexpected failures	7
# of expected failures		188
# of unsupported tests		281

Running target unix/-m64
FAIL: gfortran.dg/elemental_subroutine_3.f90   -O1  (test for excess errors)
FAIL: gfortran.dg/elemental_subroutine_3.f90   -O2  (test for excess errors)
FAIL: gfortran.dg/elemental_subroutine_3.f90   -O3 -fomit-frame-pointer -funroll-loops -fpeel-loops -ftracer -finline-functions  (test for excess errors)
FAIL: gfortran.dg/elemental_subroutine_3.f90   -O3 -g  (test for excess errors)
FAIL: gfortran.dg/elemental_subroutine_3.f90   -Os  (test for excess errors)
FAIL: gfortran.dg/unlimited_polymorphic_30.f03   -O0  execution test
FAIL: gfortran.dg/unlimited_polymorphic_30.f03   -O1  execution test
FAIL: gfortran.dg/unlimited_polymorphic_30.f03   -O2  execution test
FAIL: gfortran.dg/unlimited_polymorphic_30.f03   -O3 -fomit-frame-pointer -funroll-loops -fpeel-loops -ftracer -finline-functions  execution test
FAIL: gfortran.dg/unlimited_polymorphic_30.f03   -O3 -g  execution test
FAIL: gfortran.dg/unlimited_polymorphic_30.f03   -Os  execution test

		=== gfortran Summary for unix/-m64 ===

# of expected passes		50066
# of unexpected failures	11
# of expected failures		188
# of unsupported tests		154

		=== gfortran Summary ===

# of expected passes		99877
# of unexpected failures	18
# of expected failures		376
# of unsupported tests		435
/var/gcc/gcc-9.1.0/11-gcc/gcc/gfortran  version 9.1.0 (GCC) 

		=== gnat tests ===


Running target unix
FAIL: gnat.dg/sso/t8.adb   -O3 -finline-functions  execution test

		=== gnat Summary for unix ===

# of expected passes		2924
# of unexpected failures	1
# of expected failures		23
# of unsupported tests		30

Running target unix/-m64

		=== gnat Summary for unix/-m64 ===

# of expected passes		2926
# of expected failures		23
# of unsupported tests		30

		=== gnat Summary ===

# of expected passes		5850
# of unexpected failures	1
# of expected failures		46
# of unsupported tests		60
/var/gcc/gcc-9.1.0/11-gcc/gcc/gnatmake version 9.1.0

		=== go tests ===


Running target unix
FAIL: ./index0-out.go execution,  -O0 -g -fno-var-tracking-assignments 
FAIL: go.test/test/fixedbugs/issue4562.go execution,  -O2 -g 
FAIL: go.test/test/nil.go execution,  -O2 -g 

		=== go Summary for unix ===

# of expected passes		7455
# of unexpected failures	3
# of expected failures		1
# of untested testcases		11
# of unsupported tests		3

Running target unix/-m64
FAIL: ./index0-out.go execution,  -O0 -g -fno-var-tracking-assignments 

		=== go Summary for unix/-m64 ===

# of expected passes		7337
# of unexpected failures	1
# of expected failures		1
# of untested testcases		11
# of unsupported tests		3

		=== go Summary ===

# of expected passes		14792
# of unexpected failures	4
# of expected failures		2
# of untested testcases		22
# of unsupported tests		6
		=== obj-c++ tests ===


Running target unix

		=== obj-c++ Summary for unix ===

# of expected passes		1466
# of expected failures		2
# of unsupported tests		77

Running target unix/-m64

		=== obj-c++ Summary for unix/-m64 ===

# of expected passes		1458
# of expected failures		10
# of unsupported tests		77

		=== obj-c++ Summary ===

# of expected passes		2924
# of expected failures		12
# of unsupported tests		154
/var/gcc/gcc-9.1.0/11-gcc/gcc/xg++  version 9.1.0 (GCC) 

		=== objc tests ===


Running target unix

		=== objc Summary for unix ===

# of expected passes		2803
# of unsupported tests		68

Running target unix/-m64

		=== objc Summary for unix/-m64 ===

# of expected passes		2803
# of unsupported tests		68

		=== objc Summary ===

# of expected passes		5606
# of unsupported tests		136
/var/gcc/gcc-9.1.0/11-gcc/gcc/xgcc  version 9.1.0 (GCC) 

		=== gotools tests ===

FAIL: go test cmd/go
FAIL: go test runtime
FAIL: TestAbort
FAIL: TestCgoCrashHandler
FAIL: TestCgoExecSignalMask
FAIL: TestCgoSignalDeadlock
FAIL: TestG0StackOverflow
FAIL: TestGccgoCrashTracebackNodebug
FAIL: TestPanicInlined
FAIL: TestSelectStackAdjust
FAIL: TestSpuriousWakeupsNeverHangSemasleep
FAIL: go test misc/cgo/test
FAIL: go test cmd/vet

		=== gotools Summary ===
# of expected passes		276
# of unexpected failures	13
# of untested testcases		170
/var/gcc/gcc-9.1.0/11-gcc/./gcc/gccgo version 9.1.0 (GCC)

		=== libatomic tests ===


Running target unix

		=== libatomic Summary for unix ===

# of expected passes		44
# of unsupported tests		5

Running target unix/-m64

		=== libatomic Summary for unix/-m64 ===

# of expected passes		54

		=== libatomic Summary ===

# of expected passes		98
# of unsupported tests		5
		=== libffi tests ===


Running target unix

		=== libffi Summary for unix ===

# of expected passes		2214

Running target unix/-m64

		=== libffi Summary for unix/-m64 ===

# of expected passes		2214

		=== libffi Summary ===

# of expected passes		4428
		=== libgo tests ===


Running target unix
FAIL: cmd/go/internal/par
FAIL: internal/x/crypto/cryptobyte
FAIL: os/signal
FAIL: runtime

		=== libgo Summary for unix ===

# of expected passes		181
# of unexpected failures	4

Running target unix/-m64
FAIL: crypto/elliptic
FAIL: runtime

		=== libgo Summary for unix/-m64 ===

# of expected passes		183
# of unexpected failures	2

		=== libgo Summary ===

# of expected passes		364
# of unexpected failures	6
/var/gcc/gcc-9.1.0/11-gcc/./gcc/gccgo version 9.1.0 (GCC)

		=== libgomp tests ===


Running target unix

		=== libgomp Summary for unix ===

# of expected passes		6349
# of expected failures		4
# of unsupported tests		424

Running target unix/-m64

		=== libgomp Summary for unix/-m64 ===

# of expected passes		6349
# of expected failures		4
# of unsupported tests		424

		=== libgomp Summary ===

# of expected passes		12698
# of expected failures		8
# of unsupported tests		848
		=== libitm tests ===


Running target unix

		=== libitm Summary for unix ===

# of expected passes		42
# of expected failures		3
# of unsupported tests		1

Running target unix/-m64

		=== libitm Summary for unix/-m64 ===

# of expected passes		42
# of expected failures		3
# of unsupported tests		1

		=== libitm Summary ===

# of expected passes		84
# of expected failures		6
# of unsupported tests		2
		=== libstdc++ tests ===


Running target unix
FAIL: 27_io/filesystem/iterators/caching.cc (test for excess errors)
UNRESOLVED: 27_io/filesystem/iterators/caching.cc compilation failed to produce executable
FAIL: 27_io/filesystem/operations/copy.cc (test for excess errors)
UNRESOLVED: 27_io/filesystem/operations/copy.cc compilation failed to produce executable
FAIL: 27_io/filesystem/operations/permissions.cc (test for excess errors)
UNRESOLVED: 27_io/filesystem/operations/permissions.cc compilation failed to produce executable
FAIL: 27_io/filesystem/path/compare/strings.cc (test for excess errors)
UNRESOLVED: 27_io/filesystem/path/compare/strings.cc compilation failed to produce executable
FAIL: 27_io/filesystem/path/modifiers/replace_filename.cc (test for excess errors)
UNRESOLVED: 27_io/filesystem/path/modifiers/replace_filename.cc compilation failed to produce executable
FAIL: 27_io/ios_base/types/seekdir/case_label.cc (test for excess errors)
FAIL: 27_io/manipulators/extended/put_time/wchar_t/1.cc (test for excess errors)
UNRESOLVED: 27_io/manipulators/extended/put_time/wchar_t/1.cc compilation failed to produce executable
FAIL: 27_io/objects/wchar_t/9662.cc (test for excess errors)
UNRESOLVED: 27_io/objects/wchar_t/9662.cc compilation failed to produce executable

		=== libstdc++ Summary for unix ===

# of expected passes		11973
# of unexpected failures	8
# of expected failures		77
# of unresolved testcases	7
# of unsupported tests		715

Running target unix/-m64

		=== libstdc++ Summary for unix/-m64 ===

# of expected passes		11988
# of expected failures		77
# of unsupported tests		715

		=== libstdc++ Summary ===

# of expected passes		23961
# of unexpected failures	8
# of expected failures		154
# of unresolved testcases	7
# of unsupported tests		1430

Compiler version: 9.1.0 (GCC) 
Platform: sparc-sun-solaris2.11
configure flags: --prefix=/vol/gcc-9 --enable-objc-gc --with-as=/usr/ccs/bin/as --without-gnu-as --with-gmp-include=/vol/gcc/include --with-gmp-lib=/vol/gcc/lib --with-mpfr-include=/vol/gcc/include --with-mpfr-lib=/vol/gcc/lib --with-mpc-include=/vol/gcc/include --with-mpc-lib=/vol/gcc/lib --with-isl-include=/vol/gcc/include --with-isl-lib=/vol/gcc/lib --with-target-bdw-gc-include=/vol/gcc/include --with-target-bdw-gc-lib=/vol/gcc/lib,sparcv9=/vol/gcc/lib/sparcv9 --enable-languages=c,ada,c++,fortran,go,lto,objc,obj-c++,d
BOOT_CFLAGS=-g -O2


Index Nav: [Date Index] [Subject Index] [Author Index] [Thread Index]
Message Nav: [Date Prev] [Date Next] [Thread Prev] [Thread Next]