This is the mail archive of the gcc-testresults@gcc.gnu.org mailing list for the GCC project.


Index Nav: [Date Index] [Subject Index] [Author Index] [Thread Index]
Message Nav: [Date Prev] [Date Next] [Thread Prev] [Thread Next]
Other format: [Raw text]

Results for 10.0.0 20190503 (experimental) [trunk revision 270837] (GCC) testsuite on i386-pc-solaris2.11


LAST_UPDATED: Fri May  3 08:41:48 UTC 2019 (revision 270837)

		=== acats tests ===

		=== acats Summary ===
# of expected passes		2320
# of unexpected failures	0
Native configuration is i386-pc-solaris2.11

		=== g++ tests ===


Running target unix
FAIL: c-c++-common/asan/pointer-subtract-3.c   -O0  execution test
FAIL: c-c++-common/asan/pointer-subtract-3.c   -O1  execution test
FAIL: c-c++-common/asan/pointer-subtract-3.c   -O2  execution test
FAIL: c-c++-common/asan/pointer-subtract-3.c   -O2 -flto -fno-use-linker-plugin -flto-partition=none  execution test
FAIL: c-c++-common/asan/pointer-subtract-3.c   -O2 -flto -fuse-linker-plugin -fno-fat-lto-objects  execution test
FAIL: c-c++-common/asan/pointer-subtract-3.c   -O3 -g  execution test
FAIL: c-c++-common/asan/pointer-subtract-3.c   -Os  execution test
FAIL: c-c++-common/asan/swapcontext-test-1.c   -O0  execution test
FAIL: c-c++-common/asan/swapcontext-test-1.c   -O1  execution test
FAIL: c-c++-common/asan/swapcontext-test-1.c   -O2  execution test
FAIL: c-c++-common/asan/swapcontext-test-1.c   -O2 -flto -fno-use-linker-plugin -flto-partition=none  execution test
FAIL: c-c++-common/asan/swapcontext-test-1.c   -O2 -flto -fuse-linker-plugin -fno-fat-lto-objects  execution test
FAIL: c-c++-common/asan/swapcontext-test-1.c   -O3 -fomit-frame-pointer -funroll-loops -fpeel-loops -ftracer -finline-functions  execution test
FAIL: c-c++-common/asan/swapcontext-test-1.c   -O3 -g  execution test
FAIL: c-c++-common/asan/swapcontext-test-1.c   -Os  execution test
FAIL: g++.dg/asan/deep-thread-stack-1.C   -O0  output pattern test
FAIL: g++.dg/asan/deep-thread-stack-1.C   -O1  output pattern test
FAIL: g++.dg/asan/deep-thread-stack-1.C   -O2  output pattern test
FAIL: g++.dg/asan/deep-thread-stack-1.C   -O2 -flto -fno-use-linker-plugin -flto-partition=none  output pattern test
FAIL: g++.dg/asan/deep-thread-stack-1.C   -O2 -flto -fuse-linker-plugin -fno-fat-lto-objects  output pattern test
FAIL: g++.dg/asan/deep-thread-stack-1.C   -O3 -g  output pattern test
FAIL: g++.dg/asan/deep-thread-stack-1.C   -Os  output pattern test
FAIL: g++.dg/asan/default-options-1.C   -O0  execution test
FAIL: g++.dg/asan/default-options-1.C   -O1  execution test
FAIL: g++.dg/asan/default-options-1.C   -O2  execution test
FAIL: g++.dg/asan/default-options-1.C   -O2 -flto -fno-use-linker-plugin -flto-partition=none  execution test
FAIL: g++.dg/asan/default-options-1.C   -O2 -flto -fuse-linker-plugin -fno-fat-lto-objects  execution test
FAIL: g++.dg/asan/default-options-1.C   -O3 -g  execution test
FAIL: g++.dg/asan/default-options-1.C   -Os  execution test
FAIL: g++.dg/gcov/pr16855-priority.C  -std=gnu++14  gcov: 1 failures in line counts, 0 in branch percentages, 0 in return percentages, 0 in intermediate format
FAIL: g++.dg/gcov/pr16855-priority.C  -std=gnu++14  line 22: is #####:should be 1
FAIL: g++.dg/gcov/pr16855-priority.C  -std=gnu++17  gcov: 1 failures in line counts, 0 in branch percentages, 0 in return percentages, 0 in intermediate format
FAIL: g++.dg/gcov/pr16855-priority.C  -std=gnu++17  line 22: is #####:should be 1
FAIL: g++.dg/gcov/pr16855-priority.C  -std=gnu++98  gcov: 1 failures in line counts, 0 in branch percentages, 0 in return percentages, 0 in intermediate format
FAIL: g++.dg/gcov/pr16855-priority.C  -std=gnu++98  line 22: is #####:should be 1
FAIL: g++.dg/gcov/pr16855.C  -std=gnu++14  gcov: 1 failures in line counts, 0 in branch percentages, 0 in return percentages, 0 in intermediate format
FAIL: g++.dg/gcov/pr16855.C  -std=gnu++14  line 21: is #####:should be 1
FAIL: g++.dg/gcov/pr16855.C  -std=gnu++17  gcov: 1 failures in line counts, 0 in branch percentages, 0 in return percentages, 0 in intermediate format
FAIL: g++.dg/gcov/pr16855.C  -std=gnu++17  line 21: is #####:should be 1
FAIL: g++.dg/gcov/pr16855.C  -std=gnu++98  gcov: 1 failures in line counts, 0 in branch percentages, 0 in return percentages, 0 in intermediate format
FAIL: g++.dg/gcov/pr16855.C  -std=gnu++98  line 21: is #####:should be 1

		=== g++ Summary for unix ===

# of expected passes		130012
# of unexpected failures	41
# of expected failures		526
# of unsupported tests		6122

Running target unix/-m64
FAIL: g++.dg/pr80481.C  -std=gnu++14  scan-assembler-not vmovaps
FAIL: g++.dg/pr80481.C  -std=gnu++17  scan-assembler-not vmovaps
FAIL: g++.dg/pr80481.C  -std=gnu++98  scan-assembler-not vmovaps
FAIL: g++.dg/gcov/pr16855-priority.C  -std=gnu++14  gcov: 1 failures in line counts, 0 in branch percentages, 0 in return percentages, 0 in intermediate format
FAIL: g++.dg/gcov/pr16855-priority.C  -std=gnu++14  line 22: is #####:should be 1
FAIL: g++.dg/gcov/pr16855-priority.C  -std=gnu++17  gcov: 1 failures in line counts, 0 in branch percentages, 0 in return percentages, 0 in intermediate format
FAIL: g++.dg/gcov/pr16855-priority.C  -std=gnu++17  line 22: is #####:should be 1
FAIL: g++.dg/gcov/pr16855-priority.C  -std=gnu++98  gcov: 1 failures in line counts, 0 in branch percentages, 0 in return percentages, 0 in intermediate format
FAIL: g++.dg/gcov/pr16855-priority.C  -std=gnu++98  line 22: is #####:should be 1
FAIL: g++.dg/gcov/pr16855.C  -std=gnu++14  gcov: 1 failures in line counts, 0 in branch percentages, 0 in return percentages, 0 in intermediate format
FAIL: g++.dg/gcov/pr16855.C  -std=gnu++14  line 21: is #####:should be 1
FAIL: g++.dg/gcov/pr16855.C  -std=gnu++17  gcov: 1 failures in line counts, 0 in branch percentages, 0 in return percentages, 0 in intermediate format
FAIL: g++.dg/gcov/pr16855.C  -std=gnu++17  line 21: is #####:should be 1
FAIL: g++.dg/gcov/pr16855.C  -std=gnu++98  gcov: 1 failures in line counts, 0 in branch percentages, 0 in return percentages, 0 in intermediate format
FAIL: g++.dg/gcov/pr16855.C  -std=gnu++98  line 21: is #####:should be 1

		=== g++ Summary for unix/-m64 ===

# of expected passes		129849
# of unexpected failures	15
# of expected failures		529
# of unsupported tests		6040

		=== g++ Summary ===

# of expected passes		259861
# of unexpected failures	56
# of expected failures		1055
# of unsupported tests		12162
/var/gcc/regression/trunk/11.5-gcc-gas-gld/build/gcc/xg++  version 10.0.0 20190503 (experimental) [trunk revision 270837] (GCC) 

		=== gcc tests ===


Running target unix
FAIL: c-c++-common/asan/pointer-subtract-3.c   -O0  execution test
FAIL: c-c++-common/asan/pointer-subtract-3.c   -O1  execution test
FAIL: c-c++-common/asan/pointer-subtract-3.c   -O2  execution test
FAIL: c-c++-common/asan/pointer-subtract-3.c   -O2 -flto -fno-use-linker-plugin -flto-partition=none  execution test
FAIL: c-c++-common/asan/pointer-subtract-3.c   -O2 -flto -fuse-linker-plugin -fno-fat-lto-objects  execution test
FAIL: c-c++-common/asan/pointer-subtract-3.c   -O3 -g  execution test
FAIL: c-c++-common/asan/pointer-subtract-3.c   -Os  execution test
FAIL: c-c++-common/asan/swapcontext-test-1.c   -O0  execution test
FAIL: c-c++-common/asan/swapcontext-test-1.c   -O1  execution test
FAIL: c-c++-common/asan/swapcontext-test-1.c   -O2  execution test
FAIL: c-c++-common/asan/swapcontext-test-1.c   -O2 -flto -fno-use-linker-plugin -flto-partition=none  execution test
FAIL: c-c++-common/asan/swapcontext-test-1.c   -O2 -flto -fuse-linker-plugin -fno-fat-lto-objects  execution test
FAIL: c-c++-common/asan/swapcontext-test-1.c   -O3 -fomit-frame-pointer -funroll-loops -fpeel-loops -ftracer -finline-functions  execution test
FAIL: c-c++-common/asan/swapcontext-test-1.c   -O3 -g  execution test
FAIL: c-c++-common/asan/swapcontext-test-1.c   -Os  execution test
FAIL: compiler driver --help=params --help=optimizers option(s): "maximum number of" present in output
FAIL: gcc.target/i386/pr57193.c scan-assembler-times movdqa 2
FAIL: gcc.target/i386/pr81563.c scan-assembler-times movl[\\\\t ]*-4\\\\(%ebp\\\\),[\\\\t ]*%edi 1
FAIL: gcc.target/i386/pr81563.c scan-assembler-times movl[\\\\t ]*-8\\\\(%ebp\\\\),[\\\\t ]*%esi 1
FAIL: gcc.target/i386/pr88809-2.c scan-assembler call[ \\t]strlen

		=== gcc Summary for unix ===

# of expected passes		135193
# of unexpected failures	20
# of expected failures		541
# of unsupported tests		2892

Running target unix/-m64
FAIL: compiler driver --help=params --help=optimizers option(s): "maximum number of" present in output
FAIL: gcc.target/i386/pr57193.c scan-assembler-times movdqa 2

		=== gcc Summary for unix/-m64 ===

# of expected passes		135507
# of unexpected failures	2
# of expected failures		535
# of unsupported tests		2384

		=== gcc Summary ===

# of expected passes		270700
# of unexpected failures	22
# of expected failures		1076
# of unsupported tests		5276
/var/gcc/regression/trunk/11.5-gcc-gas-gld/build/gcc/xgcc  version 10.0.0 20190503 (experimental) [trunk revision 270837] (GCC) 

		=== gdc tests ===


Running target unix

		=== gdc Summary for unix ===

# of expected passes		29425

Running target unix/-m64

		=== gdc Summary for unix/-m64 ===

# of expected passes		29425

		=== gdc Summary ===

# of expected passes		58850
/var/gcc/regression/trunk/11.5-gcc-gas-gld/build/gcc/gdc  version 10.0.0 20190503 (experimental) [trunk revision 270837] (GCC) 

		=== gfortran tests ===


Running target unix

		=== gfortran Summary for unix ===

# of expected passes		49946
# of expected failures		188
# of unsupported tests		205

Running target unix/-m64

		=== gfortran Summary for unix/-m64 ===

# of expected passes		50175
# of expected failures		188
# of unsupported tests		96

		=== gfortran Summary ===

# of expected passes		100121
# of expected failures		376
# of unsupported tests		301
/var/gcc/regression/trunk/11.5-gcc-gas-gld/build/gcc/gfortran  version 10.0.0 20190503 (experimental) [trunk revision 270837] (GCC) 

		=== gnat tests ===


Running target unix

		=== gnat Summary for unix ===

# of expected passes		2969
# of expected failures		23
# of unsupported tests		8

Running target unix/-m64

		=== gnat Summary for unix/-m64 ===

# of expected passes		2969
# of expected failures		23
# of unsupported tests		8

		=== gnat Summary ===

# of expected passes		5938
# of expected failures		46
# of unsupported tests		16
/var/gcc/regression/trunk/11.5-gcc-gas-gld/build/gcc/gnatmake version 10.0.0 20190503 (experimental) [trunk revision 270837]

		=== go tests ===


Running target unix
FAIL: ./index0-out.go execution,  -O0 -g -fno-var-tracking-assignments 

		=== go Summary for unix ===

# of expected passes		7460
# of unexpected failures	1
# of expected failures		1
# of untested testcases		10
# of unsupported tests		2

Running target unix/-m64
FAIL: ./index0-out.go execution,  -O0 -g -fno-var-tracking-assignments 

		=== go Summary for unix/-m64 ===

# of expected passes		7341
# of unexpected failures	1
# of expected failures		1
# of untested testcases		10
# of unsupported tests		1

		=== go Summary ===

# of expected passes		14801
# of unexpected failures	2
# of expected failures		2
# of untested testcases		20
# of unsupported tests		3
/var/gcc/regression/trunk/11.5-gcc-gas-gld/build/gcc/gccgo  version 10.0.0 20190503 (experimental) [trunk revision 270837] (GCC) 

		=== obj-c++ tests ===


Running target unix

		=== obj-c++ Summary for unix ===

# of expected passes		1466
# of expected failures		2
# of unsupported tests		77

Running target unix/-m64

		=== obj-c++ Summary for unix/-m64 ===

# of expected passes		1458
# of expected failures		10
# of unsupported tests		77

		=== obj-c++ Summary ===

# of expected passes		2924
# of expected failures		12
# of unsupported tests		154
/var/gcc/regression/trunk/11.5-gcc-gas-gld/build/gcc/xg++  version 10.0.0 20190503 (experimental) [trunk revision 270837] (GCC) 

		=== objc tests ===


Running target unix

		=== objc Summary for unix ===

# of expected passes		2797
# of expected failures		6
# of unsupported tests		68

Running target unix/-m64

		=== objc Summary for unix/-m64 ===

# of expected passes		2797
# of expected failures		6
# of unsupported tests		68

		=== objc Summary ===

# of expected passes		5594
# of expected failures		12
# of unsupported tests		136
/var/gcc/regression/trunk/11.5-gcc-gas-gld/build/gcc/xgcc  version 10.0.0 20190503 (experimental) [trunk revision 270837] (GCC) 

		=== gotools tests ===

FAIL: TestScript
FAIL: go test cmd/go
FAIL: TestAbort
FAIL: TestCgoSignalDeadlock
FAIL: TestCrashHandler
FAIL: TestSelectStackAdjust
FAIL: go test runtime
FAIL: go test misc/cgo/test
FAIL: TestCompileWithoutShared
FAIL: TestEarlySignalHandler
FAIL: TestInstall
FAIL: TestOsSignal
FAIL: TestPIE
FAIL: TestSIGPROF
FAIL: TestSigaltstack
FAIL: TestSignalForwarding
FAIL: TestSignalForwardingExternal
FAIL: go test misc/cgo/testcarchive

		=== gotools Summary ===
# of expected passes		318
# of unexpected failures	18
# of untested testcases		182
/var/gcc/regression/trunk/11.5-gcc-gas-gld/build/./gcc/gccgo version 10.0.0 20190503 (experimental) [trunk revision 270837] (GCC)

		=== libatomic tests ===


Running target unix

		=== libatomic Summary for unix ===

# of expected passes		44
# of unsupported tests		5

Running target unix/-m64

		=== libatomic Summary for unix/-m64 ===

# of expected passes		54

		=== libatomic Summary ===

# of expected passes		98
# of unsupported tests		5
		=== libffi tests ===


Running target unix

		=== libffi Summary for unix ===

# of expected passes		2799

Running target unix/-m64

		=== libffi Summary for unix/-m64 ===

# of expected passes		2214

		=== libffi Summary ===

# of expected passes		5013
		=== libgo tests ===


Running target unix
FAIL: go/build
FAIL: net
FAIL: net/http
FAIL: runtime

		=== libgo Summary for unix ===

# of expected passes		181
# of unexpected failures	4

Running target unix/-m64
FAIL: go/build
FAIL: net

		=== libgo Summary for unix/-m64 ===

# of expected passes		183
# of unexpected failures	2

		=== libgo Summary ===

# of expected passes		364
# of unexpected failures	6
/var/gcc/regression/trunk/11.5-gcc-gas-gld/build/./gcc/gccgo version 10.0.0 20190503 (experimental) [trunk revision 270837] (GCC)

		=== libgomp tests ===


Running target unix

		=== libgomp Summary for unix ===

# of expected passes		6471
# of expected failures		4
# of unsupported tests		363

Running target unix/-m64

		=== libgomp Summary for unix/-m64 ===

# of expected passes		6471
# of expected failures		4
# of unsupported tests		363

		=== libgomp Summary ===

# of expected passes		12942
# of expected failures		8
# of unsupported tests		726
		=== libitm tests ===


Running target unix

		=== libitm Summary for unix ===

# of expected passes		42
# of expected failures		3
# of unsupported tests		1

Running target unix/-m64

		=== libitm Summary for unix/-m64 ===

# of expected passes		42
# of expected failures		3
# of unsupported tests		1

		=== libitm Summary ===

# of expected passes		84
# of expected failures		6
# of unsupported tests		2
		=== libphobos tests ===


Running target unix
FAIL: libphobos.phobos_shared/std/datetime/systime.d execution test
FAIL: libphobos.phobos_shared/std/datetime/timezone.d execution test
FAIL: libphobos.phobos_shared/std/file.d execution test
FAIL: libphobos.phobos_shared/std/format.d execution test
FAIL: libphobos.phobos_shared/std/math.d execution test
FAIL: libphobos.phobos_shared/std/parallelism.d execution test
FAIL: libphobos.shared/finalize.d -shared-libphobos -ldl execution test
FAIL: libphobos.shared/linkD.c lib.so -ldl -pthread execution test
FAIL: libphobos.shared/load.d -shared-libphobos -ldl execution test
FAIL: libphobos.shared/load_13414.d -shared-libphobos -ldl execution test

		=== libphobos Summary for unix ===

# of expected passes		414
# of unexpected failures	10

Running target unix/-m64
FAIL: libphobos.phobos_shared/std/datetime/systime.d execution test
FAIL: libphobos.phobos_shared/std/datetime/timezone.d execution test
FAIL: libphobos.phobos_shared/std/format.d execution test
FAIL: libphobos.phobos_shared/std/math.d execution test
FAIL: libphobos.phobos_shared/std/parallelism.d execution test
FAIL: libphobos.shared/finalize.d -shared-libphobos -ldl execution test
FAIL: libphobos.shared/linkD.c lib.so -ldl -pthread execution test
FAIL: libphobos.shared/load.d -shared-libphobos -ldl execution test
FAIL: libphobos.shared/load_13414.d -shared-libphobos -ldl execution test

		=== libphobos Summary for unix/-m64 ===

# of expected passes		415
# of unexpected failures	9

		=== libphobos Summary ===

# of expected passes		829
# of unexpected failures	19
		=== libstdc++ tests ===


Running target unix
XPASS: experimental/memory_resource/resource_adaptor.cc execution test

		=== libstdc++ Summary for unix ===

# of expected passes		12024
# of unexpected successes	1
# of expected failures		78
# of unsupported tests		700

Running target unix/-m64

		=== libstdc++ Summary for unix/-m64 ===

# of expected passes		12018
# of expected failures		77
# of unsupported tests		704

		=== libstdc++ Summary ===

# of expected passes		24042
# of unexpected successes	1
# of expected failures		155
# of unsupported tests		1404

Compiler version: 10.0.0 20190503 (experimental) [trunk revision 270837] (GCC) 
Platform: i386-pc-solaris2.11
configure flags: --prefix=/vol/gcc --target=i386-pc-solaris2.11 --enable-objc-gc --with-target-bdw-gc-include=/vol/gcc/include --with-target-bdw-gc-lib=/vol/gcc/lib,amd64=/vol/gcc/lib/amd64 --with-as=/vol/gcc/bin/gas-2.32 --with-gnu-as --with-ld=/vol/gcc/bin/gld-2.32 --with-gnu-ld --with-gmp-include=/vol/gcc/include --with-gmp-lib=/vol/gcc/lib --with-mpfr-include=/vol/gcc/include --with-mpfr-lib=/vol/gcc/lib --with-mpc-include=/vol/gcc/include --with-mpc-lib=/vol/gcc/lib --enable-languages=all,ada,obj-c++,go --with-isl-include=/vol/gcc/include --with-isl-lib=/vol/gcc/lib --build=i386-pc-solaris2.11 --host=i386-pc-solaris2.11
BOOT_CFLAGS=-g -O2


Index Nav: [Date Index] [Subject Index] [Author Index] [Thread Index]
Message Nav: [Date Prev] [Date Next] [Thread Prev] [Thread Next]