This is the mail archive of the gcc-testresults@gcc.gnu.org mailing list for the GCC project.


Index Nav: [Date Index] [Subject Index] [Author Index] [Thread Index]
Message Nav: [Date Prev] [Date Next] [Thread Prev] [Thread Next]
Other format: [Raw text]

Results for 10.0.0 20190502 (experimental) [master revision 270814] (GCC) testsuite on i686-pc-linux-gnu


LAST_UPDATED: Thu May 2 16:25:12 UTC 2019 (revision 270814)

Native configuration is i686-pc-linux-gnu

		=== gcc tests ===


Running target tcwg-local
XPASS: gcc.dg/guality/example.c   -O0  execution test
XPASS: gcc.dg/guality/example.c   -O1  -DPREVENT_OPTIMIZATION  execution test
XPASS: gcc.dg/guality/example.c   -O2  -DPREVENT_OPTIMIZATION  execution test
XPASS: gcc.dg/guality/example.c   -O2 -flto -fno-use-linker-plugin -flto-partition=none  -DPREVENT_OPTIMIZATION execution test
XPASS: gcc.dg/guality/example.c  -Og -DPREVENT_OPTIMIZATION  execution test
XPASS: gcc.dg/guality/guality.c   -O0  execution test
XPASS: gcc.dg/guality/guality.c   -O1  -DPREVENT_OPTIMIZATION  execution test
XPASS: gcc.dg/guality/guality.c   -O2  -DPREVENT_OPTIMIZATION  execution test
XPASS: gcc.dg/guality/guality.c   -O2 -flto -fno-use-linker-plugin -flto-partition=none  -DPREVENT_OPTIMIZATION execution test
XPASS: gcc.dg/guality/guality.c   -O2 -flto -fuse-linker-plugin -fno-fat-lto-objects  -DPREVENT_OPTIMIZATION execution test
XPASS: gcc.dg/guality/guality.c   -O3 -g  -DPREVENT_OPTIMIZATION  execution test
XPASS: gcc.dg/guality/guality.c   -Os  -DPREVENT_OPTIMIZATION  execution test
XPASS: gcc.dg/guality/guality.c  -Og -DPREVENT_OPTIMIZATION  execution test
XPASS: gcc.dg/guality/inline-params.c   -O2  -DPREVENT_OPTIMIZATION  execution test
XPASS: gcc.dg/guality/inline-params.c   -O2 -flto -fno-use-linker-plugin -flto-partition=none  -DPREVENT_OPTIMIZATION execution test
XPASS: gcc.dg/guality/inline-params.c   -O2 -flto -fuse-linker-plugin -fno-fat-lto-objects  -DPREVENT_OPTIMIZATION execution test
XPASS: gcc.dg/guality/inline-params.c   -O3 -g  -DPREVENT_OPTIMIZATION  execution test
XPASS: gcc.dg/guality/inline-params.c   -Os  -DPREVENT_OPTIMIZATION  execution test
FAIL: gcc.dg/guality/loop-1.c   -O3 -fomit-frame-pointer -funroll-loops -fpeel-loops -ftracer -finline-functions  -DPREVENT_OPTIMIZATION  line 20 i == 1
XPASS: gcc.dg/guality/pr41353-1.c   -O0  line 28 j == 28 + 37
XPASS: gcc.dg/guality/pr41353-1.c   -Os  -DPREVENT_OPTIMIZATION  line 28 j == 28 + 37
XPASS: gcc.dg/guality/pr41353-1.c  -Og -DPREVENT_OPTIMIZATION  line 28 j == 28 + 37
FAIL: gcc.dg/guality/pr41447-1.c   -O2  -DPREVENT_OPTIMIZATION  execution test
FAIL: gcc.dg/guality/pr41447-1.c   -O2 -flto -fno-use-linker-plugin -flto-partition=none  -DPREVENT_OPTIMIZATION execution test
FAIL: gcc.dg/guality/pr41447-1.c   -O3 -g  -DPREVENT_OPTIMIZATION  execution test
FAIL: gcc.dg/guality/pr54519-1.c   -O2 -flto -fno-use-linker-plugin -flto-partition=none  -DPREVENT_OPTIMIZATION line 20 y == 25
FAIL: gcc.dg/guality/pr54519-1.c   -O2 -flto -fno-use-linker-plugin -flto-partition=none  -DPREVENT_OPTIMIZATION line 20 z == 6
FAIL: gcc.dg/guality/pr54519-1.c   -O2 -flto -fno-use-linker-plugin -flto-partition=none  -DPREVENT_OPTIMIZATION line 23 y == 117
FAIL: gcc.dg/guality/pr54519-1.c   -O2 -flto -fno-use-linker-plugin -flto-partition=none  -DPREVENT_OPTIMIZATION line 23 z == 8
FAIL: gcc.dg/guality/pr54519-1.c   -O2 -flto -fuse-linker-plugin -fno-fat-lto-objects  -DPREVENT_OPTIMIZATION line 20 y == 25
FAIL: gcc.dg/guality/pr54519-1.c   -O2 -flto -fuse-linker-plugin -fno-fat-lto-objects  -DPREVENT_OPTIMIZATION line 20 z == 6
FAIL: gcc.dg/guality/pr54519-1.c   -O2 -flto -fuse-linker-plugin -fno-fat-lto-objects  -DPREVENT_OPTIMIZATION line 23 y == 117
FAIL: gcc.dg/guality/pr54519-1.c   -O2 -flto -fuse-linker-plugin -fno-fat-lto-objects  -DPREVENT_OPTIMIZATION line 23 z == 8
FAIL: gcc.dg/guality/pr54519-2.c   -O2 -flto -fno-use-linker-plugin -flto-partition=none  -DPREVENT_OPTIMIZATION line 17 y == 25
FAIL: gcc.dg/guality/pr54519-2.c   -O2 -flto -fuse-linker-plugin -fno-fat-lto-objects  -DPREVENT_OPTIMIZATION line 17 y == 25
FAIL: gcc.dg/guality/pr54519-3.c   -O2 -flto -fno-use-linker-plugin -flto-partition=none  -DPREVENT_OPTIMIZATION line 20 y == 25
FAIL: gcc.dg/guality/pr54519-3.c   -O2 -flto -fno-use-linker-plugin -flto-partition=none  -DPREVENT_OPTIMIZATION line 20 z == 6
FAIL: gcc.dg/guality/pr54519-3.c   -O2 -flto -fno-use-linker-plugin -flto-partition=none  -DPREVENT_OPTIMIZATION line 23 y == 117
FAIL: gcc.dg/guality/pr54519-3.c   -O2 -flto -fno-use-linker-plugin -flto-partition=none  -DPREVENT_OPTIMIZATION line 23 z == 8
FAIL: gcc.dg/guality/pr54519-3.c   -O2 -flto -fuse-linker-plugin -fno-fat-lto-objects  -DPREVENT_OPTIMIZATION line 20 y == 25
FAIL: gcc.dg/guality/pr54519-3.c   -O2 -flto -fuse-linker-plugin -fno-fat-lto-objects  -DPREVENT_OPTIMIZATION line 20 z == 6
FAIL: gcc.dg/guality/pr54519-3.c   -O2 -flto -fuse-linker-plugin -fno-fat-lto-objects  -DPREVENT_OPTIMIZATION line 23 y == 117
FAIL: gcc.dg/guality/pr54519-3.c   -O2 -flto -fuse-linker-plugin -fno-fat-lto-objects  -DPREVENT_OPTIMIZATION line 23 z == 8
FAIL: gcc.dg/guality/pr54519-4.c   -O2 -flto -fno-use-linker-plugin -flto-partition=none  -DPREVENT_OPTIMIZATION line 17 y == 25
FAIL: gcc.dg/guality/pr54519-4.c   -O2 -flto -fuse-linker-plugin -fno-fat-lto-objects  -DPREVENT_OPTIMIZATION line 17 y == 25
FAIL: gcc.dg/guality/pr54519-5.c   -O2 -flto -fno-use-linker-plugin -flto-partition=none  -DPREVENT_OPTIMIZATION line 17 y == 25
FAIL: gcc.dg/guality/pr54519-5.c   -O2 -flto -fuse-linker-plugin -fno-fat-lto-objects  -DPREVENT_OPTIMIZATION line 17 y == 25
XPASS: gcc.dg/guality/pr54970.c   -O0  line 15 a[0] == 1
XPASS: gcc.dg/guality/pr54970.c   -O0  line 20 a[0] == 1
XPASS: gcc.dg/guality/pr54970.c   -O0  line 25 a[0] == 1
XPASS: gcc.dg/guality/pr54970.c   -O0  line 31 a[0] == 4
XPASS: gcc.dg/guality/pr54970.c   -O0  line 36 a[0] == 4
XPASS: gcc.dg/guality/pr54970.c   -O0  line 45 a[0] == 4
XPASS: gcc.dg/guality/pr54970.c   -O0  line 45 p[-2] == 4
XPASS: gcc.dg/guality/pr54970.c   -O0  line 45 q[-1] == 4
FAIL: gcc.dg/guality/pr54970.c  -Og -DPREVENT_OPTIMIZATION  line 15 *p == 3
FAIL: gcc.dg/guality/pr54970.c  -Og -DPREVENT_OPTIMIZATION  line 15 *q == 2
FAIL: gcc.dg/guality/pr54970.c  -Og -DPREVENT_OPTIMIZATION  line 15 a[1] == 2
FAIL: gcc.dg/guality/pr54970.c  -Og -DPREVENT_OPTIMIZATION  line 15 a[2] == 3
FAIL: gcc.dg/guality/pr54970.c  -Og -DPREVENT_OPTIMIZATION  line 20 *p == 13
FAIL: gcc.dg/guality/pr54970.c  -Og -DPREVENT_OPTIMIZATION  line 20 *q == 2
FAIL: gcc.dg/guality/pr54970.c  -Og -DPREVENT_OPTIMIZATION  line 20 a[1] == 2
FAIL: gcc.dg/guality/pr54970.c  -Og -DPREVENT_OPTIMIZATION  line 20 a[2] == 13
FAIL: gcc.dg/guality/pr54970.c  -Og -DPREVENT_OPTIMIZATION  line 25 *p == 13
FAIL: gcc.dg/guality/pr54970.c  -Og -DPREVENT_OPTIMIZATION  line 25 *q == 12
FAIL: gcc.dg/guality/pr54970.c  -Og -DPREVENT_OPTIMIZATION  line 25 a[1] == 12
FAIL: gcc.dg/guality/pr54970.c  -Og -DPREVENT_OPTIMIZATION  line 25 a[2] == 13
FAIL: gcc.dg/guality/pr54970.c  -Og -DPREVENT_OPTIMIZATION  line 31 *p == 6
FAIL: gcc.dg/guality/pr54970.c  -Og -DPREVENT_OPTIMIZATION  line 31 *q == 5
FAIL: gcc.dg/guality/pr54970.c  -Og -DPREVENT_OPTIMIZATION  line 31 a[1] == 5
FAIL: gcc.dg/guality/pr54970.c  -Og -DPREVENT_OPTIMIZATION  line 31 a[2] == 6
FAIL: gcc.dg/guality/pr54970.c  -Og -DPREVENT_OPTIMIZATION  line 36 *p == 26
FAIL: gcc.dg/guality/pr54970.c  -Og -DPREVENT_OPTIMIZATION  line 36 *q == 5
FAIL: gcc.dg/guality/pr54970.c  -Og -DPREVENT_OPTIMIZATION  line 36 a[1] == 5
FAIL: gcc.dg/guality/pr54970.c  -Og -DPREVENT_OPTIMIZATION  line 36 a[2] == 26
FAIL: gcc.dg/guality/pr54970.c  -Og -DPREVENT_OPTIMIZATION  line 45 *p == 26
FAIL: gcc.dg/guality/pr54970.c  -Og -DPREVENT_OPTIMIZATION  line 45 *q == 25
FAIL: gcc.dg/guality/pr54970.c  -Og -DPREVENT_OPTIMIZATION  line 45 a[1] == 25
FAIL: gcc.dg/guality/pr54970.c  -Og -DPREVENT_OPTIMIZATION  line 45 a[2] == 26
FAIL: gcc.dg/guality/pr54970.c  -Og -DPREVENT_OPTIMIZATION  line 45 p[-1] == 25
FAIL: gcc.dg/guality/pr54970.c  -Og -DPREVENT_OPTIMIZATION  line 45 q[1] == 26
FAIL: gcc.dg/guality/pr56154-1.c  -Og -DPREVENT_OPTIMIZATION  line pr56154-1.c:20 x.a == 6
FAIL: gcc.dg/guality/pr59776.c  -Og -DPREVENT_OPTIMIZATION  line pr59776.c:17 s1.f == 5.0
FAIL: gcc.dg/guality/pr59776.c  -Og -DPREVENT_OPTIMIZATION  line pr59776.c:17 s1.g == 6.0
FAIL: gcc.dg/guality/pr59776.c  -Og -DPREVENT_OPTIMIZATION  line pr59776.c:17 s2.f == 0.0
FAIL: gcc.dg/guality/pr59776.c  -Og -DPREVENT_OPTIMIZATION  line pr59776.c:17 s2.g == 6.0
FAIL: gcc.dg/guality/pr59776.c  -Og -DPREVENT_OPTIMIZATION  line pr59776.c:20 s1.f == 5.0
FAIL: gcc.dg/guality/pr59776.c  -Og -DPREVENT_OPTIMIZATION  line pr59776.c:20 s1.g == 6.0
FAIL: gcc.dg/guality/pr59776.c  -Og -DPREVENT_OPTIMIZATION  line pr59776.c:20 s2.f == 5.0
FAIL: gcc.dg/guality/pr59776.c  -Og -DPREVENT_OPTIMIZATION  line pr59776.c:20 s2.g == 6.0
FAIL: gcc.dg/guality/pr68860-1.c   -O2 -flto -fno-use-linker-plugin -flto-partition=none  -DPREVENT_OPTIMIZATION line 14 arg1 == 1
FAIL: gcc.dg/guality/pr68860-1.c   -O2 -flto -fno-use-linker-plugin -flto-partition=none  -DPREVENT_OPTIMIZATION line 14 arg2 == 2
FAIL: gcc.dg/guality/pr68860-1.c   -O2 -flto -fno-use-linker-plugin -flto-partition=none  -DPREVENT_OPTIMIZATION line 14 arg3 == 3
FAIL: gcc.dg/guality/pr68860-1.c   -O2 -flto -fno-use-linker-plugin -flto-partition=none  -DPREVENT_OPTIMIZATION line 14 arg4 == 4
FAIL: gcc.dg/guality/pr68860-1.c   -O2 -flto -fno-use-linker-plugin -flto-partition=none  -DPREVENT_OPTIMIZATION line 14 arg5 == 5
FAIL: gcc.dg/guality/pr68860-1.c   -O2 -flto -fno-use-linker-plugin -flto-partition=none  -DPREVENT_OPTIMIZATION line 14 arg6 == 6
FAIL: gcc.dg/guality/pr68860-1.c   -O2 -flto -fno-use-linker-plugin -flto-partition=none  -DPREVENT_OPTIMIZATION line 16 arg1 == 1
FAIL: gcc.dg/guality/pr68860-1.c   -O2 -flto -fno-use-linker-plugin -flto-partition=none  -DPREVENT_OPTIMIZATION line 16 arg2 == 2
FAIL: gcc.dg/guality/pr68860-1.c   -O2 -flto -fno-use-linker-plugin -flto-partition=none  -DPREVENT_OPTIMIZATION line 16 arg3 == 3
FAIL: gcc.dg/guality/pr68860-1.c   -O2 -flto -fno-use-linker-plugin -flto-partition=none  -DPREVENT_OPTIMIZATION line 16 arg4 == 4
FAIL: gcc.dg/guality/pr68860-1.c   -O2 -flto -fno-use-linker-plugin -flto-partition=none  -DPREVENT_OPTIMIZATION line 16 arg5 == 5
FAIL: gcc.dg/guality/pr68860-1.c   -O2 -flto -fno-use-linker-plugin -flto-partition=none  -DPREVENT_OPTIMIZATION line 16 arg6 == 6
FAIL: gcc.dg/guality/pr68860-1.c   -O2 -flto -fuse-linker-plugin -fno-fat-lto-objects  -DPREVENT_OPTIMIZATION line 14 arg1 == 1
FAIL: gcc.dg/guality/pr68860-1.c   -O2 -flto -fuse-linker-plugin -fno-fat-lto-objects  -DPREVENT_OPTIMIZATION line 14 arg2 == 2
FAIL: gcc.dg/guality/pr68860-1.c   -O2 -flto -fuse-linker-plugin -fno-fat-lto-objects  -DPREVENT_OPTIMIZATION line 14 arg3 == 3
FAIL: gcc.dg/guality/pr68860-1.c   -O2 -flto -fuse-linker-plugin -fno-fat-lto-objects  -DPREVENT_OPTIMIZATION line 14 arg4 == 4
FAIL: gcc.dg/guality/pr68860-1.c   -O2 -flto -fuse-linker-plugin -fno-fat-lto-objects  -DPREVENT_OPTIMIZATION line 14 arg5 == 5
FAIL: gcc.dg/guality/pr68860-1.c   -O2 -flto -fuse-linker-plugin -fno-fat-lto-objects  -DPREVENT_OPTIMIZATION line 14 arg6 == 6
FAIL: gcc.dg/guality/pr68860-1.c   -O2 -flto -fuse-linker-plugin -fno-fat-lto-objects  -DPREVENT_OPTIMIZATION line 16 arg1 == 1
FAIL: gcc.dg/guality/pr68860-1.c   -O2 -flto -fuse-linker-plugin -fno-fat-lto-objects  -DPREVENT_OPTIMIZATION line 16 arg2 == 2
FAIL: gcc.dg/guality/pr68860-1.c   -O2 -flto -fuse-linker-plugin -fno-fat-lto-objects  -DPREVENT_OPTIMIZATION line 16 arg3 == 3
FAIL: gcc.dg/guality/pr68860-1.c   -O2 -flto -fuse-linker-plugin -fno-fat-lto-objects  -DPREVENT_OPTIMIZATION line 16 arg4 == 4
FAIL: gcc.dg/guality/pr68860-1.c   -O2 -flto -fuse-linker-plugin -fno-fat-lto-objects  -DPREVENT_OPTIMIZATION line 16 arg5 == 5
FAIL: gcc.dg/guality/pr68860-1.c   -O2 -flto -fuse-linker-plugin -fno-fat-lto-objects  -DPREVENT_OPTIMIZATION line 16 arg6 == 6
FAIL: gcc.dg/guality/pr90074.c   -O2 -flto -fuse-linker-plugin -fno-fat-lto-objects  -DPREVENT_OPTIMIZATION line 28 c + 1 == 2
FAIL: gcc.dg/guality/pr90074.c   -O2 -flto -fuse-linker-plugin -fno-fat-lto-objects  -DPREVENT_OPTIMIZATION line 28 i + 1 == 8
FAIL: gcc.dg/guality/sra-1.c  -Og -DPREVENT_OPTIMIZATION  line 21 a.i == 4
FAIL: gcc.dg/guality/sra-1.c  -Og -DPREVENT_OPTIMIZATION  line 21 a.j == 14
FAIL: gcc.dg/guality/sra-1.c  -Og -DPREVENT_OPTIMIZATION  line 32 a[0] == 4
FAIL: gcc.dg/guality/sra-1.c  -Og -DPREVENT_OPTIMIZATION  line 32 a[1] == 14
FAIL: gcc.dg/guality/sra-1.c  -Og -DPREVENT_OPTIMIZATION  line 43 a.i == 4
FAIL: gcc.dg/guality/sra-1.c  -Og -DPREVENT_OPTIMIZATION  line 43 a.j == 14
FAIL: gcc.dg/guality/vla-1.c   -O1  -DPREVENT_OPTIMIZATION  line 17 sizeof (a) == 6
FAIL: gcc.dg/guality/vla-1.c   -O2  -DPREVENT_OPTIMIZATION  line 17 sizeof (a) == 6
FAIL: gcc.dg/guality/vla-1.c   -O2 -flto -fno-use-linker-plugin -flto-partition=none  -DPREVENT_OPTIMIZATION line 17 sizeof (a) == 6
FAIL: gcc.dg/guality/vla-1.c   -O2 -flto -fuse-linker-plugin -fno-fat-lto-objects  -DPREVENT_OPTIMIZATION line 17 sizeof (a) == 6
FAIL: gcc.dg/guality/vla-1.c   -O3 -g  -DPREVENT_OPTIMIZATION  line 17 sizeof (a) == 6
FAIL: gcc.dg/guality/vla-1.c   -Os  -DPREVENT_OPTIMIZATION  line 17 sizeof (a) == 6
FAIL: compiler driver --help=params --help=optimizers option(s): "maximum number of" present in output
FAIL: gcc.target/i386/gfni-4.c (test for excess errors)
UNRESOLVED: gcc.target/i386/gfni-4.c scan-assembler-times gf2p8affineinvqb[ \\\\t]+[^{\\n]*\\\\\$3[^\\n\\r]*%xmm[0-9]+[^\\n\\r]*%xmm[0-9]+(?:\\n|[ \\\\t]+#) 1
UNRESOLVED: gcc.target/i386/gfni-4.c scan-assembler-times gf2p8affineqb[ \\\\t]+[^{\\n]*\\\\\$3[^\\n\\r]*%xmm[0-9]+[^\\n\\r]*%xmm[0-9]+(?:\\n|[ \\\\t]+#) 1
UNRESOLVED: gcc.target/i386/gfni-4.c scan-assembler-times gf2p8mulb[ \\\\t]+[^{\\n]*%xmm[0-9]+[^\\n\\r]*%xmm[0-9]+(?:\\n|[ \\\\t]+#) 1
FAIL: gcc.target/i386/pr57193.c scan-assembler-times movdqa 2
FAIL: gcc.target/i386/pr81563.c scan-assembler-times movl[\\\\t ]*-4\\\\(%ebp\\\\),[\\\\t ]*%edi 1
FAIL: gcc.target/i386/pr81563.c scan-assembler-times movl[\\\\t ]*-8\\\\(%ebp\\\\),[\\\\t ]*%esi 1
FAIL: gcc.target/i386/pr88809-2.c scan-assembler call[ \\t]strlen

		=== gcc Summary ===

# of expected passes		141125
# of unexpected failures	105
# of unexpected successes	29
# of expected failures		598
# of unresolved testcases	3
# of unsupported tests		2664
/home/tcwg-buildslave/workspace/tcwg-buildfarm_0/_build/builds/i686-pc-linux-gnu/i686-pc-linux-gnu/gcc.git~master_rev_c88f1c9d90dde27209ce1e35e8b4ef8ec1ea152f-stage2/gcc/xgcc  version 10.0.0 20190502 (experimental) [master revision 270814] (GCC) 

		=== gfortran tests ===


Running target tcwg-local
FAIL: gfortran.dg/ISO_Fortran_binding_4.f90   -O  execution test
FAIL: gfortran.dg/vect/fast-math-mgrid-resid.f   -O   scan-tree-dump pcom "vectp_u.*__lsm.* = PHI <.*vectp_u.*__lsm"

		=== gfortran Summary ===

# of expected passes		49886
# of unexpected failures	2
# of expected failures		178
# of unsupported tests		186
/home/tcwg-buildslave/workspace/tcwg-buildfarm_0/_build/builds/i686-pc-linux-gnu/i686-pc-linux-gnu/gcc.git~master_rev_c88f1c9d90dde27209ce1e35e8b4ef8ec1ea152f-stage2/gcc/gfortran  version 10.0.0 20190502 (experimental) [master revision 270814] (GCC) 

		=== g++ tests ===


Running target tcwg-local
FAIL: g++.dg/guality/pr55665.C   -O2  line 23 p == 40
FAIL: g++.dg/guality/pr55665.C   -O2 -flto -fno-use-linker-plugin -flto-partition=none  line 23 p == 40
FAIL: g++.dg/guality/pr55665.C   -O3 -g  line 23 p == 40

		=== g++ Summary ===

# of expected passes		133051
# of unexpected failures	3
# of expected failures		524
# of unsupported tests		5774
/home/tcwg-buildslave/workspace/tcwg-buildfarm_0/_build/builds/i686-pc-linux-gnu/i686-pc-linux-gnu/gcc.git~master_rev_c88f1c9d90dde27209ce1e35e8b4ef8ec1ea152f-stage2/gcc/xg++  version 10.0.0 20190502 (experimental) [master revision 270814] (GCC) 

		=== obj-c++ tests ===


Running target tcwg-local

		=== obj-c++ Summary ===

# of expected passes		1466
# of expected failures		2
# of unsupported tests		77
/home/tcwg-buildslave/workspace/tcwg-buildfarm_0/_build/builds/i686-pc-linux-gnu/i686-pc-linux-gnu/gcc.git~master_rev_c88f1c9d90dde27209ce1e35e8b4ef8ec1ea152f-stage2/gcc/xg++  version 10.0.0 20190502 (experimental) [master revision 270814] (GCC) 

		=== objc tests ===


Running target tcwg-local

		=== objc Summary ===

# of expected passes		2797
# of expected failures		6
# of unsupported tests		68
/home/tcwg-buildslave/workspace/tcwg-buildfarm_0/_build/builds/i686-pc-linux-gnu/i686-pc-linux-gnu/gcc.git~master_rev_c88f1c9d90dde27209ce1e35e8b4ef8ec1ea152f-stage2/gcc/xgcc  version 10.0.0 20190502 (experimental) [master revision 270814] (GCC) 

		=== libatomic tests ===


Running target tcwg-local

		=== libatomic Summary ===

# of expected passes		44
# of unsupported tests		5
		=== libgomp tests ===


Running target tcwg-local

		=== libgomp Summary ===

# of expected passes		6454
# of expected failures		2
# of unsupported tests		349
		=== libitm tests ===


Running target tcwg-local

		=== libitm Summary ===

# of expected passes		42
# of expected failures		3
# of unsupported tests		1
		=== libstdc++ tests ===


Running target tcwg-local
FAIL: experimental/memory_resource/new_delete_resource.cc execution test
FAIL: libstdc++-prettyprinters/80276.cc whatis p4
FAIL: libstdc++-prettyprinters/80276.cc whatis p4

		=== libstdc++ Summary ===

# of expected passes		13051
# of unexpected failures	3
# of expected failures		77
# of unsupported tests		640

Compiler version: 10.0.0 20190502 (experimental) [master revision 270814] (GCC) 
Platform: i686-pc-linux-gnu
configure flags: SHELL=/bin/bash --with-mpc=/home/tcwg-buildslave/workspace/tcwg-buildfarm_0/_build/builds/destdir/i686-pc-linux-gnu --with-mpfr=/home/tcwg-buildslave/workspace/tcwg-buildfarm_0/_build/builds/destdir/i686-pc-linux-gnu --with-gmp=/home/tcwg-buildslave/workspace/tcwg-buildfarm_0/_build/builds/destdir/i686-pc-linux-gnu --with-gnu-as --with-gnu-ld --disable-libmudflap --enable-lto --enable-shared --without-included-gettext --enable-nls --with-system-zlib --disable-sjlj-exceptions --enable-gnu-unique-object --enable-linker-build-id --disable-libstdcxx-pch --enable-c99 --enable-clocale=gnu --enable-libstdcxx-debug --enable-long-long --with-cloog=no --with-ppl=no --with-isl=no --disable-multilib --enable-threads=posix --enable-multiarch --enable-libstdcxx-time=yes --enable-gnu-indirect-function --enable-checking=yes --enable-bootstrap --enable-languages=c,c++,fortran,lto,objc,obj-c++ --build=i686-pc-linux-gnu --host=i686-pc-linux-gnu --target=i686-pc-linux-gnu --prefix=/home
 /tcwg-buildslave/workspace/tcwg-buildfarm_0/_build/builds/destdir/i686-pc-linux-gnu


Index Nav: [Date Index] [Subject Index] [Author Index] [Thread Index]
Message Nav: [Date Prev] [Date Next] [Thread Prev] [Thread Next]