This is the mail archive of the
gcc-testresults@gcc.gnu.org
mailing list for the GCC project.
Results for 9.0.1 20190404 (experimental) [master revision 270143] (GCC) testsuite on aarch64-unknown-linux-gnu
- From: LINARO TCWG <tcwg-buildslave at linaro dot org>
- To: gcc-testresults at gcc dot gnu dot org
- Date: Thu, 4 Apr 2019 15:49:05 +0000
- Subject: Results for 9.0.1 20190404 (experimental) [master revision 270143] (GCC) testsuite on aarch64-unknown-linux-gnu
LAST_UPDATED: Thu Apr 4 12:28:09 UTC 2019 (revision 270143)
Native configuration is aarch64-unknown-linux-gnu
=== libatomic tests ===
Running target tcwg-local
=== libatomic Summary ===
# of expected passes 54
=== libgomp tests ===
Running target tcwg-local
=== libgomp Summary ===
# of expected passes 6308
# of expected failures 2
# of unsupported tests 422
=== libitm tests ===
Running target tcwg-local
=== libitm Summary ===
# of expected passes 42
# of expected failures 3
# of unsupported tests 1
=== libstdc++ tests ===
Running target tcwg-local
FAIL: libstdc++-prettyprinters/80276.cc whatis p4
FAIL: libstdc++-prettyprinters/80276.cc whatis p4
=== libstdc++ Summary ===
# of expected passes 12718
# of unexpected failures 2
# of expected failures 77
# of unsupported tests 696
=== g++ tests ===
Running target tcwg-local
=== g++ Summary ===
# of expected passes 130769
# of expected failures 538
# of unsupported tests 6278
/home/tcwg-buildslave/workspace/tcwg-buildfarm_1/_build/builds/aarch64-unknown-linux-gnu/aarch64-unknown-linux-gnu/gcc.git~master_rev_f3d42468b7500cc3f6173520fcee56421a9cde5a-stage2/gcc/xg++ version 9.0.1 20190404 (experimental) [master revision 270143] (GCC)
=== gcc tests ===
Running target tcwg-local
FAIL: gcc.dg/gomp/pr89104.c (test for excess errors)
FAIL: gcc.target/aarch64/combine_bfi_1.c scan-assembler-times \\\\tbfi\\\\t 5
FAIL: gcc.target/aarch64/insv_1.c scan-assembler bfi\\tx[0-9]+, x[0-9]+, 0, 8
FAIL: gcc.target/aarch64/insv_1.c scan-assembler bfi\\tx[0-9]+, x[0-9]+, 16, 5
FAIL: gcc.target/aarch64/insv_1.c scan-assembler movk\\tx[0-9]+, 0x1d6b, lsl 32
FAIL: gcc.target/aarch64/lsl_asr_sbfiz.c scan-assembler sbfiz\\tw
FAIL: gcc.target/aarch64/sve/tls_preserve_1.c -march=armv8.2-a+sve scan-assembler-not \\\\tst[rp]\\\\t[dqv]
=== gcc Summary ===
# of expected passes 132048
# of unexpected failures 7
# of expected failures 606
# of unsupported tests 3486
/home/tcwg-buildslave/workspace/tcwg-buildfarm_1/_build/builds/aarch64-unknown-linux-gnu/aarch64-unknown-linux-gnu/gcc.git~master_rev_f3d42468b7500cc3f6173520fcee56421a9cde5a-stage2/gcc/xgcc version 9.0.1 20190404 (experimental) [master revision 270143] (GCC)
=== gfortran tests ===
Running target tcwg-local
FAIL: gfortran.dg/ieee/ieee_6.f90 -O0 execution test
FAIL: gfortran.dg/ieee/ieee_6.f90 -O1 execution test
FAIL: gfortran.dg/ieee/ieee_6.f90 -O2 execution test
FAIL: gfortran.dg/ieee/ieee_6.f90 -O3 -fomit-frame-pointer -funroll-loops -fpeel-loops -ftracer -finline-functions execution test
FAIL: gfortran.dg/ieee/ieee_6.f90 -O3 -g execution test
FAIL: gfortran.dg/ieee/ieee_6.f90 -Os execution test
XPASS: gfortran.dg/ieee/ieee_8.f90 -O0 execution test
XPASS: gfortran.dg/ieee/ieee_8.f90 -O1 execution test
XPASS: gfortran.dg/ieee/ieee_8.f90 -O2 execution test
XPASS: gfortran.dg/ieee/ieee_8.f90 -O3 -fomit-frame-pointer -funroll-loops -fpeel-loops -ftracer -finline-functions execution test
XPASS: gfortran.dg/ieee/ieee_8.f90 -O3 -g execution test
XPASS: gfortran.dg/ieee/ieee_8.f90 -Os execution test
=== gfortran Summary ===
# of expected passes 49066
# of unexpected failures 6
# of unexpected successes 6
# of expected failures 116
# of unsupported tests 84
/home/tcwg-buildslave/workspace/tcwg-buildfarm_1/_build/builds/aarch64-unknown-linux-gnu/aarch64-unknown-linux-gnu/gcc.git~master_rev_f3d42468b7500cc3f6173520fcee56421a9cde5a-stage2/gcc/gfortran version 9.0.1 20190404 (experimental) [master revision 270143] (GCC)
=== obj-c++ tests ===
Running target tcwg-local
=== obj-c++ Summary ===
# of expected passes 1458
# of expected failures 10
# of unsupported tests 77
/home/tcwg-buildslave/workspace/tcwg-buildfarm_1/_build/builds/aarch64-unknown-linux-gnu/aarch64-unknown-linux-gnu/gcc.git~master_rev_f3d42468b7500cc3f6173520fcee56421a9cde5a-stage2/gcc/xg++ version 9.0.1 20190404 (experimental) [master revision 270143] (GCC)
=== objc tests ===
Running target tcwg-local
=== objc Summary ===
# of expected passes 2801
# of unsupported tests 69
/home/tcwg-buildslave/workspace/tcwg-buildfarm_1/_build/builds/aarch64-unknown-linux-gnu/aarch64-unknown-linux-gnu/gcc.git~master_rev_f3d42468b7500cc3f6173520fcee56421a9cde5a-stage2/gcc/xgcc version 9.0.1 20190404 (experimental) [master revision 270143] (GCC)
Compiler version: 9.0.1 20190404 (experimental) [master revision 270143] (GCC)
Platform: aarch64-unknown-linux-gnu
configure flags: SHELL=/bin/bash --with-mpc=/home/tcwg-buildslave/workspace/tcwg-buildfarm_1/_build/builds/destdir/aarch64-unknown-linux-gnu --with-mpfr=/home/tcwg-buildslave/workspace/tcwg-buildfarm_1/_build/builds/destdir/aarch64-unknown-linux-gnu --with-gmp=/home/tcwg-buildslave/workspace/tcwg-buildfarm_1/_build/builds/destdir/aarch64-unknown-linux-gnu --with-gnu-as --with-gnu-ld --disable-libmudflap --enable-lto --enable-shared --without-included-gettext --enable-nls --with-system-zlib --disable-sjlj-exceptions --enable-gnu-unique-object --enable-linker-build-id --disable-libstdcxx-pch --enable-c99 --enable-clocale=gnu --enable-libstdcxx-debug --enable-long-long --with-cloog=no --with-ppl=no --with-isl=no --disable-multilib --enable-fix-cortex-a53-835769 --enable-fix-cortex-a53-843419 --with-arch=armv8-a --enable-threads=posix --enable-multiarch --enable-libstdcxx-time=yes --enable-gnu-indirect-function --enable-checking=yes --enable-bootstrap --enable-languages=c,c++,fortran,lto
,objc,obj-c++ --build=aarch64-unknown-linux-gnu --host=aarch64-unknown-linux-gnu --target=aarch64-unknown-linux-gnu --prefix=/home/tcwg-buildslave/workspace/tcwg-buildfarm_1/_build/builds/destdir/aarch64-unknown-linux-gnu