This is the mail archive of the
gcc-testresults@gcc.gnu.org
mailing list for the GCC project.
Results for 9.0.1 20190208 (experimental) [trunk revision 268666] (GCC) testsuite on x86_64-pc-solaris2.10
- From: Rainer Orth <ro at CeBiTec dot Uni-Bielefeld dot DE>
- To: gcc-testresults at gcc dot gnu dot org
- Date: Sat, 9 Feb 2019 22:55:24 +0100 (MET)
- Subject: Results for 9.0.1 20190208 (experimental) [trunk revision 268666] (GCC) testsuite on x86_64-pc-solaris2.10
LAST_UPDATED: Fri Feb 8 09:52:36 UTC 2019 (revision 268666)
Native configuration is x86_64-pc-solaris2.10
=== libatomic tests ===
Running target unix/-m32
=== libatomic Summary for unix/-m32 ===
# of expected passes 44
# of unsupported tests 5
Running target unix
=== libatomic Summary for unix ===
# of expected passes 54
=== libatomic Summary ===
# of expected passes 98
# of unsupported tests 5
=== libffi tests ===
Running target unix/-m32
=== libffi Summary for unix/-m32 ===
# of expected passes 2799
Running target unix
=== libffi Summary for unix ===
# of expected passes 2214
=== libffi Summary ===
# of expected passes 5013
=== libgo tests ===
Running target unix
FAIL: archive/tar
FAIL: cmd/go/internal/cache
FAIL: cmd/go/internal/dirhash
FAIL: cmd/go/internal/get
FAIL: cmd/go/internal/modfetch
FAIL: cmd/go/internal/modload
FAIL: cmd/go/internal/work
FAIL: encoding/gob
FAIL: fmt
FAIL: go/build
FAIL: go/constant
FAIL: go/types
FAIL: html/template
FAIL: internal/x/crypto/cryptobyte
FAIL: internal/x/net/http/httpproxy
FAIL: math
FAIL: math/big
FAIL: net/http
FAIL: net/rpc
FAIL: os
FAIL: os/exec
FAIL: path/filepath
FAIL: reflect
FAIL: runtime
FAIL: runtime/debug
FAIL: runtime/pprof
FAIL: sync/atomic
FAIL: syscall
FAIL: text/tabwriter
FAIL: text/template
FAIL: text/template/parse
FAIL: time
=== libgo Summary for unix ===
# of expected passes 153
# of unexpected failures 32
Running target unix/-m32
FAIL: cmd/go/internal/work
FAIL: encoding/gob
FAIL: fmt
FAIL: go/build
FAIL: go/constant
FAIL: go/types
FAIL: html/template
FAIL: internal/x/crypto/cryptobyte
FAIL: internal/x/net/http/httpproxy
FAIL: math/big
FAIL: net/http
FAIL: net/rpc
FAIL: os
FAIL: reflect
FAIL: runtime
FAIL: runtime/debug
FAIL: runtime/trace
FAIL: sync/atomic
FAIL: text/tabwriter
FAIL: text/template
FAIL: text/template/parse
FAIL: time
=== libgo Summary for unix/-m32 ===
# of expected passes 163
# of unexpected failures 22
=== libgo Summary ===
# of expected passes 316
# of unexpected failures 54
=== libgomp tests ===
Running target unix/-m32
=== libgomp Summary for unix/-m32 ===
# of expected passes 6351
# of expected failures 4
# of unsupported tests 423
Running target unix
=== libgomp Summary for unix ===
# of expected passes 6351
# of expected failures 4
# of unsupported tests 423
=== libgomp Summary ===
# of expected passes 12702
# of expected failures 8
# of unsupported tests 846
=== libitm tests ===
Running target unix/-m32
=== libitm Summary for unix/-m32 ===
# of expected passes 42
# of expected failures 3
# of unsupported tests 1
Running target unix
=== libitm Summary for unix ===
# of expected passes 42
# of expected failures 3
# of unsupported tests 1
=== libitm Summary ===
# of expected passes 84
# of expected failures 6
# of unsupported tests 2
=== libstdc++ tests ===
Running target unix
FAIL: 27_io/filesystem/operations/last_write_time.cc execution test
FAIL: experimental/filesystem/operations/last_write_time.cc execution test
FAIL: experimental/net/internet/resolver/ops/lookup.cc execution test
=== libstdc++ Summary for unix ===
# of expected passes 11833
# of unexpected failures 3
# of expected failures 78
# of unsupported tests 653
Running target unix/-m32
XPASS: experimental/memory_resource/resource_adaptor.cc execution test
FAIL: experimental/net/internet/resolver/ops/lookup.cc execution test
=== libstdc++ Summary for unix/-m32 ===
# of expected passes 11841
# of unexpected failures 1
# of unexpected successes 1
# of expected failures 79
# of unsupported tests 649
=== libstdc++ Summary ===
# of expected passes 23674
# of unexpected failures 4
# of unexpected successes 1
# of expected failures 157
# of unsupported tests 1302
=== acats tests ===
=== acats Summary ===
# of expected passes 2320
# of unexpected failures 0
=== g++ tests ===
Running target unix
FAIL: g++.dg/pr80481.C -std=gnu++14 scan-assembler-not vmovaps
FAIL: g++.dg/pr80481.C -std=gnu++17 scan-assembler-not vmovaps
FAIL: g++.dg/pr80481.C -std=gnu++98 scan-assembler-not vmovaps
=== g++ Summary for unix ===
# of expected passes 123717
# of unexpected failures 3
# of expected failures 554
# of unsupported tests 5649
Running target unix/-m32
=== g++ Summary for unix/-m32 ===
# of expected passes 122191
# of expected failures 551
# of unsupported tests 5476
=== g++ Summary ===
# of expected passes 245908
# of unexpected failures 3
# of expected failures 1105
# of unsupported tests 11125
/var/gcc/regression/trunk/10-gcc-64/build/gcc/xg++ version 9.0.1 20190208 (experimental) [trunk revision 268666] (GCC)
=== gcc tests ===
Running target unix
FAIL: gcc.c-torture/compile/pr61159.c -O0 (test for excess errors)
FAIL: gcc.c-torture/compile/pr61159.c -O1 (test for excess errors)
FAIL: gcc.c-torture/compile/pr61159.c -O2 (test for excess errors)
FAIL: gcc.c-torture/compile/pr61159.c -O2 -flto (test for excess errors)
FAIL: gcc.c-torture/compile/pr61159.c -O2 -flto -flto-partition=none (test for excess errors)
FAIL: gcc.c-torture/compile/pr61159.c -O3 -g (test for excess errors)
FAIL: gcc.c-torture/compile/pr61159.c -Os (test for excess errors)
FAIL: gcc.c-torture/execute/alias-3.c -O0 execution test
FAIL: gcc.c-torture/execute/alias-3.c -O1 execution test
FAIL: gcc.c-torture/execute/alias-3.c -O2 execution test
FAIL: gcc.c-torture/execute/alias-3.c -O2 -flto execution test
FAIL: gcc.c-torture/execute/alias-3.c -O2 -flto -flto-partition=none execution test
FAIL: gcc.c-torture/execute/alias-3.c -O3 -g execution test
FAIL: gcc.c-torture/execute/alias-3.c -Os execution test
FAIL: gcc.dg/attr-weakref-1.c (test for excess errors)
UNRESOLVED: gcc.dg/attr-weakref-1.c compilation failed to produce executable
FAIL: gcc.dg/visibility-22.c execution test
FAIL: gcc.dg/ipa/ipa-icf-38.c scan-ltrans-tree-dump-not optimized "Function bar"
WARNING: gcc.dg/lto/20090312 c_lto_20090312_0.o assemble, -O0 -flto program timed out.
FAIL: gcc.dg/lto/20090312 c_lto_20090312_0.o assemble, -O0 -flto
UNRESOLVED: gcc.dg/lto/20090312 c_lto_20090312_0.o-c_lto_20090312_1.o execute -O0 -flto
UNRESOLVED: gcc.dg/lto/20090312 c_lto_20090312_0.o-c_lto_20090312_1.o link -O0 -flto
WARNING: gcc.dg/params/blocksort-part.c -O3 --param comdat-sharing-probability=0 (test for excess errors) program timed out.
FAIL: gcc.dg/params/blocksort-part.c -O3 --param comdat-sharing-probability=0 (test for excess errors)
WARNING: gcc.dg/params/blocksort-part.c -O3 --param inline-min-speedup=0 (test for excess errors) program timed out.
FAIL: gcc.dg/params/blocksort-part.c -O3 --param inline-min-speedup=0 (test for excess errors)
WARNING: gcc.dg/params/blocksort-part.c -O3 --param large-function-growth=0 (test for excess errors) program timed out.
FAIL: gcc.dg/params/blocksort-part.c -O3 --param large-function-growth=0 (test for excess errors)
WARNING: gcc.dg/params/blocksort-part.c -O3 --param large-unit-insns=0 (test for excess errors) program timed out.
FAIL: gcc.dg/params/blocksort-part.c -O3 --param large-unit-insns=0 (test for excess errors)
WARNING: gcc.dg/params/blocksort-part.c -O3 --param max-unrolled-insns=0 (test for excess errors) program timed out.
FAIL: gcc.dg/params/blocksort-part.c -O3 --param max-unrolled-insns=0 (test for excess errors)
WARNING: gcc.dg/params/blocksort-part.c -O3 --param max-unswitch-insns=0 (test for excess errors) program timed out.
FAIL: gcc.dg/params/blocksort-part.c -O3 --param max-unswitch-insns=0 (test for excess errors)
WARNING: gcc.dg/params/blocksort-part.c -O3 --param partial-inlining-entry-probability=0 (test for excess errors) program timed out.
FAIL: gcc.dg/params/blocksort-part.c -O3 --param partial-inlining-entry-probability=0 (test for excess errors)
WARNING: gcc.dg/params/blocksort-part.c -O3 --param sms-loop-average-count-threshold=0 (test for excess errors) program timed out.
FAIL: gcc.dg/params/blocksort-part.c -O3 --param sms-loop-average-count-threshold=0 (test for excess errors)
WARNING: gcc.dg/params/blocksort-part.c -O3 --param stack-clash-protection-probe-interval=16 (test for excess errors) program timed out.
FAIL: gcc.dg/params/blocksort-part.c -O3 --param stack-clash-protection-probe-interval=16 (test for excess errors)
WARNING: gcc.dg/params/blocksort-part.c -O3 --param uninlined-function-insns=0 (test for excess errors) program timed out.
FAIL: gcc.dg/params/blocksort-part.c -O3 --param uninlined-function-insns=0 (test for excess errors)
WARNING: gcc.dg/params/blocksort-part.c -O3 --param uninlined-function-time=0 (test for excess errors) program timed out.
FAIL: gcc.dg/params/blocksort-part.c -O3 --param uninlined-function-time=0 (test for excess errors)
XPASS: gcc.dg/vect/vect-24.c -flto -ffat-lto-objects scan-tree-dump-times vect "vectorized 3 loops" 1
XPASS: gcc.dg/vect/vect-24.c scan-tree-dump-times vect "vectorized 3 loops" 1
FAIL: gcc.target/i386/ifcvt-onecmpl-abs-1.c scan-assembler cltd
FAIL: gcc.target/i386/indirect-thunk-1.c scan-assembler jmp[ \\t]*__x86_indirect_thunk_(r|e)ax
FAIL: gcc.target/i386/indirect-thunk-2.c scan-assembler jmp[ \\t]*__x86_indirect_thunk_(r|e)ax
FAIL: gcc.target/i386/indirect-thunk-3.c scan-assembler call[ \\t]*__x86_indirect_thunk_(r|e)ax
FAIL: gcc.target/i386/indirect-thunk-4.c scan-assembler call[ \\t]*__x86_indirect_thunk_(r|e)ax
FAIL: gcc.target/i386/indirect-thunk-7.c scan-assembler jmp[ \\t]*__x86_indirect_thunk_(r|e)ax
FAIL: gcc.target/i386/indirect-thunk-attr-1.c scan-assembler jmp[ \\t]*__x86_indirect_thunk_(r|e)ax
FAIL: gcc.target/i386/indirect-thunk-attr-2.c scan-assembler jmp[ \\t]*__x86_indirect_thunk_(r|e)ax
FAIL: gcc.target/i386/indirect-thunk-attr-5.c scan-assembler call[ \\t]*__x86_indirect_thunk_(r|e)ax
FAIL: gcc.target/i386/indirect-thunk-attr-6.c scan-assembler call[ \\t]*__x86_indirect_thunk_(r|e)ax
FAIL: gcc.target/i386/indirect-thunk-attr-7.c scan-assembler jmp[ \\t]*__x86_indirect_thunk(_nt|)_(r|e)ax
FAIL: gcc.target/i386/indirect-thunk-extern-1.c scan-assembler jmp[ \\t]*__x86_indirect_thunk_(r|e)ax
FAIL: gcc.target/i386/indirect-thunk-extern-2.c scan-assembler jmp[ \\t]*__x86_indirect_thunk_(r|e)ax
FAIL: gcc.target/i386/indirect-thunk-extern-3.c scan-assembler call[ \\t]*__x86_indirect_thunk_(r|e)ax
FAIL: gcc.target/i386/indirect-thunk-extern-4.c scan-assembler call[ \\t]*__x86_indirect_thunk_(r|e)ax
FAIL: gcc.target/i386/indirect-thunk-extern-7.c scan-assembler jmp[ \\t]*__x86_indirect_thunk(_nt|)_(r|e)ax
FAIL: gcc.target/i386/indirect-thunk-register-1.c scan-assembler jmp[ \\t]*__x86_indirect_thunk_(r|e)ax
FAIL: gcc.target/i386/indirect-thunk-register-3.c scan-assembler jmp[ \\t]*__x86_indirect_thunk_(r|e)ax
FAIL: gcc.target/i386/pr49095.c scan-assembler-times \\\\), % 45
FAIL: gcc.target/i386/pr57193.c scan-assembler-times movdqa 2
FAIL: gcc.target/i386/pr80569.c (test for excess errors)
FAIL: gcc.target/i386/ret-thunk-1.c scan-assembler jmp[ \\t]*__x86_return_thunk
FAIL: gcc.target/i386/ret-thunk-10.c scan-assembler __x86_indirect_thunk_(r|e)ax:
FAIL: gcc.target/i386/ret-thunk-10.c scan-assembler call[ \\t]*__x86_indirect_thunk_(r|e)ax
FAIL: gcc.target/i386/ret-thunk-11.c scan-assembler __x86_indirect_thunk_(r|e)ax:
FAIL: gcc.target/i386/ret-thunk-11.c scan-assembler call[ \\t]*__x86_indirect_thunk_(r|e)ax
FAIL: gcc.target/i386/ret-thunk-11.c scan-assembler jmp[ \\t]*__x86_return_thunk
FAIL: gcc.target/i386/ret-thunk-12.c scan-assembler __x86_indirect_thunk_(r|e)ax:
FAIL: gcc.target/i386/ret-thunk-12.c scan-assembler call[ \\t]*__x86_indirect_thunk_(r|e)ax
FAIL: gcc.target/i386/ret-thunk-13.c scan-assembler jmp[ \\t]*__x86_return_thunk
FAIL: gcc.target/i386/ret-thunk-14.c scan-assembler call[ \\t]*__x86_indirect_thunk_(r|e)ax
FAIL: gcc.target/i386/ret-thunk-15.c scan-assembler call[ \\t]*__x86_indirect_thunk_(r|e)ax
FAIL: gcc.target/i386/ret-thunk-15.c scan-assembler jmp[ \\t]*__x86_return_thunk
FAIL: gcc.target/i386/ret-thunk-26.c execution test
FAIL: gcc.target/i386/ret-thunk-3.c scan-assembler jmp[ \\t]*__x86_return_thunk
FAIL: gcc.target/i386/ret-thunk-5.c scan-assembler jmp[ \\t]*__x86_return_thunk
FAIL: gcc.target/i386/ret-thunk-7.c scan-assembler jmp[ \\t]*__x86_return_thunk
FAIL: gcc.target/i386/ret-thunk-9.c scan-assembler __x86_return_thunk:
FAIL: gcc.target/i386/ret-thunk-9.c scan-assembler call[ \\t]*__x86_indirect_thunk_(r|e)ax
FAIL: gcc.target/i386/ret-thunk-9.c scan-assembler jmp[ \\t]*__x86_return_thunk
=== gcc Summary for unix ===
# of expected passes 128092
# of unexpected failures 69
# of unexpected successes 2
# of expected failures 506
# of unresolved testcases 3
# of unsupported tests 3366
Running target unix/-m32
FAIL: gcc.c-torture/compile/pr61159.c -O0 (test for excess errors)
FAIL: gcc.c-torture/compile/pr61159.c -O1 (test for excess errors)
FAIL: gcc.c-torture/compile/pr61159.c -O2 (test for excess errors)
FAIL: gcc.c-torture/compile/pr61159.c -O2 -flto (test for excess errors)
FAIL: gcc.c-torture/compile/pr61159.c -O2 -flto -flto-partition=none (test for excess errors)
FAIL: gcc.c-torture/compile/pr61159.c -O3 -g (test for excess errors)
FAIL: gcc.c-torture/compile/pr61159.c -Os (test for excess errors)
FAIL: gcc.c-torture/execute/alias-3.c -O0 execution test
FAIL: gcc.c-torture/execute/alias-3.c -O1 execution test
FAIL: gcc.c-torture/execute/alias-3.c -O2 execution test
FAIL: gcc.c-torture/execute/alias-3.c -O2 -flto execution test
FAIL: gcc.c-torture/execute/alias-3.c -O2 -flto -flto-partition=none execution test
FAIL: gcc.c-torture/execute/alias-3.c -O3 -g execution test
FAIL: gcc.c-torture/execute/alias-3.c -Os execution test
FAIL: gcc.dg/attr-weakref-1.c (test for excess errors)
UNRESOLVED: gcc.dg/attr-weakref-1.c compilation failed to produce executable
FAIL: gcc.dg/visibility-22.c execution test
FAIL: gcc.dg/ipa/ipa-icf-38.c scan-ltrans-tree-dump-not optimized "Function bar"
XPASS: gcc.dg/vect/vect-24.c -flto -ffat-lto-objects scan-tree-dump-times vect "vectorized 3 loops" 1
XPASS: gcc.dg/vect/vect-24.c scan-tree-dump-times vect "vectorized 3 loops" 1
FAIL: gcc.target/i386/indirect-thunk-1.c scan-assembler jmp[ \\t]*__x86_indirect_thunk_(r|e)ax
FAIL: gcc.target/i386/indirect-thunk-2.c scan-assembler jmp[ \\t]*__x86_indirect_thunk_(r|e)ax
FAIL: gcc.target/i386/indirect-thunk-3.c scan-assembler call[ \\t]*__x86_indirect_thunk_(r|e)ax
FAIL: gcc.target/i386/indirect-thunk-4.c scan-assembler call[ \\t]*__x86_indirect_thunk_(r|e)ax
FAIL: gcc.target/i386/indirect-thunk-7.c scan-assembler jmp[ \\t]*__x86_indirect_thunk_(r|e)ax
FAIL: gcc.target/i386/indirect-thunk-attr-1.c scan-assembler jmp[ \\t]*__x86_indirect_thunk_(r|e)ax
FAIL: gcc.target/i386/indirect-thunk-attr-2.c scan-assembler jmp[ \\t]*__x86_indirect_thunk_(r|e)ax
FAIL: gcc.target/i386/indirect-thunk-attr-5.c scan-assembler call[ \\t]*__x86_indirect_thunk_(r|e)ax
FAIL: gcc.target/i386/indirect-thunk-attr-6.c scan-assembler call[ \\t]*__x86_indirect_thunk_(r|e)ax
FAIL: gcc.target/i386/indirect-thunk-attr-7.c scan-assembler jmp[ \\t]*__x86_indirect_thunk(_nt|)_(r|e)ax
FAIL: gcc.target/i386/indirect-thunk-extern-1.c scan-assembler jmp[ \\t]*__x86_indirect_thunk_(r|e)ax
FAIL: gcc.target/i386/indirect-thunk-extern-2.c scan-assembler jmp[ \\t]*__x86_indirect_thunk_(r|e)ax
FAIL: gcc.target/i386/indirect-thunk-extern-3.c scan-assembler call[ \\t]*__x86_indirect_thunk_(r|e)ax
FAIL: gcc.target/i386/indirect-thunk-extern-4.c scan-assembler call[ \\t]*__x86_indirect_thunk_(r|e)ax
FAIL: gcc.target/i386/indirect-thunk-extern-7.c scan-assembler jmp[ \\t]*__x86_indirect_thunk(_nt|)_(r|e)ax
FAIL: gcc.target/i386/indirect-thunk-register-1.c scan-assembler jmp[ \\t]*__x86_indirect_thunk_(r|e)ax
FAIL: gcc.target/i386/indirect-thunk-register-3.c scan-assembler jmp[ \\t]*__x86_indirect_thunk_(r|e)ax
FAIL: gcc.target/i386/pr57193.c scan-assembler-times movdqa 2
FAIL: gcc.target/i386/pr80569.c (test for excess errors)
FAIL: gcc.target/i386/pr81563.c scan-assembler-times movl[\\\\t ]*-4\\\\(%ebp\\\\),[\\\\t ]*%edi 1
FAIL: gcc.target/i386/pr81563.c scan-assembler-times movl[\\\\t ]*-8\\\\(%ebp\\\\),[\\\\t ]*%esi 1
FAIL: gcc.target/i386/ret-thunk-1.c scan-assembler jmp[ \\t]*__x86_return_thunk
FAIL: gcc.target/i386/ret-thunk-10.c scan-assembler __x86_indirect_thunk_(r|e)ax:
FAIL: gcc.target/i386/ret-thunk-10.c scan-assembler call[ \\t]*__x86_indirect_thunk_(r|e)ax
FAIL: gcc.target/i386/ret-thunk-11.c scan-assembler __x86_indirect_thunk_(r|e)ax:
FAIL: gcc.target/i386/ret-thunk-11.c scan-assembler call[ \\t]*__x86_indirect_thunk_(r|e)ax
FAIL: gcc.target/i386/ret-thunk-11.c scan-assembler jmp[ \\t]*__x86_return_thunk
FAIL: gcc.target/i386/ret-thunk-12.c scan-assembler __x86_indirect_thunk_(r|e)ax:
FAIL: gcc.target/i386/ret-thunk-12.c scan-assembler call[ \\t]*__x86_indirect_thunk_(r|e)ax
FAIL: gcc.target/i386/ret-thunk-13.c scan-assembler jmp[ \\t]*__x86_return_thunk
FAIL: gcc.target/i386/ret-thunk-14.c scan-assembler call[ \\t]*__x86_indirect_thunk_(r|e)ax
FAIL: gcc.target/i386/ret-thunk-15.c scan-assembler call[ \\t]*__x86_indirect_thunk_(r|e)ax
FAIL: gcc.target/i386/ret-thunk-15.c scan-assembler jmp[ \\t]*__x86_return_thunk
FAIL: gcc.target/i386/ret-thunk-22.c scan-assembler jmp[ \\t]*__x86_return_thunk_ecx
FAIL: gcc.target/i386/ret-thunk-23.c scan-assembler jmp[ \\t]*__x86_return_thunk_ecx
FAIL: gcc.target/i386/ret-thunk-26.c (test for excess errors)
UNRESOLVED: gcc.target/i386/ret-thunk-26.c compilation failed to produce executable
FAIL: gcc.target/i386/ret-thunk-3.c scan-assembler jmp[ \\t]*__x86_return_thunk
FAIL: gcc.target/i386/ret-thunk-5.c scan-assembler jmp[ \\t]*__x86_return_thunk
FAIL: gcc.target/i386/ret-thunk-7.c scan-assembler jmp[ \\t]*__x86_return_thunk
FAIL: gcc.target/i386/ret-thunk-9.c scan-assembler __x86_return_thunk:
FAIL: gcc.target/i386/ret-thunk-9.c scan-assembler call[ \\t]*__x86_indirect_thunk_(r|e)ax
FAIL: gcc.target/i386/ret-thunk-9.c scan-assembler jmp[ \\t]*__x86_return_thunk
=== gcc Summary for unix/-m32 ===
# of expected passes 126195
# of unexpected failures 59
# of unexpected successes 2
# of expected failures 514
# of unresolved testcases 2
# of unsupported tests 3560
=== gcc Summary ===
# of expected passes 254287
# of unexpected failures 128
# of unexpected successes 4
# of expected failures 1020
# of unresolved testcases 5
# of unsupported tests 6926
/var/gcc/regression/trunk/10-gcc-64/build/gcc/xgcc version 9.0.1 20190208 (experimental) [trunk revision 268666] (GCC)
=== gdc tests ===
Running target unix
FAIL: gdc.test/compilable/line.d output-exists line.o
FAIL: gdc.test/compilable/line.d -O2 output-exists line.o
FAIL: gdc.test/compilable/line.d -O2 -frelease output-exists line.o
FAIL: gdc.test/compilable/line.d -frelease output-exists line.o
FAIL: gdc.test/compilable/line.d -g output-exists line.o
FAIL: gdc.test/compilable/line.d -g -O2 output-exists line.o
FAIL: gdc.test/compilable/line.d -g -O2 -frelease output-exists line.o
FAIL: gdc.test/compilable/line.d -g -frelease output-exists line.o
=== gdc Summary for unix ===
# of expected passes 22817
# of unexpected failures 8
# of unsupported tests 20
Running target unix/-m32
FAIL: gdc.test/compilable/line.d output-exists line.o
FAIL: gdc.test/compilable/line.d -O2 output-exists line.o
FAIL: gdc.test/compilable/line.d -O2 -frelease output-exists line.o
FAIL: gdc.test/compilable/line.d -frelease output-exists line.o
FAIL: gdc.test/compilable/line.d -g output-exists line.o
FAIL: gdc.test/compilable/line.d -g -O2 output-exists line.o
FAIL: gdc.test/compilable/line.d -g -O2 -frelease output-exists line.o
FAIL: gdc.test/compilable/line.d -g -frelease output-exists line.o
=== gdc Summary for unix/-m32 ===
# of expected passes 22817
# of unexpected failures 8
# of unsupported tests 20
=== gdc Summary ===
# of expected passes 45634
# of unexpected failures 16
# of unsupported tests 40
/var/gcc/regression/trunk/10-gcc-64/build/gcc/gdc version 9.0.1 20190208 (experimental) [trunk revision 268666] (GCC)
=== gfortran tests ===
Running target unix
FAIL: gfortran.dg/pr79966.f90 -O scan-ipa-dump inline "Inlined tp_sum/[0-9]+ into runtptests/[0-9]+"
=== gfortran Summary for unix ===
# of expected passes 48989
# of unexpected failures 1
# of expected failures 130
# of unsupported tests 95
Running target unix/-m32
FAIL: gfortran.dg/pr79966.f90 -O scan-ipa-dump inline "Inlined tp_sum/[0-9]+ into runtptests/[0-9]+"
=== gfortran Summary for unix/-m32 ===
# of expected passes 48772
# of unexpected failures 1
# of expected failures 130
# of unsupported tests 198
=== gfortran Summary ===
# of expected passes 97761
# of unexpected failures 2
# of expected failures 260
# of unsupported tests 293
/var/gcc/regression/trunk/10-gcc-64/build/gcc/gfortran version 9.0.1 20190208 (experimental) [trunk revision 268666] (GCC)
=== gnat tests ===
Running target unix
FAIL: gnat.dg/lto8.adb (test for excess errors)
FAIL: gnat.dg/lto8.adb 3 blank line(s) in output
UNRESOLVED: gnat.dg/lto8.adb compilation failed to produce executable
=== gnat Summary for unix ===
# of expected passes 2958
# of unexpected failures 2
# of expected failures 23
# of unresolved testcases 1
# of unsupported tests 10
Running target unix/-m32
FAIL: gnat.dg/lto8.adb (test for excess errors)
FAIL: gnat.dg/lto8.adb 3 blank line(s) in output
UNRESOLVED: gnat.dg/lto8.adb compilation failed to produce executable
=== gnat Summary for unix/-m32 ===
# of expected passes 2958
# of unexpected failures 2
# of expected failures 23
# of unresolved testcases 1
# of unsupported tests 10
=== gnat Summary ===
# of expected passes 5916
# of unexpected failures 4
# of expected failures 46
# of unresolved testcases 2
# of unsupported tests 20
/var/gcc/regression/trunk/10-gcc-64/build/gcc/gnatmake version 9.0.1 20190208 (experimental) [trunk revision 268666]
=== go tests ===
Running target unix
FAIL: go.go-torture/execute/printnil.go execution, -O0
FAIL: go.go-torture/execute/printnil.go execution, -O1
FAIL: go.go-torture/execute/printnil.go execution, -O2
FAIL: go.go-torture/execute/printnil.go execution, -O2 -fbounds-check
FAIL: go.go-torture/execute/printnil.go execution, -O2 -fomit-frame-pointer -finline-functions
FAIL: go.go-torture/execute/printnil.go execution, -O2 -fomit-frame-pointer -finline-functions -funroll-loops
FAIL: go.go-torture/execute/printnil.go execution, -O3 -g
FAIL: go.go-torture/execute/printnil.go execution, -Os
FAIL: go.go-torture/execute/printnil.go execution, -flto
FAIL: ./index0-out.go compilation, -O0 -g -fno-var-tracking-assignments
FAIL: go.test/test/closedchan.go execution, -O2 -g
FAIL: go.test/test/cmp.go execution, -O2 -g
FAIL: go.test/test/divmod.go execution, -O2 -g
FAIL: go.test/test/fixedbugs/bug113.go execution, -O2 -g
FAIL: go.test/test/fixedbugs/bug148.go execution, -O2 -g
FAIL: go.test/test/fixedbugs/bug266.go execution, -O2 -g
FAIL: go.test/test/fixedbugs/bug272.go execution, -O2 -g
FAIL: go.test/test/fixedbugs/bug273.go execution, -O2 -g
FAIL: go.test/test/fixedbugs/bug324.dir/prog.go execution, -O2 -g
FAIL: go.test/test/fixedbugs/bug444.go execution, -O2 -g
FAIL: go.test/test/fixedbugs/issue4066.go execution, -O2 -g
FAIL: go.test/test/fixedbugs/issue4353.go execution, -O2 -g
FAIL: go.test/test/fixedbugs/issue4562.go execution, -O2 -g
FAIL: go.test/test/fixedbugs/issue6055.go execution, -O2 -g
FAIL: go.test/test/interface/fail.go execution, -O2 -g
FAIL: go.test/test/interface/noeq.go execution, -O2 -g
FAIL: go.test/test/interface/returntype.go execution, -O2 -g
FAIL: go.test/test/method.go execution, -O2 -g
FAIL: go.test/test/method5.go execution, -O2 -g
FAIL: go.test/test/nil.go execution, -O2 -g
FAIL: go.test/test/nilptr.go execution, -O2 -g
FAIL: go.test/test/recover.go execution, -O2 -g
FAIL: go.test/test/recover1.go execution, -O2 -g
FAIL: go.test/test/recover2.go execution, -O2 -g
=== go Summary for unix ===
# of expected passes 7307
# of unexpected failures 34
# of expected failures 1
# of untested testcases 11
# of unsupported tests 1
Running target unix/-m32
FAIL: go.go-torture/execute/printnil.go execution, -O0
FAIL: go.go-torture/execute/printnil.go execution, -O1
FAIL: go.go-torture/execute/printnil.go execution, -O2
FAIL: go.go-torture/execute/printnil.go execution, -O2 -fbounds-check
FAIL: go.go-torture/execute/printnil.go execution, -O2 -fomit-frame-pointer -finline-functions
FAIL: go.go-torture/execute/printnil.go execution, -O2 -fomit-frame-pointer -finline-functions -funroll-loops
FAIL: go.go-torture/execute/printnil.go execution, -O3 -g
FAIL: go.go-torture/execute/printnil.go execution, -Os
FAIL: go.go-torture/execute/printnil.go execution, -flto
FAIL: ./index0-out.go compilation, -O0 -g -fno-var-tracking-assignments
FAIL: go.test/test/closedchan.go execution, -O2 -g
FAIL: go.test/test/cmp.go execution, -O2 -g
FAIL: go.test/test/divmod.go execution, -O2 -g
FAIL: go.test/test/fixedbugs/bug113.go execution, -O2 -g
FAIL: go.test/test/fixedbugs/bug148.go execution, -O2 -g
FAIL: go.test/test/fixedbugs/bug266.go execution, -O2 -g
FAIL: go.test/test/fixedbugs/bug272.go execution, -O2 -g
FAIL: go.test/test/fixedbugs/bug273.go execution, -O2 -g
FAIL: go.test/test/fixedbugs/bug324.dir/prog.go execution, -O2 -g
FAIL: go.test/test/fixedbugs/bug444.go execution, -O2 -g
FAIL: go.test/test/fixedbugs/issue4066.go execution, -O2 -g
FAIL: go.test/test/fixedbugs/issue4353.go execution, -O2 -g
FAIL: go.test/test/fixedbugs/issue4562.go execution, -O2 -g
FAIL: go.test/test/fixedbugs/issue6055.go execution, -O2 -g
FAIL: go.test/test/interface/fail.go execution, -O2 -g
FAIL: go.test/test/interface/noeq.go execution, -O2 -g
FAIL: go.test/test/interface/returntype.go execution, -O2 -g
FAIL: go.test/test/method.go execution, -O2 -g
FAIL: go.test/test/method5.go execution, -O2 -g
FAIL: go.test/test/nil.go execution, -O2 -g
FAIL: go.test/test/nilptr.go execution, -O2 -g
FAIL: go.test/test/recover.go execution, -O2 -g
FAIL: go.test/test/recover1.go execution, -O2 -g
FAIL: go.test/test/recover2.go execution, -O2 -g
=== go Summary for unix/-m32 ===
# of expected passes 7426
# of unexpected failures 34
# of expected failures 1
# of untested testcases 11
# of unsupported tests 2
=== go Summary ===
# of expected passes 14733
# of unexpected failures 68
# of expected failures 2
# of untested testcases 22
# of unsupported tests 3
=== obj-c++ tests ===
Running target unix/-m32
=== obj-c++ Summary for unix/-m32 ===
# of expected passes 1466
# of expected failures 2
# of unsupported tests 77
Running target unix
=== obj-c++ Summary for unix ===
# of expected passes 1458
# of expected failures 10
# of unsupported tests 77
=== obj-c++ Summary ===
# of expected passes 2924
# of expected failures 12
# of unsupported tests 154
/var/gcc/regression/trunk/10-gcc-64/build/gcc/xg++ version 9.0.1 20190208 (experimental) [trunk revision 268666] (GCC)
=== objc tests ===
Running target unix
=== objc Summary for unix ===
# of expected passes 2797
# of expected failures 6
# of unsupported tests 68
Running target unix/-m32
=== objc Summary for unix/-m32 ===
# of expected passes 2797
# of expected failures 6
# of unsupported tests 68
=== objc Summary ===
# of expected passes 5594
# of expected failures 12
# of unsupported tests 136
/var/gcc/regression/trunk/10-gcc-64/build/gcc/xgcc version 9.0.1 20190208 (experimental) [trunk revision 268666] (GCC)
=== gotools tests ===
FAIL: TestBadImportsEasy
FAIL: TestGoBuildDashODevNull
FAIL: TestGoEnv
FAIL: TestGoTestBuildsAnXtestContainingOnlyNonRunnableExamples
FAIL: TestGoVetWithOnlyTestFiles
FAIL: TestInstallIntoGOPATH
FAIL: TestLocalImportsEasy
FAIL: TestLocalImportsEasySub
FAIL: TestMatchesOnlyExampleIsOK
FAIL: TestMatchesOnlySubtestIsOK
FAIL: TestRunPkg
FAIL: TestScript
FAIL: TestSymlinksInternal
FAIL: TestSymlinksVendor
FAIL: TestTestRegexps
FAIL: TestTestVetRebuild
FAIL: TestTwoPkgConfigs
FAIL: TestVendorTest
FAIL: go test cmd/go
FAIL: go test runtime
FAIL: go test misc/cgo/test
FAIL: go test misc/cgo/testcarchive
FAIL: TestVet
FAIL: go test cmd/vet
=== gotools Summary ===
# of expected passes 123
# of unexpected failures 24
# of untested testcases 128
Compiler version: 9.0.1 20190208 (experimental) [trunk revision 268666] (GCC)
Platform: x86_64-pc-solaris2.10
configure flags: --prefix=/vol/gcc --target=amd64-pc-solaris2.10 --enable-obsolete --enable-objc-gc --with-target-bdw-gc-include=/vol/gcc/include --with-target-bdw-gc-lib=/vol/gcc/lib/amd64,32=/vol/gcc/lib --with-as=/usr/ccs/bin/as --without-gnu-as --with-gmp-include=/vol/gcc/include --with-gmp-lib=/vol/gcc/lib/amd64 --with-mpfr-include=/vol/gcc/include --with-mpfr-lib=/vol/gcc/lib/amd64 --with-mpc-include=/vol/gcc/include --with-mpc-lib=/vol/gcc/lib/amd64 --enable-languages=all,ada,obj-c++,go --with-isl-include=/vol/gcc/include --with-isl-lib=/vol/gcc/lib/amd64 --build=amd64-pc-solaris2.10 --host=amd64-pc-solaris2.10
BOOT_CFLAGS=-g -O2