This is the mail archive of the
gcc-testresults@gcc.gnu.org
mailing list for the GCC project.
Results for 9.0.1 20190208 (experimental) (GCC) testsuite on x86_64-pc-linux-gnu
- From: shrao at alumni dot cmu dot edu (Shrisha Rao)
- To: gcc-testresults at gcc dot gnu dot org
- Date: Sat, 09 Feb 2019 21:33:07 +0000
- Subject: Results for 9.0.1 20190208 (experimental) (GCC) testsuite on x86_64-pc-linux-gnu
These results are as compiled on an EC2 instance from the SVN source.
The SVN version was 268663
==
Native configuration is x86_64-pc-linux-gnu
=== gcc tests ===
Running target unix
XPASS: gcc.dg/vect/vect-24.c scan-tree-dump-times vect "vectorized 3 loops" 1
XPASS: gcc.dg/vect/vect-24.c -flto -ffat-lto-objects scan-tree-dump-times vect "vectorized 3 loops" 1
FAIL: gcc.target/i386/ifcvt-onecmpl-abs-1.c scan-assembler cltd
FAIL: gcc.target/i386/pr49095.c scan-assembler-times \\\\), % 45
FAIL: gcc.target/i386/pr57193.c scan-assembler-times movdqa 2
=== gcc Summary ===
# of expected passes 137820
# of unexpected failures 3
# of unexpected successes 2
# of expected failures 497
# of unsupported tests 2188
/home/ec2-user/tmp/gcctemp/gcc/xgcc version 9.0.1 20190208 (experimental) (GCC)
=== gfortran tests ===
Running target unix
FAIL: gfortran.dg/pr79966.f90 -O scan-ipa-dump inline "Inlined tp_sum/[0-9]+ into runtptests/[0-9]+"
=== gfortran Summary ===
# of expected passes 48905
# of unexpected failures 1
# of expected failures 120
# of unsupported tests 94
/home/ec2-user/tmp/gcctemp/gcc/testsuite/gfortran/../../gfortran version 9.0.1 20190208 (experimental) (GCC)
=== g++ tests ===
Running target unix
=== g++ Summary ===
# of expected passes 132955
# of expected failures 549
# of unsupported tests 5666
/home/ec2-user/tmp/gcctemp/gcc/testsuite/g++/../../xg++ version 9.0.1 20190208 (experimental) (GCC)
=== objc tests ===
Running target unix
=== objc Summary ===
# of expected passes 2797
# of expected failures 6
# of unsupported tests 68
/home/ec2-user/tmp/gcctemp/gcc/xgcc version 9.0.1 20190208 (experimental) (GCC)
=== libatomic tests ===
Running target unix
=== libatomic Summary ===
# of expected passes 54
=== libgomp tests ===
Running target unix
=== libgomp Summary ===
# of expected passes 6454
# of expected failures 2
# of unsupported tests 349
=== libitm tests ===
Running target unix
=== libitm Summary ===
# of expected passes 42
# of expected failures 3
# of unsupported tests 1
=== libstdc++ tests ===
Running target unix
=== libstdc++ Summary ===
# of expected passes 12789
# of expected failures 77
# of unsupported tests 276
Compiler version: 9.0.1 20190208 (experimental) (GCC)
Platform: x86_64-pc-linux-gnu
configure flags: --disable-multilib --prefix=/shrao/testgcc