This is the mail archive of the
gcc-testresults@gcc.gnu.org
mailing list for the GCC project.
Results for 9.0.1 20190208 (experimental) [trunk revision 268666] (GCC) testsuite on sparc-sun-solaris2.11
- From: Rainer Orth <ro at CeBiTec dot Uni-Bielefeld dot DE>
- To: gcc-testresults at gcc dot gnu dot org
- Date: Fri, 8 Feb 2019 18:51:12 +0100 (MET)
- Subject: Results for 9.0.1 20190208 (experimental) [trunk revision 268666] (GCC) testsuite on sparc-sun-solaris2.11
LAST_UPDATED: Fri Feb 8 09:52:36 UTC 2019 (revision 268666)
=== acats tests ===
FAIL: c341a01
=== acats Summary ===
# of expected passes 2319
# of unexpected failures 1
Native configuration is sparc-sun-solaris2.11
=== g++ tests ===
Running target unix
FAIL: c-c++-common/asan/global-overflow-1.c -O0 output pattern test
FAIL: c-c++-common/asan/global-overflow-1.c -O1 output pattern test
FAIL: c-c++-common/asan/global-overflow-1.c -O2 output pattern test
FAIL: c-c++-common/asan/global-overflow-1.c -O2 -flto output pattern test
FAIL: c-c++-common/asan/global-overflow-1.c -O2 -flto -flto-partition=none output pattern test
FAIL: c-c++-common/asan/global-overflow-1.c -O3 -g output pattern test
FAIL: c-c++-common/asan/global-overflow-1.c -Os output pattern test
FAIL: c-c++-common/asan/pointer-compare-1.c -O0 execution test
FAIL: c-c++-common/asan/pointer-compare-1.c -O1 execution test
FAIL: c-c++-common/asan/pointer-compare-1.c -O2 execution test
FAIL: c-c++-common/asan/pointer-compare-1.c -O2 -flto execution test
FAIL: c-c++-common/asan/pointer-compare-1.c -O2 -flto -flto-partition=none execution test
FAIL: c-c++-common/asan/pointer-compare-1.c -O3 -g execution test
FAIL: c-c++-common/asan/pointer-compare-1.c -Os execution test
FAIL: c-c++-common/asan/pointer-compare-2.c -O0 execution test
FAIL: c-c++-common/asan/pointer-compare-2.c -O1 execution test
FAIL: c-c++-common/asan/pointer-compare-2.c -O2 execution test
FAIL: c-c++-common/asan/pointer-compare-2.c -O2 -flto execution test
FAIL: c-c++-common/asan/pointer-compare-2.c -O2 -flto -flto-partition=none execution test
FAIL: c-c++-common/asan/pointer-compare-2.c -O3 -g execution test
FAIL: c-c++-common/asan/pointer-compare-2.c -Os execution test
FAIL: c-c++-common/asan/pointer-subtract-1.c -O0 execution test
FAIL: c-c++-common/asan/pointer-subtract-1.c -O1 execution test
FAIL: c-c++-common/asan/pointer-subtract-1.c -O2 execution test
FAIL: c-c++-common/asan/pointer-subtract-1.c -O2 -flto execution test
FAIL: c-c++-common/asan/pointer-subtract-1.c -O2 -flto -flto-partition=none execution test
FAIL: c-c++-common/asan/pointer-subtract-1.c -O3 -g execution test
FAIL: c-c++-common/asan/pointer-subtract-1.c -Os execution test
FAIL: c-c++-common/asan/pointer-subtract-2.c -O0 execution test
FAIL: c-c++-common/asan/pointer-subtract-2.c -O1 execution test
FAIL: c-c++-common/asan/pointer-subtract-2.c -O2 execution test
FAIL: c-c++-common/asan/pointer-subtract-2.c -O2 -flto execution test
FAIL: c-c++-common/asan/pointer-subtract-2.c -O2 -flto -flto-partition=none execution test
FAIL: c-c++-common/asan/pointer-subtract-2.c -O3 -g execution test
FAIL: c-c++-common/asan/pointer-subtract-2.c -Os execution test
FAIL: c-c++-common/asan/pr62089.c -O0 output pattern test
FAIL: c-c++-common/asan/pr62089.c -O1 output pattern test
FAIL: c-c++-common/asan/pr62089.c -O2 output pattern test
FAIL: c-c++-common/asan/pr62089.c -O2 -flto output pattern test
FAIL: c-c++-common/asan/pr62089.c -O2 -flto -flto-partition=none output pattern test
FAIL: c-c++-common/asan/pr62089.c -O3 -g output pattern test
FAIL: c-c++-common/asan/pr62089.c -Os output pattern test
FAIL: c-c++-common/asan/strlen-overflow-1.c -O0 output pattern test
FAIL: c-c++-common/asan/strlen-overflow-1.c -O1 output pattern test
FAIL: c-c++-common/asan/strlen-overflow-1.c -O2 output pattern test
FAIL: c-c++-common/asan/strlen-overflow-1.c -O3 -g output pattern test
FAIL: c-c++-common/asan/strlen-overflow-1.c -Os output pattern test
FAIL: g++.dg/asan/deep-tail-call-1.C -O0 output pattern test
FAIL: g++.dg/asan/deep-tail-call-1.C -O1 output pattern test
FAIL: g++.dg/asan/deep-tail-call-1.C -O2 output pattern test
FAIL: g++.dg/asan/deep-tail-call-1.C -O2 -flto output pattern test
FAIL: g++.dg/asan/deep-tail-call-1.C -O2 -flto -flto-partition=none output pattern test
FAIL: g++.dg/asan/deep-tail-call-1.C -O3 -g output pattern test
FAIL: g++.dg/asan/deep-tail-call-1.C -Os output pattern test
FAIL: g++.dg/asan/function-argument-3.C -O0 output pattern test
FAIL: g++.dg/asan/function-argument-3.C -O1 execution test
FAIL: g++.dg/asan/function-argument-3.C -O2 execution test
FAIL: g++.dg/asan/function-argument-3.C -O2 -flto execution test
FAIL: g++.dg/asan/function-argument-3.C -O2 -flto -flto-partition=none execution test
FAIL: g++.dg/asan/function-argument-3.C -O3 -g execution test
FAIL: g++.dg/asan/function-argument-3.C -Os execution test
WARNING: Could not compile g++.dg/compat/struct-layout-1 generator
=== g++ Summary for unix ===
# of expected passes 125735
# of unexpected failures 61
# of expected failures 570
# of unsupported tests 6481
Running target unix/-m64
=== g++ Summary for unix/-m64 ===
# of expected passes 126320
# of expected failures 538
# of unsupported tests 6180
=== g++ Summary ===
# of expected passes 252055
# of unexpected failures 61
# of expected failures 1108
# of unsupported tests 12661
/var/gcc/regression/trunk/11.3-gcc/build/gcc/xg++ version 9.0.1 20190208 (experimental) [trunk revision 268666] (GCC)
=== gcc tests ===
Running target unix
FAIL: gcc.c-torture/compile/20050510-1.c -O3 -g (test for excess errors)
FAIL: gcc.c-torture/compile/20051207-1.c -O2 -flto -flto-partition=none (test for excess errors)
FAIL: gcc.c-torture/compile/20060109-1.c -O2 -flto -flto-partition=none (test for excess errors)
FAIL: gcc.c-torture/compile/20060421-1.c -O3 -g (test for excess errors)
FAIL: gcc.c-torture/compile/20060826-1.c -O3 -g (test for excess errors)
FAIL: gcc.c-torture/execute/pr64242.c -O2 execution test
FAIL: gcc.c-torture/execute/pr64242.c -O2 -flto execution test
FAIL: gcc.c-torture/execute/pr64242.c -O2 -flto -flto-partition=none execution test
FAIL: gcc.c-torture/execute/pr64242.c -O3 -g execution test
FAIL: gcc.c-torture/execute/pr64242.c -Os execution test
FAIL: c-c++-common/asan/global-overflow-1.c -O0 output pattern test
FAIL: c-c++-common/asan/global-overflow-1.c -O1 output pattern test
FAIL: c-c++-common/asan/global-overflow-1.c -O2 output pattern test
FAIL: c-c++-common/asan/global-overflow-1.c -O2 -flto output pattern test
FAIL: c-c++-common/asan/global-overflow-1.c -O2 -flto -flto-partition=none output pattern test
FAIL: c-c++-common/asan/global-overflow-1.c -O3 -g output pattern test
FAIL: c-c++-common/asan/global-overflow-1.c -Os output pattern test
FAIL: c-c++-common/asan/pointer-compare-1.c -O0 execution test
FAIL: c-c++-common/asan/pointer-compare-1.c -O1 execution test
FAIL: c-c++-common/asan/pointer-compare-1.c -O2 execution test
FAIL: c-c++-common/asan/pointer-compare-1.c -O2 -flto execution test
FAIL: c-c++-common/asan/pointer-compare-1.c -O2 -flto -flto-partition=none execution test
FAIL: c-c++-common/asan/pointer-compare-1.c -O3 -g execution test
FAIL: c-c++-common/asan/pointer-compare-1.c -Os execution test
FAIL: c-c++-common/asan/pointer-compare-2.c -O0 execution test
FAIL: c-c++-common/asan/pointer-compare-2.c -O1 execution test
FAIL: c-c++-common/asan/pointer-compare-2.c -O2 execution test
FAIL: c-c++-common/asan/pointer-compare-2.c -O2 -flto execution test
FAIL: c-c++-common/asan/pointer-compare-2.c -O2 -flto -flto-partition=none execution test
FAIL: c-c++-common/asan/pointer-compare-2.c -O3 -g execution test
FAIL: c-c++-common/asan/pointer-compare-2.c -Os execution test
FAIL: c-c++-common/asan/pointer-subtract-1.c -O0 execution test
FAIL: c-c++-common/asan/pointer-subtract-1.c -O1 execution test
FAIL: c-c++-common/asan/pointer-subtract-1.c -O2 execution test
FAIL: c-c++-common/asan/pointer-subtract-1.c -O2 -flto execution test
FAIL: c-c++-common/asan/pointer-subtract-1.c -O2 -flto -flto-partition=none execution test
FAIL: c-c++-common/asan/pointer-subtract-1.c -O3 -g execution test
FAIL: c-c++-common/asan/pointer-subtract-1.c -Os execution test
FAIL: c-c++-common/asan/pointer-subtract-2.c -O0 execution test
FAIL: c-c++-common/asan/pointer-subtract-2.c -O1 execution test
FAIL: c-c++-common/asan/pointer-subtract-2.c -O2 execution test
FAIL: c-c++-common/asan/pointer-subtract-2.c -O2 -flto execution test
FAIL: c-c++-common/asan/pointer-subtract-2.c -O2 -flto -flto-partition=none execution test
FAIL: c-c++-common/asan/pointer-subtract-2.c -O3 -g execution test
FAIL: c-c++-common/asan/pointer-subtract-2.c -Os execution test
FAIL: c-c++-common/asan/strlen-overflow-1.c -O0 output pattern test
FAIL: c-c++-common/asan/strlen-overflow-1.c -O1 output pattern test
FAIL: c-c++-common/asan/strlen-overflow-1.c -O2 output pattern test
FAIL: c-c++-common/asan/strlen-overflow-1.c -O3 -g output pattern test
FAIL: c-c++-common/asan/strlen-overflow-1.c -Os output pattern test
FAIL: gcc.dg/asan/use-after-scope-5.c -O0 output pattern test
FAIL: gcc.dg/asan/use-after-scope-5.c -O1 output pattern test
FAIL: gcc.dg/asan/use-after-scope-5.c -O2 output pattern test
FAIL: gcc.dg/asan/use-after-scope-5.c -O2 -flto output pattern test
FAIL: gcc.dg/asan/use-after-scope-5.c -O2 -flto -flto-partition=none output pattern test
FAIL: gcc.dg/asan/use-after-scope-5.c -O3 -fomit-frame-pointer -funroll-loops -fpeel-loops -ftracer -finline-functions output pattern test
FAIL: gcc.dg/asan/use-after-scope-5.c -O3 -g output pattern test
FAIL: gcc.dg/asan/use-after-scope-5.c -Os output pattern test
FAIL: gcc.dg/pr84877.c execution test
FAIL: gcc.dg/visibility-22.c execution test
FAIL: gcc.dg/ipa/ipa-icf-38.c scan-ltrans-tree-dump-not optimized "Function bar"
FAIL: gcc.dg/simulate-thread/atomic-other-int.c -O2 -g thread simulation test
FAIL: gcc.dg/simulate-thread/atomic-other-int.c -O3 -g thread simulation test
FAIL: gcc.dg/simulate-thread/speculative-store-4.c -O0 -g thread simulation test
FAIL: gcc.dg/simulate-thread/speculative-store-4.c -O2 -g thread simulation test
FAIL: gcc.dg/simulate-thread/speculative-store-4.c -O3 -g thread simulation test
FAIL: gcc.dg/simulate-thread/speculative-store.c -O0 -g thread simulation test
FAIL: gcc.dg/torture/pr60092.c -O0 execution test
XPASS: gcc.dg/vect/bb-slp-div-1.c -flto -ffat-lto-objects scan-tree-dump slp2 "basic block vectorized"
XPASS: gcc.dg/vect/bb-slp-div-1.c scan-tree-dump slp2 "basic block vectorized"
=== gcc Summary for unix ===
# of expected passes 112914
# of unexpected failures 68
# of unexpected successes 2
# of expected failures 573
# of unsupported tests 3418
Running target unix/-m64
FAIL: gcc.c-torture/execute/pr64242.c -O2 execution test
FAIL: gcc.c-torture/execute/pr64242.c -O2 -flto execution test
FAIL: gcc.c-torture/execute/pr64242.c -O2 -flto -flto-partition=none execution test
FAIL: gcc.c-torture/execute/pr64242.c -O3 -g execution test
FAIL: gcc.c-torture/execute/pr64242.c -Os execution test
FAIL: gcc.dg/visibility-22.c execution test
FAIL: gcc.dg/ipa/ipa-icf-38.c scan-ltrans-tree-dump-not optimized "Function bar"
FAIL: gcc.dg/torture/pr60092.c -O0 execution test
XPASS: gcc.dg/vect/bb-slp-div-1.c -flto -ffat-lto-objects scan-tree-dump slp2 "basic block vectorized"
XPASS: gcc.dg/vect/bb-slp-div-1.c scan-tree-dump slp2 "basic block vectorized"
=== gcc Summary for unix/-m64 ===
# of expected passes 112503
# of unexpected failures 8
# of unexpected successes 2
# of expected failures 567
# of unsupported tests 2838
=== gcc Summary ===
# of expected passes 225417
# of unexpected failures 76
# of unexpected successes 4
# of expected failures 1140
# of unsupported tests 6256
/var/gcc/regression/trunk/11.3-gcc/build/gcc/xgcc version 9.0.1 20190208 (experimental) [trunk revision 268666] (GCC)
=== gdc tests ===
Running target unix
=== gdc Summary for unix ===
# of expected passes 22805
# of unsupported tests 40
Running target unix/-m64
=== gdc Summary for unix/-m64 ===
# of expected passes 22805
# of unsupported tests 40
=== gdc Summary ===
# of expected passes 45610
# of unsupported tests 80
/var/gcc/regression/trunk/11.3-gcc/build/gcc/gdc version 9.0.1 20190208 (experimental) [trunk revision 268666] (GCC)
=== gfortran tests ===
Running target unix
FAIL: gfortran.dg/backspace_11.f90 -O1 execution test
FAIL: gfortran.dg/backspace_7.f90 -O2 execution test
FAIL: gfortran.dg/backspace_8.f -O3 -fomit-frame-pointer -funroll-loops -fpeel-loops -ftracer -finline-functions (test for excess errors)
UNRESOLVED: gfortran.dg/backspace_8.f -O3 -fomit-frame-pointer -funroll-loops -fpeel-loops -ftracer -finline-functions compilation failed to produce executable
FAIL: gfortran.dg/bessel_6.f90 -O1 execution test
FAIL: gfortran.dg/bessel_7.f90 -O1 (test for excess errors)
UNRESOLVED: gfortran.dg/bessel_7.f90 -O1 compilation failed to produce executable
FAIL: gfortran.dg/elemental_subroutine_3.f90 -O1 (test for excess errors)
FAIL: gfortran.dg/elemental_subroutine_3.f90 -O2 (test for excess errors)
FAIL: gfortran.dg/elemental_subroutine_3.f90 -O3 -fomit-frame-pointer -funroll-loops -fpeel-loops -ftracer -finline-functions (test for excess errors)
FAIL: gfortran.dg/elemental_subroutine_3.f90 -O3 -g (test for excess errors)
FAIL: gfortran.dg/elemental_subroutine_3.f90 -Os (test for excess errors)
FAIL: gfortran.dg/pr79966.f90 -O scan-ipa-dump inline "Inlined tp_sum/[0-9]+ into runtptests/[0-9]+"
FAIL: gfortran.dg/unlimited_polymorphic_30.f03 -O0 execution test
=== gfortran Summary for unix ===
# of expected passes 48617
# of unexpected failures 12
# of expected failures 130
# of unresolved testcases 2
# of unsupported tests 267
Running target unix/-m64
FAIL: gfortran.dg/elemental_subroutine_3.f90 -O1 (test for excess errors)
FAIL: gfortran.dg/elemental_subroutine_3.f90 -O2 (test for excess errors)
FAIL: gfortran.dg/elemental_subroutine_3.f90 -O3 -fomit-frame-pointer -funroll-loops -fpeel-loops -ftracer -finline-functions (test for excess errors)
FAIL: gfortran.dg/elemental_subroutine_3.f90 -O3 -g (test for excess errors)
FAIL: gfortran.dg/elemental_subroutine_3.f90 -Os (test for excess errors)
FAIL: gfortran.dg/pr79966.f90 -O scan-ipa-dump inline "Inlined tp_sum/[0-9]+ into runtptests/[0-9]+"
FAIL: gfortran.dg/unlimited_polymorphic_30.f03 -O0 execution test
FAIL: gfortran.dg/unlimited_polymorphic_30.f03 -O1 execution test
FAIL: gfortran.dg/unlimited_polymorphic_30.f03 -O2 execution test
FAIL: gfortran.dg/unlimited_polymorphic_30.f03 -O3 -fomit-frame-pointer -funroll-loops -fpeel-loops -ftracer -finline-functions execution test
FAIL: gfortran.dg/unlimited_polymorphic_30.f03 -O3 -g execution test
FAIL: gfortran.dg/unlimited_polymorphic_30.f03 -Os execution test
=== gfortran Summary for unix/-m64 ===
# of expected passes 48866
# of unexpected failures 12
# of expected failures 130
# of unsupported tests 146
=== gfortran Summary ===
# of expected passes 97483
# of unexpected failures 24
# of expected failures 260
# of unresolved testcases 2
# of unsupported tests 413
/var/gcc/regression/trunk/11.3-gcc/build/gcc/gfortran version 9.0.1 20190208 (experimental) [trunk revision 268666] (GCC)
=== gnat tests ===
Running target unix
FAIL: gnat.dg/lto8.adb (test for excess errors)
FAIL: gnat.dg/lto8.adb 3 blank line(s) in output
UNRESOLVED: gnat.dg/lto8.adb compilation failed to produce executable
=== gnat Summary for unix ===
# of expected passes 2919
# of unexpected failures 2
# of expected failures 23
# of unresolved testcases 1
# of unsupported tests 30
Running target unix/-m64
FAIL: gnat.dg/lto8.adb (test for excess errors)
FAIL: gnat.dg/lto8.adb 3 blank line(s) in output
UNRESOLVED: gnat.dg/lto8.adb compilation failed to produce executable
WARNING: gnat.dg/sso/p1.adb -O1 -fno-inline (test for excess errors) program timed out.
FAIL: gnat.dg/sso/p1.adb -O1 -fno-inline (test for excess errors)
UNRESOLVED: gnat.dg/sso/p1.adb -O1 -fno-inline compilation failed to produce executable
UNRESOLVED: gnat.dg/sso/p1.adb -O3 -finline-functions compilation failed to produce executable
FAIL: gnat.dg/sso/p3.adb -Os (test for excess errors)
UNRESOLVED: gnat.dg/sso/p3.adb -Os compilation failed to produce executable
UNRESOLVED: gnat.dg/sso/p4.adb -O0 compilation failed to produce executable
FAIL: gnat.dg/sso/q12.adb -Og -g (test for excess errors)
UNRESOLVED: gnat.dg/sso/q12.adb -Og -g compilation failed to produce executable
FAIL: gnat.dg/sso/q13.adb -O1 -fno-inline (test for excess errors)
UNRESOLVED: gnat.dg/sso/q13.adb -O1 -fno-inline compilation failed to produce executable
WARNING: gnat.dg/sso/r11.adb -Os (test for excess errors) program timed out.
FAIL: gnat.dg/sso/r11.adb -Os (test for excess errors)
UNRESOLVED: gnat.dg/sso/r11.adb -Os compilation failed to produce executable
FAIL: gnat.dg/sso/s5.adb -O3 -finline-functions (test for excess errors)
UNRESOLVED: gnat.dg/sso/s5.adb -O3 -finline-functions compilation failed to produce executable
WARNING: gnat.dg/sso/t3.adb -O3 -finline-functions (test for excess errors) program timed out.
FAIL: gnat.dg/sso/t3.adb -O3 -finline-functions (test for excess errors)
UNRESOLVED: gnat.dg/sso/t3.adb -O3 -finline-functions compilation failed to produce executable
=== gnat Summary for unix/-m64 ===
# of expected passes 2894
# of unexpected failures 9
# of expected failures 23
# of unresolved testcases 10
# of unsupported tests 30
=== gnat Summary ===
# of expected passes 5813
# of unexpected failures 11
# of expected failures 46
# of unresolved testcases 11
# of unsupported tests 60
/var/gcc/regression/trunk/11.3-gcc/build/gcc/gnatmake version 9.0.1 20190208 (experimental) [trunk revision 268666]
=== go tests ===
Running target unix
FAIL: go.go-torture/execute/expr-1.go, -O3 -g (internal compiler error)
FAIL: go.go-torture/execute/go-3.go compilation, -O2 -fomit-frame-pointer -finline-functions -funroll-loops
FAIL: go.go-torture/execute/go-3.go, -O1 (internal compiler error)
FAIL: go.go-torture/execute/nested-1.go compilation, -O2 -fbounds-check
FAIL: ./index0-out.go execution, -O0 -g -fno-var-tracking-assignments
FAIL: go.test/test/fixedbugs/issue4562.go execution, -O2 -g
WARNING: go.test/test/gc2.go execution, -O2 -g program timed out.
FAIL: go.test/test/gc2.go execution, -O2 -g
FAIL: go.test/test/nil.go execution, -O2 -g
=== go Summary for unix ===
# of expected passes 7446
# of unexpected failures 8
# of expected failures 1
# of untested testcases 13
# of unsupported tests 3
Running target unix/-m64
FAIL: ./index0-out.go execution, -O0 -g -fno-var-tracking-assignments
=== go Summary for unix/-m64 ===
# of expected passes 7337
# of unexpected failures 1
# of expected failures 1
# of untested testcases 11
# of unsupported tests 3
=== go Summary ===
# of expected passes 14783
# of unexpected failures 9
# of expected failures 2
# of untested testcases 24
# of unsupported tests 6
=== obj-c++ tests ===
Running target unix
=== obj-c++ Summary for unix ===
# of expected passes 1466
# of expected failures 2
# of unsupported tests 77
Running target unix/-m64
=== obj-c++ Summary for unix/-m64 ===
# of expected passes 1458
# of expected failures 10
# of unsupported tests 77
=== obj-c++ Summary ===
# of expected passes 2924
# of expected failures 12
# of unsupported tests 154
/var/gcc/regression/trunk/11.3-gcc/build/gcc/xg++ version 9.0.1 20190208 (experimental) [trunk revision 268666] (GCC)
=== objc tests ===
Running target unix
FAIL: objc.dg/torture/trivial.m -O2 -flto -flto-partition=none -fgnu-runtime execution test
=== objc Summary for unix ===
# of expected passes 2802
# of unexpected failures 1
# of unsupported tests 68
Running target unix/-m64
=== objc Summary for unix/-m64 ===
# of expected passes 2803
# of unsupported tests 68
=== objc Summary ===
# of expected passes 5605
# of unexpected failures 1
# of unsupported tests 136
/var/gcc/regression/trunk/11.3-gcc/build/gcc/xgcc version 9.0.1 20190208 (experimental) [trunk revision 268666] (GCC)
=== gotools tests ===
FAIL: go test cmd/go
FAIL: TestSelectStackAdjust
FAIL: go test runtime
FAIL: go test misc/cgo/test
FAIL: go test misc/cgo/testcarchive
FAIL: go test cmd/vet
=== gotools Summary ===
# of expected passes 16
# of unexpected failures 6
# of untested testcases 1
/var/gcc/regression/trunk/11.3-gcc/build/./gcc/gccgo version 9.0.1 20190208 (experimental) [trunk revision 268666] (GCC)
=== libatomic tests ===
Running target unix
=== libatomic Summary for unix ===
# of expected passes 44
# of unsupported tests 5
Running target unix/-m64
=== libatomic Summary for unix/-m64 ===
# of expected passes 54
=== libatomic Summary ===
# of expected passes 98
# of unsupported tests 5
=== libffi tests ===
Running target unix
FAIL: libffi.complex/return_complex1_double.c -W -Wall -Wno-psabi -O3 execution test
=== libffi Summary for unix ===
# of expected passes 2213
# of unexpected failures 1
Running target unix/-m64
=== libffi Summary for unix/-m64 ===
# of expected passes 2214
=== libffi Summary ===
# of expected passes 4427
# of unexpected failures 1
=== libgo tests ===
Running target unix
FAIL: archive/zip
FAIL: cmd/go/internal/mvs
FAIL: cmd/go/internal/par
FAIL: cmd/go/internal/work
FAIL: cmd/internal/objabi
FAIL: cmd/internal/test2json
FAIL: compress/bzip2
FAIL: compress/flate
FAIL: compress/gzip
FAIL: context
FAIL: go/build
FAIL: go/printer
FAIL: internal/x/crypto/cryptobyte
FAIL: net
FAIL: net/http
FAIL: net/http/cgi
FAIL: os
FAIL: os/exec
FAIL: os/signal
FAIL: runtime
FAIL: runtime/pprof
FAIL: runtime/trace
FAIL: time
=== libgo Summary for unix ===
# of expected passes 162
# of unexpected failures 23
Running target unix/-m64
FAIL: archive/zip
FAIL: cmd/go/internal/par
FAIL: go/build
FAIL: os
FAIL: runtime
=== libgo Summary for unix/-m64 ===
# of expected passes 180
# of unexpected failures 5
=== libgo Summary ===
# of expected passes 342
# of unexpected failures 28
/var/gcc/regression/trunk/11.3-gcc/build/./gcc/gccgo version 9.0.1 20190208 (experimental) [trunk revision 268666] (GCC)
=== libgomp tests ===
Running target unix
FAIL: libgomp.c/appendix-a/a.15.1.c execution test
=== libgomp Summary for unix ===
# of expected passes 6348
# of unexpected failures 1
# of expected failures 4
# of unsupported tests 424
Running target unix/-m64
WARNING: program timed out
FAIL: libgomp.oacc-c++/../libgomp.oacc-c-c++-common/reduction-4.c -DACC_DEVICE_TYPE_host=1 -DACC_MEM_SHARED=1 -O2 (test for excess errors)
UNRESOLVED: libgomp.oacc-c++/../libgomp.oacc-c-c++-common/reduction-4.c -DACC_DEVICE_TYPE_host=1 -DACC_MEM_SHARED=1 -O2 compilation failed to produce executable
WARNING: program timed out
FAIL: libgomp.oacc-c++/../libgomp.oacc-c-c++-common/reduction-cplx-dbl.c -DACC_DEVICE_TYPE_host=1 -DACC_MEM_SHARED=1 -O2 (test for excess errors)
UNRESOLVED: libgomp.oacc-c++/../libgomp.oacc-c-c++-common/reduction-cplx-dbl.c -DACC_DEVICE_TYPE_host=1 -DACC_MEM_SHARED=1 -O2 compilation failed to produce executable
WARNING: program timed out
FAIL: libgomp.oacc-c++/../libgomp.oacc-c-c++-common/vector-length-64-1.c -DACC_DEVICE_TYPE_host=1 -DACC_MEM_SHARED=1 -O2 (test for excess errors)
UNRESOLVED: libgomp.oacc-c++/../libgomp.oacc-c-c++-common/vector-length-64-1.c -DACC_DEVICE_TYPE_host=1 -DACC_MEM_SHARED=1 -O2 compilation failed to produce executable
WARNING: program timed out
ERROR: tcl error sourcing /vol/gcc/src/hg/trunk/local/libgomp/testsuite/libgomp.oacc-c++/c++.exp.
ERROR: child process exited abnormally
FAIL: libgomp.oacc-fortran/abort-1.f90 -DACC_DEVICE_TYPE_host=1 -DACC_MEM_SHARED=1 -O (test for excess errors)
UNRESOLVED: libgomp.oacc-fortran/abort-1.f90 -DACC_DEVICE_TYPE_host=1 -DACC_MEM_SHARED=1 -O compilation failed to produce executable
FAIL: libgomp.oacc-fortran/abort-2.f90 -DACC_DEVICE_TYPE_host=1 -DACC_MEM_SHARED=1 -O (test for excess errors)
UNRESOLVED: libgomp.oacc-fortran/abort-2.f90 -DACC_DEVICE_TYPE_host=1 -DACC_MEM_SHARED=1 -O compilation failed to produce executable
FAIL: libgomp.oacc-fortran/acc_on_device-1-1.f90 -DACC_DEVICE_TYPE_host=1 -DACC_MEM_SHARED=1 -O (test for excess errors)
UNRESOLVED: libgomp.oacc-fortran/acc_on_device-1-1.f90 -DACC_DEVICE_TYPE_host=1 -DACC_MEM_SHARED=1 -O compilation failed to produce executable
FAIL: libgomp.oacc-fortran/acc_on_device-1-2.f -DACC_DEVICE_TYPE_host=1 -DACC_MEM_SHARED=1 -O (test for excess errors)
UNRESOLVED: libgomp.oacc-fortran/acc_on_device-1-2.f -DACC_DEVICE_TYPE_host=1 -DACC_MEM_SHARED=1 -O compilation failed to produce executable
FAIL: libgomp.oacc-fortran/acc_on_device-1-3.f -DACC_DEVICE_TYPE_host=1 -DACC_MEM_SHARED=1 -O (test for excess errors)
UNRESOLVED: libgomp.oacc-fortran/acc_on_device-1-3.f -DACC_DEVICE_TYPE_host=1 -DACC_MEM_SHARED=1 -O compilation failed to produce executable
FAIL: libgomp.oacc-fortran/asyncwait-1.f90 -DACC_DEVICE_TYPE_host=1 -DACC_MEM_SHARED=1 -O2 (test for excess errors)
UNRESOLVED: libgomp.oacc-fortran/asyncwait-1.f90 -DACC_DEVICE_TYPE_host=1 -DACC_MEM_SHARED=1 -O2 compilation failed to produce executable
FAIL: libgomp.oacc-fortran/asyncwait-2.f90 -DACC_DEVICE_TYPE_host=1 -DACC_MEM_SHARED=1 -O2 (test for excess errors)
UNRESOLVED: libgomp.oacc-fortran/asyncwait-2.f90 -DACC_DEVICE_TYPE_host=1 -DACC_MEM_SHARED=1 -O2 compilation failed to produce executable
FAIL: libgomp.oacc-fortran/asyncwait-3.f90 -DACC_DEVICE_TYPE_host=1 -DACC_MEM_SHARED=1 -O2 (test for excess errors)
UNRESOLVED: libgomp.oacc-fortran/asyncwait-3.f90 -DACC_DEVICE_TYPE_host=1 -DACC_MEM_SHARED=1 -O2 compilation failed to produce executable
FAIL: libgomp.oacc-fortran/atomic_capture-1.f90 -DACC_DEVICE_TYPE_host=1 -DACC_MEM_SHARED=1 -O2 (test for excess errors)
UNRESOLVED: libgomp.oacc-fortran/atomic_capture-1.f90 -DACC_DEVICE_TYPE_host=1 -DACC_MEM_SHARED=1 -O2 compilation failed to produce executable
FAIL: libgomp.oacc-fortran/atomic_rw-1.f90 -DACC_DEVICE_TYPE_host=1 -DACC_MEM_SHARED=1 -O2 (test for excess errors)
UNRESOLVED: libgomp.oacc-fortran/atomic_rw-1.f90 -DACC_DEVICE_TYPE_host=1 -DACC_MEM_SHARED=1 -O2 compilation failed to produce executable
FAIL: libgomp.oacc-fortran/atomic_update-1.f90 -DACC_DEVICE_TYPE_host=1 -DACC_MEM_SHARED=1 -O2 (test for excess errors)
UNRESOLVED: libgomp.oacc-fortran/atomic_update-1.f90 -DACC_DEVICE_TYPE_host=1 -DACC_MEM_SHARED=1 -O2 compilation failed to produce executable
FAIL: libgomp.oacc-fortran/cache-1.f95 -DACC_DEVICE_TYPE_host=1 -DACC_MEM_SHARED=1 -O2 (test for excess errors)
UNRESOLVED: libgomp.oacc-fortran/cache-1.f95 -DACC_DEVICE_TYPE_host=1 -DACC_MEM_SHARED=1 -O2 compilation failed to produce executable
FAIL: libgomp.oacc-fortran/collapse-1.f90 -DACC_DEVICE_TYPE_host=1 -DACC_MEM_SHARED=1 -O2 (test for excess errors)
UNRESOLVED: libgomp.oacc-fortran/collapse-1.f90 -DACC_DEVICE_TYPE_host=1 -DACC_MEM_SHARED=1 -O2 compilation failed to produce executable
FAIL: libgomp.oacc-fortran/collapse-2.f90 -DACC_DEVICE_TYPE_host=1 -DACC_MEM_SHARED=1 -O2 (test for excess errors)
UNRESOLVED: libgomp.oacc-fortran/collapse-2.f90 -DACC_DEVICE_TYPE_host=1 -DACC_MEM_SHARED=1 -O2 compilation failed to produce executable
FAIL: libgomp.oacc-fortran/collapse-3.f90 -DACC_DEVICE_TYPE_host=1 -DACC_MEM_SHARED=1 -O2 (test for excess errors)
UNRESOLVED: libgomp.oacc-fortran/collapse-3.f90 -DACC_DEVICE_TYPE_host=1 -DACC_MEM_SHARED=1 -O2 compilation failed to produce executable
FAIL: libgomp.oacc-fortran/collapse-4.f90 -DACC_DEVICE_TYPE_host=1 -DACC_MEM_SHARED=1 -O2 (test for excess errors)
UNRESOLVED: libgomp.oacc-fortran/collapse-4.f90 -DACC_DEVICE_TYPE_host=1 -DACC_MEM_SHARED=1 -O2 compilation failed to produce executable
FAIL: libgomp.oacc-fortran/collapse-5.f90 -DACC_DEVICE_TYPE_host=1 -DACC_MEM_SHARED=1 -O2 (test for excess errors)
UNRESOLVED: libgomp.oacc-fortran/collapse-5.f90 -DACC_DEVICE_TYPE_host=1 -DACC_MEM_SHARED=1 -O2 compilation failed to produce executable
FAIL: libgomp.oacc-fortran/collapse-6.f90 -DACC_DEVICE_TYPE_host=1 -DACC_MEM_SHARED=1 -O2 (test for excess errors)
UNRESOLVED: libgomp.oacc-fortran/collapse-6.f90 -DACC_DEVICE_TYPE_host=1 -DACC_MEM_SHARED=1 -O2 compilation failed to produce executable
FAIL: libgomp.oacc-fortran/collapse-7.f90 -DACC_DEVICE_TYPE_host=1 -DACC_MEM_SHARED=1 -O2 (test for excess errors)
UNRESOLVED: libgomp.oacc-fortran/collapse-7.f90 -DACC_DEVICE_TYPE_host=1 -DACC_MEM_SHARED=1 -O2 compilation failed to produce executable
FAIL: libgomp.oacc-fortran/collapse-8.f90 -DACC_DEVICE_TYPE_host=1 -DACC_MEM_SHARED=1 -O2 (test for excess errors)
UNRESOLVED: libgomp.oacc-fortran/collapse-8.f90 -DACC_DEVICE_TYPE_host=1 -DACC_MEM_SHARED=1 -O2 compilation failed to produce executable
FAIL: libgomp.oacc-fortran/combined-directives-1.f90 -DACC_DEVICE_TYPE_host=1 -DACC_MEM_SHARED=1 -O2 (test for excess errors)
UNRESOLVED: libgomp.oacc-fortran/combined-directives-1.f90 -DACC_DEVICE_TYPE_host=1 -DACC_MEM_SHARED=1 -O2 compilation failed to produce executable
FAIL: libgomp.oacc-fortran/combined-reduction.f90 -DACC_DEVICE_TYPE_host=1 -DACC_MEM_SHARED=1 -O2 (test for excess errors)
UNRESOLVED: libgomp.oacc-fortran/combined-reduction.f90 -DACC_DEVICE_TYPE_host=1 -DACC_MEM_SHARED=1 -O2 compilation failed to produce executable
FAIL: libgomp.oacc-fortran/data-1.f90 -DACC_DEVICE_TYPE_host=1 -DACC_MEM_SHARED=1 -O2 (test for excess errors)
UNRESOLVED: libgomp.oacc-fortran/data-1.f90 -DACC_DEVICE_TYPE_host=1 -DACC_MEM_SHARED=1 -O2 compilation failed to produce executable
FAIL: libgomp.oacc-fortran/data-2.f90 -DACC_DEVICE_TYPE_host=1 -DACC_MEM_SHARED=1 -O2 (test for excess errors)
UNRESOLVED: libgomp.oacc-fortran/data-2.f90 -DACC_DEVICE_TYPE_host=1 -DACC_MEM_SHARED=1 -O2 compilation failed to produce executable
FAIL: libgomp.oacc-fortran/data-3.f90 -DACC_DEVICE_TYPE_host=1 -DACC_MEM_SHARED=1 -O2 (test for excess errors)
UNRESOLVED: libgomp.oacc-fortran/data-3.f90 -DACC_DEVICE_TYPE_host=1 -DACC_MEM_SHARED=1 -O2 compilation failed to produce executable
FAIL: libgomp.oacc-fortran/data-4-2.f90 -DACC_DEVICE_TYPE_host=1 -DACC_MEM_SHARED=1 -O2 (test for excess errors)
UNRESOLVED: libgomp.oacc-fortran/data-4-2.f90 -DACC_DEVICE_TYPE_host=1 -DACC_MEM_SHARED=1 -O2 compilation failed to produce executable
FAIL: libgomp.oacc-fortran/data-4.f90 -DACC_DEVICE_TYPE_host=1 -DACC_MEM_SHARED=1 -O2 (test for excess errors)
UNRESOLVED: libgomp.oacc-fortran/data-4.f90 -DACC_DEVICE_TYPE_host=1 -DACC_MEM_SHARED=1 -O2 compilation failed to produce executable
FAIL: libgomp.oacc-fortran/declare-2.f90 -DACC_DEVICE_TYPE_host=1 -DACC_MEM_SHARED=1 -O2 (test for excess errors)
UNRESOLVED: libgomp.oacc-fortran/declare-2.f90 -DACC_DEVICE_TYPE_host=1 -DACC_MEM_SHARED=1 -O2 compilation failed to produce executable
FAIL: libgomp.oacc-fortran/declare-4.f90 -DACC_DEVICE_TYPE_host=1 -DACC_MEM_SHARED=1 -O2 (test for excess errors)
UNRESOLVED: libgomp.oacc-fortran/declare-4.f90 -DACC_DEVICE_TYPE_host=1 -DACC_MEM_SHARED=1 -O2 compilation failed to produce executable
FAIL: libgomp.oacc-fortran/declare-5.f90 -DACC_DEVICE_TYPE_host=1 -DACC_MEM_SHARED=1 -O2 (test for excess errors)
UNRESOLVED: libgomp.oacc-fortran/declare-5.f90 -DACC_DEVICE_TYPE_host=1 -DACC_MEM_SHARED=1 -O2 compilation failed to produce executable
FAIL: libgomp.oacc-fortran/default-1.f90 -DACC_DEVICE_TYPE_host=1 -DACC_MEM_SHARED=1 -O2 (test for excess errors)
UNRESOLVED: libgomp.oacc-fortran/default-1.f90 -DACC_DEVICE_TYPE_host=1 -DACC_MEM_SHARED=1 -O2 compilation failed to produce executable
FAIL: libgomp.oacc-fortran/dummy-array.f90 -DACC_DEVICE_TYPE_host=1 -DACC_MEM_SHARED=1 -O2 (test for excess errors)
UNRESOLVED: libgomp.oacc-fortran/dummy-array.f90 -DACC_DEVICE_TYPE_host=1 -DACC_MEM_SHARED=1 -O2 compilation failed to produce executable
FAIL: libgomp.oacc-fortran/error_stop-1.f -DACC_DEVICE_TYPE_host=1 -DACC_MEM_SHARED=1 -O2 (test for excess errors)
UNRESOLVED: libgomp.oacc-fortran/error_stop-1.f -DACC_DEVICE_TYPE_host=1 -DACC_MEM_SHARED=1 -O2 compilation failed to produce executable
FAIL: libgomp.oacc-fortran/error_stop-2.f -DACC_DEVICE_TYPE_host=1 -DACC_MEM_SHARED=1 -O2 (test for excess errors)
UNRESOLVED: libgomp.oacc-fortran/error_stop-2.f -DACC_DEVICE_TYPE_host=1 -DACC_MEM_SHARED=1 -O2 compilation failed to produce executable
FAIL: libgomp.oacc-fortran/error_stop-3.f -DACC_DEVICE_TYPE_host=1 -DACC_MEM_SHARED=1 -O2 (test for excess errors)
UNRESOLVED: libgomp.oacc-fortran/error_stop-3.f -DACC_DEVICE_TYPE_host=1 -DACC_MEM_SHARED=1 -O2 compilation failed to produce executable
FAIL: libgomp.oacc-fortran/firstprivate-1.f90 -DACC_DEVICE_TYPE_host=1 -DACC_MEM_SHARED=1 -O2 (test for excess errors)
UNRESOLVED: libgomp.oacc-fortran/firstprivate-1.f90 -DACC_DEVICE_TYPE_host=1 -DACC_MEM_SHARED=1 -O2 compilation failed to produce executable
FAIL: libgomp.oacc-fortran/gang-static-1.f90 -DACC_DEVICE_TYPE_host=1 -DACC_MEM_SHARED=1 -O2 (test for excess errors)
UNRESOLVED: libgomp.oacc-fortran/gang-static-1.f90 -DACC_DEVICE_TYPE_host=1 -DACC_MEM_SHARED=1 -O2 compilation failed to produce executable
FAIL: libgomp.oacc-fortran/gemm-2.f90 -DACC_DEVICE_TYPE_host=1 -DACC_MEM_SHARED=1 -O2 (test for excess errors)
UNRESOLVED: libgomp.oacc-fortran/gemm-2.f90 -DACC_DEVICE_TYPE_host=1 -DACC_MEM_SHARED=1 -O2 compilation failed to produce executable
FAIL: libgomp.oacc-fortran/gemm.f90 -DACC_DEVICE_TYPE_host=1 -DACC_MEM_SHARED=1 -O2 (test for excess errors)
UNRESOLVED: libgomp.oacc-fortran/gemm.f90 -DACC_DEVICE_TYPE_host=1 -DACC_MEM_SHARED=1 -O2 compilation failed to produce executable
FAIL: libgomp.oacc-fortran/host_data-1.f90 -DACC_DEVICE_TYPE_host=1 -DACC_MEM_SHARED=1 -O2 (test for excess errors)
UNRESOLVED: libgomp.oacc-fortran/host_data-1.f90 -DACC_DEVICE_TYPE_host=1 -DACC_MEM_SHARED=1 -O2 compilation failed to produce executable
FAIL: libgomp.oacc-fortran/if-1.f90 -DACC_DEVICE_TYPE_host=1 -DACC_MEM_SHARED=1 -O2 (test for excess errors)
UNRESOLVED: libgomp.oacc-fortran/if-1.f90 -DACC_DEVICE_TYPE_host=1 -DACC_MEM_SHARED=1 -O2 compilation failed to produce executable
FAIL: libgomp.oacc-fortran/implicit-firstprivate-ref.f90 -DACC_DEVICE_TYPE_host=1 -DACC_MEM_SHARED=1 -O2 (test for excess errors)
UNRESOLVED: libgomp.oacc-fortran/implicit-firstprivate-ref.f90 -DACC_DEVICE_TYPE_host=1 -DACC_MEM_SHARED=1 -O2 compilation failed to produce executable
FAIL: libgomp.oacc-fortran/kernels-acc-loop-reduction-2.f90 -DACC_DEVICE_TYPE_host=1 -DACC_MEM_SHARED=1 -O (test for excess errors)
UNRESOLVED: libgomp.oacc-fortran/kernels-acc-loop-reduction-2.f90 -DACC_DEVICE_TYPE_host=1 -DACC_MEM_SHARED=1 -O compilation failed to produce executable
FAIL: libgomp.oacc-fortran/kernels-acc-loop-reduction.f90 -DACC_DEVICE_TYPE_host=1 -DACC_MEM_SHARED=1 -O (test for excess errors)
UNRESOLVED: libgomp.oacc-fortran/kernels-acc-loop-reduction.f90 -DACC_DEVICE_TYPE_host=1 -DACC_MEM_SHARED=1 -O compilation failed to produce executable
FAIL: libgomp.oacc-fortran/kernels-collapse-3.f90 -DACC_DEVICE_TYPE_host=1 -DACC_MEM_SHARED=1 -O2 (test for excess errors)
UNRESOLVED: libgomp.oacc-fortran/kernels-collapse-3.f90 -DACC_DEVICE_TYPE_host=1 -DACC_MEM_SHARED=1 -O2 compilation failed to produce executable
FAIL: libgomp.oacc-fortran/kernels-collapse-4.f90 -DACC_DEVICE_TYPE_host=1 -DACC_MEM_SHARED=1 -O2 (test for excess errors)
UNRESOLVED: libgomp.oacc-fortran/kernels-collapse-4.f90 -DACC_DEVICE_TYPE_host=1 -DACC_MEM_SHARED=1 -O2 compilation failed to produce executable
FAIL: libgomp.oacc-fortran/kernels-independent.f90 -DACC_DEVICE_TYPE_host=1 -DACC_MEM_SHARED=1 -O2 (test for excess errors)
UNRESOLVED: libgomp.oacc-fortran/kernels-independent.f90 -DACC_DEVICE_TYPE_host=1 -DACC_MEM_SHARED=1 -O2 compilation failed to produce executable
FAIL: libgomp.oacc-fortran/kernels-loop-1.f90 -DACC_DEVICE_TYPE_host=1 -DACC_MEM_SHARED=1 -O2 (test for excess errors)
UNRESOLVED: libgomp.oacc-fortran/kernels-loop-1.f90 -DACC_DEVICE_TYPE_host=1 -DACC_MEM_SHARED=1 -O2 compilation failed to produce executable
FAIL: libgomp.oacc-fortran/kernels-loop-2.f95 -DACC_DEVICE_TYPE_host=1 -DACC_MEM_SHARED=1 -O2 (test for excess errors)
UNRESOLVED: libgomp.oacc-fortran/kernels-loop-2.f95 -DACC_DEVICE_TYPE_host=1 -DACC_MEM_SHARED=1 -O2 compilation failed to produce executable
FAIL: libgomp.oacc-fortran/kernels-loop-data-2.f95 -DACC_DEVICE_TYPE_host=1 -DACC_MEM_SHARED=1 -O2 (test for excess errors)
UNRESOLVED: libgomp.oacc-fortran/kernels-loop-data-2.f95 -DACC_DEVICE_TYPE_host=1 -DACC_MEM_SHARED=1 -O2 compilation failed to produce executable
FAIL: libgomp.oacc-fortran/kernels-loop-data-enter-exit-2.f95 -DACC_DEVICE_TYPE_host=1 -DACC_MEM_SHARED=1 -O2 (test for excess errors)
UNRESOLVED: libgomp.oacc-fortran/kernels-loop-data-enter-exit-2.f95 -DACC_DEVICE_TYPE_host=1 -DACC_MEM_SHARED=1 -O2 compilation failed to produce executable
FAIL: libgomp.oacc-fortran/kernels-loop-data-enter-exit.f95 -DACC_DEVICE_TYPE_host=1 -DACC_MEM_SHARED=1 -O2 (test for excess errors)
UNRESOLVED: libgomp.oacc-fortran/kernels-loop-data-enter-exit.f95 -DACC_DEVICE_TYPE_host=1 -DACC_MEM_SHARED=1 -O2 compilation failed to produce executable
FAIL: libgomp.oacc-fortran/kernels-loop-data-update.f95 -DACC_DEVICE_TYPE_host=1 -DACC_MEM_SHARED=1 -O2 (test for excess errors)
UNRESOLVED: libgomp.oacc-fortran/kernels-loop-data-update.f95 -DACC_DEVICE_TYPE_host=1 -DACC_MEM_SHARED=1 -O2 compilation failed to produce executable
FAIL: libgomp.oacc-fortran/kernels-loop-data.f95 -DACC_DEVICE_TYPE_host=1 -DACC_MEM_SHARED=1 -O2 (test for excess errors)
UNRESOLVED: libgomp.oacc-fortran/kernels-loop-data.f95 -DACC_DEVICE_TYPE_host=1 -DACC_MEM_SHARED=1 -O2 compilation failed to produce executable
FAIL: libgomp.oacc-fortran/kernels-loop.f95 -DACC_DEVICE_TYPE_host=1 -DACC_MEM_SHARED=1 -O2 (test for excess errors)
UNRESOLVED: libgomp.oacc-fortran/kernels-loop.f95 -DACC_DEVICE_TYPE_host=1 -DACC_MEM_SHARED=1 -O2 compilation failed to produce executable
FAIL: libgomp.oacc-fortran/kernels-map-1.f90 -DACC_DEVICE_TYPE_host=1 -DACC_MEM_SHARED=1 -O2 (test for excess errors)
UNRESOLVED: libgomp.oacc-fortran/kernels-map-1.f90 -DACC_DEVICE_TYPE_host=1 -DACC_MEM_SHARED=1 -O2 compilation failed to produce executable
FAIL: libgomp.oacc-fortran/kernels-parallel-loop-data-enter-exit.f95 -DACC_DEVICE_TYPE_host=1 -DACC_MEM_SHARED=1 -O2 (test for excess errors)
UNRESOLVED: libgomp.oacc-fortran/kernels-parallel-loop-data-enter-exit.f95 -DACC_DEVICE_TYPE_host=1 -DACC_MEM_SHARED=1 -O2 compilation failed to produce executable
FAIL: libgomp.oacc-fortran/kernels-private-vars-loop-gang-1.f90 -DACC_DEVICE_TYPE_host=1 -DACC_MEM_SHARED=1 -O2 (test for excess errors)
UNRESOLVED: libgomp.oacc-fortran/kernels-private-vars-loop-gang-1.f90 -DACC_DEVICE_TYPE_host=1 -DACC_MEM_SHARED=1 -O2 compilation failed to produce executable
FAIL: libgomp.oacc-fortran/kernels-private-vars-loop-gang-2.f90 -DACC_DEVICE_TYPE_host=1 -DACC_MEM_SHARED=1 -O2 (test for excess errors)
UNRESOLVED: libgomp.oacc-fortran/kernels-private-vars-loop-gang-2.f90 -DACC_DEVICE_TYPE_host=1 -DACC_MEM_SHARED=1 -O2 compilation failed to produce executable
FAIL: libgomp.oacc-fortran/kernels-private-vars-loop-gang-3.f90 -DACC_DEVICE_TYPE_host=1 -DACC_MEM_SHARED=1 -O2 (test for excess errors)
UNRESOLVED: libgomp.oacc-fortran/kernels-private-vars-loop-gang-3.f90 -DACC_DEVICE_TYPE_host=1 -DACC_MEM_SHARED=1 -O2 compilation failed to produce executable
FAIL: libgomp.oacc-fortran/kernels-private-vars-loop-gang-6.f90 -DACC_DEVICE_TYPE_host=1 -DACC_MEM_SHARED=1 -O2 (test for excess errors)
UNRESOLVED: libgomp.oacc-fortran/kernels-private-vars-loop-gang-6.f90 -DACC_DEVICE_TYPE_host=1 -DACC_MEM_SHARED=1 -O2 compilation failed to produce executable
FAIL: libgomp.oacc-fortran/kernels-private-vars-loop-vector-1.f90 -DACC_DEVICE_TYPE_host=1 -DACC_MEM_SHARED=1 -O2 (test for excess errors)
UNRESOLVED: libgomp.oacc-fortran/kernels-private-vars-loop-vector-1.f90 -DACC_DEVICE_TYPE_host=1 -DACC_MEM_SHARED=1 -O2 compilation failed to produce executable
FAIL: libgomp.oacc-fortran/kernels-private-vars-loop-vector-2.f90 -DACC_DEVICE_TYPE_host=1 -DACC_MEM_SHARED=1 -O2 (test for excess errors)
UNRESOLVED: libgomp.oacc-fortran/kernels-private-vars-loop-vector-2.f90 -DACC_DEVICE_TYPE_host=1 -DACC_MEM_SHARED=1 -O2 compilation failed to produce executable
FAIL: libgomp.oacc-fortran/kernels-private-vars-loop-worker-1.f90 -DACC_DEVICE_TYPE_host=1 -DACC_MEM_SHARED=1 -O2 (test for excess errors)
UNRESOLVED: libgomp.oacc-fortran/kernels-private-vars-loop-worker-1.f90 -DACC_DEVICE_TYPE_host=1 -DACC_MEM_SHARED=1 -O2 compilation failed to produce executable
FAIL: libgomp.oacc-fortran/kernels-private-vars-loop-worker-2.f90 -DACC_DEVICE_TYPE_host=1 -DACC_MEM_SHARED=1 -O2 (test for excess errors)
UNRESOLVED: libgomp.oacc-fortran/kernels-private-vars-loop-worker-2.f90 -DACC_DEVICE_TYPE_host=1 -DACC_MEM_SHARED=1 -O2 compilation failed to produce executable
FAIL: libgomp.oacc-fortran/kernels-private-vars-loop-worker-3.f90 -DACC_DEVICE_TYPE_host=1 -DACC_MEM_SHARED=1 -O2 (test for excess errors)
UNRESOLVED: libgomp.oacc-fortran/kernels-private-vars-loop-worker-3.f90 -DACC_DEVICE_TYPE_host=1 -DACC_MEM_SHARED=1 -O2 compilation failed to produce executable
FAIL: libgomp.oacc-fortran/kernels-private-vars-loop-worker-4.f90 -DACC_DEVICE_TYPE_host=1 -DACC_MEM_SHARED=1 -O2 (test for excess errors)
UNRESOLVED: libgomp.oacc-fortran/kernels-private-vars-loop-worker-4.f90 -DACC_DEVICE_TYPE_host=1 -DACC_MEM_SHARED=1 -O2 compilation failed to produce executable
FAIL: libgomp.oacc-fortran/kernels-private-vars-loop-worker-5.f90 -DACC_DEVICE_TYPE_host=1 -DACC_MEM_SHARED=1 -O2 (test for excess errors)
UNRESOLVED: libgomp.oacc-fortran/kernels-private-vars-loop-worker-5.f90 -DACC_DEVICE_TYPE_host=1 -DACC_MEM_SHARED=1 -O2 compilation failed to produce executable
FAIL: libgomp.oacc-fortran/kernels-private-vars-loop-worker-6.f90 -DACC_DEVICE_TYPE_host=1 -DACC_MEM_SHARED=1 -O2 (test for excess errors)
UNRESOLVED: libgomp.oacc-fortran/kernels-private-vars-loop-worker-6.f90 -DACC_DEVICE_TYPE_host=1 -DACC_MEM_SHARED=1 -O2 compilation failed to produce executable
FAIL: libgomp.oacc-fortran/kernels-private-vars-loop-worker-7.f90 -DACC_DEVICE_TYPE_host=1 -DACC_MEM_SHARED=1 -O2 (test for excess errors)
UNRESOLVED: libgomp.oacc-fortran/kernels-private-vars-loop-worker-7.f90 -DACC_DEVICE_TYPE_host=1 -DACC_MEM_SHARED=1 -O2 compilation failed to produce executable
FAIL: libgomp.oacc-fortran/kernels-reduction-1.f90 -DACC_DEVICE_TYPE_host=1 -DACC_MEM_SHARED=1 -O2 (test for excess errors)
UNRESOLVED: libgomp.oacc-fortran/kernels-reduction-1.f90 -DACC_DEVICE_TYPE_host=1 -DACC_MEM_SHARED=1 -O2 compilation failed to produce executable
FAIL: libgomp.oacc-fortran/lib-1.f90 -DACC_DEVICE_TYPE_host=1 -DACC_MEM_SHARED=1 -O (test for excess errors)
UNRESOLVED: libgomp.oacc-fortran/lib-1.f90 -DACC_DEVICE_TYPE_host=1 -DACC_MEM_SHARED=1 -O compilation failed to produce executable
FAIL: libgomp.oacc-fortran/lib-10.f90 -DACC_DEVICE_TYPE_host=1 -DACC_MEM_SHARED=1 -O2 (test for excess errors)
UNRESOLVED: libgomp.oacc-fortran/lib-10.f90 -DACC_DEVICE_TYPE_host=1 -DACC_MEM_SHARED=1 -O2 compilation failed to produce executable
FAIL: libgomp.oacc-fortran/lib-12.f90 -DACC_DEVICE_TYPE_host=1 -DACC_MEM_SHARED=1 -O2 (test for excess errors)
UNRESOLVED: libgomp.oacc-fortran/lib-12.f90 -DACC_DEVICE_TYPE_host=1 -DACC_MEM_SHARED=1 -O2 compilation failed to produce executable
FAIL: libgomp.oacc-fortran/lib-13.f90 -DACC_DEVICE_TYPE_host=1 -DACC_MEM_SHARED=1 -O2 (test for excess errors)
UNRESOLVED: libgomp.oacc-fortran/lib-13.f90 -DACC_DEVICE_TYPE_host=1 -DACC_MEM_SHARED=1 -O2 compilation failed to produce executable
FAIL: libgomp.oacc-fortran/lib-2.f -DACC_DEVICE_TYPE_host=1 -DACC_MEM_SHARED=1 -O (test for excess errors)
UNRESOLVED: libgomp.oacc-fortran/lib-2.f -DACC_DEVICE_TYPE_host=1 -DACC_MEM_SHARED=1 -O compilation failed to produce executable
FAIL: libgomp.oacc-fortran/lib-3.f -DACC_DEVICE_TYPE_host=1 -DACC_MEM_SHARED=1 -O (test for excess errors)
UNRESOLVED: libgomp.oacc-fortran/lib-3.f -DACC_DEVICE_TYPE_host=1 -DACC_MEM_SHARED=1 -O compilation failed to produce executable
FAIL: libgomp.oacc-fortran/lib-32-1.f -DACC_DEVICE_TYPE_host=1 -DACC_MEM_SHARED=1 -O2 (test for excess errors)
UNRESOLVED: libgomp.oacc-fortran/lib-32-1.f -DACC_DEVICE_TYPE_host=1 -DACC_MEM_SHARED=1 -O2 compilation failed to produce executable
FAIL: libgomp.oacc-fortran/lib-32-2.f -DACC_DEVICE_TYPE_host=1 -DACC_MEM_SHARED=1 -O2 (test for excess errors)
UNRESOLVED: libgomp.oacc-fortran/lib-32-2.f -DACC_DEVICE_TYPE_host=1 -DACC_MEM_SHARED=1 -O2 compilation failed to produce executable
FAIL: libgomp.oacc-fortran/lib-4.f90 -DACC_DEVICE_TYPE_host=1 -DACC_MEM_SHARED=1 -O2 (test for excess errors)
UNRESOLVED: libgomp.oacc-fortran/lib-4.f90 -DACC_DEVICE_TYPE_host=1 -DACC_MEM_SHARED=1 -O2 compilation failed to produce executable
FAIL: libgomp.oacc-fortran/lib-5.f90 -DACC_DEVICE_TYPE_host=1 -DACC_MEM_SHARED=1 -O2 (test for excess errors)
UNRESOLVED: libgomp.oacc-fortran/lib-5.f90 -DACC_DEVICE_TYPE_host=1 -DACC_MEM_SHARED=1 -O2 compilation failed to produce executable
FAIL: libgomp.oacc-fortran/lib-6.f90 -DACC_DEVICE_TYPE_host=1 -DACC_MEM_SHARED=1 -O2 (test for excess errors)
UNRESOLVED: libgomp.oacc-fortran/lib-6.f90 -DACC_DEVICE_TYPE_host=1 -DACC_MEM_SHARED=1 -O2 compilation failed to produce executable
FAIL: libgomp.oacc-fortran/lib-7.f90 -DACC_DEVICE_TYPE_host=1 -DACC_MEM_SHARED=1 -O2 (test for excess errors)
UNRESOLVED: libgomp.oacc-fortran/lib-7.f90 -DACC_DEVICE_TYPE_host=1 -DACC_MEM_SHARED=1 -O2 compilation failed to produce executable
FAIL: libgomp.oacc-fortran/lib-8.f90 -DACC_DEVICE_TYPE_host=1 -DACC_MEM_SHARED=1 -O2 (test for excess errors)
UNRESOLVED: libgomp.oacc-fortran/lib-8.f90 -DACC_DEVICE_TYPE_host=1 -DACC_MEM_SHARED=1 -O2 compilation failed to produce executable
FAIL: libgomp.oacc-fortran/map-1.f90 -DACC_DEVICE_TYPE_host=1 -DACC_MEM_SHARED=1 -O (test for excess errors)
UNRESOLVED: libgomp.oacc-fortran/map-1.f90 -DACC_DEVICE_TYPE_host=1 -DACC_MEM_SHARED=1 -O compilation failed to produce executable
FAIL: libgomp.oacc-fortran/nested-function-1.f90 -DACC_DEVICE_TYPE_host=1 -DACC_MEM_SHARED=1 -O2 (test for excess errors)
UNRESOLVED: libgomp.oacc-fortran/nested-function-1.f90 -DACC_DEVICE_TYPE_host=1 -DACC_MEM_SHARED=1 -O2 compilation failed to produce executable
FAIL: libgomp.oacc-fortran/nested-function-2.f90 -DACC_DEVICE_TYPE_host=1 -DACC_MEM_SHARED=1 -O2 (test for excess errors)
UNRESOLVED: libgomp.oacc-fortran/nested-function-2.f90 -DACC_DEVICE_TYPE_host=1 -DACC_MEM_SHARED=1 -O2 compilation failed to produce executable
FAIL: libgomp.oacc-fortran/nested-function-3.f90 -DACC_DEVICE_TYPE_host=1 -DACC_MEM_SHARED=1 -O2 (test for excess errors)
UNRESOLVED: libgomp.oacc-fortran/nested-function-3.f90 -DACC_DEVICE_TYPE_host=1 -DACC_MEM_SHARED=1 -O2 compilation failed to produce executable
FAIL: libgomp.oacc-fortran/non-scalar-data.f90 -DACC_DEVICE_TYPE_host=1 -DACC_MEM_SHARED=1 -O2 (test for excess errors)
UNRESOLVED: libgomp.oacc-fortran/non-scalar-data.f90 -DACC_DEVICE_TYPE_host=1 -DACC_MEM_SHARED=1 -O2 compilation failed to produce executable
FAIL: libgomp.oacc-fortran/openacc_version-1.f -DACC_DEVICE_TYPE_host=1 -DACC_MEM_SHARED=1 -O2 (test for excess errors)
UNRESOLVED: libgomp.oacc-fortran/openacc_version-1.f -DACC_DEVICE_TYPE_host=1 -DACC_MEM_SHARED=1 -O2 compilation failed to produce executable
FAIL: libgomp.oacc-fortran/openacc_version-2.f90 -DACC_DEVICE_TYPE_host=1 -DACC_MEM_SHARED=1 -O2 (test for excess errors)
UNRESOLVED: libgomp.oacc-fortran/openacc_version-2.f90 -DACC_DEVICE_TYPE_host=1 -DACC_MEM_SHARED=1 -O2 compilation failed to produce executable
FAIL: libgomp.oacc-fortran/par-reduction-2-1.f -DACC_DEVICE_TYPE_host=1 -DACC_MEM_SHARED=1 -O2 (test for excess errors)
UNRESOLVED: libgomp.oacc-fortran/par-reduction-2-1.f -DACC_DEVICE_TYPE_host=1 -DACC_MEM_SHARED=1 -O2 compilation failed to produce executable
FAIL: libgomp.oacc-fortran/par-reduction-2-2.f -DACC_DEVICE_TYPE_host=1 -DACC_MEM_SHARED=1 -O2 (test for excess errors)
UNRESOLVED: libgomp.oacc-fortran/par-reduction-2-2.f -DACC_DEVICE_TYPE_host=1 -DACC_MEM_SHARED=1 -O2 compilation failed to produce executable
FAIL: libgomp.oacc-fortran/parallel-loop-1.f90 -DACC_DEVICE_TYPE_host=1 -DACC_MEM_SHARED=1 -O2 (test for excess errors)
UNRESOLVED: libgomp.oacc-fortran/parallel-loop-1.f90 -DACC_DEVICE_TYPE_host=1 -DACC_MEM_SHARED=1 -O2 compilation failed to produce executable
FAIL: libgomp.oacc-fortran/parallel-reduction.f90 -DACC_DEVICE_TYPE_host=1 -DACC_MEM_SHARED=1 -O2 (test for excess errors)
UNRESOLVED: libgomp.oacc-fortran/parallel-reduction.f90 -DACC_DEVICE_TYPE_host=1 -DACC_MEM_SHARED=1 -O2 compilation failed to produce executable
FAIL: libgomp.oacc-fortran/pointer-align-1.f90 -DACC_DEVICE_TYPE_host=1 -DACC_MEM_SHARED=1 -O (test for excess errors)
UNRESOLVED: libgomp.oacc-fortran/pointer-align-1.f90 -DACC_DEVICE_TYPE_host=1 -DACC_MEM_SHARED=1 -O compilation failed to produce executable
FAIL: libgomp.oacc-fortran/pr68813.f90 -DACC_DEVICE_TYPE_host=1 -DACC_MEM_SHARED=1 -O (test for excess errors)
UNRESOLVED: libgomp.oacc-fortran/pr68813.f90 -DACC_DEVICE_TYPE_host=1 -DACC_MEM_SHARED=1 -O compilation failed to produce executable
FAIL: libgomp.oacc-fortran/pr70289.f90 -DACC_DEVICE_TYPE_host=1 -DACC_MEM_SHARED=1 -O (test for excess errors)
UNRESOLVED: libgomp.oacc-fortran/pr70289.f90 -DACC_DEVICE_TYPE_host=1 -DACC_MEM_SHARED=1 -O compilation failed to produce executable
FAIL: libgomp.oacc-fortran/pr70643.f90 -DACC_DEVICE_TYPE_host=1 -DACC_MEM_SHARED=1 -O (test for excess errors)
UNRESOLVED: libgomp.oacc-fortran/pr70643.f90 -DACC_DEVICE_TYPE_host=1 -DACC_MEM_SHARED=1 -O compilation failed to produce executable
FAIL: libgomp.oacc-fortran/pr81352.f90 -DACC_DEVICE_TYPE_host=1 -DACC_MEM_SHARED=1 -O2 (test for excess errors)
UNRESOLVED: libgomp.oacc-fortran/pr81352.f90 -DACC_DEVICE_TYPE_host=1 -DACC_MEM_SHARED=1 -O2 compilation failed to produce executable
FAIL: libgomp.oacc-fortran/pr83920.f90 -DACC_DEVICE_TYPE_host=1 -DACC_MEM_SHARED=1 -O2 (test for excess errors)
UNRESOLVED: libgomp.oacc-fortran/pr83920.f90 -DACC_DEVICE_TYPE_host=1 -DACC_MEM_SHARED=1 -O2 compilation failed to produce executable
FAIL: libgomp.oacc-fortran/pr84028.f90 -DACC_DEVICE_TYPE_host=1 -DACC_MEM_SHARED=1 -O2 (test for excess errors)
UNRESOLVED: libgomp.oacc-fortran/pr84028.f90 -DACC_DEVICE_TYPE_host=1 -DACC_MEM_SHARED=1 -O2 compilation failed to produce executable
FAIL: libgomp.oacc-fortran/pr84955.f90 -DACC_DEVICE_TYPE_host=1 -DACC_MEM_SHARED=1 -O (test for excess errors)
FAIL: libgomp.oacc-fortran/private-variables.f90 -DACC_DEVICE_TYPE_host=1 -DACC_MEM_SHARED=1 -O2 (test for excess errors)
UNRESOLVED: libgomp.oacc-fortran/private-variables.f90 -DACC_DEVICE_TYPE_host=1 -DACC_MEM_SHARED=1 -O2 compilation failed to produce executable
FAIL: libgomp.oacc-fortran/pset-1.f90 -DACC_DEVICE_TYPE_host=1 -DACC_MEM_SHARED=1 -O2 (test for excess errors)
UNRESOLVED: libgomp.oacc-fortran/pset-1.f90 -DACC_DEVICE_TYPE_host=1 -DACC_MEM_SHARED=1 -O2 compilation failed to produce executable
FAIL: libgomp.oacc-fortran/reduction-1.f90 -DACC_DEVICE_TYPE_host=1 -DACC_MEM_SHARED=1 -O2 (test for excess errors)
UNRESOLVED: libgomp.oacc-fortran/reduction-1.f90 -DACC_DEVICE_TYPE_host=1 -DACC_MEM_SHARED=1 -O2 compilation failed to produce executable
FAIL: libgomp.oacc-fortran/reduction-2.f90 -DACC_DEVICE_TYPE_host=1 -DACC_MEM_SHARED=1 -O2 (test for excess errors)
UNRESOLVED: libgomp.oacc-fortran/reduction-2.f90 -DACC_DEVICE_TYPE_host=1 -DACC_MEM_SHARED=1 -O2 compilation failed to produce executable
FAIL: libgomp.oacc-fortran/reduction-3.f90 -DACC_DEVICE_TYPE_host=1 -DACC_MEM_SHARED=1 -O2 (test for excess errors)
UNRESOLVED: libgomp.oacc-fortran/reduction-3.f90 -DACC_DEVICE_TYPE_host=1 -DACC_MEM_SHARED=1 -O2 compilation failed to produce executable
FAIL: libgomp.oacc-fortran/reduction-4.f90 -DACC_DEVICE_TYPE_host=1 -DACC_MEM_SHARED=1 -O2 (test for excess errors)
UNRESOLVED: libgomp.oacc-fortran/reduction-4.f90 -DACC_DEVICE_TYPE_host=1 -DACC_MEM_SHARED=1 -O2 compilation failed to produce executable
FAIL: libgomp.oacc-fortran/reduction-5.f90 -DACC_DEVICE_TYPE_host=1 -DACC_MEM_SHARED=1 -O2 (test for excess errors)
UNRESOLVED: libgomp.oacc-fortran/reduction-5.f90 -DACC_DEVICE_TYPE_host=1 -DACC_MEM_SHARED=1 -O2 compilation failed to produce executable
FAIL: libgomp.oacc-fortran/reduction-6.f90 -DACC_DEVICE_TYPE_host=1 -DACC_MEM_SHARED=1 -O2 (test for excess errors)
UNRESOLVED: libgomp.oacc-fortran/reduction-6.f90 -DACC_DEVICE_TYPE_host=1 -DACC_MEM_SHARED=1 -O2 compilation failed to produce executable
FAIL: libgomp.oacc-fortran/reduction-7.f90 -DACC_DEVICE_TYPE_host=1 -DACC_MEM_SHARED=1 -O2 (test for excess errors)
UNRESOLVED: libgomp.oacc-fortran/reduction-7.f90 -DACC_DEVICE_TYPE_host=1 -DACC_MEM_SHARED=1 -O2 compilation failed to produce executable
FAIL: libgomp.oacc-fortran/reduction-8.f90 -DACC_DEVICE_TYPE_host=1 -DACC_MEM_SHARED=1 -O2 (test for excess errors)
UNRESOLVED: libgomp.oacc-fortran/reduction-8.f90 -DACC_DEVICE_TYPE_host=1 -DACC_MEM_SHARED=1 -O2 compilation failed to produce executable
FAIL: libgomp.oacc-fortran/reference-reductions.f90 -DACC_DEVICE_TYPE_host=1 -DACC_MEM_SHARED=1 -O2 (test for excess errors)
UNRESOLVED: libgomp.oacc-fortran/reference-reductions.f90 -DACC_DEVICE_TYPE_host=1 -DACC_MEM_SHARED=1 -O2 compilation failed to produce executable
FAIL: libgomp.oacc-fortran/routine-1.f90 -DACC_DEVICE_TYPE_host=1 -DACC_MEM_SHARED=1 -O2 (test for excess errors)
UNRESOLVED: libgomp.oacc-fortran/routine-1.f90 -DACC_DEVICE_TYPE_host=1 -DACC_MEM_SHARED=1 -O2 compilation failed to produce executable
FAIL: libgomp.oacc-fortran/routine-2.f90 -DACC_DEVICE_TYPE_host=1 -DACC_MEM_SHARED=1 -O2 (test for excess errors)
UNRESOLVED: libgomp.oacc-fortran/routine-2.f90 -DACC_DEVICE_TYPE_host=1 -DACC_MEM_SHARED=1 -O2 compilation failed to produce executable
FAIL: libgomp.oacc-fortran/routine-3.f90 -DACC_DEVICE_TYPE_host=1 -DACC_MEM_SHARED=1 -O2 (test for excess errors)
UNRESOLVED: libgomp.oacc-fortran/routine-3.f90 -DACC_DEVICE_TYPE_host=1 -DACC_MEM_SHARED=1 -O2 compilation failed to produce executable
FAIL: libgomp.oacc-fortran/routine-4.f90 -DACC_DEVICE_TYPE_host=1 -DACC_MEM_SHARED=1 -O2 (test for excess errors)
UNRESOLVED: libgomp.oacc-fortran/routine-4.f90 -DACC_DEVICE_TYPE_host=1 -DACC_MEM_SHARED=1 -O2 compilation failed to produce executable
FAIL: libgomp.oacc-fortran/routine-5.f90 -DACC_DEVICE_TYPE_host=1 -DACC_MEM_SHARED=1 -O2 (test for excess errors)
UNRESOLVED: libgomp.oacc-fortran/routine-5.f90 -DACC_DEVICE_TYPE_host=1 -DACC_MEM_SHARED=1 -O2 compilation failed to produce executable
FAIL: libgomp.oacc-fortran/routine-7.f90 -DACC_DEVICE_TYPE_host=1 -DACC_MEM_SHARED=1 -O2 (test for excess errors)
UNRESOLVED: libgomp.oacc-fortran/routine-7.f90 -DACC_DEVICE_TYPE_host=1 -DACC_MEM_SHARED=1 -O2 compilation failed to produce executable
FAIL: libgomp.oacc-fortran/routine-9.f90 -DACC_DEVICE_TYPE_host=1 -DACC_MEM_SHARED=1 -O2 (test for excess errors)
UNRESOLVED: libgomp.oacc-fortran/routine-9.f90 -DACC_DEVICE_TYPE_host=1 -DACC_MEM_SHARED=1 -O2 compilation failed to produce executable
FAIL: libgomp.oacc-fortran/stop-1.f -DACC_DEVICE_TYPE_host=1 -DACC_MEM_SHARED=1 -O2 (test for excess errors)
UNRESOLVED: libgomp.oacc-fortran/stop-1.f -DACC_DEVICE_TYPE_host=1 -DACC_MEM_SHARED=1 -O2 compilation failed to produce executable
FAIL: libgomp.oacc-fortran/stop-2.f -DACC_DEVICE_TYPE_host=1 -DACC_MEM_SHARED=1 -O2 (test for excess errors)
UNRESOLVED: libgomp.oacc-fortran/stop-2.f -DACC_DEVICE_TYPE_host=1 -DACC_MEM_SHARED=1 -O2 compilation failed to produce executable
FAIL: libgomp.oacc-fortran/stop-3.f -DACC_DEVICE_TYPE_host=1 -DACC_MEM_SHARED=1 -O2 (test for excess errors)
UNRESOLVED: libgomp.oacc-fortran/stop-3.f -DACC_DEVICE_TYPE_host=1 -DACC_MEM_SHARED=1 -O2 compilation failed to produce executable
FAIL: libgomp.oacc-fortran/subarrays-1.f90 -DACC_DEVICE_TYPE_host=1 -DACC_MEM_SHARED=1 -O (test for excess errors)
UNRESOLVED: libgomp.oacc-fortran/subarrays-1.f90 -DACC_DEVICE_TYPE_host=1 -DACC_MEM_SHARED=1 -O compilation failed to produce executable
FAIL: libgomp.oacc-fortran/subarrays-2.f90 -DACC_DEVICE_TYPE_host=1 -DACC_MEM_SHARED=1 -O (test for excess errors)
UNRESOLVED: libgomp.oacc-fortran/subarrays-2.f90 -DACC_DEVICE_TYPE_host=1 -DACC_MEM_SHARED=1 -O compilation failed to produce executable
FAIL: libgomp.oacc-fortran/vector-routine.f90 -DACC_DEVICE_TYPE_host=1 -DACC_MEM_SHARED=1 -O2 (test for excess errors)
UNRESOLVED: libgomp.oacc-fortran/vector-routine.f90 -DACC_DEVICE_TYPE_host=1 -DACC_MEM_SHARED=1 -O2 compilation failed to produce executable
=== libgomp Summary for unix/-m64 ===
# of expected passes 4929
# of unexpected failures 130
# of expected failures 4
# of unresolved testcases 129
# of unsupported tests 363
=== libgomp Summary ===
# of expected passes 11277
# of unexpected failures 131
# of expected failures 8
# of unresolved testcases 129
# of unsupported tests 787
=== libitm tests ===
Running target unix
=== libitm Summary for unix ===
# of expected passes 42
# of expected failures 3
# of unsupported tests 1
Running target unix/-m64
=== libitm Summary for unix/-m64 ===
# of expected passes 42
# of expected failures 3
# of unsupported tests 1
=== libitm Summary ===
# of expected passes 84
# of expected failures 6
# of unsupported tests 2
=== libstdc++ tests ===
Running target unix
FAIL: 17_intro/headers/c++2011/charset.cc (test for excess errors)
FAIL: experimental/net/internet/resolver/ops/lookup.cc execution test
=== libstdc++ Summary for unix ===
# of expected passes 11812
# of unexpected failures 2
# of expected failures 77
# of unsupported tests 664
Running target unix/-m64
WARNING: 23_containers/unordered_multiset/cons/deduction.cc (test for excess errors) program timed out.
FAIL: 23_containers/unordered_multiset/cons/deduction.cc (test for excess errors)
WARNING: 23_containers/unordered_multiset/operations/contains.cc (test for excess errors) program timed out.
FAIL: 23_containers/unordered_multiset/operations/contains.cc (test for excess errors)
UNRESOLVED: 23_containers/unordered_multiset/operations/contains.cc compilation failed to produce executable
WARNING: 23_containers/unordered_multiset/requirements/exception/generation_prohibited.cc (test for excess errors) program timed out.
FAIL: 23_containers/unordered_multiset/requirements/exception/generation_prohibited.cc (test for excess errors)
UNRESOLVED: 23_containers/unordered_multiset/requirements/exception/generation_prohibited.cc compilation failed to produce executable
WARNING: 23_containers/unordered_set/modifiers/extract.cc (test for excess errors) program timed out.
FAIL: 23_containers/unordered_set/modifiers/extract.cc (test for excess errors)
UNRESOLVED: 23_containers/unordered_set/modifiers/extract.cc compilation failed to produce executable
WARNING: 23_containers/unordered_set/requirements/exception/generation_prohibited.cc (test for excess errors) program timed out.
FAIL: 23_containers/unordered_set/requirements/exception/generation_prohibited.cc (test for excess errors)
UNRESOLVED: 23_containers/unordered_set/requirements/exception/generation_prohibited.cc compilation failed to produce executable
WARNING: 23_containers/vector/allocator/default_init.cc (test for excess errors) program timed out.
FAIL: 23_containers/vector/allocator/default_init.cc (test for excess errors)
UNRESOLVED: 23_containers/vector/allocator/default_init.cc compilation failed to produce executable
WARNING: 23_containers/vector/bool/allocator/default_init.cc (test for excess errors) program timed out.
FAIL: 23_containers/vector/bool/allocator/default_init.cc (test for excess errors)
UNRESOLVED: 23_containers/vector/bool/allocator/default_init.cc compilation failed to produce executable
WARNING: 23_containers/vector/capacity/44190.cc (test for excess errors) program timed out.
FAIL: 23_containers/vector/capacity/44190.cc (test for excess errors)
UNRESOLVED: 23_containers/vector/capacity/44190.cc compilation failed to produce executable
WARNING: 23_containers/vector/cons/2.cc (test for excess errors) program timed out.
FAIL: 23_containers/vector/cons/2.cc (test for excess errors)
UNRESOLVED: 23_containers/vector/cons/2.cc compilation failed to produce executable
WARNING: 23_containers/vector/debug/invalidation/1.cc (test for excess errors) program timed out.
FAIL: 23_containers/vector/debug/invalidation/1.cc (test for excess errors)
UNRESOLVED: 23_containers/vector/debug/invalidation/1.cc compilation failed to produce executable
WARNING: 23_containers/vector/debug/invalidation/4.cc (test for excess errors) program timed out.
FAIL: 23_containers/vector/debug/invalidation/4.cc (test for excess errors)
UNRESOLVED: 23_containers/vector/debug/invalidation/4.cc compilation failed to produce executable
WARNING: 23_containers/vector/debug_mode_requires_reallocation-2.cc (test for excess errors) program timed out.
FAIL: 23_containers/vector/debug_mode_requires_reallocation-2.cc (test for excess errors)
UNRESOLVED: 23_containers/vector/debug_mode_requires_reallocation-2.cc compilation failed to produce executable
WARNING: 23_containers/vector/ext_pointer/explicit_instantiation/1.cc (test for excess errors) program timed out.
FAIL: 23_containers/vector/ext_pointer/explicit_instantiation/1.cc (test for excess errors)
WARNING: 23_containers/vector/ext_pointer/explicit_instantiation/2.cc (test for excess errors) program timed out.
FAIL: 23_containers/vector/ext_pointer/explicit_instantiation/2.cc (test for excess errors)
WARNING: 23_containers/vector/ext_pointer/explicit_instantiation/3.cc (test for excess errors) program timed out.
FAIL: 23_containers/vector/ext_pointer/explicit_instantiation/3.cc (test for excess errors)
WARNING: 23_containers/vector/modifiers/push_back/89130.cc (test for excess errors) program timed out.
FAIL: 23_containers/vector/modifiers/push_back/89130.cc (test for excess errors)
WARNING: 23_containers/vector/pmr_typedefs.cc (test for excess errors) program timed out.
FAIL: 23_containers/vector/pmr_typedefs.cc (test for excess errors)
WARNING: 24_iterators/headers/iterator/range_access_c++11.cc (test for excess errors) program timed out.
FAIL: 24_iterators/headers/iterator/range_access_c++11.cc (test for excess errors)
WARNING: 24_iterators/headers/iterator/range_access_c++17.cc (test for excess errors) program timed out.
FAIL: 24_iterators/headers/iterator/range_access_c++17.cc (test for excess errors)
WARNING: 24_iterators/operations/lwg2353.cc (test for excess errors) program timed out.
FAIL: 24_iterators/operations/lwg2353.cc (test for excess errors)
UNRESOLVED: 24_iterators/operations/lwg2353.cc compilation failed to produce executable
WARNING: 24_iterators/range_access_cpp17.cc (test for excess errors) program timed out.
FAIL: 24_iterators/range_access_cpp17.cc (test for excess errors)
WARNING: 25_algorithms/binary_search/partitioned.cc (test for excess errors) program timed out.
FAIL: 25_algorithms/binary_search/partitioned.cc (test for excess errors)
UNRESOLVED: 25_algorithms/binary_search/partitioned.cc compilation failed to produce executable
WARNING: 25_algorithms/clamp/constexpr.cc (test for excess errors) program timed out.
FAIL: 25_algorithms/clamp/constexpr.cc (test for excess errors)
WARNING: 25_algorithms/clamp/requirements/explicit_instantiation/1.cc (test for excess errors) program timed out.
FAIL: 25_algorithms/clamp/requirements/explicit_instantiation/1.cc (test for excess errors)
WARNING: 25_algorithms/copy/86658.cc (test for excess errors) program timed out.
FAIL: 25_algorithms/copy/86658.cc (test for excess errors)
UNRESOLVED: 25_algorithms/copy/86658.cc compilation failed to produce executable
WARNING: 25_algorithms/sample/1.cc (test for excess errors) program timed out.
FAIL: 25_algorithms/sample/1.cc (test for excess errors)
UNRESOLVED: 25_algorithms/sample/1.cc compilation failed to produce executable
WARNING: 25_algorithms/sample/2.cc (test for excess errors) program timed out.
FAIL: 25_algorithms/sample/2.cc (test for excess errors)
UNRESOLVED: 25_algorithms/sample/2.cc compilation failed to produce executable
WARNING: 25_algorithms/upper_bound/partitioned.cc (test for excess errors) program timed out.
FAIL: 25_algorithms/upper_bound/partitioned.cc (test for excess errors)
UNRESOLVED: 25_algorithms/upper_bound/partitioned.cc compilation failed to produce executable
WARNING: 26_numerics/accumulate/lwg2055.cc (test for excess errors) program timed out.
FAIL: 26_numerics/accumulate/lwg2055.cc (test for excess errors)
UNRESOLVED: 26_numerics/accumulate/lwg2055.cc compilation failed to produce executable
WARNING: 26_numerics/complex/inserters_extractors/wchar_t/1.cc (test for excess errors) program timed out.
FAIL: 26_numerics/complex/inserters_extractors/wchar_t/1.cc (test for excess errors)
UNRESOLVED: 26_numerics/complex/inserters_extractors/wchar_t/1.cc compilation failed to produce executable
WARNING: 26_numerics/complex/literals/types.cc (test for excess errors) program timed out.
FAIL: 26_numerics/complex/literals/types.cc (test for excess errors)
WARNING: 26_numerics/complex/value_operations/more_constexpr.cc (test for excess errors) program timed out.
FAIL: 26_numerics/complex/value_operations/more_constexpr.cc (test for excess errors)
WARNING: 26_numerics/complex/value_operations/pr88341.cc (test for excess errors) program timed out.
FAIL: 26_numerics/complex/value_operations/pr88341.cc (test for excess errors)
WARNING: 26_numerics/headers/cmath/hypot.cc (test for excess errors) program timed out.
FAIL: 26_numerics/headers/cmath/hypot.cc (test for excess errors)
UNRESOLVED: 26_numerics/headers/cmath/hypot.cc compilation failed to produce executable
WARNING: 26_numerics/inner_product/lwg2055.cc (test for excess errors) program timed out.
FAIL: 26_numerics/inner_product/lwg2055.cc (test for excess errors)
UNRESOLVED: 26_numerics/inner_product/lwg2055.cc compilation failed to produce executable
WARNING: 26_numerics/random/chi_squared_distribution/operators/serialize.cc (test for excess errors) program timed out.
FAIL: 26_numerics/random/chi_squared_distribution/operators/serialize.cc (test for excess errors)
ERROR: child process exited abnormally
ERROR: child process exited abnormally
ERROR: child process exited abnormally
ERROR: child process exited abnormally
ERROR: child process exited abnormally
ERROR: child process exited abnormally
ERROR: child process exited abnormally
ERROR: child process exited abnormally
ERROR: child process exited abnormally
ERROR: child process exited abnormally
ERROR: child process exited abnormally
FAIL: experimental/net/internet/resolver/ops/lookup.cc execution test
WARNING: tcl error sourcing /vol/gcc/src/hg/trunk/local/libstdc++-v3/testsuite/libstdc++-dg/conformance.exp. program timed out.
ERROR: tcl error sourcing /vol/gcc/src/hg/trunk/local/libstdc++-v3/testsuite/libstdc++-dg/conformance.exp.
WARNING: tcl error sourcing /vol/gcc/src/hg/trunk/local/libstdc++-v3/testsuite/libstdc++-dg/conformance.exp. program timed out.
ERROR: tcl error sourcing /vol/gcc/src/hg/trunk/local/libstdc++-v3/testsuite/libstdc++-dg/conformance.exp.
WARNING: tcl error sourcing /vol/gcc/src/hg/trunk/local/libstdc++-v3/testsuite/libstdc++-dg/conformance.exp. program timed out.
ERROR: tcl error sourcing /vol/gcc/src/hg/trunk/local/libstdc++-v3/testsuite/libstdc++-dg/conformance.exp.
WARNING: tcl error sourcing /vol/gcc/src/hg/trunk/local/libstdc++-v3/testsuite/libstdc++-dg/conformance.exp. program timed out.
ERROR: tcl error sourcing /vol/gcc/src/hg/trunk/local/libstdc++-v3/testsuite/libstdc++-dg/conformance.exp.
WARNING: tcl error sourcing /vol/gcc/src/hg/trunk/local/libstdc++-v3/testsuite/libstdc++-dg/conformance.exp. program timed out.
ERROR: tcl error sourcing /vol/gcc/src/hg/trunk/local/libstdc++-v3/testsuite/libstdc++-dg/conformance.exp.
WARNING: tcl error sourcing /vol/gcc/src/hg/trunk/local/libstdc++-v3/testsuite/libstdc++-dg/conformance.exp. program timed out.
ERROR: tcl error sourcing /vol/gcc/src/hg/trunk/local/libstdc++-v3/testsuite/libstdc++-dg/conformance.exp.
WARNING: tcl error sourcing /vol/gcc/src/hg/trunk/local/libstdc++-v3/testsuite/libstdc++-dg/conformance.exp. program timed out.
ERROR: tcl error sourcing /vol/gcc/src/hg/trunk/local/libstdc++-v3/testsuite/libstdc++-dg/conformance.exp.
WARNING: tcl error sourcing /vol/gcc/src/hg/trunk/local/libstdc++-v3/testsuite/libstdc++-dg/conformance.exp. program timed out.
ERROR: tcl error sourcing /vol/gcc/src/hg/trunk/local/libstdc++-v3/testsuite/libstdc++-dg/conformance.exp.
WARNING: tcl error sourcing /vol/gcc/src/hg/trunk/local/libstdc++-v3/testsuite/libstdc++-dg/conformance.exp. program timed out.
ERROR: tcl error sourcing /vol/gcc/src/hg/trunk/local/libstdc++-v3/testsuite/libstdc++-dg/conformance.exp.
WARNING: tcl error sourcing /vol/gcc/src/hg/trunk/local/libstdc++-v3/testsuite/libstdc++-dg/conformance.exp. program timed out.
ERROR: tcl error sourcing /vol/gcc/src/hg/trunk/local/libstdc++-v3/testsuite/libstdc++-dg/conformance.exp.
WARNING: tcl error sourcing /vol/gcc/src/hg/trunk/local/libstdc++-v3/testsuite/libstdc++-dg/conformance.exp. program timed out.
ERROR: tcl error sourcing /vol/gcc/src/hg/trunk/local/libstdc++-v3/testsuite/libstdc++-dg/conformance.exp.
=== libstdc++ Summary for unix/-m64 ===
# of expected passes 11637
# of unexpected failures 37
# of expected failures 73
# of unresolved testcases 21
# of unsupported tests 683
=== libstdc++ Summary ===
# of expected passes 23449
# of unexpected failures 39
# of expected failures 150
# of unresolved testcases 21
# of unsupported tests 1347
Compiler version: 9.0.1 20190208 (experimental) [trunk revision 268666] (GCC)
Platform: sparc-sun-solaris2.11
configure flags: --prefix=/vol/gcc --target=sparc-sun-solaris2.11 --enable-objc-gc --with-target-bdw-gc-include=/vol/gcc/include --with-target-bdw-gc-lib=/vol/gcc/lib,sparcv9=/vol/gcc/lib/sparcv9 --with-as=/usr/ccs/bin/as --without-gnu-as --with-gmp-include=/vol/gcc/include --with-gmp-lib=/vol/gcc/lib --with-mpfr-include=/vol/gcc/include --with-mpfr-lib=/vol/gcc/lib --with-mpc-include=/vol/gcc/include --with-mpc-lib=/vol/gcc/lib --enable-languages=all,ada,obj-c++,go --with-isl-include=/vol/gcc/include --with-isl-lib=/vol/gcc/lib --build=sparc-sun-solaris2.11 --host=sparc-sun-solaris2.11
BOOT_CFLAGS=-g -O2