This is the mail archive of the
gcc-testresults@gcc.gnu.org
mailing list for the GCC project.
Results for 8.2.0 (GCC) testsuite on sparc-unknown-linux-gnu
- From: Aaro Koskinen <aaro dot koskinen at iki dot fi>
- To: gcc-testresults at gcc dot gnu dot org
- Date: Wed, 30 Jan 2019 19:27:30 +0200
- Subject: Results for 8.2.0 (GCC) testsuite on sparc-unknown-linux-gnu
-- Build environment ----------------------------------------------------------
Distro: los.git rootfs=919f1 native=919f1
Kernel: Linux 4.20.0-ultra-los_919f1
Memory: 507592 kB
CPU: cpu : TI UltraSparc IIi (Sabre)
fpu : UltraSparc IIi integrated FPU
pmu : ultra12
prom : OBP 3.31.0 2001/07/25 20:36
type : sun4u
ncpus probed : 1
ncpus active : 1
D\$ parity tl1 : 0
I\$ parity tl1 : 0
Cpu0ClkTck : 000000001a39de00
cpucaps : flush,stbar,swap,muldiv,v9,mul32,div32,v8plus,vis
MMU Type : Spitfire
MMU PGSZs : 8K,64K,512K,4MB
-- Time consumed --------------------------------------------------------------
Build: real 19h 4m 59s
user 18h 4m 36s
sys 41m 10.68s
Test: real 69h 5m 09s
user 50h 9m 06s
sys 17h 38m 48s
-------------------------------------------------------------------------------
LAST_UPDATED: Obtained from SVN: tags/gcc_8_2_0_release revision 262993
Native configuration is sparc-unknown-linux-gnu
=== g++ tests ===
Running target unix
WARNING: program timed out.
FAIL: c-c++-common/simulate-thread/bitfields-1.c -O0 -g thread simulation test
FAIL: c-c++-common/simulate-thread/bitfields-1.c -O1 -g thread simulation test
FAIL: c-c++-common/simulate-thread/bitfields-1.c -O2 -g -std=c++98 thread simulation test
FAIL: c-c++-common/simulate-thread/bitfields-1.c -O3 -g -std=c++11 thread simulation test
FAIL: c-c++-common/simulate-thread/bitfields-1.c -Os -g thread simulation test
FAIL: c-c++-common/simulate-thread/bitfields-2.c -O0 -g thread simulation test
FAIL: c-c++-common/simulate-thread/bitfields-2.c -O1 -g thread simulation test
FAIL: c-c++-common/simulate-thread/bitfields-2.c -O2 -g -std=c++98 thread simulation test
FAIL: c-c++-common/simulate-thread/bitfields-2.c -O3 -g -std=c++11 thread simulation test
FAIL: c-c++-common/simulate-thread/bitfields-2.c -Os -g thread simulation test
FAIL: c-c++-common/simulate-thread/bitfields-3.c -O0 -g thread simulation test
FAIL: c-c++-common/simulate-thread/bitfields-3.c -O1 -g thread simulation test
FAIL: c-c++-common/simulate-thread/bitfields-3.c -O2 -g -std=c++98 thread simulation test
FAIL: c-c++-common/simulate-thread/bitfields-3.c -O3 -g -std=c++11 thread simulation test
FAIL: c-c++-common/simulate-thread/bitfields-3.c -Os -g thread simulation test
FAIL: c-c++-common/simulate-thread/bitfields-4.c -O0 -g thread simulation test
FAIL: c-c++-common/simulate-thread/bitfields-4.c -O1 -g thread simulation test
FAIL: c-c++-common/simulate-thread/bitfields-4.c -O2 -g -std=c++98 thread simulation test
FAIL: c-c++-common/simulate-thread/bitfields-4.c -O3 -g -std=c++11 thread simulation test
FAIL: c-c++-common/simulate-thread/bitfields-4.c -Os -g thread simulation test
FAIL: g++.dg/simulate-thread/atomics-1.C -O0 -g thread simulation test
FAIL: g++.dg/simulate-thread/atomics-1.C -O1 -g thread simulation test
FAIL: g++.dg/simulate-thread/atomics-1.C -O3 -g -std=c++11 thread simulation test
FAIL: g++.dg/simulate-thread/atomics-1.C -Os -g thread simulation test
FAIL: g++.dg/simulate-thread/atomics-2.C -O0 -g thread simulation test
FAIL: g++.dg/simulate-thread/atomics-2.C -O1 -g thread simulation test
FAIL: g++.dg/simulate-thread/atomics-2.C -O3 -g -std=c++11 thread simulation test
FAIL: g++.dg/simulate-thread/atomics-2.C -Os -g thread simulation test
FAIL: g++.dg/simulate-thread/bitfields-2.C -O0 -g thread simulation test
FAIL: g++.dg/simulate-thread/bitfields-2.C -O1 -g thread simulation test
FAIL: g++.dg/simulate-thread/bitfields-2.C -O2 -g -std=c++98 thread simulation test
FAIL: g++.dg/simulate-thread/bitfields-2.C -O3 -g -std=c++11 thread simulation test
FAIL: g++.dg/simulate-thread/bitfields-2.C -Os -g thread simulation test
FAIL: g++.dg/simulate-thread/bitfields.C -O0 -g thread simulation test
FAIL: g++.dg/simulate-thread/bitfields.C -O1 -g thread simulation test
FAIL: g++.dg/simulate-thread/bitfields.C -O2 -g -std=c++98 thread simulation test
FAIL: g++.dg/simulate-thread/bitfields.C -O3 -g -std=c++11 thread simulation test
FAIL: g++.dg/simulate-thread/bitfields.C -Os -g thread simulation test
=== g++ Summary ===
# of expected passes 113553
# of unexpected failures 38
# of expected failures 504
# of unsupported tests 5167
/home/aaro/gcctest/build/gcc/xg++ version 8.2.0 (GCC)
=== gcc tests ===
Running target unix
WARNING: program timed out.
FAIL: gcc.dg/ipa/iinline-attr.c scan-ipa-dump inline "hooray[^\\\\n]*inline copy in test"
FAIL: c-c++-common/simulate-thread/bitfields-1.c -O0 -g thread simulation test
FAIL: c-c++-common/simulate-thread/bitfields-1.c -O2 -g thread simulation test
FAIL: c-c++-common/simulate-thread/bitfields-1.c -O3 -g thread simulation test
FAIL: c-c++-common/simulate-thread/bitfields-2.c -O0 -g thread simulation test
FAIL: c-c++-common/simulate-thread/bitfields-2.c -O2 -g thread simulation test
FAIL: c-c++-common/simulate-thread/bitfields-2.c -O3 -g thread simulation test
FAIL: c-c++-common/simulate-thread/bitfields-3.c -O0 -g thread simulation test
FAIL: c-c++-common/simulate-thread/bitfields-3.c -O2 -g thread simulation test
FAIL: c-c++-common/simulate-thread/bitfields-3.c -O3 -g thread simulation test
FAIL: c-c++-common/simulate-thread/bitfields-4.c -O0 -g thread simulation test
FAIL: c-c++-common/simulate-thread/bitfields-4.c -O2 -g thread simulation test
FAIL: c-c++-common/simulate-thread/bitfields-4.c -O3 -g thread simulation test
FAIL: gcc.dg/simulate-thread/atomic-load-int.c -O0 -g thread simulation test
FAIL: gcc.dg/simulate-thread/atomic-load-int.c -O2 -g thread simulation test
FAIL: gcc.dg/simulate-thread/atomic-load-int.c -O3 -g thread simulation test
FAIL: gcc.dg/simulate-thread/atomic-load-short.c -O0 -g thread simulation test
FAIL: gcc.dg/simulate-thread/atomic-load-short.c -O2 -g thread simulation test
FAIL: gcc.dg/simulate-thread/atomic-load-short.c -O3 -g thread simulation test
FAIL: gcc.dg/simulate-thread/atomic-other-int.c -O0 -g thread simulation test
FAIL: gcc.dg/simulate-thread/atomic-other-int.c -O2 -g thread simulation test
FAIL: gcc.dg/simulate-thread/atomic-other-int.c -O3 -g thread simulation test
FAIL: gcc.dg/simulate-thread/atomic-other-short.c -O0 -g thread simulation test
FAIL: gcc.dg/simulate-thread/atomic-other-short.c -O2 -g thread simulation test
FAIL: gcc.dg/simulate-thread/atomic-other-short.c -O3 -g thread simulation test
FAIL: gcc.dg/simulate-thread/speculative-store-2.c -O0 -g thread simulation test
FAIL: gcc.dg/simulate-thread/speculative-store-2.c -O2 -g thread simulation test
FAIL: gcc.dg/simulate-thread/speculative-store-2.c -O3 -g thread simulation test
FAIL: gcc.dg/simulate-thread/speculative-store-3.c -O0 -g thread simulation test
FAIL: gcc.dg/simulate-thread/speculative-store-3.c -O2 -g thread simulation test
FAIL: gcc.dg/simulate-thread/speculative-store-3.c -O3 -g thread simulation test
FAIL: gcc.dg/simulate-thread/speculative-store-4.c -O0 -g thread simulation test
FAIL: gcc.dg/simulate-thread/speculative-store-4.c -O2 -g thread simulation test
FAIL: gcc.dg/simulate-thread/speculative-store-4.c -O3 -g thread simulation test
FAIL: gcc.dg/simulate-thread/speculative-store.c -O0 -g thread simulation test
FAIL: gcc.dg/simulate-thread/speculative-store.c -O2 -g thread simulation test
FAIL: gcc.dg/simulate-thread/speculative-store.c -O3 -g thread simulation test
FAIL: gcc.dg/simulate-thread/strict-align-global.c -O0 -g thread simulation test
FAIL: gcc.dg/simulate-thread/strict-align-global.c -O2 -g thread simulation test
FAIL: gcc.dg/simulate-thread/strict-align-global.c -O3 -g thread simulation test
FAIL: gcc.dg/simulate-thread/subfields.c -O0 -g thread simulation test
FAIL: gcc.dg/simulate-thread/subfields.c -O2 -g thread simulation test
FAIL: gcc.dg/simulate-thread/subfields.c -O3 -g thread simulation test
FAIL: gcc.dg/tree-ssa/builtin-sprintf-warn-18.c (test for warnings, line 119)
FAIL: gcc.dg/tree-ssa/builtin-sprintf-warn-18.c (test for warnings, line 121)
FAIL: gcc.dg/vect/no-section-anchors-vect-69.c scan-tree-dump-times vect "vectorized 4 loops" 1
=== gcc Summary ===
# of expected passes 102415
# of unexpected failures 46
# of expected failures 470
# of unsupported tests 2702
/home/aaro/gcctest/build/gcc/xgcc version 8.2.0 (GCC)
=== libatomic tests ===
Running target unix
=== libatomic Summary ===
# of expected passes 44
# of unsupported tests 5
=== libgomp tests ===
Running target unix
FAIL: libgomp.oacc-c/../libgomp.oacc-c-c++-common/atomic_update-1.c -DACC_DEVICE_TYPE_host=1 -DACC_MEM_SHARED=1 -O2 execution test
FAIL: libgomp.oacc-c++/../libgomp.oacc-c-c++-common/atomic_update-1.c -DACC_DEVICE_TYPE_host=1 -DACC_MEM_SHARED=1 -O2 execution test
=== libgomp Summary ===
# of expected passes 1821
# of unexpected failures 2
# of unsupported tests 199
=== libitm tests ===
Running target unix
=== libitm Summary ===
# of expected passes 42
# of expected failures 3
# of unsupported tests 1
=== libstdc++ tests ===
Running target unix
FAIL: libstdc++-abi/abi_check
=== libstdc++ Summary ===
# of expected passes 11443
# of unexpected failures 1
# of expected failures 71
# of unsupported tests 639
Compiler version: 8.2.0 (GCC)
Platform: sparc-unknown-linux-gnu
configure flags: --build=sparc-linux-gnu --host=sparc-linux-gnu --target=sparc-linux-gnu --with-cpu=ultrasparc --enable-targets=all --disable-libsanitizer --disable-nls --enable-checking=release --enable-languages=c,c++ --with-system-zlib --with-sysroot=/