This is the mail archive of the
gcc-testresults@gcc.gnu.org
mailing list for the GCC project.
Results for 9.0.0 20190110 (experimental) [trunk revision 267812] (GCC) testsuite on i686-pc-linux-gnu
- From: "H.J. Lu (ia32 Core i7)" <ia32corei7 at gnu-34 dot sc dot intel dot com>
- To: gcc-testresults at gcc dot gnu dot org
- Date: Thu, 10 Jan 2019 11:53:46 -0800
- Subject: Results for 9.0.0 20190110 (experimental) [trunk revision 267812] (GCC) testsuite on i686-pc-linux-gnu
Native configuration is i686-pc-linux-gnu
=== gcc tests ===
Running target unix
FAIL: gcc.dg/graphite/interchange-3.c scan-tree-dump graphite "tiled"
FAIL: gcc.dg/graphite/interchange-7.c scan-tree-dump graphite "tiled"
FAIL: gcc.dg/graphite/interchange-9.c scan-tree-dump graphite "tiled"
FAIL: gcc.dg/graphite/uns-interchange-9.c scan-tree-dump graphite "tiled"
XPASS: gcc.dg/guality/example.c -O0 execution test
XPASS: gcc.dg/guality/example.c -O1 -DPREVENT_OPTIMIZATION execution test
XPASS: gcc.dg/guality/example.c -O2 -DPREVENT_OPTIMIZATION execution test
XPASS: gcc.dg/guality/example.c -O2 -flto -fno-use-linker-plugin -flto-partition=none -DPREVENT_OPTIMIZATION execution test
XPASS: gcc.dg/guality/example.c -Og -DPREVENT_OPTIMIZATION execution test
XPASS: gcc.dg/guality/guality.c -O0 execution test
XPASS: gcc.dg/guality/guality.c -O1 -DPREVENT_OPTIMIZATION execution test
XPASS: gcc.dg/guality/guality.c -O2 -DPREVENT_OPTIMIZATION execution test
XPASS: gcc.dg/guality/guality.c -O2 -flto -fno-use-linker-plugin -flto-partition=none -DPREVENT_OPTIMIZATION execution test
XPASS: gcc.dg/guality/guality.c -O2 -flto -fuse-linker-plugin -fno-fat-lto-objects -DPREVENT_OPTIMIZATION execution test
XPASS: gcc.dg/guality/guality.c -O3 -g -DPREVENT_OPTIMIZATION execution test
XPASS: gcc.dg/guality/guality.c -Os -DPREVENT_OPTIMIZATION execution test
XPASS: gcc.dg/guality/guality.c -Og -DPREVENT_OPTIMIZATION execution test
XPASS: gcc.dg/guality/inline-params.c -O2 -DPREVENT_OPTIMIZATION execution test
XPASS: gcc.dg/guality/inline-params.c -O2 -flto -fno-use-linker-plugin -flto-partition=none -DPREVENT_OPTIMIZATION execution test
XPASS: gcc.dg/guality/inline-params.c -O2 -flto -fuse-linker-plugin -fno-fat-lto-objects -DPREVENT_OPTIMIZATION execution test
XPASS: gcc.dg/guality/inline-params.c -O3 -g -DPREVENT_OPTIMIZATION execution test
XPASS: gcc.dg/guality/inline-params.c -Os -DPREVENT_OPTIMIZATION execution test
XPASS: gcc.dg/guality/pr41353-1.c -O0 line 28 j == 28 + 37
XPASS: gcc.dg/guality/pr41353-1.c -Os -DPREVENT_OPTIMIZATION line 28 j == 28 + 37
XPASS: gcc.dg/guality/pr41353-1.c -Og -DPREVENT_OPTIMIZATION line 28 j == 28 + 37
FAIL: gcc.dg/guality/pr41447-1.c -O2 -DPREVENT_OPTIMIZATION execution test
FAIL: gcc.dg/guality/pr41447-1.c -O2 -flto -fno-use-linker-plugin -flto-partition=none -DPREVENT_OPTIMIZATION execution test
FAIL: gcc.dg/guality/pr41447-1.c -O3 -g -DPREVENT_OPTIMIZATION execution test
FAIL: gcc.dg/guality/pr54519-1.c -O2 -flto -fno-use-linker-plugin -flto-partition=none -DPREVENT_OPTIMIZATION line 20 y == 25
FAIL: gcc.dg/guality/pr54519-1.c -O2 -flto -fno-use-linker-plugin -flto-partition=none -DPREVENT_OPTIMIZATION line 20 z == 6
FAIL: gcc.dg/guality/pr54519-1.c -O2 -flto -fno-use-linker-plugin -flto-partition=none -DPREVENT_OPTIMIZATION line 23 y == 117
FAIL: gcc.dg/guality/pr54519-1.c -O2 -flto -fno-use-linker-plugin -flto-partition=none -DPREVENT_OPTIMIZATION line 23 z == 8
FAIL: gcc.dg/guality/pr54519-1.c -O2 -flto -fuse-linker-plugin -fno-fat-lto-objects -DPREVENT_OPTIMIZATION line 20 y == 25
FAIL: gcc.dg/guality/pr54519-1.c -O2 -flto -fuse-linker-plugin -fno-fat-lto-objects -DPREVENT_OPTIMIZATION line 20 z == 6
FAIL: gcc.dg/guality/pr54519-1.c -O2 -flto -fuse-linker-plugin -fno-fat-lto-objects -DPREVENT_OPTIMIZATION line 23 y == 117
FAIL: gcc.dg/guality/pr54519-1.c -O2 -flto -fuse-linker-plugin -fno-fat-lto-objects -DPREVENT_OPTIMIZATION line 23 z == 8
FAIL: gcc.dg/guality/pr54519-2.c -O2 -flto -fno-use-linker-plugin -flto-partition=none -DPREVENT_OPTIMIZATION line 17 y == 25
FAIL: gcc.dg/guality/pr54519-2.c -O2 -flto -fuse-linker-plugin -fno-fat-lto-objects -DPREVENT_OPTIMIZATION line 17 y == 25
FAIL: gcc.dg/guality/pr54519-3.c -O2 -flto -fno-use-linker-plugin -flto-partition=none -DPREVENT_OPTIMIZATION line 20 y == 25
FAIL: gcc.dg/guality/pr54519-3.c -O2 -flto -fno-use-linker-plugin -flto-partition=none -DPREVENT_OPTIMIZATION line 20 z == 6
FAIL: gcc.dg/guality/pr54519-3.c -O2 -flto -fno-use-linker-plugin -flto-partition=none -DPREVENT_OPTIMIZATION line 23 y == 117
FAIL: gcc.dg/guality/pr54519-3.c -O2 -flto -fno-use-linker-plugin -flto-partition=none -DPREVENT_OPTIMIZATION line 23 z == 8
FAIL: gcc.dg/guality/pr54519-3.c -O2 -flto -fuse-linker-plugin -fno-fat-lto-objects -DPREVENT_OPTIMIZATION line 20 y == 25
FAIL: gcc.dg/guality/pr54519-3.c -O2 -flto -fuse-linker-plugin -fno-fat-lto-objects -DPREVENT_OPTIMIZATION line 20 z == 6
FAIL: gcc.dg/guality/pr54519-3.c -O2 -flto -fuse-linker-plugin -fno-fat-lto-objects -DPREVENT_OPTIMIZATION line 23 y == 117
FAIL: gcc.dg/guality/pr54519-3.c -O2 -flto -fuse-linker-plugin -fno-fat-lto-objects -DPREVENT_OPTIMIZATION line 23 z == 8
FAIL: gcc.dg/guality/pr54519-4.c -O2 -flto -fno-use-linker-plugin -flto-partition=none -DPREVENT_OPTIMIZATION line 17 y == 25
FAIL: gcc.dg/guality/pr54519-4.c -O2 -flto -fuse-linker-plugin -fno-fat-lto-objects -DPREVENT_OPTIMIZATION line 17 y == 25
FAIL: gcc.dg/guality/pr54519-5.c -O2 -flto -fno-use-linker-plugin -flto-partition=none -DPREVENT_OPTIMIZATION line 17 y == 25
FAIL: gcc.dg/guality/pr54519-5.c -O2 -flto -fuse-linker-plugin -fno-fat-lto-objects -DPREVENT_OPTIMIZATION line 17 y == 25
FAIL: gcc.dg/guality/pr54693-2.c -O3 -fomit-frame-pointer -funroll-loops -fpeel-loops -ftracer -finline-functions -DPREVENT_OPTIMIZATION line 21 i == v + 1
XPASS: gcc.dg/guality/pr54970.c -O0 line 31 a[0] == 4
XPASS: gcc.dg/guality/pr54970.c -O0 line 36 a[0] == 4
XPASS: gcc.dg/guality/pr54970.c -O0 line 45 a[0] == 4
XPASS: gcc.dg/guality/pr54970.c -O0 line 45 p[-2] == 4
XPASS: gcc.dg/guality/pr54970.c -O0 line 45 q[-1] == 4
FAIL: gcc.dg/guality/pr54970.c -Og -DPREVENT_OPTIMIZATION line 15 *p == 3
FAIL: gcc.dg/guality/pr54970.c -Og -DPREVENT_OPTIMIZATION line 15 *q == 2
FAIL: gcc.dg/guality/pr54970.c -Og -DPREVENT_OPTIMIZATION line 15 a[0] == 1
FAIL: gcc.dg/guality/pr54970.c -Og -DPREVENT_OPTIMIZATION line 15 a[1] == 2
FAIL: gcc.dg/guality/pr54970.c -Og -DPREVENT_OPTIMIZATION line 15 a[2] == 3
FAIL: gcc.dg/guality/pr54970.c -Og -DPREVENT_OPTIMIZATION line 20 *p == 13
FAIL: gcc.dg/guality/pr54970.c -Og -DPREVENT_OPTIMIZATION line 20 *q == 2
FAIL: gcc.dg/guality/pr54970.c -Og -DPREVENT_OPTIMIZATION line 20 a[0] == 1
FAIL: gcc.dg/guality/pr54970.c -Og -DPREVENT_OPTIMIZATION line 20 a[1] == 2
FAIL: gcc.dg/guality/pr54970.c -Og -DPREVENT_OPTIMIZATION line 20 a[2] == 13
FAIL: gcc.dg/guality/pr54970.c -Og -DPREVENT_OPTIMIZATION line 25 *p == 13
FAIL: gcc.dg/guality/pr54970.c -Og -DPREVENT_OPTIMIZATION line 25 *q == 12
FAIL: gcc.dg/guality/pr54970.c -Og -DPREVENT_OPTIMIZATION line 25 a[0] == 1
FAIL: gcc.dg/guality/pr54970.c -Og -DPREVENT_OPTIMIZATION line 25 a[1] == 12
FAIL: gcc.dg/guality/pr54970.c -Og -DPREVENT_OPTIMIZATION line 25 a[2] == 13
FAIL: gcc.dg/guality/pr54970.c -Og -DPREVENT_OPTIMIZATION line 31 *p == 6
FAIL: gcc.dg/guality/pr54970.c -Og -DPREVENT_OPTIMIZATION line 31 *q == 5
FAIL: gcc.dg/guality/pr54970.c -Og -DPREVENT_OPTIMIZATION line 31 a[1] == 5
FAIL: gcc.dg/guality/pr54970.c -Og -DPREVENT_OPTIMIZATION line 31 a[2] == 6
FAIL: gcc.dg/guality/pr54970.c -Og -DPREVENT_OPTIMIZATION line 36 *p == 26
FAIL: gcc.dg/guality/pr54970.c -Og -DPREVENT_OPTIMIZATION line 36 *q == 5
FAIL: gcc.dg/guality/pr54970.c -Og -DPREVENT_OPTIMIZATION line 36 a[1] == 5
FAIL: gcc.dg/guality/pr54970.c -Og -DPREVENT_OPTIMIZATION line 36 a[2] == 26
FAIL: gcc.dg/guality/pr54970.c -Og -DPREVENT_OPTIMIZATION line 45 *p == 26
FAIL: gcc.dg/guality/pr54970.c -Og -DPREVENT_OPTIMIZATION line 45 *q == 25
FAIL: gcc.dg/guality/pr54970.c -Og -DPREVENT_OPTIMIZATION line 45 a[1] == 25
FAIL: gcc.dg/guality/pr54970.c -Og -DPREVENT_OPTIMIZATION line 45 a[2] == 26
FAIL: gcc.dg/guality/pr54970.c -Og -DPREVENT_OPTIMIZATION line 45 p[-1] == 25
FAIL: gcc.dg/guality/pr54970.c -Og -DPREVENT_OPTIMIZATION line 45 q[1] == 26
FAIL: gcc.dg/guality/pr56154-1.c -Og -DPREVENT_OPTIMIZATION line pr56154-1.c:20 x.a == 6
FAIL: gcc.dg/guality/pr59776.c -Og -DPREVENT_OPTIMIZATION line pr59776.c:17 s1.f == 5.0
FAIL: gcc.dg/guality/pr59776.c -Og -DPREVENT_OPTIMIZATION line pr59776.c:17 s1.g == 6.0
FAIL: gcc.dg/guality/pr59776.c -Og -DPREVENT_OPTIMIZATION line pr59776.c:17 s2.f == 0.0
FAIL: gcc.dg/guality/pr59776.c -Og -DPREVENT_OPTIMIZATION line pr59776.c:17 s2.g == 6.0
FAIL: gcc.dg/guality/pr59776.c -Og -DPREVENT_OPTIMIZATION line pr59776.c:20 s1.f == 5.0
FAIL: gcc.dg/guality/pr59776.c -Og -DPREVENT_OPTIMIZATION line pr59776.c:20 s1.g == 6.0
FAIL: gcc.dg/guality/pr59776.c -Og -DPREVENT_OPTIMIZATION line pr59776.c:20 s2.f == 5.0
FAIL: gcc.dg/guality/pr59776.c -Og -DPREVENT_OPTIMIZATION line pr59776.c:20 s2.g == 6.0
FAIL: gcc.dg/guality/pr68860-1.c -O2 -flto -fno-use-linker-plugin -flto-partition=none -DPREVENT_OPTIMIZATION line 14 arg1 == 1
FAIL: gcc.dg/guality/pr68860-1.c -O2 -flto -fno-use-linker-plugin -flto-partition=none -DPREVENT_OPTIMIZATION line 14 arg2 == 2
FAIL: gcc.dg/guality/pr68860-1.c -O2 -flto -fno-use-linker-plugin -flto-partition=none -DPREVENT_OPTIMIZATION line 14 arg3 == 3
FAIL: gcc.dg/guality/pr68860-1.c -O2 -flto -fno-use-linker-plugin -flto-partition=none -DPREVENT_OPTIMIZATION line 14 arg4 == 4
FAIL: gcc.dg/guality/pr68860-1.c -O2 -flto -fno-use-linker-plugin -flto-partition=none -DPREVENT_OPTIMIZATION line 14 arg5 == 5
FAIL: gcc.dg/guality/pr68860-1.c -O2 -flto -fno-use-linker-plugin -flto-partition=none -DPREVENT_OPTIMIZATION line 14 arg6 == 6
FAIL: gcc.dg/guality/pr68860-1.c -O2 -flto -fno-use-linker-plugin -flto-partition=none -DPREVENT_OPTIMIZATION line 16 arg1 == 1
FAIL: gcc.dg/guality/pr68860-1.c -O2 -flto -fno-use-linker-plugin -flto-partition=none -DPREVENT_OPTIMIZATION line 16 arg2 == 2
FAIL: gcc.dg/guality/pr68860-1.c -O2 -flto -fno-use-linker-plugin -flto-partition=none -DPREVENT_OPTIMIZATION line 16 arg3 == 3
FAIL: gcc.dg/guality/pr68860-1.c -O2 -flto -fno-use-linker-plugin -flto-partition=none -DPREVENT_OPTIMIZATION line 16 arg4 == 4
FAIL: gcc.dg/guality/pr68860-1.c -O2 -flto -fno-use-linker-plugin -flto-partition=none -DPREVENT_OPTIMIZATION line 16 arg5 == 5
FAIL: gcc.dg/guality/pr68860-1.c -O2 -flto -fno-use-linker-plugin -flto-partition=none -DPREVENT_OPTIMIZATION line 16 arg6 == 6
FAIL: gcc.dg/guality/pr68860-1.c -O2 -flto -fuse-linker-plugin -fno-fat-lto-objects -DPREVENT_OPTIMIZATION line 14 arg1 == 1
FAIL: gcc.dg/guality/pr68860-1.c -O2 -flto -fuse-linker-plugin -fno-fat-lto-objects -DPREVENT_OPTIMIZATION line 14 arg2 == 2
FAIL: gcc.dg/guality/pr68860-1.c -O2 -flto -fuse-linker-plugin -fno-fat-lto-objects -DPREVENT_OPTIMIZATION line 14 arg3 == 3
FAIL: gcc.dg/guality/pr68860-1.c -O2 -flto -fuse-linker-plugin -fno-fat-lto-objects -DPREVENT_OPTIMIZATION line 14 arg4 == 4
FAIL: gcc.dg/guality/pr68860-1.c -O2 -flto -fuse-linker-plugin -fno-fat-lto-objects -DPREVENT_OPTIMIZATION line 14 arg5 == 5
FAIL: gcc.dg/guality/pr68860-1.c -O2 -flto -fuse-linker-plugin -fno-fat-lto-objects -DPREVENT_OPTIMIZATION line 14 arg6 == 6
FAIL: gcc.dg/guality/pr68860-1.c -O2 -flto -fuse-linker-plugin -fno-fat-lto-objects -DPREVENT_OPTIMIZATION line 16 arg1 == 1
FAIL: gcc.dg/guality/pr68860-1.c -O2 -flto -fuse-linker-plugin -fno-fat-lto-objects -DPREVENT_OPTIMIZATION line 16 arg2 == 2
FAIL: gcc.dg/guality/pr68860-1.c -O2 -flto -fuse-linker-plugin -fno-fat-lto-objects -DPREVENT_OPTIMIZATION line 16 arg3 == 3
FAIL: gcc.dg/guality/pr68860-1.c -O2 -flto -fuse-linker-plugin -fno-fat-lto-objects -DPREVENT_OPTIMIZATION line 16 arg4 == 4
FAIL: gcc.dg/guality/pr68860-1.c -O2 -flto -fuse-linker-plugin -fno-fat-lto-objects -DPREVENT_OPTIMIZATION line 16 arg5 == 5
FAIL: gcc.dg/guality/pr68860-1.c -O2 -flto -fuse-linker-plugin -fno-fat-lto-objects -DPREVENT_OPTIMIZATION line 16 arg6 == 6
FAIL: gcc.dg/guality/sra-1.c -Og -DPREVENT_OPTIMIZATION line 21 a.i == 4
FAIL: gcc.dg/guality/sra-1.c -Og -DPREVENT_OPTIMIZATION line 21 a.j == 14
FAIL: gcc.dg/guality/sra-1.c -Og -DPREVENT_OPTIMIZATION line 32 a[0] == 4
FAIL: gcc.dg/guality/sra-1.c -Og -DPREVENT_OPTIMIZATION line 32 a[1] == 14
FAIL: gcc.dg/guality/sra-1.c -Og -DPREVENT_OPTIMIZATION line 43 a.i == 4
FAIL: gcc.dg/guality/sra-1.c -Og -DPREVENT_OPTIMIZATION line 43 a.j == 14
FAIL: gcc.dg/guality/vla-1.c -O1 -DPREVENT_OPTIMIZATION line 17 sizeof (a) == 6
FAIL: gcc.dg/guality/vla-1.c -O2 -DPREVENT_OPTIMIZATION line 17 sizeof (a) == 6
FAIL: gcc.dg/guality/vla-1.c -O2 -flto -fno-use-linker-plugin -flto-partition=none -DPREVENT_OPTIMIZATION line 17 sizeof (a) == 6
FAIL: gcc.dg/guality/vla-1.c -O2 -flto -fuse-linker-plugin -fno-fat-lto-objects -DPREVENT_OPTIMIZATION line 17 sizeof (a) == 6
FAIL: gcc.dg/guality/vla-1.c -O3 -g -DPREVENT_OPTIMIZATION line 17 sizeof (a) == 6
FAIL: gcc.dg/guality/vla-1.c -Os -DPREVENT_OPTIMIZATION line 17 sizeof (a) == 6
FAIL: gcc.dg/tree-ssa/builtin-sprintf-10.c (test for excess errors)
FAIL: gcc.dg/tree-ssa/builtin-sprintf-warn-18.c second (test for warnings, line 120)
FAIL: gcc.dg/tree-ssa/builtin-sprintf-warn-18.c second (test for warnings, line 122)
FAIL: gcc.dg/tree-ssa/pr64910-2.c scan-assembler-times and|test 20
XPASS: gcc.dg/vect/vect-24.c -flto -ffat-lto-objects scan-tree-dump-times vect "vectorized 3 loops" 1
XPASS: gcc.dg/vect/vect-24.c scan-tree-dump-times vect "vectorized 3 loops" 1
XPASS: gcc.dg/vect/vect-reduc-in-order-1.c -flto -ffat-lto-objects execution test
XPASS: gcc.dg/vect/vect-reduc-in-order-1.c execution test
XPASS: gcc.dg/vect/vect-reduc-in-order-2.c -flto -ffat-lto-objects execution test
XPASS: gcc.dg/vect/vect-reduc-in-order-2.c execution test
XPASS: gcc.dg/vect/vect-reduc-in-order-3.c -flto -ffat-lto-objects execution test
XPASS: gcc.dg/vect/vect-reduc-in-order-3.c execution test
XPASS: gcc.dg/vect/vect-reduc-in-order-4.c -flto -ffat-lto-objects execution test
XPASS: gcc.dg/vect/vect-reduc-in-order-4.c execution test
FAIL: gcc.target/i386/pr57193.c scan-assembler-times movdqa 2
FAIL: gcc.target/i386/pr81563.c scan-assembler-times movl[\\\\t ]*-4\\\\(%ebp\\\\),[\\\\t ]*%edi 1
FAIL: gcc.target/i386/pr81563.c scan-assembler-times movl[\\\\t ]*-8\\\\(%ebp\\\\),[\\\\t ]*%esi 1
=== gcc Summary ===
# of expected passes 139651
# of unexpected failures 111
# of unexpected successes 36
# of expected failures 540
# of unsupported tests 2549
/export/gnu/import/git/gcc-test-ia32corei7/bld/gcc/xgcc version 9.0.0 20190110 (experimental) [trunk revision 267812] (GCC)
=== gfortran tests ===
Running target unix
FAIL: gfortran.dg/pr79966.f90 -O scan-ipa-dump inline "Inlined tp_sum/[0-9]+ into runtptests/[0-9]+"
=== gfortran Summary ===
# of expected passes 48598
# of unexpected failures 1
# of expected failures 130
# of unsupported tests 182
/export/gnu/import/git/gcc-test-ia32corei7/bld/gcc/gfortran version 9.0.0 20190110 (experimental) [trunk revision 267812] (GCC)
=== g++ tests ===
Running target unix
FAIL: g++.dg/guality/pr55665.C -O2 line 23 p == 40
FAIL: g++.dg/guality/pr55665.C -O2 -flto -fno-use-linker-plugin -flto-partition=none line 23 p == 40
FAIL: g++.dg/guality/pr55665.C -O3 -g line 23 p == 40
=== g++ Summary ===
# of expected passes 130552
# of unexpected failures 3
# of expected failures 545
# of unsupported tests 5471
/export/gnu/import/git/gcc-test-ia32corei7/bld/gcc/xg++ version 9.0.0 20190110 (experimental) [trunk revision 267812] (GCC)
=== objc tests ===
Running target unix
=== objc Summary ===
# of expected passes 2797
# of expected failures 6
# of unsupported tests 68
/export/gnu/import/git/gcc-test-ia32corei7/bld/gcc/xgcc version 9.0.0 20190110 (experimental) [trunk revision 267812] (GCC)
=== libatomic tests ===
Running target unix
=== libatomic Summary ===
# of expected passes 44
# of unsupported tests 5
=== libgomp tests ===
Running target unix
=== libgomp Summary ===
# of expected passes 6415
# of expected failures 1
# of unsupported tests 339
=== libitm tests ===
Running target unix
=== libitm Summary ===
# of expected passes 42
# of expected failures 3
# of unsupported tests 1
=== libstdc++ tests ===
Running target unix
FAIL: libstdc++-prettyprinters/80276.cc whatis p4
FAIL: libstdc++-prettyprinters/80276.cc whatis p4
FAIL: libstdc++-prettyprinters/cxx17.cc print p
FAIL: libstdc++-prettyprinters/cxx17.cc print p
FAIL: libstdc++-prettyprinters/cxx17.cc print q
FAIL: libstdc++-prettyprinters/cxx17.cc print q
FAIL: libstdc++-prettyprinters/cxx17.cc print wp
FAIL: libstdc++-prettyprinters/cxx17.cc print wp
FAIL: libstdc++-prettyprinters/cxx17.cc print wq
FAIL: libstdc++-prettyprinters/cxx17.cc print wq
FAIL: libstdc++-prettyprinters/shared_ptr.cc print sp1
FAIL: libstdc++-prettyprinters/shared_ptr.cc print sp1
FAIL: libstdc++-prettyprinters/shared_ptr.cc print wp1
FAIL: libstdc++-prettyprinters/shared_ptr.cc print wp1
FAIL: libstdc++-prettyprinters/shared_ptr.cc print wp2
FAIL: libstdc++-prettyprinters/shared_ptr.cc print wp2
=== libstdc++ Summary ===
# of expected passes 13484
# of unexpected failures 16
# of expected failures 77
# of unsupported tests 269
Compiler version: 9.0.0 20190110 (experimental) [trunk revision 267812] (GCC)
Platform: i686-pc-linux-gnu
configure flags: --with-arch=corei7 --with-cpu=corei7 --prefix=/usr/9.0.0 --enable-clocale=gnu --with-system-zlib --enable-shared --enable-cet --with-demangler-in-ld --enable-libmpx i686-linux --with-fpmath=sse