This is the mail archive of the
gcc-testresults@gcc.gnu.org
mailing list for the GCC project.
Results for 7.4.1 20190106 [gcc-7-branch revision 267614] (GCC) testsuite on x86_64-apple-darwin16
- From: Iain Sandoe <iains dot gcc at gmail dot com>
- To: gcc-testresults at gcc dot gnu dot org
- Date: Tue, 8 Jan 2019 11:29:44 +0000
- Subject: Results for 7.4.1 20190106 [gcc-7-branch revision 267614] (GCC) testsuite on x86_64-apple-darwin16
LAST_UPDATED: Sun Jan 6 22:17:06 UTC 2019 (revision 267614)
=== acats tests ===
=== acats Summary ===
# of expected passes 2320
# of unexpected failures 0
Native configuration is x86_64-apple-darwin16
=== g++ tests ===
Running target unix/-m32
FAIL: g++.dg/asan/pr78651.C -O2 -flto 1 blank line(s) in output
FAIL: g++.dg/asan/pr78651.C -O2 -flto (internal compiler error)
FAIL: g++.dg/asan/pr78651.C -O2 -flto (test for excess errors)
FAIL: g++.dg/asan/pr78651.C -O2 -flto -flto-partition=none 1 blank line(s) in output
FAIL: g++.dg/asan/pr78651.C -O2 -flto -flto-partition=none (internal compiler error)
FAIL: g++.dg/asan/pr78651.C -O2 -flto -flto-partition=none (test for excess errors)
FAIL: g++.dg/ext/instantiate2.C -std=gnu++11 scan-assembler .zerofill __DATA,__pu_bss2,__ZN1AIiE1tE
FAIL: g++.dg/ext/instantiate2.C -std=gnu++14 scan-assembler .zerofill __DATA,__pu_bss2,__ZN1AIiE1tE
FAIL: g++.dg/ext/instantiate2.C -std=gnu++98 scan-assembler .zerofill __DATA,__pu_bss2,__ZN1AIiE1tE
FAIL: g++.dg/ipa/pr67056.C scan-ipa-dump cp "Speculative outer type:struct CompositeClass"
FAIL: g++.dg/other/darwin-cfstring1.C -std=gnu++11 (test for errors, line 21)
FAIL: g++.dg/other/darwin-cfstring1.C -std=gnu++11 (test for errors, line 22)
FAIL: g++.dg/other/darwin-cfstring1.C -std=gnu++11 (test for excess errors)
FAIL: g++.dg/other/darwin-cfstring1.C -std=gnu++14 (test for errors, line 21)
FAIL: g++.dg/other/darwin-cfstring1.C -std=gnu++14 (test for errors, line 22)
FAIL: g++.dg/other/darwin-cfstring1.C -std=gnu++14 (test for excess errors)
FAIL: g++.dg/other/darwin-cfstring1.C -std=gnu++98 (test for errors, line 21)
FAIL: g++.dg/other/darwin-cfstring1.C -std=gnu++98 (test for errors, line 22)
FAIL: g++.dg/other/darwin-cfstring1.C -std=gnu++98 (test for excess errors)
FAIL: g++.dg/pr71694.C -std=gnu++11 scan-assembler-not movl
FAIL: g++.dg/pr71694.C -std=gnu++14 scan-assembler-not movl
FAIL: g++.dg/pr71694.C -std=gnu++98 scan-assembler-not movl
FAIL: g++.dg/gcov/pr16855.C -std=gnu++11 gcov: 2 failures in line counts, 0 in branch percentages, 0 in return percentages, 0 in intermediate format
FAIL: g++.dg/gcov/pr16855.C -std=gnu++11 line 21: is #####:should be 1
FAIL: g++.dg/gcov/pr16855.C -std=gnu++11 line 45: is #####:should be 1
FAIL: g++.dg/gcov/pr16855.C -std=gnu++14 gcov: 2 failures in line counts, 0 in branch percentages, 0 in return percentages, 0 in intermediate format
FAIL: g++.dg/gcov/pr16855.C -std=gnu++14 line 21: is #####:should be 1
FAIL: g++.dg/gcov/pr16855.C -std=gnu++14 line 45: is #####:should be 1
FAIL: g++.dg/gcov/pr16855.C -std=gnu++98 gcov: 2 failures in line counts, 0 in branch percentages, 0 in return percentages, 0 in intermediate format
FAIL: g++.dg/gcov/pr16855.C -std=gnu++98 line 21: is #####:should be 1
FAIL: g++.dg/gcov/pr16855.C -std=gnu++98 line 45: is #####:should be 1
UNRESOLVED: g++.dg/lto/pr65276 cp_lto_pr65276_0.o-cp_lto_pr65276_1.o execute -flto -O0 -std=c++11
FAIL: g++.dg/lto/pr65276 cp_lto_pr65276_0.o-cp_lto_pr65276_1.o link, -flto -O0 -std=c++11
UNRESOLVED: g++.dg/lto/pr65549 cp_lto_pr65549_0.o-cp_lto_pr65549_0.o execute -std=gnu++14 -flto -g -O2 -fno-inline -flto-partition=max
FAIL: g++.dg/lto/pr65549 cp_lto_pr65549_0.o-cp_lto_pr65549_0.o link, -std=gnu++14 -flto -g -O2 -fno-inline -flto-partition=max
FAIL: g++.dg/pch/pch.C -O2 -I. -Dwith_PCH 1 blank line(s) in output
FAIL: g++.dg/pch/pch.C -O2 -I. -Dwith_PCH (internal compiler error)
FAIL: g++.dg/pch/pch.C -O2 -I. -Dwith_PCH (test for excess errors)
FAIL: g++.dg/pch/pch.C -O2 -g -I. -Dwith_PCH 1 blank line(s) in output
FAIL: g++.dg/pch/pch.C -O2 -g -I. -Dwith_PCH (internal compiler error)
FAIL: g++.dg/pch/pch.C -O2 -g -I. -Dwith_PCH (test for excess errors)
FAIL: g++.dg/pch/pch.C -O2 -g assembly comparison
FAIL: g++.dg/pch/pch.C -O2 assembly comparison
FAIL: g++.dg/pch/pch.C -g -I. -Dwith_PCH (test for excess errors)
FAIL: g++.dg/pch/pch.C -g assembly comparison
WARNING: program timed out.
FAIL: g++.dg/tls/pr77285-2.C -std=c++11 scan-assembler _ZTH4var1B3tag
FAIL: g++.dg/tls/pr77285-2.C -std=c++14 scan-assembler _ZTH4var1B3tag
FAIL: g++.dg/tree-prof/pr57451.C compilation, -fprofile-generate -D_PROFILE_GENERATE
UNRESOLVED: g++.dg/tree-prof/pr57451.C compilation, -fprofile-use -D_PROFILE_USE
UNRESOLVED: g++.dg/tree-prof/pr57451.C execution, -fprofile-generate -D_PROFILE_GENERATE
UNRESOLVED: g++.dg/tree-prof/pr57451.C execution, -fprofile-use -D_PROFILE_USE
FAIL: g++.dg/tree-prof/pr63581.C compilation, -fprofile-generate -D_PROFILE_GENERATE
UNRESOLVED: g++.dg/tree-prof/pr63581.C compilation, -fprofile-use -D_PROFILE_USE
UNRESOLVED: g++.dg/tree-prof/pr63581.C execution, -fprofile-generate -D_PROFILE_GENERATE
UNRESOLVED: g++.dg/tree-prof/pr63581.C execution, -fprofile-use -D_PROFILE_USE
=== g++ Summary for unix/-m32 ===
# of expected passes 109472
# of unexpected failures 47
# of expected failures 399
# of unresolved testcases 8
# of unsupported tests 4664
Running target unix/-m64
FAIL: g++.dg/asan/pr78651.C -O2 -flto 1 blank line(s) in output
FAIL: g++.dg/asan/pr78651.C -O2 -flto (internal compiler error)
FAIL: g++.dg/asan/pr78651.C -O2 -flto (test for excess errors)
FAIL: g++.dg/asan/pr78651.C -O2 -flto -flto-partition=none 1 blank line(s) in output
FAIL: g++.dg/asan/pr78651.C -O2 -flto -flto-partition=none (internal compiler error)
FAIL: g++.dg/asan/pr78651.C -O2 -flto -flto-partition=none (test for excess errors)
FAIL: g++.dg/cpp0x/enum21b.C -std=gnu++11 (test for excess errors)
FAIL: g++.dg/ext/instantiate2.C -std=gnu++11 scan-assembler .zerofill __DATA,__pu_bss2,__ZN1AIiE1tE
FAIL: g++.dg/ext/instantiate2.C -std=gnu++14 scan-assembler .zerofill __DATA,__pu_bss2,__ZN1AIiE1tE
FAIL: g++.dg/ext/instantiate2.C -std=gnu++98 scan-assembler .zerofill __DATA,__pu_bss2,__ZN1AIiE1tE
FAIL: g++.dg/ipa/pr67056.C scan-ipa-dump cp "Speculative outer type:struct CompositeClass"
FAIL: g++.dg/other/darwin-cfstring1.C -std=gnu++11 (test for errors, line 21)
FAIL: g++.dg/other/darwin-cfstring1.C -std=gnu++11 (test for errors, line 22)
FAIL: g++.dg/other/darwin-cfstring1.C -std=gnu++11 (test for excess errors)
FAIL: g++.dg/other/darwin-cfstring1.C -std=gnu++14 (test for errors, line 21)
FAIL: g++.dg/other/darwin-cfstring1.C -std=gnu++14 (test for errors, line 22)
FAIL: g++.dg/other/darwin-cfstring1.C -std=gnu++14 (test for excess errors)
FAIL: g++.dg/other/darwin-cfstring1.C -std=gnu++98 (test for errors, line 21)
FAIL: g++.dg/other/darwin-cfstring1.C -std=gnu++98 (test for errors, line 22)
FAIL: g++.dg/other/darwin-cfstring1.C -std=gnu++98 (test for excess errors)
WARNING: program timed out.
FAIL: g++.dg/gcov/pr16855.C -std=gnu++11 gcov: 2 failures in line counts, 0 in branch percentages, 0 in return percentages, 0 in intermediate format
FAIL: g++.dg/gcov/pr16855.C -std=gnu++11 line 21: is #####:should be 1
FAIL: g++.dg/gcov/pr16855.C -std=gnu++11 line 45: is #####:should be 1
FAIL: g++.dg/gcov/pr16855.C -std=gnu++14 gcov: 2 failures in line counts, 0 in branch percentages, 0 in return percentages, 0 in intermediate format
FAIL: g++.dg/gcov/pr16855.C -std=gnu++14 line 21: is #####:should be 1
FAIL: g++.dg/gcov/pr16855.C -std=gnu++14 line 45: is #####:should be 1
FAIL: g++.dg/gcov/pr16855.C -std=gnu++98 gcov: 2 failures in line counts, 0 in branch percentages, 0 in return percentages, 0 in intermediate format
FAIL: g++.dg/gcov/pr16855.C -std=gnu++98 line 21: is #####:should be 1
FAIL: g++.dg/gcov/pr16855.C -std=gnu++98 line 45: is #####:should be 1
UNRESOLVED: g++.dg/lto/pr65276 cp_lto_pr65276_0.o-cp_lto_pr65276_1.o execute -flto -O0 -std=c++11
FAIL: g++.dg/lto/pr65276 cp_lto_pr65276_0.o-cp_lto_pr65276_1.o link, -flto -O0 -std=c++11
UNRESOLVED: g++.dg/lto/pr65549 cp_lto_pr65549_0.o-cp_lto_pr65549_0.o execute -std=gnu++14 -flto -g -O2 -fno-inline -flto-partition=max
FAIL: g++.dg/lto/pr65549 cp_lto_pr65549_0.o-cp_lto_pr65549_0.o link, -std=gnu++14 -flto -g -O2 -fno-inline -flto-partition=max
FAIL: g++.dg/pch/pch.C -g -I. -Dwith_PCH 1 blank line(s) in output
FAIL: g++.dg/pch/pch.C -g -I. -Dwith_PCH (internal compiler error)
FAIL: g++.dg/pch/pch.C -g -I. -Dwith_PCH (test for excess errors)
FAIL: g++.dg/pch/pch.C -g assembly comparison
FAIL: g++.dg/tls/pr77285-2.C -std=c++11 scan-assembler _ZTH4var1B3tag
FAIL: g++.dg/tls/pr77285-2.C -std=c++14 scan-assembler _ZTH4var1B3tag
FAIL: g++.dg/tree-prof/pr57451.C compilation, -fprofile-generate -D_PROFILE_GENERATE
UNRESOLVED: g++.dg/tree-prof/pr57451.C compilation, -fprofile-use -D_PROFILE_USE
UNRESOLVED: g++.dg/tree-prof/pr57451.C execution, -fprofile-generate -D_PROFILE_GENERATE
UNRESOLVED: g++.dg/tree-prof/pr57451.C execution, -fprofile-use -D_PROFILE_USE
FAIL: g++.dg/tree-prof/pr63581.C compilation, -fprofile-generate -D_PROFILE_GENERATE
UNRESOLVED: g++.dg/tree-prof/pr63581.C compilation, -fprofile-use -D_PROFILE_USE
UNRESOLVED: g++.dg/tree-prof/pr63581.C execution, -fprofile-generate -D_PROFILE_GENERATE
UNRESOLVED: g++.dg/tree-prof/pr63581.C execution, -fprofile-use -D_PROFILE_USE
FAIL: c-c++-common/ubsan/object-size-2.c -O2 (test for excess errors)
WARNING: program timed out.
=== g++ Summary for unix/-m64 ===
# of expected passes 110886
# of unexpected failures 40
# of expected failures 399
# of unresolved testcases 8
# of unsupported tests 4868
=== g++ Summary ===
# of expected passes 220358
# of unexpected failures 87
# of expected failures 798
# of unresolved testcases 16
# of unsupported tests 9532
/scratch/10-12-sie/gcc-7-4r0/gcc/testsuite/g++/../../xg++ version 7.4.1 20190106 [gcc-7-branch revision 267614] (GCC)
=== gcc tests ===
Running target unix/-m32
FAIL: gcc.c-torture/compile/pr72802.c -O0 (test for excess errors)
FAIL: gcc.c-torture/compile/pr72802.c -O1 (test for excess errors)
FAIL: gcc.c-torture/compile/pr72802.c -O2 (test for excess errors)
FAIL: gcc.c-torture/compile/pr72802.c -O2 -flto (test for excess errors)
FAIL: gcc.c-torture/compile/pr72802.c -O2 -flto -flto-partition=none (test for excess errors)
FAIL: gcc.c-torture/compile/pr72802.c -O3 -fomit-frame-pointer -funroll-loops -fpeel-loops -ftracer -finline-functions (test for excess errors)
FAIL: gcc.c-torture/compile/pr72802.c -O3 -g (test for excess errors)
FAIL: gcc.c-torture/compile/pr72802.c -Os (test for excess errors)
FAIL: gcc.c-torture/execute/pr34971.c -O2 -flto -flto-partition=none (test for excess errors)
WARNING: program timed out.
FAIL: c-c++-common/asan/strncpy-overflow-1.c -O0 output pattern test
FAIL: c-c++-common/asan/strncpy-overflow-1.c -O1 output pattern test
FAIL: c-c++-common/asan/strncpy-overflow-1.c -O2 output pattern test
FAIL: c-c++-common/asan/strncpy-overflow-1.c -O2 -flto (test for excess errors)
FAIL: c-c++-common/asan/strncpy-overflow-1.c -O2 -flto output pattern test
FAIL: c-c++-common/asan/strncpy-overflow-1.c -O2 -flto -flto-partition=none (test for excess errors)
FAIL: c-c++-common/asan/strncpy-overflow-1.c -O2 -flto -flto-partition=none output pattern test
FAIL: c-c++-common/asan/strncpy-overflow-1.c -O3 -g output pattern test
FAIL: c-c++-common/asan/strncpy-overflow-1.c -Os output pattern test
FAIL: gcc.dg/debug/dwarf2/pr80263.c scan-assembler-not \\\\msizetype
FAIL: gcc.dg/framework-1.c (test for excess errors)
XPASS: gcc.dg/pr78768.c -Wformat-overflow (test for warnings, line 11)
FAIL: gcc.dg/pubtypes-2.c scan-assembler long+[ \\t]+0x13b+[ \\t]+[#;]+[ \\t]+Pub Info Length
FAIL: gcc.dg/pubtypes-3.c scan-assembler long+[ \\t]+0x13b+[ \\t]+[#;]+[ \\t]+Pub Info Length
FAIL: gcc.dg/pubtypes-4.c scan-assembler long+[ \\t]+0x172+[ \\t]+[#;]+[ \\t]+Pub Info Length
FAIL: gcc.dg/stack-layout-dynamic-1.c (internal compiler error)
FAIL: gcc.dg/stack-layout-dynamic-1.c (test for excess errors)
FAIL: gcc.dg/uninit-19.c (test for warnings, line 23)
FAIL: gcc.dg/uninit-19.c (test for excess errors)
FAIL: gcc.dg/graphite/scop-19.c scan-tree-dump-times graphite "number of SCoPs: 0" 1
FAIL: gcc.dg/pch/save-temps-1.c -O0 -I. -Dwith_PCH (test for excess errors)
FAIL: gcc.dg/pch/save-temps-1.c -O1 -I. -Dwith_PCH (internal compiler error)
FAIL: gcc.dg/pch/save-temps-1.c -O1 -I. -Dwith_PCH (test for excess errors)
FAIL: gcc.dg/pch/save-temps-1.c -O1 assembly comparison
FAIL: gcc.dg/pch/save-temps-1.c -O3 -g -I. -Dwith_PCH (test for excess errors)
FAIL: gcc.dg/pch/save-temps-1.c -O0 assembly comparison
FAIL: gcc.dg/pch/save-temps-1.c -O3 -g assembly comparison
WARNING: program timed out.
FAIL: gcc.dg/torture/builtin-self.c -O0 scan-assembler-not \\tcall
FAIL: gcc.target/i386/align-limit.c scan-assembler .p2align 6,,1
XPASS: gcc.target/i386/fuse-caller-save-rec.c scan-assembler-not pop
XPASS: gcc.target/i386/fuse-caller-save-rec.c scan-assembler-not push
XPASS: gcc.target/i386/fuse-caller-save-rec.c scan-assembler-times addl\\t%[re]?dx, %[re]?ax 1
XPASS: gcc.target/i386/fuse-caller-save-xmm.c scan-assembler-times addpd\\t%xmm1, %xmm0 1
FAIL: gcc.target/i386/fuse-caller-save-xmm.c scan-assembler-times addpd\\t\\\\.?LC0.*, %xmm0 1
XPASS: gcc.target/i386/fuse-caller-save.c scan-assembler-not pop
XPASS: gcc.target/i386/fuse-caller-save.c scan-assembler-not push
XPASS: gcc.target/i386/fuse-caller-save.c scan-assembler-times addl\\t%[re]?d[ix], %[re]?ax 1
FAIL: gcc.target/i386/iinline-attr-2.c scan-assembler p2align
FAIL: gcc.target/i386/memcpy-strategy-3.c scan-assembler-times memcpy 2
FAIL: gcc.target/i386/memset-strategy-1.c scan-assembler-times memset 2
FAIL: gcc.target/i386/pr22076.c scan-assembler-times movq 3
FAIL: gcc.target/i386/pr24414.c (test for excess errors)
UNRESOLVED: gcc.target/i386/pr24414.c compilation failed to produce executable
FAIL: gcc.target/i386/pr32219-1.c scan-assembler movl[ \\t]xxx@GOTOFF\\\\(%[^,]*\\\\), %eax
FAIL: gcc.target/i386/pr32219-2.c scan-assembler movl[ \\t]xxx@GOT\\\\(%[^,]*\\\\), %
FAIL: gcc.target/i386/pr32219-3.c scan-assembler movl[ \\t]xxx@GOTOFF\\\\(%[^,]*\\\\), %eax
FAIL: gcc.target/i386/pr32219-4.c scan-assembler movl[ \\t]xxx@GOT\\\\(%[^,]*\\\\), %
FAIL: gcc.target/i386/pr32219-5.c scan-assembler movl[ \\t]xxx@GOTOFF\\\\(%[^,]*\\\\), %eax
FAIL: gcc.target/i386/pr32219-6.c scan-assembler movl[ \\t]xxx@GOT\\\\(%[^,]*\\\\), %
FAIL: gcc.target/i386/pr32219-7.c scan-assembler movl[ \\t]xxx@GOTOFF\\\\(%[^,]*\\\\), %eax
FAIL: gcc.target/i386/pr32219-8.c scan-assembler movl[ \\t]xxx@GOT\\\\(%[^,]*\\\\), %
FAIL: gcc.target/i386/pr39013-1.c scan-assembler bar@PLT
FAIL: gcc.target/i386/pr39013-1.c scan-assembler foo@PLT
FAIL: gcc.target/i386/pr39013-2.c scan-assembler bar@PLT
FAIL: gcc.target/i386/pr39013-2.c scan-assembler foo@PLT
FAIL: gcc.target/i386/pr59874-3.c scan-assembler popcntw
FAIL: gcc.target/i386/pr64317.c scan-assembler addl[ \\\\t]+[\$]_GLOBAL_OFFSET_TABLE_, %ebx
FAIL: gcc.target/i386/pr64317.c scan-assembler movl[ \\\\t]+c@GOTOFF[(]%ebx[)]
FAIL: gcc.target/i386/pr66334.c scan-assembler movl[ \\\\t].+, %ebx
FAIL: gcc.target/i386/pr66819-3.c scan-assembler-not call
FAIL: gcc.target/i386/pr66819-4.c scan-assembler-not call
FAIL: gcc.target/i386/pr67985-2.c scan-assembler call[ \\t]__mulsf3
FAIL: gcc.target/i386/pr70738-7.c scan-assembler call[ \\t]__mulsf3
FAIL: gcc.target/i386/pr71245-1.c scan-assembler-not (fistp|fild)
FAIL: gcc.target/i386/pr71245-2.c scan-assembler-not movlps
FAIL: gcc.target/i386/pr77881.c scan-assembler jne[ \\t].L
FAIL: gcc.target/i386/pr77881.c scan-assembler js[ \\t].L
FAIL: gcc.target/i386/pr78035.c scan-assembler-times cmp 2
FAIL: gcc.target/i386/ret-thunk-22.c scan-assembler jmp[ \\t]*__x86_return_thunk_ecx
FAIL: gcc.target/i386/ret-thunk-22.c scan-assembler-times popl[\\\\t ]*%ecx 1
FAIL: gcc.target/i386/ret-thunk-23.c scan-assembler jmp[ \\t]*__x86_return_thunk_ecx
FAIL: gcc.target/i386/ret-thunk-23.c scan-assembler lea[l]?[\\\\t ]*4\\\\(%esp\\\\), %esp
FAIL: gcc.target/i386/ret-thunk-23.c scan-assembler-times popl[\\\\t ]*%ecx 1
FAIL: gcc.target/i386/ret-thunk-24.c scan-assembler-times popl[\\\\t ]*%ecx 1
FAIL: gcc.target/i386/ret-thunk-25.c scan-assembler jmp[ \\t]*__x86_return_thunk_bnd_ecx
FAIL: gcc.target/i386/ret-thunk-25.c scan-assembler-times popl[\\\\t ]*%ecx 1
FAIL: gcc.target/i386/ret-thunk-26.c (test for excess errors)
UNRESOLVED: gcc.target/i386/ret-thunk-26.c compilation failed to produce executable
=== gcc Summary for unix/-m32 ===
# of expected passes 118896
# of unexpected failures 77
# of unexpected successes 8
# of expected failures 373
# of unresolved testcases 2
# of unsupported tests 3724
Running target unix/-m64
FAIL: c-c++-common/asan/strncpy-overflow-1.c -O0 output pattern test
FAIL: c-c++-common/asan/strncpy-overflow-1.c -O1 output pattern test
FAIL: c-c++-common/asan/strncpy-overflow-1.c -O2 output pattern test
FAIL: c-c++-common/asan/strncpy-overflow-1.c -O2 -flto (test for excess errors)
FAIL: c-c++-common/asan/strncpy-overflow-1.c -O2 -flto output pattern test
FAIL: c-c++-common/asan/strncpy-overflow-1.c -O2 -flto -flto-partition=none (test for excess errors)
FAIL: c-c++-common/asan/strncpy-overflow-1.c -O2 -flto -flto-partition=none output pattern test
FAIL: c-c++-common/asan/strncpy-overflow-1.c -O3 -g output pattern test
FAIL: c-c++-common/asan/strncpy-overflow-1.c -Os output pattern test
FAIL: gcc.dg/debug/dwarf2/pr80263.c scan-assembler-not \\\\msizetype
FAIL: gcc.dg/framework-1.c (test for excess errors)
XPASS: gcc.dg/pr78768.c -Wformat-overflow (test for warnings, line 11)
FAIL: gcc.dg/pubtypes-2.c scan-assembler long+[ \\t]+0x13b+[ \\t]+[#;]+[ \\t]+Pub Info Length
FAIL: gcc.dg/pubtypes-3.c scan-assembler long+[ \\t]+0x13b+[ \\t]+[#;]+[ \\t]+Pub Info Length
FAIL: gcc.dg/pubtypes-4.c scan-assembler long+[ \\t]+0x172+[ \\t]+[#;]+[ \\t]+Pub Info Length
FAIL: gcc.dg/stack-layout-dynamic-1.c (internal compiler error)
FAIL: gcc.dg/stack-layout-dynamic-1.c (test for excess errors)
FAIL: gcc.dg/uninit-19.c (test for warnings, line 23)
FAIL: gcc.dg/uninit-19.c (test for excess errors)
FAIL: gcc.dg/graphite/scop-19.c scan-tree-dump-times graphite "number of SCoPs: 0" 1
FAIL: gcc.dg/pch/save-temps-1.c -O1 -I. -Dwith_PCH (internal compiler error)
FAIL: gcc.dg/pch/save-temps-1.c -O1 -I. -Dwith_PCH (test for excess errors)
FAIL: gcc.dg/pch/save-temps-1.c -O1 assembly comparison
FAIL: gcc.dg/pch/save-temps-1.c -O2 -I. -Dwith_PCH (test for excess errors)
FAIL: gcc.dg/pch/save-temps-1.c -O0 -g -I. -Dwith_PCH (test for excess errors)
FAIL: gcc.dg/pch/save-temps-1.c -O2 assembly comparison
FAIL: gcc.dg/pch/save-temps-1.c -O0 -g assembly comparison
WARNING: program timed out.
WARNING: program timed out.
FAIL: gcc.target/i386/align-limit.c scan-assembler .p2align 6,,1
FAIL: gcc.target/i386/fuse-caller-save-xmm.c scan-assembler-times addpd\\t\\\\.?LC0.*, %xmm0 1
FAIL: gcc.target/i386/iinline-attr-2.c scan-assembler p2align
FAIL: gcc.target/i386/memcpy-strategy-3.c scan-assembler-times memcpy 2
FAIL: gcc.target/i386/memset-strategy-1.c scan-assembler-times memset 2
FAIL: gcc.target/i386/pr24414.c (test for excess errors)
UNRESOLVED: gcc.target/i386/pr24414.c compilation failed to produce executable
FAIL: gcc.target/i386/pr32219-1.c scan-assembler movl[ \\t]xxx\\\\(%rip\\\\), %eax
FAIL: gcc.target/i386/pr32219-3.c scan-assembler movl[ \\t]xxx\\\\(%rip\\\\), %eax
FAIL: gcc.target/i386/pr32219-3.c scan-assembler-not xxx@GOTPCREL
FAIL: gcc.target/i386/pr32219-5.c scan-assembler movl[ \\t]xxx\\\\(%rip\\\\), %eax
FAIL: gcc.target/i386/pr32219-6.c scan-assembler xxx@GOTPCREL
FAIL: gcc.target/i386/pr32219-7.c scan-assembler movl[ \\t]xxx\\\\(%rip\\\\), %eax
FAIL: gcc.target/i386/pr32219-7.c scan-assembler-not xxx@GOTPCREL
FAIL: gcc.target/i386/pr39013-1.c scan-assembler bar@PLT
FAIL: gcc.target/i386/pr39013-1.c scan-assembler foo@PLT
FAIL: gcc.target/i386/pr39013-2.c scan-assembler bar@PLT
FAIL: gcc.target/i386/pr39013-2.c scan-assembler foo@PLT
FAIL: gcc.target/i386/pr49866.c (test for excess errors)
FAIL: gcc.target/i386/pr59874-3.c scan-assembler popcntw
FAIL: gcc.target/i386/pr61599-1.c (test for excess errors)
UNRESOLVED: gcc.target/i386/pr61599-1.c compilation failed to produce executable
FAIL: gcc.target/i386/pr63538.c scan-assembler movabs
FAIL: gcc.target/i386/pr77881.c scan-assembler jne[ \\t].L
FAIL: gcc.target/i386/pr77881.c scan-assembler js[ \\t].L
FAIL: gcc.target/i386/pr78035.c scan-assembler-times cmp 2
FAIL: gcc.target/i386/ret-thunk-26.c (test for excess errors)
UNRESOLVED: gcc.target/i386/ret-thunk-26.c compilation failed to produce executable
=== gcc Summary for unix/-m64 ===
# of expected passes 120640
# of unexpected failures 51
# of unexpected successes 1
# of expected failures 370
# of unresolved testcases 3
# of unsupported tests 3591
=== gcc Summary ===
# of expected passes 239536
# of unexpected failures 128
# of unexpected successes 9
# of expected failures 743
# of unresolved testcases 5
# of unsupported tests 7315
/scratch/10-12-sie/gcc-7-4r0/gcc/xgcc version 7.4.1 20190106 [gcc-7-branch revision 267614] (GCC)
=== gfortran tests ===
Running target unix/-m32
FAIL: gfortran.dg/pr51434.f90 -O3 -g (internal compiler error)
FAIL: gfortran.dg/pr51434.f90 -O3 -g (test for excess errors)
UNRESOLVED: gfortran.dg/pr51434.f90 -O3 -g compilation failed to produce executable
=== gfortran Summary for unix/-m32 ===
# of expected passes 45550
# of unexpected failures 2
# of expected failures 87
# of unresolved testcases 1
# of unsupported tests 174
Running target unix/-m64
FAIL: gfortran.dg/pr51434.f90 -O3 -g (internal compiler error)
FAIL: gfortran.dg/pr51434.f90 -O3 -g (test for excess errors)
UNRESOLVED: gfortran.dg/pr51434.f90 -O3 -g compilation failed to produce executable
=== gfortran Summary for unix/-m64 ===
# of expected passes 45767
# of unexpected failures 2
# of expected failures 87
# of unresolved testcases 1
# of unsupported tests 71
=== gfortran Summary ===
# of expected passes 91317
# of unexpected failures 4
# of expected failures 174
# of unresolved testcases 2
# of unsupported tests 245
/scratch/10-12-sie/gcc-7-4r0/gcc/testsuite/gfortran/../../gfortran version 7.4.1 20190106 [gcc-7-branch revision 267614] (GCC)
=== gnat tests ===
Running target unix/-m32
=== gnat Summary for unix/-m32 ===
# of expected passes 2593
# of expected failures 25
# of unsupported tests 7
Running target unix/-m64
=== gnat Summary for unix/-m64 ===
# of expected passes 2593
# of expected failures 25
# of unsupported tests 7
=== gnat Summary ===
# of expected passes 5186
# of expected failures 50
# of unsupported tests 14
/scratch/10-12-sie/gcc-7-4r0/gcc/gnatmake version 7.4.1 20190106 [gcc-7-branch revision 267614]
=== obj-c++ tests ===
Running target unix/-m64
FAIL: obj-c++.dg/qual-types-1.mm -fgnu-runtime (test for excess errors)
FAIL: obj-c++.dg/cxx-ivars-3.mm -fnext-runtime (test for excess errors)
UNRESOLVED: obj-c++.dg/cxx-ivars-3.mm -fnext-runtime compilation failed to produce executable
FAIL: obj-c++.dg/encode-5.mm -fnext-runtime (test for excess errors)
UNRESOLVED: obj-c++.dg/encode-5.mm -fnext-runtime compilation failed to produce executable
FAIL: obj-c++.dg/gnu-api-2-objc.mm -fnext-runtime execution test
FAIL: obj-c++.dg/isa-field-1.mm -fnext-runtime (test for excess errors)
FAIL: obj-c++.dg/objc-gc-3.mm -fnext-runtime (test for excess errors)
FAIL: obj-c++.dg/proto-lossage-3.mm -fnext-runtime (test for excess errors)
UNRESOLVED: obj-c++.dg/proto-lossage-3.mm -fnext-runtime compilation failed to produce executable
FAIL: obj-c++.dg/proto-lossage-7.mm -fnext-runtime (test for excess errors)
FAIL: obj-c++.dg/proto-qual-1.mm -fnext-runtime (test for excess errors)
UNRESOLVED: obj-c++.dg/proto-qual-1.mm -fnext-runtime compilation failed to produce executable
FAIL: obj-c++.dg/syntax-error-1.mm -fnext-runtime (test for excess errors)
FAIL: obj-c++.dg/try-catch-2.mm -fnext-runtime execution test
FAIL: obj-c++.dg/try-catch-9.mm -fnext-runtime execution test
FAIL: obj-c++.dg/plugin/diagnostic-test-expressions-1.mm -fplugin=./diagnostic_plugin_test_tree_expression_range.so (test for warnings, line 60)
FAIL: obj-c++.dg/plugin/diagnostic-test-expressions-1.mm -fplugin=./diagnostic_plugin_test_tree_expression_range.so (test for warnings, line 68)
FAIL: obj-c++.dg/plugin/diagnostic-test-expressions-1.mm -fplugin=./diagnostic_plugin_test_tree_expression_range.so expected multiline pattern lines 62-63 not found: " __emit_expression_range \\( 0, @selector\\(func0\\) \\);.*\\n \\^~~~~~~~~~~~~~~~\\n"
FAIL: obj-c++.dg/plugin/diagnostic-test-expressions-1.mm -fplugin=./diagnostic_plugin_test_tree_expression_range.so expected multiline pattern lines 70-71 not found: " __emit_expression_range \\( 0, @protocol\\(prot\\) \\);.*\\n \\^~~~~~~~~~~~~~~\\n"
FAIL: obj-c++.dg/plugin/diagnostic-test-expressions-1.mm -fplugin=./diagnostic_plugin_test_tree_expression_range.so (test for excess errors)
FAIL: obj-c++.dg/strings/const-cfstring-2.mm -fnext-runtime (test for excess errors)
FAIL: obj-c++.dg/strings/const-cfstring-5.mm -fnext-runtime (test for excess errors)
FAIL: obj-c++.dg/strings/const-str-12.mm -fnext-runtime (test for excess errors)
FAIL: obj-c++.dg/torture/strings/const-cfstring-1.mm -O0 -fnext-runtime (test for excess errors)
UNRESOLVED: obj-c++.dg/torture/strings/const-cfstring-1.mm -O0 -fnext-runtime compilation failed to produce executable
FAIL: obj-c++.dg/torture/strings/const-cfstring-1.mm -O1 -fnext-runtime (test for excess errors)
UNRESOLVED: obj-c++.dg/torture/strings/const-cfstring-1.mm -O1 -fnext-runtime compilation failed to produce executable
FAIL: obj-c++.dg/torture/strings/const-cfstring-1.mm -O2 -fnext-runtime (test for excess errors)
UNRESOLVED: obj-c++.dg/torture/strings/const-cfstring-1.mm -O2 -fnext-runtime compilation failed to produce executable
FAIL: obj-c++.dg/torture/strings/const-cfstring-1.mm -O3 -g -fnext-runtime (test for excess errors)
UNRESOLVED: obj-c++.dg/torture/strings/const-cfstring-1.mm -O3 -g -fnext-runtime compilation failed to produce executable
FAIL: obj-c++.dg/torture/strings/const-cfstring-1.mm -Os -fnext-runtime (test for excess errors)
UNRESOLVED: obj-c++.dg/torture/strings/const-cfstring-1.mm -Os -fnext-runtime compilation failed to produce executable
FAIL: obj-c++.dg/torture/strings/const-cfstring-1.mm -O2 -flto -flto-partition=none -fnext-runtime (test for excess errors)
UNRESOLVED: obj-c++.dg/torture/strings/const-cfstring-1.mm -O2 -flto -flto-partition=none -fnext-runtime compilation failed to produce executable
FAIL: obj-c++.dg/torture/strings/const-cfstring-1.mm -O2 -flto -fnext-runtime (test for excess errors)
UNRESOLVED: obj-c++.dg/torture/strings/const-cfstring-1.mm -O2 -flto -fnext-runtime compilation failed to produce executable
FAIL: obj-c++.dg/torture/strings/const-str-10.mm -O0 -fnext-runtime (test for excess errors)
UNRESOLVED: obj-c++.dg/torture/strings/const-str-10.mm -O0 -fnext-runtime scan-assembler .section __DATA, __objc_stringobj
UNRESOLVED: obj-c++.dg/torture/strings/const-str-10.mm -O0 -fnext-runtime scan-assembler .quad\\t_OBJC_CLASS_._NSConstantString\\n\\t.quad\\t.*\\n\\t.long\\t5\\n\\t.space
FAIL: obj-c++.dg/torture/strings/const-str-10.mm -O1 -fnext-runtime (test for excess errors)
UNRESOLVED: obj-c++.dg/torture/strings/const-str-10.mm -O1 -fnext-runtime scan-assembler .section __DATA, __objc_stringobj
UNRESOLVED: obj-c++.dg/torture/strings/const-str-10.mm -O1 -fnext-runtime scan-assembler .quad\\t_OBJC_CLASS_._NSConstantString\\n\\t.quad\\t.*\\n\\t.long\\t5\\n\\t.space
FAIL: obj-c++.dg/torture/strings/const-str-10.mm -O2 -fnext-runtime (test for excess errors)
UNRESOLVED: obj-c++.dg/torture/strings/const-str-10.mm -O2 -fnext-runtime scan-assembler .section __DATA, __objc_stringobj
UNRESOLVED: obj-c++.dg/torture/strings/const-str-10.mm -O2 -fnext-runtime scan-assembler .quad\\t_OBJC_CLASS_._NSConstantString\\n\\t.quad\\t.*\\n\\t.long\\t5\\n\\t.space
FAIL: obj-c++.dg/torture/strings/const-str-10.mm -O3 -g -fnext-runtime (test for excess errors)
UNRESOLVED: obj-c++.dg/torture/strings/const-str-10.mm -O3 -g -fnext-runtime scan-assembler .section __DATA, __objc_stringobj
UNRESOLVED: obj-c++.dg/torture/strings/const-str-10.mm -O3 -g -fnext-runtime scan-assembler .quad\\t_OBJC_CLASS_._NSConstantString\\n\\t.quad\\t.*\\n\\t.long\\t5\\n\\t.space
FAIL: obj-c++.dg/torture/strings/const-str-10.mm -Os -fnext-runtime (test for excess errors)
UNRESOLVED: obj-c++.dg/torture/strings/const-str-10.mm -Os -fnext-runtime scan-assembler .section __DATA, __objc_stringobj
UNRESOLVED: obj-c++.dg/torture/strings/const-str-10.mm -Os -fnext-runtime scan-assembler .quad\\t_OBJC_CLASS_._NSConstantString\\n\\t.quad\\t.*\\n\\t.long\\t5\\n\\t.space
FAIL: obj-c++.dg/torture/strings/const-str-10.mm -O2 -flto -flto-partition=none -fnext-runtime (test for excess errors)
UNRESOLVED: obj-c++.dg/torture/strings/const-str-10.mm -O2 -flto -flto-partition=none -fnext-runtime scan-assembler .section __DATA, __objc_stringobj
UNRESOLVED: obj-c++.dg/torture/strings/const-str-10.mm -O2 -flto -flto-partition=none -fnext-runtime scan-assembler .quad\\t_OBJC_CLASS_._NSConstantString\\n\\t.quad\\t.*\\n\\t.long\\t5\\n\\t.space
FAIL: obj-c++.dg/torture/strings/const-str-10.mm -O2 -flto -fnext-runtime (test for excess errors)
UNRESOLVED: obj-c++.dg/torture/strings/const-str-10.mm -O2 -flto -fnext-runtime scan-assembler .section __DATA, __objc_stringobj
UNRESOLVED: obj-c++.dg/torture/strings/const-str-10.mm -O2 -flto -fnext-runtime scan-assembler .quad\\t_OBJC_CLASS_._NSConstantString\\n\\t.quad\\t.*\\n\\t.long\\t5\\n\\t.space
FAIL: obj-c++.dg/torture/strings/const-str-11.mm -O0 -fnext-runtime (test for excess errors)
UNRESOLVED: obj-c++.dg/torture/strings/const-str-11.mm -O0 -fnext-runtime scan-assembler .section __DATA, __objc_stringobj
UNRESOLVED: obj-c++.dg/torture/strings/const-str-11.mm -O0 -fnext-runtime scan-assembler .quad\\t_OBJC_CLASS_._XStr\\n\\t.quad\\t.*\\n\\t.long\\t5\\n\\t.space
FAIL: obj-c++.dg/torture/strings/const-str-11.mm -O1 -fnext-runtime (test for excess errors)
UNRESOLVED: obj-c++.dg/torture/strings/const-str-11.mm -O1 -fnext-runtime scan-assembler .section __DATA, __objc_stringobj
UNRESOLVED: obj-c++.dg/torture/strings/const-str-11.mm -O1 -fnext-runtime scan-assembler .quad\\t_OBJC_CLASS_._XStr\\n\\t.quad\\t.*\\n\\t.long\\t5\\n\\t.space
FAIL: obj-c++.dg/torture/strings/const-str-11.mm -O2 -fnext-runtime (test for excess errors)
UNRESOLVED: obj-c++.dg/torture/strings/const-str-11.mm -O2 -fnext-runtime scan-assembler .section __DATA, __objc_stringobj
UNRESOLVED: obj-c++.dg/torture/strings/const-str-11.mm -O2 -fnext-runtime scan-assembler .quad\\t_OBJC_CLASS_._XStr\\n\\t.quad\\t.*\\n\\t.long\\t5\\n\\t.space
FAIL: obj-c++.dg/torture/strings/const-str-11.mm -O3 -g -fnext-runtime (test for excess errors)
UNRESOLVED: obj-c++.dg/torture/strings/const-str-11.mm -O3 -g -fnext-runtime scan-assembler .section __DATA, __objc_stringobj
UNRESOLVED: obj-c++.dg/torture/strings/const-str-11.mm -O3 -g -fnext-runtime scan-assembler .quad\\t_OBJC_CLASS_._XStr\\n\\t.quad\\t.*\\n\\t.long\\t5\\n\\t.space
FAIL: obj-c++.dg/torture/strings/const-str-11.mm -Os -fnext-runtime (test for excess errors)
UNRESOLVED: obj-c++.dg/torture/strings/const-str-11.mm -Os -fnext-runtime scan-assembler .section __DATA, __objc_stringobj
UNRESOLVED: obj-c++.dg/torture/strings/const-str-11.mm -Os -fnext-runtime scan-assembler .quad\\t_OBJC_CLASS_._XStr\\n\\t.quad\\t.*\\n\\t.long\\t5\\n\\t.space
FAIL: obj-c++.dg/torture/strings/const-str-11.mm -O2 -flto -flto-partition=none -fnext-runtime (test for excess errors)
UNRESOLVED: obj-c++.dg/torture/strings/const-str-11.mm -O2 -flto -flto-partition=none -fnext-runtime scan-assembler .section __DATA, __objc_stringobj
UNRESOLVED: obj-c++.dg/torture/strings/const-str-11.mm -O2 -flto -flto-partition=none -fnext-runtime scan-assembler .quad\\t_OBJC_CLASS_._XStr\\n\\t.quad\\t.*\\n\\t.long\\t5\\n\\t.space
FAIL: obj-c++.dg/torture/strings/const-str-11.mm -O2 -flto -fnext-runtime (test for excess errors)
UNRESOLVED: obj-c++.dg/torture/strings/const-str-11.mm -O2 -flto -fnext-runtime scan-assembler .section __DATA, __objc_stringobj
UNRESOLVED: obj-c++.dg/torture/strings/const-str-11.mm -O2 -flto -fnext-runtime scan-assembler .quad\\t_OBJC_CLASS_._XStr\\n\\t.quad\\t.*\\n\\t.long\\t5\\n\\t.space
FAIL: obj-c++.dg/torture/strings/const-str-9.mm -O0 -fnext-runtime (test for excess errors)
UNRESOLVED: obj-c++.dg/torture/strings/const-str-9.mm -O0 -fnext-runtime scan-assembler .section __DATA, __objc_stringobj
UNRESOLVED: obj-c++.dg/torture/strings/const-str-9.mm -O0 -fnext-runtime scan-assembler .quad\\t_OBJC_CLASS_._NSConstantString\\n\\t.quad\\t.*\\n\\t.long\\t5\\n\\t.space
FAIL: obj-c++.dg/torture/strings/const-str-9.mm -O1 -fnext-runtime (test for excess errors)
UNRESOLVED: obj-c++.dg/torture/strings/const-str-9.mm -O1 -fnext-runtime scan-assembler .section __DATA, __objc_stringobj
UNRESOLVED: obj-c++.dg/torture/strings/const-str-9.mm -O1 -fnext-runtime scan-assembler .quad\\t_OBJC_CLASS_._NSConstantString\\n\\t.quad\\t.*\\n\\t.long\\t5\\n\\t.space
FAIL: obj-c++.dg/torture/strings/const-str-9.mm -O2 -fnext-runtime (test for excess errors)
UNRESOLVED: obj-c++.dg/torture/strings/const-str-9.mm -O2 -fnext-runtime scan-assembler .section __DATA, __objc_stringobj
UNRESOLVED: obj-c++.dg/torture/strings/const-str-9.mm -O2 -fnext-runtime scan-assembler .quad\\t_OBJC_CLASS_._NSConstantString\\n\\t.quad\\t.*\\n\\t.long\\t5\\n\\t.space
FAIL: obj-c++.dg/torture/strings/const-str-9.mm -O3 -g -fnext-runtime (test for excess errors)
UNRESOLVED: obj-c++.dg/torture/strings/const-str-9.mm -O3 -g -fnext-runtime scan-assembler .section __DATA, __objc_stringobj
UNRESOLVED: obj-c++.dg/torture/strings/const-str-9.mm -O3 -g -fnext-runtime scan-assembler .quad\\t_OBJC_CLASS_._NSConstantString\\n\\t.quad\\t.*\\n\\t.long\\t5\\n\\t.space
FAIL: obj-c++.dg/torture/strings/const-str-9.mm -Os -fnext-runtime (test for excess errors)
UNRESOLVED: obj-c++.dg/torture/strings/const-str-9.mm -Os -fnext-runtime scan-assembler .section __DATA, __objc_stringobj
UNRESOLVED: obj-c++.dg/torture/strings/const-str-9.mm -Os -fnext-runtime scan-assembler .quad\\t_OBJC_CLASS_._NSConstantString\\n\\t.quad\\t.*\\n\\t.long\\t5\\n\\t.space
FAIL: obj-c++.dg/torture/strings/const-str-9.mm -O2 -flto -flto-partition=none -fnext-runtime (test for excess errors)
UNRESOLVED: obj-c++.dg/torture/strings/const-str-9.mm -O2 -flto -flto-partition=none -fnext-runtime scan-assembler .section __DATA, __objc_stringobj
UNRESOLVED: obj-c++.dg/torture/strings/const-str-9.mm -O2 -flto -flto-partition=none -fnext-runtime scan-assembler .quad\\t_OBJC_CLASS_._NSConstantString\\n\\t.quad\\t.*\\n\\t.long\\t5\\n\\t.space
FAIL: obj-c++.dg/torture/strings/const-str-9.mm -O2 -flto -fnext-runtime (test for excess errors)
UNRESOLVED: obj-c++.dg/torture/strings/const-str-9.mm -O2 -flto -fnext-runtime scan-assembler .section __DATA, __objc_stringobj
UNRESOLVED: obj-c++.dg/torture/strings/const-str-9.mm -O2 -flto -fnext-runtime scan-assembler .quad\\t_OBJC_CLASS_._NSConstantString\\n\\t.quad\\t.*\\n\\t.long\\t5\\n\\t.space
=== obj-c++ Summary for unix/-m64 ===
# of expected passes 2974
# of unexpected failures 48
# of expected failures 18
# of unresolved testcases 53
# of unsupported tests 68
Running target unix/-m32
FAIL: obj-c++.dg/qual-types-1.mm -fgnu-runtime (test for excess errors)
FAIL: obj-c++.dg/cxx-ivars-3.mm -fnext-runtime (test for excess errors)
UNRESOLVED: obj-c++.dg/cxx-ivars-3.mm -fnext-runtime compilation failed to produce executable
FAIL: obj-c++.dg/gnu-api-2-objc.mm -fnext-runtime execution test
FAIL: obj-c++.dg/objc-gc-3.mm -fnext-runtime (test for excess errors)
FAIL: obj-c++.dg/proto-lossage-7.mm -fnext-runtime (test for excess errors)
FAIL: obj-c++.dg/stubify-1.mm -fnext-runtime (test for excess errors)
FAIL: obj-c++.dg/stubify-2.mm -fnext-runtime scan-rtl-dump-not jump "symbol_ref.*"objc_msgSend""
FAIL: obj-c++.dg/syntax-error-1.mm -fnext-runtime (test for excess errors)
FAIL: obj-c++.dg/plugin/diagnostic-test-expressions-1.mm -fplugin=./diagnostic_plugin_test_tree_expression_range.so (test for warnings, line 60)
FAIL: obj-c++.dg/plugin/diagnostic-test-expressions-1.mm -fplugin=./diagnostic_plugin_test_tree_expression_range.so expected multiline pattern lines 62-63 not found: " __emit_expression_range \\( 0, @selector\\(func0\\) \\);.*\\n \\^~~~~~~~~~~~~~~~\\n"
FAIL: obj-c++.dg/plugin/diagnostic-test-expressions-1.mm -fplugin=./diagnostic_plugin_test_tree_expression_range.so (test for excess errors)
FAIL: obj-c++.dg/strings/const-cfstring-2.mm -fnext-runtime (test for excess errors)
FAIL: obj-c++.dg/strings/const-cfstring-5.mm -fnext-runtime (test for excess errors)
FAIL: obj-c++.dg/strings/const-str-12.mm -fnext-runtime (test for excess errors)
FAIL: obj-c++.dg/torture/strings/const-cfstring-1.mm -O0 -fnext-runtime (test for excess errors)
UNRESOLVED: obj-c++.dg/torture/strings/const-cfstring-1.mm -O0 -fnext-runtime compilation failed to produce executable
FAIL: obj-c++.dg/torture/strings/const-cfstring-1.mm -O1 -fnext-runtime (test for excess errors)
UNRESOLVED: obj-c++.dg/torture/strings/const-cfstring-1.mm -O1 -fnext-runtime compilation failed to produce executable
FAIL: obj-c++.dg/torture/strings/const-cfstring-1.mm -O2 -fnext-runtime (test for excess errors)
UNRESOLVED: obj-c++.dg/torture/strings/const-cfstring-1.mm -O2 -fnext-runtime compilation failed to produce executable
FAIL: obj-c++.dg/torture/strings/const-cfstring-1.mm -O3 -g -fnext-runtime (test for excess errors)
UNRESOLVED: obj-c++.dg/torture/strings/const-cfstring-1.mm -O3 -g -fnext-runtime compilation failed to produce executable
FAIL: obj-c++.dg/torture/strings/const-cfstring-1.mm -Os -fnext-runtime (test for excess errors)
UNRESOLVED: obj-c++.dg/torture/strings/const-cfstring-1.mm -Os -fnext-runtime compilation failed to produce executable
FAIL: obj-c++.dg/torture/strings/const-cfstring-1.mm -O2 -flto -flto-partition=none -fnext-runtime (test for excess errors)
UNRESOLVED: obj-c++.dg/torture/strings/const-cfstring-1.mm -O2 -flto -flto-partition=none -fnext-runtime compilation failed to produce executable
FAIL: obj-c++.dg/torture/strings/const-cfstring-1.mm -O2 -flto -fnext-runtime (test for excess errors)
UNRESOLVED: obj-c++.dg/torture/strings/const-cfstring-1.mm -O2 -flto -fnext-runtime compilation failed to produce executable
FAIL: obj-c++.dg/torture/strings/const-str-10.mm -O0 -fnext-runtime (test for excess errors)
UNRESOLVED: obj-c++.dg/torture/strings/const-str-10.mm -O0 -fnext-runtime scan-assembler .section __OBJC, __cstring_object
UNRESOLVED: obj-c++.dg/torture/strings/const-str-10.mm -O0 -fnext-runtime scan-assembler .long\\t__NSConstantStringClassReference\\n\\t.long\\t.*\\n\\t.long\\t5\\n\\t.data
FAIL: obj-c++.dg/torture/strings/const-str-10.mm -O1 -fnext-runtime (test for excess errors)
UNRESOLVED: obj-c++.dg/torture/strings/const-str-10.mm -O1 -fnext-runtime scan-assembler .section __OBJC, __cstring_object
UNRESOLVED: obj-c++.dg/torture/strings/const-str-10.mm -O1 -fnext-runtime scan-assembler .long\\t__NSConstantStringClassReference\\n\\t.long\\t.*\\n\\t.long\\t5\\n\\t.data
FAIL: obj-c++.dg/torture/strings/const-str-10.mm -O2 -fnext-runtime (test for excess errors)
UNRESOLVED: obj-c++.dg/torture/strings/const-str-10.mm -O2 -fnext-runtime scan-assembler .section __OBJC, __cstring_object
UNRESOLVED: obj-c++.dg/torture/strings/const-str-10.mm -O2 -fnext-runtime scan-assembler .long\\t__NSConstantStringClassReference\\n\\t.long\\t.*\\n\\t.long\\t5\\n\\t.data
FAIL: obj-c++.dg/torture/strings/const-str-10.mm -O3 -g -fnext-runtime (test for excess errors)
UNRESOLVED: obj-c++.dg/torture/strings/const-str-10.mm -O3 -g -fnext-runtime scan-assembler .section __OBJC, __cstring_object
UNRESOLVED: obj-c++.dg/torture/strings/const-str-10.mm -O3 -g -fnext-runtime scan-assembler .long\\t__NSConstantStringClassReference\\n\\t.long\\t.*\\n\\t.long\\t5\\n\\t.data
FAIL: obj-c++.dg/torture/strings/const-str-10.mm -Os -fnext-runtime (test for excess errors)
UNRESOLVED: obj-c++.dg/torture/strings/const-str-10.mm -Os -fnext-runtime scan-assembler .section __OBJC, __cstring_object
UNRESOLVED: obj-c++.dg/torture/strings/const-str-10.mm -Os -fnext-runtime scan-assembler .long\\t__NSConstantStringClassReference\\n\\t.long\\t.*\\n\\t.long\\t5\\n\\t.data
FAIL: obj-c++.dg/torture/strings/const-str-10.mm -O2 -flto -flto-partition=none -fnext-runtime (test for excess errors)
UNRESOLVED: obj-c++.dg/torture/strings/const-str-10.mm -O2 -flto -flto-partition=none -fnext-runtime scan-assembler .section __OBJC, __cstring_object
UNRESOLVED: obj-c++.dg/torture/strings/const-str-10.mm -O2 -flto -flto-partition=none -fnext-runtime scan-assembler .long\\t__NSConstantStringClassReference\\n\\t.long\\t.*\\n\\t.long\\t5\\n\\t.data
FAIL: obj-c++.dg/torture/strings/const-str-10.mm -O2 -flto -fnext-runtime (test for excess errors)
UNRESOLVED: obj-c++.dg/torture/strings/const-str-10.mm -O2 -flto -fnext-runtime scan-assembler .section __OBJC, __cstring_object
UNRESOLVED: obj-c++.dg/torture/strings/const-str-10.mm -O2 -flto -fnext-runtime scan-assembler .long\\t__NSConstantStringClassReference\\n\\t.long\\t.*\\n\\t.long\\t5\\n\\t.data
FAIL: obj-c++.dg/torture/strings/const-str-11.mm -O0 -fnext-runtime (test for excess errors)
UNRESOLVED: obj-c++.dg/torture/strings/const-str-11.mm -O0 -fnext-runtime scan-assembler .section __OBJC, __cstring_object
UNRESOLVED: obj-c++.dg/torture/strings/const-str-11.mm -O0 -fnext-runtime scan-assembler .long\\t__XStrClassReference\\n\\t.long\\t.*\\n\\t.long\\t5\\n\\t.data
FAIL: obj-c++.dg/torture/strings/const-str-11.mm -O1 -fnext-runtime (test for excess errors)
UNRESOLVED: obj-c++.dg/torture/strings/const-str-11.mm -O1 -fnext-runtime scan-assembler .section __OBJC, __cstring_object
UNRESOLVED: obj-c++.dg/torture/strings/const-str-11.mm -O1 -fnext-runtime scan-assembler .long\\t__XStrClassReference\\n\\t.long\\t.*\\n\\t.long\\t5\\n\\t.data
FAIL: obj-c++.dg/torture/strings/const-str-11.mm -O2 -fnext-runtime (test for excess errors)
UNRESOLVED: obj-c++.dg/torture/strings/const-str-11.mm -O2 -fnext-runtime scan-assembler .section __OBJC, __cstring_object
UNRESOLVED: obj-c++.dg/torture/strings/const-str-11.mm -O2 -fnext-runtime scan-assembler .long\\t__XStrClassReference\\n\\t.long\\t.*\\n\\t.long\\t5\\n\\t.data
FAIL: obj-c++.dg/torture/strings/const-str-11.mm -O3 -g -fnext-runtime (test for excess errors)
UNRESOLVED: obj-c++.dg/torture/strings/const-str-11.mm -O3 -g -fnext-runtime scan-assembler .section __OBJC, __cstring_object
UNRESOLVED: obj-c++.dg/torture/strings/const-str-11.mm -O3 -g -fnext-runtime scan-assembler .long\\t__XStrClassReference\\n\\t.long\\t.*\\n\\t.long\\t5\\n\\t.data
FAIL: obj-c++.dg/torture/strings/const-str-11.mm -Os -fnext-runtime (test for excess errors)
UNRESOLVED: obj-c++.dg/torture/strings/const-str-11.mm -Os -fnext-runtime scan-assembler .section __OBJC, __cstring_object
UNRESOLVED: obj-c++.dg/torture/strings/const-str-11.mm -Os -fnext-runtime scan-assembler .long\\t__XStrClassReference\\n\\t.long\\t.*\\n\\t.long\\t5\\n\\t.data
FAIL: obj-c++.dg/torture/strings/const-str-11.mm -O2 -flto -flto-partition=none -fnext-runtime (test for excess errors)
UNRESOLVED: obj-c++.dg/torture/strings/const-str-11.mm -O2 -flto -flto-partition=none -fnext-runtime scan-assembler .section __OBJC, __cstring_object
UNRESOLVED: obj-c++.dg/torture/strings/const-str-11.mm -O2 -flto -flto-partition=none -fnext-runtime scan-assembler .long\\t__XStrClassReference\\n\\t.long\\t.*\\n\\t.long\\t5\\n\\t.data
FAIL: obj-c++.dg/torture/strings/const-str-11.mm -O2 -flto -fnext-runtime (test for excess errors)
UNRESOLVED: obj-c++.dg/torture/strings/const-str-11.mm -O2 -flto -fnext-runtime scan-assembler .section __OBJC, __cstring_object
UNRESOLVED: obj-c++.dg/torture/strings/const-str-11.mm -O2 -flto -fnext-runtime scan-assembler .long\\t__XStrClassReference\\n\\t.long\\t.*\\n\\t.long\\t5\\n\\t.data
FAIL: obj-c++.dg/torture/strings/const-str-9.mm -O0 -fnext-runtime (test for excess errors)
UNRESOLVED: obj-c++.dg/torture/strings/const-str-9.mm -O0 -fnext-runtime scan-assembler .section __OBJC, __cstring_object
UNRESOLVED: obj-c++.dg/torture/strings/const-str-9.mm -O0 -fnext-runtime scan-assembler .long\\t__NSConstantStringClassReference\\n\\t.long\\t.*\\n\\t.long\\t5\\n\\t.data
FAIL: obj-c++.dg/torture/strings/const-str-9.mm -O1 -fnext-runtime (test for excess errors)
UNRESOLVED: obj-c++.dg/torture/strings/const-str-9.mm -O1 -fnext-runtime scan-assembler .section __OBJC, __cstring_object
UNRESOLVED: obj-c++.dg/torture/strings/const-str-9.mm -O1 -fnext-runtime scan-assembler .long\\t__NSConstantStringClassReference\\n\\t.long\\t.*\\n\\t.long\\t5\\n\\t.data
FAIL: obj-c++.dg/torture/strings/const-str-9.mm -O2 -fnext-runtime (test for excess errors)
UNRESOLVED: obj-c++.dg/torture/strings/const-str-9.mm -O2 -fnext-runtime scan-assembler .section __OBJC, __cstring_object
UNRESOLVED: obj-c++.dg/torture/strings/const-str-9.mm -O2 -fnext-runtime scan-assembler .long\\t__NSConstantStringClassReference\\n\\t.long\\t.*\\n\\t.long\\t5\\n\\t.data
FAIL: obj-c++.dg/torture/strings/const-str-9.mm -O3 -g -fnext-runtime (test for excess errors)
UNRESOLVED: obj-c++.dg/torture/strings/const-str-9.mm -O3 -g -fnext-runtime scan-assembler .section __OBJC, __cstring_object
UNRESOLVED: obj-c++.dg/torture/strings/const-str-9.mm -O3 -g -fnext-runtime scan-assembler .long\\t__NSConstantStringClassReference\\n\\t.long\\t.*\\n\\t.long\\t5\\n\\t.data
FAIL: obj-c++.dg/torture/strings/const-str-9.mm -Os -fnext-runtime (test for excess errors)
UNRESOLVED: obj-c++.dg/torture/strings/const-str-9.mm -Os -fnext-runtime scan-assembler .section __OBJC, __cstring_object
UNRESOLVED: obj-c++.dg/torture/strings/const-str-9.mm -Os -fnext-runtime scan-assembler .long\\t__NSConstantStringClassReference\\n\\t.long\\t.*\\n\\t.long\\t5\\n\\t.data
FAIL: obj-c++.dg/torture/strings/const-str-9.mm -O2 -flto -flto-partition=none -fnext-runtime (test for excess errors)
UNRESOLVED: obj-c++.dg/torture/strings/const-str-9.mm -O2 -flto -flto-partition=none -fnext-runtime scan-assembler .section __OBJC, __cstring_object
UNRESOLVED: obj-c++.dg/torture/strings/const-str-9.mm -O2 -flto -flto-partition=none -fnext-runtime scan-assembler .long\\t__NSConstantStringClassReference\\n\\t.long\\t.*\\n\\t.long\\t5\\n\\t.data
FAIL: obj-c++.dg/torture/strings/const-str-9.mm -O2 -flto -fnext-runtime (test for excess errors)
UNRESOLVED: obj-c++.dg/torture/strings/const-str-9.mm -O2 -flto -fnext-runtime scan-assembler .section __OBJC, __cstring_object
UNRESOLVED: obj-c++.dg/torture/strings/const-str-9.mm -O2 -flto -fnext-runtime scan-assembler .long\\t__NSConstantStringClassReference\\n\\t.long\\t.*\\n\\t.long\\t5\\n\\t.data
=== obj-c++ Summary for unix/-m32 ===
# of expected passes 3041
# of unexpected failures 42
# of expected failures 2
# of unresolved testcases 50
# of unsupported tests 62
=== obj-c++ Summary ===
# of expected passes 6015
# of unexpected failures 90
# of expected failures 20
# of unresolved testcases 103
# of unsupported tests 130
/scratch/10-12-sie/gcc-7-4r0/gcc/testsuite/obj-c++/../../xg++ version 7.4.1 20190106 [gcc-7-branch revision 267614] (GCC)
=== objc tests ===
Running target unix/-m32
FAIL: objc.dg/call-super-2.m -fnext-runtime (test for warnings, line 104)
FAIL: objc.dg/call-super-2.m -fnext-runtime (test for warnings, line 74)
FAIL: objc.dg/gnu-api-2-objc.m -fnext-runtime execution test
FAIL: objc.dg/headers.m -fnext-runtime (test for excess errors)
UNRESOLVED: objc.dg/image-info.m -fnext-runtime scan-assembler \\t.section __OBJC, __image_info.*\\n\\t.align.*\\nL_OBJC_ImageInfo.*:\\n\\t.long\\t0\\n\\t.long\\t1
FAIL: objc.dg/image-info.m -fnext-runtime (test for excess errors)
FAIL: objc.dg/ivar-scope-4.m -fnext-runtime execution test
FAIL: objc.dg/method-6.m -fnext-runtime (test for excess errors)
UNRESOLVED: objc.dg/no-extra-load.m -fnext-runtime scan-assembler-not L_objc_msgSend\\\\\$non_lazy_ptr
FAIL: objc.dg/no-extra-load.m -fnext-runtime (test for excess errors)
FAIL: objc.dg/objc-foreach-4.m -fnext-runtime (test for excess errors)
UNRESOLVED: objc.dg/objc-foreach-4.m -fnext-runtime compilation failed to produce executable
UNRESOLVED: objc.dg/objc-foreach-5.m -fnext-runtime scan-assembler _addStuffUp:
FAIL: objc.dg/objc-foreach-5.m -fnext-runtime (test for excess errors)
FAIL: objc.dg/objc-gc-4.m -fnext-runtime (test for excess errors)
FAIL: objc.dg/proto-lossage-7.m -fnext-runtime (test for excess errors)
UNRESOLVED: objc.dg/symtab-1.m -fnext-runtime scan-assembler L_OBJC_Symbols.*:\\n\\t.long\\t0\\n\\t.long\\t0\\n\\t.word\\t2\\n\\t.word\\t0\\n\\t.long\\tL_OBJC_Class_Derived.*\\n\\t.long\\tL_OBJC_Class_Base.*\\n
FAIL: objc.dg/symtab-1.m -fnext-runtime (test for excess errors)
UNRESOLVED: objc.dg/zero-link-1.m -fnext-runtime scan-assembler objc_getClass
UNRESOLVED: objc.dg/zero-link-1.m -fnext-runtime scan-assembler-not _OBJC_ClassRefs_0
FAIL: objc.dg/zero-link-1.m -fnext-runtime (test for excess errors)
UNRESOLVED: objc.dg/zero-link-2.m -fnext-runtime scan-assembler _OBJC_ClassRefs_0
UNRESOLVED: objc.dg/zero-link-2.m -fnext-runtime scan-assembler-not objc_getClass
FAIL: objc.dg/zero-link-2.m -fnext-runtime (test for excess errors)
FAIL: objc.dg/zero-link-3.m -fnext-runtime (test for excess errors)
UNRESOLVED: objc.dg/zero-link-3.m -fnext-runtime compilation failed to produce executable
FAIL: objc.dg/plugin/diagnostic-test-expressions-1.m -fplugin=./diagnostic_plugin_test_tree_expression_range.so (test for warnings, line 60)
FAIL: objc.dg/plugin/diagnostic-test-expressions-1.m -fplugin=./diagnostic_plugin_test_tree_expression_range.so expected multiline pattern lines 62-63 not found: " __emit_expression_range \\( 0, @selector\\(func0\\) \\);.*\\n \\^~~~~~~~~~~~~~~~\\n"
FAIL: objc.dg/plugin/diagnostic-test-expressions-1.m -fplugin=./diagnostic_plugin_test_tree_expression_range.so (test for excess errors)
FAIL: objc.dg/strings/const-cfstring-2.m -fnext-runtime (test for excess errors)
FAIL: objc.dg/strings/const-cfstring-5.m -fnext-runtime (test for excess errors)
FAIL: objc.dg/strings/const-str-12b.m -fnext-runtime (test for excess errors)
FAIL: objc.dg/torture/strings/const-cfstring-1.m -O0 -fnext-runtime (test for excess errors)
UNRESOLVED: objc.dg/torture/strings/const-cfstring-1.m -O0 -fnext-runtime compilation failed to produce executable
FAIL: objc.dg/torture/strings/const-cfstring-1.m -O1 -fnext-runtime (test for excess errors)
UNRESOLVED: objc.dg/torture/strings/const-cfstring-1.m -O1 -fnext-runtime compilation failed to produce executable
FAIL: objc.dg/torture/strings/const-cfstring-1.m -O2 -fnext-runtime (test for excess errors)
UNRESOLVED: objc.dg/torture/strings/const-cfstring-1.m -O2 -fnext-runtime compilation failed to produce executable
FAIL: objc.dg/torture/strings/const-cfstring-1.m -O2 -flto -fnext-runtime (test for excess errors)
UNRESOLVED: objc.dg/torture/strings/const-cfstring-1.m -O2 -flto -fnext-runtime compilation failed to produce executable
FAIL: objc.dg/torture/strings/const-cfstring-1.m -O2 -flto -flto-partition=none -fnext-runtime (test for excess errors)
UNRESOLVED: objc.dg/torture/strings/const-cfstring-1.m -O2 -flto -flto-partition=none -fnext-runtime compilation failed to produce executable
FAIL: objc.dg/torture/strings/const-cfstring-1.m -O3 -g -fnext-runtime (test for excess errors)
UNRESOLVED: objc.dg/torture/strings/const-cfstring-1.m -O3 -g -fnext-runtime compilation failed to produce executable
FAIL: objc.dg/torture/strings/const-cfstring-1.m -Os -fnext-runtime (test for excess errors)
UNRESOLVED: objc.dg/torture/strings/const-cfstring-1.m -Os -fnext-runtime compilation failed to produce executable
UNRESOLVED: objc.dg/torture/strings/const-str-10.m -O0 -fnext-runtime scan-assembler .long\\t__NSConstantStringClassReference\\n\\t.long\\t.*\\n\\t.long\\t5\\n\\t.data
UNRESOLVED: objc.dg/torture/strings/const-str-10.m -O0 -fnext-runtime scan-assembler .section __OBJC, __cstring_object
FAIL: objc.dg/torture/strings/const-str-10.m -O0 -fnext-runtime (test for excess errors)
UNRESOLVED: objc.dg/torture/strings/const-str-10.m -O1 -fnext-runtime scan-assembler .long\\t__NSConstantStringClassReference\\n\\t.long\\t.*\\n\\t.long\\t5\\n\\t.data
UNRESOLVED: objc.dg/torture/strings/const-str-10.m -O1 -fnext-runtime scan-assembler .section __OBJC, __cstring_object
FAIL: objc.dg/torture/strings/const-str-10.m -O1 -fnext-runtime (test for excess errors)
UNRESOLVED: objc.dg/torture/strings/const-str-10.m -O2 -fnext-runtime scan-assembler .long\\t__NSConstantStringClassReference\\n\\t.long\\t.*\\n\\t.long\\t5\\n\\t.data
UNRESOLVED: objc.dg/torture/strings/const-str-10.m -O2 -fnext-runtime scan-assembler .section __OBJC, __cstring_object
FAIL: objc.dg/torture/strings/const-str-10.m -O2 -fnext-runtime (test for excess errors)
UNRESOLVED: objc.dg/torture/strings/const-str-10.m -O2 -flto -fnext-runtime scan-assembler .long\\t__NSConstantStringClassReference\\n\\t.long\\t.*\\n\\t.long\\t5\\n\\t.data
UNRESOLVED: objc.dg/torture/strings/const-str-10.m -O2 -flto -fnext-runtime scan-assembler .section __OBJC, __cstring_object
FAIL: objc.dg/torture/strings/const-str-10.m -O2 -flto -fnext-runtime (test for excess errors)
UNRESOLVED: objc.dg/torture/strings/const-str-10.m -O2 -flto -flto-partition=none -fnext-runtime scan-assembler .long\\t__NSConstantStringClassReference\\n\\t.long\\t.*\\n\\t.long\\t5\\n\\t.data
UNRESOLVED: objc.dg/torture/strings/const-str-10.m -O2 -flto -flto-partition=none -fnext-runtime scan-assembler .section __OBJC, __cstring_object
FAIL: objc.dg/torture/strings/const-str-10.m -O2 -flto -flto-partition=none -fnext-runtime (test for excess errors)
UNRESOLVED: objc.dg/torture/strings/const-str-10.m -O3 -g -fnext-runtime scan-assembler .long\\t__NSConstantStringClassReference\\n\\t.long\\t.*\\n\\t.long\\t5\\n\\t.data
UNRESOLVED: objc.dg/torture/strings/const-str-10.m -O3 -g -fnext-runtime scan-assembler .section __OBJC, __cstring_object
FAIL: objc.dg/torture/strings/const-str-10.m -O3 -g -fnext-runtime (test for excess errors)
UNRESOLVED: objc.dg/torture/strings/const-str-10.m -Os -fnext-runtime scan-assembler .long\\t__NSConstantStringClassReference\\n\\t.long\\t.*\\n\\t.long\\t5\\n\\t.data
UNRESOLVED: objc.dg/torture/strings/const-str-10.m -Os -fnext-runtime scan-assembler .section __OBJC, __cstring_object
FAIL: objc.dg/torture/strings/const-str-10.m -Os -fnext-runtime (test for excess errors)
UNRESOLVED: objc.dg/torture/strings/const-str-11.m -O0 -fnext-runtime scan-assembler .long\\t__XStrClassReference\\n\\t.long\\t.*\\n\\t.long\\t5\\n\\t.data
UNRESOLVED: objc.dg/torture/strings/const-str-11.m -O0 -fnext-runtime scan-assembler .section __OBJC, __cstring_object
FAIL: objc.dg/torture/strings/const-str-11.m -O0 -fnext-runtime (test for excess errors)
UNRESOLVED: objc.dg/torture/strings/const-str-11.m -O1 -fnext-runtime scan-assembler .long\\t__XStrClassReference\\n\\t.long\\t.*\\n\\t.long\\t5\\n\\t.data
UNRESOLVED: objc.dg/torture/strings/const-str-11.m -O1 -fnext-runtime scan-assembler .section __OBJC, __cstring_object
FAIL: objc.dg/torture/strings/const-str-11.m -O1 -fnext-runtime (test for excess errors)
UNRESOLVED: objc.dg/torture/strings/const-str-11.m -O2 -fnext-runtime scan-assembler .long\\t__XStrClassReference\\n\\t.long\\t.*\\n\\t.long\\t5\\n\\t.data
UNRESOLVED: objc.dg/torture/strings/const-str-11.m -O2 -fnext-runtime scan-assembler .section __OBJC, __cstring_object
FAIL: objc.dg/torture/strings/const-str-11.m -O2 -fnext-runtime (test for excess errors)
UNRESOLVED: objc.dg/torture/strings/const-str-11.m -O2 -flto -fnext-runtime scan-assembler .long\\t__XStrClassReference\\n\\t.long\\t.*\\n\\t.long\\t5\\n\\t.data
UNRESOLVED: objc.dg/torture/strings/const-str-11.m -O2 -flto -fnext-runtime scan-assembler .section __OBJC, __cstring_object
FAIL: objc.dg/torture/strings/const-str-11.m -O2 -flto -fnext-runtime (test for excess errors)
UNRESOLVED: objc.dg/torture/strings/const-str-11.m -O2 -flto -flto-partition=none -fnext-runtime scan-assembler .long\\t__XStrClassReference\\n\\t.long\\t.*\\n\\t.long\\t5\\n\\t.data
UNRESOLVED: objc.dg/torture/strings/const-str-11.m -O2 -flto -flto-partition=none -fnext-runtime scan-assembler .section __OBJC, __cstring_object
FAIL: objc.dg/torture/strings/const-str-11.m -O2 -flto -flto-partition=none -fnext-runtime (test for excess errors)
UNRESOLVED: objc.dg/torture/strings/const-str-11.m -O3 -g -fnext-runtime scan-assembler .long\\t__XStrClassReference\\n\\t.long\\t.*\\n\\t.long\\t5\\n\\t.data
UNRESOLVED: objc.dg/torture/strings/const-str-11.m -O3 -g -fnext-runtime scan-assembler .section __OBJC, __cstring_object
FAIL: objc.dg/torture/strings/const-str-11.m -O3 -g -fnext-runtime (test for excess errors)
UNRESOLVED: objc.dg/torture/strings/const-str-11.m -Os -fnext-runtime scan-assembler .long\\t__XStrClassReference\\n\\t.long\\t.*\\n\\t.long\\t5\\n\\t.data
UNRESOLVED: objc.dg/torture/strings/const-str-11.m -Os -fnext-runtime scan-assembler .section __OBJC, __cstring_object
FAIL: objc.dg/torture/strings/const-str-11.m -Os -fnext-runtime (test for excess errors)
UNRESOLVED: objc.dg/torture/strings/const-str-9.m -O0 -fnext-runtime scan-assembler .long\\t__NSConstantStringClassReference\\n\\t.long\\t.*\\n\\t.long\\t5\\n\\t.data
UNRESOLVED: objc.dg/torture/strings/const-str-9.m -O0 -fnext-runtime scan-assembler .section __OBJC, __cstring_object
FAIL: objc.dg/torture/strings/const-str-9.m -O0 -fnext-runtime (test for excess errors)
UNRESOLVED: objc.dg/torture/strings/const-str-9.m -O1 -fnext-runtime scan-assembler .long\\t__NSConstantStringClassReference\\n\\t.long\\t.*\\n\\t.long\\t5\\n\\t.data
UNRESOLVED: objc.dg/torture/strings/const-str-9.m -O1 -fnext-runtime scan-assembler .section __OBJC, __cstring_object
FAIL: objc.dg/torture/strings/const-str-9.m -O1 -fnext-runtime (test for excess errors)
UNRESOLVED: objc.dg/torture/strings/const-str-9.m -O2 -fnext-runtime scan-assembler .long\\t__NSConstantStringClassReference\\n\\t.long\\t.*\\n\\t.long\\t5\\n\\t.data
UNRESOLVED: objc.dg/torture/strings/const-str-9.m -O2 -fnext-runtime scan-assembler .section __OBJC, __cstring_object
FAIL: objc.dg/torture/strings/const-str-9.m -O2 -fnext-runtime (test for excess errors)
UNRESOLVED: objc.dg/torture/strings/const-str-9.m -O2 -flto -fnext-runtime scan-assembler .long\\t__NSConstantStringClassReference\\n\\t.long\\t.*\\n\\t.long\\t5\\n\\t.data
UNRESOLVED: objc.dg/torture/strings/const-str-9.m -O2 -flto -fnext-runtime scan-assembler .section __OBJC, __cstring_object
FAIL: objc.dg/torture/strings/const-str-9.m -O2 -flto -fnext-runtime (test for excess errors)
UNRESOLVED: objc.dg/torture/strings/const-str-9.m -O2 -flto -flto-partition=none -fnext-runtime scan-assembler .long\\t__NSConstantStringClassReference\\n\\t.long\\t.*\\n\\t.long\\t5\\n\\t.data
UNRESOLVED: objc.dg/torture/strings/const-str-9.m -O2 -flto -flto-partition=none -fnext-runtime scan-assembler .section __OBJC, __cstring_object
FAIL: objc.dg/torture/strings/const-str-9.m -O2 -flto -flto-partition=none -fnext-runtime (test for excess errors)
UNRESOLVED: objc.dg/torture/strings/const-str-9.m -O3 -g -fnext-runtime scan-assembler .long\\t__NSConstantStringClassReference\\n\\t.long\\t.*\\n\\t.long\\t5\\n\\t.data
UNRESOLVED: objc.dg/torture/strings/const-str-9.m -O3 -g -fnext-runtime scan-assembler .section __OBJC, __cstring_object
FAIL: objc.dg/torture/strings/const-str-9.m -O3 -g -fnext-runtime (test for excess errors)
UNRESOLVED: objc.dg/torture/strings/const-str-9.m -Os -fnext-runtime scan-assembler .long\\t__NSConstantStringClassReference\\n\\t.long\\t.*\\n\\t.long\\t5\\n\\t.data
UNRESOLVED: objc.dg/torture/strings/const-str-9.m -Os -fnext-runtime scan-assembler .section __OBJC, __cstring_object
FAIL: objc.dg/torture/strings/const-str-9.m -Os -fnext-runtime (test for excess errors)
=== objc Summary for unix/-m32 ===
# of expected passes 5573
# of unexpected failures 50
# of expected failures 6
# of unresolved testcases 59
# of unsupported tests 81
Running target unix/-m64
FAIL: objc.dg/call-super-2.m -fnext-runtime (test for warnings, line 104)
FAIL: objc.dg/call-super-2.m -fnext-runtime (test for warnings, line 74)
FAIL: objc.dg/category-1.m -fnext-runtime execution test
FAIL: objc.dg/encode-7-next-64bit.m -fnext-runtime (test for excess errors)
UNRESOLVED: objc.dg/encode-7-next-64bit.m -fnext-runtime compilation failed to produce executable
FAIL: objc.dg/exceptions-2.m -fnext-runtime execution test
FAIL: objc.dg/gnu-api-2-objc.m -fnext-runtime execution test
FAIL: objc.dg/headers.m -fnext-runtime (test for excess errors)
UNRESOLVED: objc.dg/image-info.m -fnext-runtime scan-assembler \\t.section __DATA, __objc_imageinfo.*\\n\\t.align.*\\nL_OBJC_ImageInfo.*:\\n\\t.long\\t0\\n\\t.long\\t17
FAIL: objc.dg/image-info.m -fnext-runtime (test for excess errors)
FAIL: objc.dg/isa-field-1.m -fnext-runtime (test for excess errors)
FAIL: objc.dg/method-6.m -fnext-runtime (test for excess errors)
UNRESOLVED: objc.dg/no-extra-load.m -fnext-runtime scan-assembler-not L_objc_msgSend\\\\\$non_lazy_ptr
FAIL: objc.dg/no-extra-load.m -fnext-runtime (test for excess errors)
FAIL: objc.dg/objc-foreach-4.m -fnext-runtime (test for excess errors)
UNRESOLVED: objc.dg/objc-foreach-4.m -fnext-runtime compilation failed to produce executable
UNRESOLVED: objc.dg/objc-foreach-5.m -fnext-runtime scan-assembler _addStuffUp:
FAIL: objc.dg/objc-foreach-5.m -fnext-runtime (test for excess errors)
FAIL: objc.dg/objc-gc-4.m -fnext-runtime (test for excess errors)
FAIL: objc.dg/pr23214.m -fnext-runtime (test for excess errors)
UNRESOLVED: objc.dg/pr23214.m -fnext-runtime compilation failed to produce executable
FAIL: objc.dg/proto-lossage-7.m -fnext-runtime (test for excess errors)
FAIL: objc.dg/proto-qual-1.m -fnext-runtime (test for excess errors)
UNRESOLVED: objc.dg/proto-qual-1.m -fnext-runtime compilation failed to produce executable
FAIL: objc.dg/super-class-3.m -fnext-runtime execution test
UNRESOLVED: objc.dg/symtab-1.m -fnext-runtime scan-assembler-not L_OBJC_Symbols
FAIL: objc.dg/symtab-1.m -fnext-runtime (test for excess errors)
UNRESOLVED: objc.dg/zero-link-1.m -fnext-runtime scan-assembler objc_getClass
UNRESOLVED: objc.dg/zero-link-1.m -fnext-runtime scan-assembler-not _OBJC_ClassRef_Base
FAIL: objc.dg/zero-link-1.m -fnext-runtime (test for excess errors)
UNRESOLVED: objc.dg/zero-link-2.m -fnext-runtime scan-assembler _OBJC_ClassRef_Base
UNRESOLVED: objc.dg/zero-link-2.m -fnext-runtime scan-assembler-not objc_getClass
FAIL: objc.dg/zero-link-2.m -fnext-runtime (test for excess errors)
FAIL: objc.dg/zero-link-3.m -fnext-runtime (test for excess errors)
UNRESOLVED: objc.dg/zero-link-3.m -fnext-runtime compilation failed to produce executable
FAIL: objc.dg/plugin/diagnostic-test-expressions-1.m -fplugin=./diagnostic_plugin_test_tree_expression_range.so (test for warnings, line 60)
FAIL: objc.dg/plugin/diagnostic-test-expressions-1.m -fplugin=./diagnostic_plugin_test_tree_expression_range.so (test for warnings, line 68)
FAIL: objc.dg/plugin/diagnostic-test-expressions-1.m -fplugin=./diagnostic_plugin_test_tree_expression_range.so expected multiline pattern lines 62-63 not found: " __emit_expression_range \\( 0, @selector\\(func0\\) \\);.*\\n \\^~~~~~~~~~~~~~~~\\n"
FAIL: objc.dg/plugin/diagnostic-test-expressions-1.m -fplugin=./diagnostic_plugin_test_tree_expression_range.so expected multiline pattern lines 70-71 not found: " __emit_expression_range \\( 0, @protocol\\(prot\\) \\);.*\\n ~~~~~~~~~~~~~~~\\n"
FAIL: objc.dg/plugin/diagnostic-test-expressions-1.m -fplugin=./diagnostic_plugin_test_tree_expression_range.so (test for excess errors)
FAIL: objc.dg/strings/const-cfstring-2.m -fnext-runtime (test for excess errors)
FAIL: objc.dg/strings/const-cfstring-5.m -fnext-runtime (test for excess errors)
FAIL: objc.dg/strings/const-str-12b.m -fnext-runtime (test for excess errors)
FAIL: objc.dg/torture/forward-1.m -O0 -fnext-runtime execution test
FAIL: objc.dg/torture/forward-1.m -O1 -fnext-runtime execution test
FAIL: objc.dg/torture/forward-1.m -O2 -fnext-runtime execution test
FAIL: objc.dg/torture/forward-1.m -O2 -flto -fnext-runtime execution test
FAIL: objc.dg/torture/forward-1.m -O2 -flto -flto-partition=none -fnext-runtime execution test
FAIL: objc.dg/torture/forward-1.m -O3 -fomit-frame-pointer -funroll-loops -fpeel-loops -ftracer -finline-functions -fnext-runtime execution test
FAIL: objc.dg/torture/forward-1.m -O3 -g -fnext-runtime execution test
FAIL: objc.dg/torture/forward-1.m -Os -fnext-runtime execution test
FAIL: objc.dg/torture/strings/const-cfstring-1.m -O0 -fnext-runtime (test for excess errors)
UNRESOLVED: objc.dg/torture/strings/const-cfstring-1.m -O0 -fnext-runtime compilation failed to produce executable
FAIL: objc.dg/torture/strings/const-cfstring-1.m -O1 -fnext-runtime (test for excess errors)
UNRESOLVED: objc.dg/torture/strings/const-cfstring-1.m -O1 -fnext-runtime compilation failed to produce executable
FAIL: objc.dg/torture/strings/const-cfstring-1.m -O2 -fnext-runtime (test for excess errors)
UNRESOLVED: objc.dg/torture/strings/const-cfstring-1.m -O2 -fnext-runtime compilation failed to produce executable
FAIL: objc.dg/torture/strings/const-cfstring-1.m -O2 -flto -fnext-runtime (test for excess errors)
UNRESOLVED: objc.dg/torture/strings/const-cfstring-1.m -O2 -flto -fnext-runtime compilation failed to produce executable
FAIL: objc.dg/torture/strings/const-cfstring-1.m -O2 -flto -flto-partition=none -fnext-runtime (test for excess errors)
UNRESOLVED: objc.dg/torture/strings/const-cfstring-1.m -O2 -flto -flto-partition=none -fnext-runtime compilation failed to produce executable
FAIL: objc.dg/torture/strings/const-cfstring-1.m -O3 -g -fnext-runtime (test for excess errors)
UNRESOLVED: objc.dg/torture/strings/const-cfstring-1.m -O3 -g -fnext-runtime compilation failed to produce executable
FAIL: objc.dg/torture/strings/const-cfstring-1.m -Os -fnext-runtime (test for excess errors)
UNRESOLVED: objc.dg/torture/strings/const-cfstring-1.m -Os -fnext-runtime compilation failed to produce executable
UNRESOLVED: objc.dg/torture/strings/const-str-10.m -O0 -fnext-runtime scan-assembler .quad\\t_OBJC_CLASS_._NSConstantString\\n\\t.quad\\t.*\\n\\t.long\\t5\\n\\t.space
UNRESOLVED: objc.dg/torture/strings/const-str-10.m -O0 -fnext-runtime scan-assembler .section __DATA, __objc_stringobj
FAIL: objc.dg/torture/strings/const-str-10.m -O0 -fnext-runtime (test for excess errors)
UNRESOLVED: objc.dg/torture/strings/const-str-10.m -O1 -fnext-runtime scan-assembler .quad\\t_OBJC_CLASS_._NSConstantString\\n\\t.quad\\t.*\\n\\t.long\\t5\\n\\t.space
UNRESOLVED: objc.dg/torture/strings/const-str-10.m -O1 -fnext-runtime scan-assembler .section __DATA, __objc_stringobj
FAIL: objc.dg/torture/strings/const-str-10.m -O1 -fnext-runtime (test for excess errors)
UNRESOLVED: objc.dg/torture/strings/const-str-10.m -O2 -fnext-runtime scan-assembler .quad\\t_OBJC_CLASS_._NSConstantString\\n\\t.quad\\t.*\\n\\t.long\\t5\\n\\t.space
UNRESOLVED: objc.dg/torture/strings/const-str-10.m -O2 -fnext-runtime scan-assembler .section __DATA, __objc_stringobj
FAIL: objc.dg/torture/strings/const-str-10.m -O2 -fnext-runtime (test for excess errors)
UNRESOLVED: objc.dg/torture/strings/const-str-10.m -O2 -flto -fnext-runtime scan-assembler .quad\\t_OBJC_CLASS_._NSConstantString\\n\\t.quad\\t.*\\n\\t.long\\t5\\n\\t.space
UNRESOLVED: objc.dg/torture/strings/const-str-10.m -O2 -flto -fnext-runtime scan-assembler .section __DATA, __objc_stringobj
FAIL: objc.dg/torture/strings/const-str-10.m -O2 -flto -fnext-runtime (test for excess errors)
UNRESOLVED: objc.dg/torture/strings/const-str-10.m -O2 -flto -flto-partition=none -fnext-runtime scan-assembler .quad\\t_OBJC_CLASS_._NSConstantString\\n\\t.quad\\t.*\\n\\t.long\\t5\\n\\t.space
UNRESOLVED: objc.dg/torture/strings/const-str-10.m -O2 -flto -flto-partition=none -fnext-runtime scan-assembler .section __DATA, __objc_stringobj
FAIL: objc.dg/torture/strings/const-str-10.m -O2 -flto -flto-partition=none -fnext-runtime (test for excess errors)
UNRESOLVED: objc.dg/torture/strings/const-str-10.m -O3 -g -fnext-runtime scan-assembler .quad\\t_OBJC_CLASS_._NSConstantString\\n\\t.quad\\t.*\\n\\t.long\\t5\\n\\t.space
UNRESOLVED: objc.dg/torture/strings/const-str-10.m -O3 -g -fnext-runtime scan-assembler .section __DATA, __objc_stringobj
FAIL: objc.dg/torture/strings/const-str-10.m -O3 -g -fnext-runtime (test for excess errors)
UNRESOLVED: objc.dg/torture/strings/const-str-10.m -Os -fnext-runtime scan-assembler .quad\\t_OBJC_CLASS_._NSConstantString\\n\\t.quad\\t.*\\n\\t.long\\t5\\n\\t.space
UNRESOLVED: objc.dg/torture/strings/const-str-10.m -Os -fnext-runtime scan-assembler .section __DATA, __objc_stringobj
FAIL: objc.dg/torture/strings/const-str-10.m -Os -fnext-runtime (test for excess errors)
UNRESOLVED: objc.dg/torture/strings/const-str-11.m -O0 -fnext-runtime scan-assembler .quad\\t_OBJC_CLASS_._XStr\\n\\t.quad\\t.*\\n\\t.long\\t5\\n\\t.space
UNRESOLVED: objc.dg/torture/strings/const-str-11.m -O0 -fnext-runtime scan-assembler .section __DATA, __objc_stringobj
FAIL: objc.dg/torture/strings/const-str-11.m -O0 -fnext-runtime (test for excess errors)
UNRESOLVED: objc.dg/torture/strings/const-str-11.m -O1 -fnext-runtime scan-assembler .quad\\t_OBJC_CLASS_._XStr\\n\\t.quad\\t.*\\n\\t.long\\t5\\n\\t.space
UNRESOLVED: objc.dg/torture/strings/const-str-11.m -O1 -fnext-runtime scan-assembler .section __DATA, __objc_stringobj
FAIL: objc.dg/torture/strings/const-str-11.m -O1 -fnext-runtime (test for excess errors)
UNRESOLVED: objc.dg/torture/strings/const-str-11.m -O2 -fnext-runtime scan-assembler .quad\\t_OBJC_CLASS_._XStr\\n\\t.quad\\t.*\\n\\t.long\\t5\\n\\t.space
UNRESOLVED: objc.dg/torture/strings/const-str-11.m -O2 -fnext-runtime scan-assembler .section __DATA, __objc_stringobj
FAIL: objc.dg/torture/strings/const-str-11.m -O2 -fnext-runtime (test for excess errors)
UNRESOLVED: objc.dg/torture/strings/const-str-11.m -O2 -flto -fnext-runtime scan-assembler .quad\\t_OBJC_CLASS_._XStr\\n\\t.quad\\t.*\\n\\t.long\\t5\\n\\t.space
UNRESOLVED: objc.dg/torture/strings/const-str-11.m -O2 -flto -fnext-runtime scan-assembler .section __DATA, __objc_stringobj
FAIL: objc.dg/torture/strings/const-str-11.m -O2 -flto -fnext-runtime (test for excess errors)
UNRESOLVED: objc.dg/torture/strings/const-str-11.m -O2 -flto -flto-partition=none -fnext-runtime scan-assembler .quad\\t_OBJC_CLASS_._XStr\\n\\t.quad\\t.*\\n\\t.long\\t5\\n\\t.space
UNRESOLVED: objc.dg/torture/strings/const-str-11.m -O2 -flto -flto-partition=none -fnext-runtime scan-assembler .section __DATA, __objc_stringobj
FAIL: objc.dg/torture/strings/const-str-11.m -O2 -flto -flto-partition=none -fnext-runtime (test for excess errors)
UNRESOLVED: objc.dg/torture/strings/const-str-11.m -O3 -g -fnext-runtime scan-assembler .quad\\t_OBJC_CLASS_._XStr\\n\\t.quad\\t.*\\n\\t.long\\t5\\n\\t.space
UNRESOLVED: objc.dg/torture/strings/const-str-11.m -O3 -g -fnext-runtime scan-assembler .section __DATA, __objc_stringobj
FAIL: objc.dg/torture/strings/const-str-11.m -O3 -g -fnext-runtime (test for excess errors)
UNRESOLVED: objc.dg/torture/strings/const-str-11.m -Os -fnext-runtime scan-assembler .quad\\t_OBJC_CLASS_._XStr\\n\\t.quad\\t.*\\n\\t.long\\t5\\n\\t.space
UNRESOLVED: objc.dg/torture/strings/const-str-11.m -Os -fnext-runtime scan-assembler .section __DATA, __objc_stringobj
FAIL: objc.dg/torture/strings/const-str-11.m -Os -fnext-runtime (test for excess errors)
UNRESOLVED: objc.dg/torture/strings/const-str-9.m -O0 -fnext-runtime scan-assembler .quad\\t_OBJC_CLASS_._NSConstantString\\n\\t.quad\\t.*\\n\\t.long\\t5\\n\\t.space
UNRESOLVED: objc.dg/torture/strings/const-str-9.m -O0 -fnext-runtime scan-assembler .section __DATA, __objc_stringobj
FAIL: objc.dg/torture/strings/const-str-9.m -O0 -fnext-runtime (test for excess errors)
UNRESOLVED: objc.dg/torture/strings/const-str-9.m -O1 -fnext-runtime scan-assembler .quad\\t_OBJC_CLASS_._NSConstantString\\n\\t.quad\\t.*\\n\\t.long\\t5\\n\\t.space
UNRESOLVED: objc.dg/torture/strings/const-str-9.m -O1 -fnext-runtime scan-assembler .section __DATA, __objc_stringobj
FAIL: objc.dg/torture/strings/const-str-9.m -O1 -fnext-runtime (test for excess errors)
UNRESOLVED: objc.dg/torture/strings/const-str-9.m -O2 -fnext-runtime scan-assembler .quad\\t_OBJC_CLASS_._NSConstantString\\n\\t.quad\\t.*\\n\\t.long\\t5\\n\\t.space
UNRESOLVED: objc.dg/torture/strings/const-str-9.m -O2 -fnext-runtime scan-assembler .section __DATA, __objc_stringobj
FAIL: objc.dg/torture/strings/const-str-9.m -O2 -fnext-runtime (test for excess errors)
UNRESOLVED: objc.dg/torture/strings/const-str-9.m -O2 -flto -fnext-runtime scan-assembler .quad\\t_OBJC_CLASS_._NSConstantString\\n\\t.quad\\t.*\\n\\t.long\\t5\\n\\t.space
UNRESOLVED: objc.dg/torture/strings/const-str-9.m -O2 -flto -fnext-runtime scan-assembler .section __DATA, __objc_stringobj
FAIL: objc.dg/torture/strings/const-str-9.m -O2 -flto -fnext-runtime (test for excess errors)
UNRESOLVED: objc.dg/torture/strings/const-str-9.m -O2 -flto -flto-partition=none -fnext-runtime scan-assembler .quad\\t_OBJC_CLASS_._NSConstantString\\n\\t.quad\\t.*\\n\\t.long\\t5\\n\\t.space
UNRESOLVED: objc.dg/torture/strings/const-str-9.m -O2 -flto -flto-partition=none -fnext-runtime scan-assembler .section __DATA, __objc_stringobj
FAIL: objc.dg/torture/strings/const-str-9.m -O2 -flto -flto-partition=none -fnext-runtime (test for excess errors)
UNRESOLVED: objc.dg/torture/strings/const-str-9.m -O3 -g -fnext-runtime scan-assembler .quad\\t_OBJC_CLASS_._NSConstantString\\n\\t.quad\\t.*\\n\\t.long\\t5\\n\\t.space
UNRESOLVED: objc.dg/torture/strings/const-str-9.m -O3 -g -fnext-runtime scan-assembler .section __DATA, __objc_stringobj
FAIL: objc.dg/torture/strings/const-str-9.m -O3 -g -fnext-runtime (test for excess errors)
UNRESOLVED: objc.dg/torture/strings/const-str-9.m -Os -fnext-runtime scan-assembler .quad\\t_OBJC_CLASS_._NSConstantString\\n\\t.quad\\t.*\\n\\t.long\\t5\\n\\t.space
UNRESOLVED: objc.dg/torture/strings/const-str-9.m -Os -fnext-runtime scan-assembler .section __DATA, __objc_stringobj
FAIL: objc.dg/torture/strings/const-str-9.m -Os -fnext-runtime (test for excess errors)
FAIL: objc/execute/formal_protocol-5.m compilation, -O0 -fnext-runtime
FAIL: objc/execute/formal_protocol-5.m compilation, -O1 -fnext-runtime
FAIL: objc/execute/formal_protocol-5.m compilation, -O2 -fnext-runtime
FAIL: objc/execute/formal_protocol-5.m compilation, -O3 -g -fnext-runtime
FAIL: objc/execute/formal_protocol-5.m compilation, -Os -fnext-runtime
UNRESOLVED: objc/execute/formal_protocol-5.m execution, -O0 -fnext-runtime
UNRESOLVED: objc/execute/formal_protocol-5.m execution, -O1 -fnext-runtime
UNRESOLVED: objc/execute/formal_protocol-5.m execution, -O2 -fnext-runtime
UNRESOLVED: objc/execute/formal_protocol-5.m execution, -O3 -g -fnext-runtime
UNRESOLVED: objc/execute/formal_protocol-5.m execution, -Os -fnext-runtime
FAIL: objc/execute/formal_protocol-6.m compilation, -O0 -fnext-runtime
FAIL: objc/execute/formal_protocol-6.m compilation, -O1 -fnext-runtime
FAIL: objc/execute/formal_protocol-6.m compilation, -O2 -fnext-runtime
FAIL: objc/execute/formal_protocol-6.m compilation, -O3 -g -fnext-runtime
FAIL: objc/execute/formal_protocol-6.m compilation, -Os -fnext-runtime
UNRESOLVED: objc/execute/formal_protocol-6.m execution, -O0 -fnext-runtime
UNRESOLVED: objc/execute/formal_protocol-6.m execution, -O1 -fnext-runtime
UNRESOLVED: objc/execute/formal_protocol-6.m execution, -O2 -fnext-runtime
UNRESOLVED: objc/execute/formal_protocol-6.m execution, -O3 -g -fnext-runtime
UNRESOLVED: objc/execute/formal_protocol-6.m execution, -Os -fnext-runtime
FAIL: objc/execute/formal_protocol-7.m compilation, -O0 -fnext-runtime
FAIL: objc/execute/formal_protocol-7.m compilation, -O1 -fnext-runtime
FAIL: objc/execute/formal_protocol-7.m compilation, -O2 -fnext-runtime
FAIL: objc/execute/formal_protocol-7.m compilation, -O3 -g -fnext-runtime
FAIL: objc/execute/formal_protocol-7.m compilation, -Os -fnext-runtime
UNRESOLVED: objc/execute/formal_protocol-7.m execution, -O0 -fnext-runtime
UNRESOLVED: objc/execute/formal_protocol-7.m execution, -O1 -fnext-runtime
UNRESOLVED: objc/execute/formal_protocol-7.m execution, -O2 -fnext-runtime
UNRESOLVED: objc/execute/formal_protocol-7.m execution, -O3 -g -fnext-runtime
UNRESOLVED: objc/execute/formal_protocol-7.m execution, -Os -fnext-runtime
FAIL: objc/execute/protocol-isEqual-1.m compilation, -O0 -fnext-runtime
FAIL: objc/execute/protocol-isEqual-1.m compilation, -O1 -fnext-runtime
FAIL: objc/execute/protocol-isEqual-1.m compilation, -O2 -fnext-runtime
FAIL: objc/execute/protocol-isEqual-1.m compilation, -O3 -g -fnext-runtime
FAIL: objc/execute/protocol-isEqual-1.m compilation, -Os -fnext-runtime
UNRESOLVED: objc/execute/protocol-isEqual-1.m execution, -O0 -fnext-runtime
UNRESOLVED: objc/execute/protocol-isEqual-1.m execution, -O1 -fnext-runtime
UNRESOLVED: objc/execute/protocol-isEqual-1.m execution, -O2 -fnext-runtime
UNRESOLVED: objc/execute/protocol-isEqual-1.m execution, -O3 -g -fnext-runtime
UNRESOLVED: objc/execute/protocol-isEqual-1.m execution, -Os -fnext-runtime
FAIL: objc/execute/protocol-isEqual-2.m compilation, -O0 -fnext-runtime
FAIL: objc/execute/protocol-isEqual-2.m compilation, -O1 -fnext-runtime
FAIL: objc/execute/protocol-isEqual-2.m compilation, -O2 -fnext-runtime
FAIL: objc/execute/protocol-isEqual-2.m compilation, -O3 -g -fnext-runtime
FAIL: objc/execute/protocol-isEqual-2.m compilation, -Os -fnext-runtime
UNRESOLVED: objc/execute/protocol-isEqual-2.m execution, -O0 -fnext-runtime
UNRESOLVED: objc/execute/protocol-isEqual-2.m execution, -O1 -fnext-runtime
UNRESOLVED: objc/execute/protocol-isEqual-2.m execution, -O2 -fnext-runtime
UNRESOLVED: objc/execute/protocol-isEqual-2.m execution, -O3 -g -fnext-runtime
UNRESOLVED: objc/execute/protocol-isEqual-2.m execution, -Os -fnext-runtime
FAIL: objc/execute/protocol-isEqual-3.m compilation, -O0 -fnext-runtime
FAIL: objc/execute/protocol-isEqual-3.m compilation, -O1 -fnext-runtime
FAIL: objc/execute/protocol-isEqual-3.m compilation, -O2 -fnext-runtime
FAIL: objc/execute/protocol-isEqual-3.m compilation, -O3 -g -fnext-runtime
FAIL: objc/execute/protocol-isEqual-3.m compilation, -Os -fnext-runtime
UNRESOLVED: objc/execute/protocol-isEqual-3.m execution, -O0 -fnext-runtime
UNRESOLVED: objc/execute/protocol-isEqual-3.m execution, -O1 -fnext-runtime
UNRESOLVED: objc/execute/protocol-isEqual-3.m execution, -O2 -fnext-runtime
UNRESOLVED: objc/execute/protocol-isEqual-3.m execution, -O3 -g -fnext-runtime
UNRESOLVED: objc/execute/protocol-isEqual-3.m execution, -Os -fnext-runtime
FAIL: objc/execute/protocol-isEqual-4.m compilation, -O0 -fnext-runtime
FAIL: objc/execute/protocol-isEqual-4.m compilation, -O1 -fnext-runtime
FAIL: objc/execute/protocol-isEqual-4.m compilation, -O2 -fnext-runtime
FAIL: objc/execute/protocol-isEqual-4.m compilation, -O3 -g -fnext-runtime
FAIL: objc/execute/protocol-isEqual-4.m compilation, -Os -fnext-runtime
UNRESOLVED: objc/execute/protocol-isEqual-4.m execution, -O0 -fnext-runtime
UNRESOLVED: objc/execute/protocol-isEqual-4.m execution, -O1 -fnext-runtime
UNRESOLVED: objc/execute/protocol-isEqual-4.m execution, -O2 -fnext-runtime
UNRESOLVED: objc/execute/protocol-isEqual-4.m execution, -O3 -g -fnext-runtime
UNRESOLVED: objc/execute/protocol-isEqual-4.m execution, -Os -fnext-runtime
=== objc Summary for unix/-m64 ===
# of expected passes 5350
# of unexpected failures 101
# of expected failures 6
# of unresolved testcases 97
# of unsupported tests 87
=== objc Summary ===
# of expected passes 10923
# of unexpected failures 151
# of expected failures 12
# of unresolved testcases 156
# of unsupported tests 168
/scratch/10-12-sie/gcc-7-4r0/gcc/xgcc version 7.4.1 20190106 [gcc-7-branch revision 267614] (GCC)
=== libatomic tests ===
Running target unix/-m64
=== libatomic Summary for unix/-m64 ===
# of expected passes 54
Running target unix/-m32
=== libatomic Summary for unix/-m32 ===
# of expected passes 44
# of unsupported tests 5
=== libatomic Summary ===
# of expected passes 98
# of unsupported tests 5
=== libgomp tests ===
Running target unix/-m64
=== libgomp Summary for unix/-m64 ===
# of expected passes 5122
# of unsupported tests 393
Running target unix/-m32
=== libgomp Summary for unix/-m32 ===
# of expected passes 5122
# of unsupported tests 393
=== libgomp Summary ===
# of expected passes 10244
# of unsupported tests 786
=== libitm tests ===
Running target unix/-m64
=== libitm Summary for unix/-m64 ===
# of expected passes 40
# of expected failures 3
# of unsupported tests 2
Running target unix/-m32
=== libitm Summary for unix/-m32 ===
# of expected passes 40
# of expected failures 3
# of unsupported tests 2
=== libitm Summary ===
# of expected passes 80
# of expected failures 6
# of unsupported tests 4
=== libstdc++ tests ===
Running target unix/-m32
FAIL: 17_intro/names.cc (test for excess errors)
FAIL: experimental/filesystem/operations/last_write_time.cc execution test
=== libstdc++ Summary for unix/-m32 ===
# of expected passes 10905
# of unexpected failures 2
# of expected failures 66
# of unsupported tests 667
Running target unix/-m64
FAIL: 17_intro/names.cc (test for excess errors)
FAIL: 30_threads/condition_variable/54185.cc execution test
FAIL: experimental/filesystem/operations/last_write_time.cc execution test
WARNING: program timed out.
=== libstdc++ Summary for unix/-m64 ===
# of expected passes 10902
# of unexpected failures 3
# of expected failures 66
# of unsupported tests 668
=== libstdc++ Summary ===
# of expected passes 21807
# of unexpected failures 5
# of expected failures 132
# of unsupported tests 1335
Compiler version: 7.4.1 20190106 [gcc-7-branch revision 267614] (GCC)
Platform: x86_64-apple-darwin16
configure flags: --prefix=/opt/iains/x86_64-apple-darwin16/gcc-7-4-1 --target=x86_64-apple-darwin16 --host=x86_64-apple-darwin16 --build=x86_64-apple-darwin16 --with-iconv-prefix=/usr --enable-checking=yes,rtl,tree -disable-nls --disable-libstdcxx-pch --with-sysroot=/usr/local/darwin-toolchains/SDKs/darwin16 --enable-version-specific-runtime-libs --with-as=/XC/9.4/usr/bin/as --with-ld=/XC/9.4/usr/bin/ld --enable-languages=all,ada,obj-c++ SED=sed