This is the mail archive of the
gcc-testresults@gcc.gnu.org
mailing list for the GCC project.
Results for 7.4.1 20190105 [gcc-7-branch revision 267591] (GCC) testsuite on i686-apple-darwin10
- From: Iain Sandoe <iains dot gcc at gmail dot com>
- To: gcc-testresults at gcc dot gnu dot org
- Date: Tue, 8 Jan 2019 11:29:10 +0000
- Subject: Results for 7.4.1 20190105 [gcc-7-branch revision 267591] (GCC) testsuite on i686-apple-darwin10
LAST_UPDATED: Sat Jan 5 08:41:31 UTC 2019 (revision 267591)
=== acats tests ===
FAIL: cxg2001
FAIL: cxg2014
=== acats Summary ===
# of expected passes 2318
# of unexpected failures 2
Native configuration is i686-apple-darwin10
=== g++ tests ===
Running target unix
FAIL: g++.dg/asan/pr78651.C -O2 -flto (internal compiler error)
FAIL: g++.dg/asan/pr78651.C -O2 -flto (test for excess errors)
FAIL: g++.dg/asan/pr78651.C -O2 -flto -flto-partition=none (internal compiler error)
FAIL: g++.dg/asan/pr78651.C -O2 -flto -flto-partition=none (test for excess errors)
FAIL: g++.dg/ext/instantiate2.C -std=gnu++11 scan-assembler .zerofill __DATA,__pu_bss2,__ZN1AIiE1tE
FAIL: g++.dg/ext/instantiate2.C -std=gnu++14 scan-assembler .zerofill __DATA,__pu_bss2,__ZN1AIiE1tE
FAIL: g++.dg/ext/instantiate2.C -std=gnu++98 scan-assembler .zerofill __DATA,__pu_bss2,__ZN1AIiE1tE
FAIL: g++.dg/ext/sync-4.C -std=gnu++11 execution test
FAIL: g++.dg/ext/sync-4.C -std=gnu++14 execution test
FAIL: g++.dg/ext/sync-4.C -std=gnu++98 execution test
FAIL: g++.dg/ipa/pr67056.C scan-ipa-dump cp "Speculative outer type:struct CompositeClass"
FAIL: g++.dg/pr71694.C -std=gnu++11 scan-assembler-not movl
FAIL: g++.dg/pr71694.C -std=gnu++14 scan-assembler-not movl
FAIL: g++.dg/pr71694.C -std=gnu++98 scan-assembler-not movl
FAIL: g++.dg/gcov/pr16855.C -std=gnu++11 gcov: 2 failures in line counts, 0 in branch percentages, 0 in return percentages, 0 in intermediate format
FAIL: g++.dg/gcov/pr16855.C -std=gnu++11 line 21: is #####:should be 1
FAIL: g++.dg/gcov/pr16855.C -std=gnu++11 line 45: is #####:should be 1
FAIL: g++.dg/gcov/pr16855.C -std=gnu++14 gcov: 2 failures in line counts, 0 in branch percentages, 0 in return percentages, 0 in intermediate format
FAIL: g++.dg/gcov/pr16855.C -std=gnu++14 line 21: is #####:should be 1
FAIL: g++.dg/gcov/pr16855.C -std=gnu++14 line 45: is #####:should be 1
FAIL: g++.dg/gcov/pr16855.C -std=gnu++98 gcov: 2 failures in line counts, 0 in branch percentages, 0 in return percentages, 0 in intermediate format
FAIL: g++.dg/gcov/pr16855.C -std=gnu++98 line 21: is #####:should be 1
FAIL: g++.dg/gcov/pr16855.C -std=gnu++98 line 45: is #####:should be 1
UNRESOLVED: g++.dg/lto/pr65276 cp_lto_pr65276_0.o-cp_lto_pr65276_1.o execute -flto -O0 -std=c++11
FAIL: g++.dg/lto/pr65276 cp_lto_pr65276_0.o-cp_lto_pr65276_1.o link, -flto -O0 -std=c++11
UNRESOLVED: g++.dg/lto/pr65549 cp_lto_pr65549_0.o-cp_lto_pr65549_0.o execute -std=gnu++14 -flto -g -O2 -fno-inline -flto-partition=max
FAIL: g++.dg/lto/pr65549 cp_lto_pr65549_0.o-cp_lto_pr65549_0.o link, -std=gnu++14 -flto -g -O2 -fno-inline -flto-partition=max
FAIL: g++.dg/tls/pr77285-2.C -std=c++11 scan-assembler _ZTH4var1B3tag
FAIL: g++.dg/tls/pr77285-2.C -std=c++14 scan-assembler _ZTH4var1B3tag
FAIL: g++.dg/tls/thread_local-order2.C -std=c++11 execution test
FAIL: g++.dg/tls/thread_local-order2.C -std=c++14 execution test
FAIL: g++.dg/tree-prof/pr57451.C compilation, -fprofile-generate -D_PROFILE_GENERATE
UNRESOLVED: g++.dg/tree-prof/pr57451.C compilation, -fprofile-use -D_PROFILE_USE
UNRESOLVED: g++.dg/tree-prof/pr57451.C execution, -fprofile-generate -D_PROFILE_GENERATE
UNRESOLVED: g++.dg/tree-prof/pr57451.C execution, -fprofile-use -D_PROFILE_USE
FAIL: g++.dg/tree-prof/pr63581.C compilation, -fprofile-generate -D_PROFILE_GENERATE
UNRESOLVED: g++.dg/tree-prof/pr63581.C compilation, -fprofile-use -D_PROFILE_USE
UNRESOLVED: g++.dg/tree-prof/pr63581.C execution, -fprofile-generate -D_PROFILE_GENERATE
UNRESOLVED: g++.dg/tree-prof/pr63581.C execution, -fprofile-use -D_PROFILE_USE
=== g++ Summary ===
# of expected passes 110620
# of unexpected failures 31
# of expected failures 394
# of unresolved testcases 8
# of unsupported tests 4689
/Volumes/i686-sno/10-6-sno/i686-gcc-7/gcc/testsuite/g++/../../xg++ version 7.4.1 20190105 [gcc-7-branch revision 267591] (GCC)
=== gcc tests ===
Running target unix
FAIL: gcc.c-torture/compile/pr72802.c -O0 (test for excess errors)
FAIL: gcc.c-torture/compile/pr72802.c -O1 (test for excess errors)
FAIL: gcc.c-torture/compile/pr72802.c -O2 (test for excess errors)
FAIL: gcc.c-torture/compile/pr72802.c -O2 -flto (test for excess errors)
FAIL: gcc.c-torture/compile/pr72802.c -O2 -flto -flto-partition=none (test for excess errors)
FAIL: gcc.c-torture/compile/pr72802.c -O3 -fomit-frame-pointer -funroll-loops -fpeel-loops -ftracer -finline-functions (test for excess errors)
FAIL: gcc.c-torture/compile/pr72802.c -O3 -g (test for excess errors)
FAIL: gcc.c-torture/compile/pr72802.c -Os (test for excess errors)
FAIL: c-c++-common/asan/strncpy-overflow-1.c -O0 output pattern test
FAIL: c-c++-common/asan/strncpy-overflow-1.c -O1 output pattern test
FAIL: c-c++-common/asan/strncpy-overflow-1.c -O2 output pattern test
FAIL: c-c++-common/asan/strncpy-overflow-1.c -O2 -flto output pattern test
FAIL: c-c++-common/asan/strncpy-overflow-1.c -O2 -flto -flto-partition=none output pattern test
FAIL: c-c++-common/asan/strncpy-overflow-1.c -O3 -g output pattern test
FAIL: c-c++-common/asan/strncpy-overflow-1.c -Os output pattern test
FAIL: gcc.dg/debug/dwarf2/pr80263.c scan-assembler-not \\\\msizetype
XPASS: gcc.dg/pr78768.c -Wformat-overflow (test for warnings, line 11)
FAIL: gcc.dg/pubtypes-2.c scan-assembler long+[ \\t]+0x13b+[ \\t]+[#;]+[ \\t]+Pub Info Length
FAIL: gcc.dg/pubtypes-3.c scan-assembler long+[ \\t]+0x13b+[ \\t]+[#;]+[ \\t]+Pub Info Length
FAIL: gcc.dg/pubtypes-4.c scan-assembler long+[ \\t]+0x172+[ \\t]+[#;]+[ \\t]+Pub Info Length
FAIL: gcc.dg/stack-layout-dynamic-1.c (internal compiler error)
FAIL: gcc.dg/stack-layout-dynamic-1.c (test for excess errors)
UNRESOLVED: gcc.dg/stack-layout-dynamic-1.c scan-assembler-not cfi_def_cfa_register
FAIL: gcc.dg/uninit-19.c (test for warnings, line 23)
FAIL: gcc.dg/uninit-19.c (test for excess errors)
FAIL: gcc.dg/graphite/scop-19.c scan-tree-dump-times graphite "number of SCoPs: 0" 1
FAIL: gcc.dg/torture/builtin-self.c -O0 scan-assembler-not \\tcall
FAIL: gcc.target/i386/align-limit.c scan-assembler .p2align 6,,1
FAIL: gcc.target/i386/darwin-fpmath.c scan-assembler addsd
XPASS: gcc.target/i386/fuse-caller-save-rec.c scan-assembler-not pop
XPASS: gcc.target/i386/fuse-caller-save-rec.c scan-assembler-not push
XPASS: gcc.target/i386/fuse-caller-save-rec.c scan-assembler-times addl\\t%[re]?dx, %[re]?ax 1
XPASS: gcc.target/i386/fuse-caller-save-xmm.c scan-assembler-times addpd\\t%xmm1, %xmm0 1
FAIL: gcc.target/i386/fuse-caller-save-xmm.c scan-assembler-times addpd\\t\\\\.?LC0.*, %xmm0 1
XPASS: gcc.target/i386/fuse-caller-save.c scan-assembler-not pop
XPASS: gcc.target/i386/fuse-caller-save.c scan-assembler-not push
XPASS: gcc.target/i386/fuse-caller-save.c scan-assembler-times addl\\t%[re]?d[ix], %[re]?ax 1
FAIL: gcc.target/i386/iinline-attr-2.c scan-assembler p2align
FAIL: gcc.target/i386/memcpy-strategy-3.c scan-assembler-times memcpy 2
FAIL: gcc.target/i386/memset-strategy-1.c scan-assembler-times memset 2
FAIL: gcc.target/i386/pr22076.c scan-assembler-times movq 3
FAIL: gcc.target/i386/pr24414.c (test for excess errors)
UNRESOLVED: gcc.target/i386/pr24414.c compilation failed to produce executable
FAIL: gcc.target/i386/pr32219-1.c scan-assembler movl[ \\t]xxx@GOTOFF\\\\(%[^,]*\\\\), %eax
FAIL: gcc.target/i386/pr32219-2.c scan-assembler movl[ \\t]xxx@GOT\\\\(%[^,]*\\\\), %
FAIL: gcc.target/i386/pr32219-3.c scan-assembler movl[ \\t]xxx@GOTOFF\\\\(%[^,]*\\\\), %eax
FAIL: gcc.target/i386/pr32219-4.c scan-assembler movl[ \\t]xxx@GOT\\\\(%[^,]*\\\\), %
FAIL: gcc.target/i386/pr32219-5.c scan-assembler movl[ \\t]xxx@GOTOFF\\\\(%[^,]*\\\\), %eax
FAIL: gcc.target/i386/pr32219-6.c scan-assembler movl[ \\t]xxx@GOT\\\\(%[^,]*\\\\), %
FAIL: gcc.target/i386/pr32219-7.c scan-assembler movl[ \\t]xxx@GOTOFF\\\\(%[^,]*\\\\), %eax
FAIL: gcc.target/i386/pr32219-8.c scan-assembler movl[ \\t]xxx@GOT\\\\(%[^,]*\\\\), %
FAIL: gcc.target/i386/pr39013-1.c scan-assembler bar@PLT
FAIL: gcc.target/i386/pr39013-1.c scan-assembler foo@PLT
FAIL: gcc.target/i386/pr39013-2.c scan-assembler bar@PLT
FAIL: gcc.target/i386/pr39013-2.c scan-assembler foo@PLT
FAIL: gcc.target/i386/pr59874-3.c scan-assembler popcntw
FAIL: gcc.target/i386/pr64317.c scan-assembler addl[ \\\\t]+[\$]_GLOBAL_OFFSET_TABLE_, %ebx
FAIL: gcc.target/i386/pr64317.c scan-assembler movl[ \\\\t]+c@GOTOFF[(]%ebx[)]
FAIL: gcc.target/i386/pr66334.c scan-assembler movl[ \\\\t].+, %ebx
FAIL: gcc.target/i386/pr66819-3.c scan-assembler-not call
FAIL: gcc.target/i386/pr66819-4.c scan-assembler-not call
FAIL: gcc.target/i386/pr67985-2.c scan-assembler call[ \\t]__mulsf3
FAIL: gcc.target/i386/pr70738-7.c scan-assembler call[ \\t]__mulsf3
FAIL: gcc.target/i386/pr71245-1.c scan-assembler-not (fistp|fild)
FAIL: gcc.target/i386/pr71245-2.c scan-assembler-not movlps
FAIL: gcc.target/i386/pr77881.c scan-assembler jne[ \\t].L
FAIL: gcc.target/i386/pr77881.c scan-assembler js[ \\t].L
FAIL: gcc.target/i386/pr78035.c scan-assembler-times cmp 2
FAIL: gcc.target/i386/ret-thunk-22.c scan-assembler jmp[ \\t]*__x86_return_thunk_ecx
FAIL: gcc.target/i386/ret-thunk-22.c scan-assembler-times popl[\\\\t ]*%ecx 1
FAIL: gcc.target/i386/ret-thunk-23.c scan-assembler jmp[ \\t]*__x86_return_thunk_ecx
FAIL: gcc.target/i386/ret-thunk-23.c scan-assembler lea[l]?[\\\\t ]*4\\\\(%esp\\\\), %esp
FAIL: gcc.target/i386/ret-thunk-23.c scan-assembler-times popl[\\\\t ]*%ecx 1
FAIL: gcc.target/i386/ret-thunk-24.c scan-assembler-times popl[\\\\t ]*%ecx 1
FAIL: gcc.target/i386/ret-thunk-25.c scan-assembler jmp[ \\t]*__x86_return_thunk_bnd_ecx
FAIL: gcc.target/i386/ret-thunk-25.c scan-assembler-times popl[\\\\t ]*%ecx 1
FAIL: gcc.target/i386/ret-thunk-26.c (test for excess errors)
UNRESOLVED: gcc.target/i386/ret-thunk-26.c compilation failed to produce executable
=== gcc Summary ===
# of expected passes 118451
# of unexpected failures 67
# of unexpected successes 8
# of expected failures 372
# of unresolved testcases 3
# of unsupported tests 4605
/Volumes/i686-sno/10-6-sno/i686-gcc-7/gcc/xgcc version 7.4.1 20190105 [gcc-7-branch revision 267591] (GCC)
=== gfortran tests ===
Running target unix
FAIL: gfortran.dg/pr51434.f90 -O3 -g (internal compiler error)
FAIL: gfortran.dg/pr51434.f90 -O3 -g (test for excess errors)
UNRESOLVED: gfortran.dg/pr51434.f90 -O3 -g compilation failed to produce executable
=== gfortran Summary ===
# of expected passes 45613
# of unexpected failures 2
# of expected failures 87
# of unresolved testcases 1
# of unsupported tests 191
/Volumes/i686-sno/10-6-sno/i686-gcc-7/gcc/testsuite/gfortran/../../gfortran version 7.4.1 20190105 [gcc-7-branch revision 267591] (GCC)
=== gnat tests ===
Running target unix
=== gnat Summary ===
# of expected passes 2593
# of expected failures 25
# of unsupported tests 7
/Volumes/i686-sno/10-6-sno/i686-gcc-7/gcc/gnatmake version 7.4.1 20190105 [gcc-7-branch revision 267591]
=== obj-c++ tests ===
Running target unix
FAIL: obj-c++.dg/qual-types-1.mm -fgnu-runtime (test for excess errors)
FAIL: obj-c++.dg/stubify-1.mm -fnext-runtime (test for excess errors)
FAIL: obj-c++.dg/stubify-2.mm -fnext-runtime scan-rtl-dump-not jump "symbol_ref.*"objc_msgSend""
=== obj-c++ Summary ===
# of expected passes 3114
# of unexpected failures 3
# of expected failures 2
# of unsupported tests 62
/Volumes/i686-sno/10-6-sno/i686-gcc-7/gcc/testsuite/obj-c++/../../xg++ version 7.4.1 20190105 [gcc-7-branch revision 267591] (GCC)
=== objc tests ===
Running target unix
FAIL: objc.dg/ivar-scope-4.m -fnext-runtime execution test
=== objc Summary ===
# of expected passes 5669
# of unexpected failures 1
# of expected failures 6
# of unsupported tests 79
/Volumes/i686-sno/10-6-sno/i686-gcc-7/gcc/xgcc version 7.4.1 20190105 [gcc-7-branch revision 267591] (GCC)
=== libatomic tests ===
Running target unix
=== libatomic Summary ===
# of expected passes 44
# of unsupported tests 5
=== libgomp tests ===
Running target unix
=== libgomp Summary ===
# of expected passes 5122
# of unsupported tests 393
=== libitm tests ===
Running target unix
=== libitm Summary ===
# of expected passes 40
# of expected failures 3
# of unsupported tests 2
=== libstdc++ tests ===
Running target unix
FAIL: 27_io/basic_filebuf/open/char/2.cc execution test
FAIL: ext/stdio_filebuf/char/10063-2.cc execution test
FAIL: ext/stdio_filebuf/char/81751.cc execution test
FAIL: tr1/8_c_compatibility/cmath/pow_cmath.cc (test for excess errors)
=== libstdc++ Summary ===
# of expected passes 10900
# of unexpected failures 4
# of expected failures 66
# of unsupported tests 669
Compiler version: 7.4.1 20190105 [gcc-7-branch revision 267591] (GCC)
Platform: i686-apple-darwin10
configure flags: --prefix=/opt/iains/i686-apple-darwin10/gcc-7-4-1 --with-sysroot=/usr/local/darwin-toolchains/SDKs/darwin10 --target=i686-apple-darwin10 --host=i686-apple-darwin10 --build=i686-apple-darwin10 --enable-checking=yes,tree,rtl --disable-nls --enable-version-specific-runtime-libs --disable-libcxx-pch --enable-languages=all,ada,obj-c++ --with-cpu-32=pentium-m --with-cpu-64=core2