This is the mail archive of the
gcc-testresults@gcc.gnu.org
mailing list for the GCC project.
Results for 9.0.0 20181217 (experimental) [trunk revision 267195] (Debian 20181217-1) testsuite on arm-unknown-linux-gnueabi
- From: Matthias Klose <doko at debian dot org>
- To: gcc-testresults at gcc dot gnu dot org
- Cc: debian-gcc at lists dot debian dot org
- Date: Tue, 18 Dec 2018 17:59:33 +0000
- Subject: Results for 9.0.0 20181217 (experimental) [trunk revision 267195] (Debian 20181217-1) testsuite on arm-unknown-linux-gnueabi
- Reply-to: Matthias Klose <doko at debian dot org>
LAST_UPDATED: Mon Dec 17 01:14:23 UTC 2018 (revision 267195)
Native configuration is arm-unknown-linux-gnueabi
=== libatomic tests ===
Running target unix
=== libatomic Summary ===
# of expected passes 44
# of unsupported tests 5
=== libffi tests ===
Running target unix
=== libffi Summary ===
# of expected passes 2214
=== libgo tests ===
Running target unix
FAIL: archive/tar
FAIL: archive/zip
FAIL: bufio
FAIL: bytes
FAIL: cmd/go/internal/cache
FAIL: cmd/go/internal/dirhash
FAIL: cmd/go/internal/generate
FAIL: cmd/go/internal/get
FAIL: cmd/go/internal/imports
FAIL: cmd/go/internal/load
FAIL: cmd/go/internal/modconv
FAIL: cmd/go/internal/modfetch
FAIL: cmd/go/internal/modfetch/codehost
FAIL: cmd/go/internal/modfile
FAIL: cmd/go/internal/modload
FAIL: cmd/go/internal/module
FAIL: cmd/go/internal/mvs
FAIL: cmd/go/internal/par
FAIL: cmd/go/internal/search
FAIL: cmd/go/internal/semver
FAIL: cmd/go/internal/txtar
FAIL: cmd/go/internal/web2
FAIL: cmd/go/internal/work
FAIL: cmd/internal/buildid
FAIL: cmd/internal/edit
FAIL: cmd/internal/objabi
FAIL: cmd/internal/test2json
FAIL: cmd/vet/internal/cfg
FAIL: container/heap
FAIL: container/list
FAIL: container/ring
FAIL: context
FAIL: crypto
FAIL: crypto/aes
FAIL: crypto/cipher
FAIL: crypto/des
FAIL: crypto/dsa
FAIL: crypto/ecdsa
FAIL: crypto/elliptic
FAIL: crypto/hmac
FAIL: crypto/internal/subtle
FAIL: crypto/md5
FAIL: crypto/rand
FAIL: crypto/rc4
FAIL: crypto/rsa
FAIL: crypto/sha1
FAIL: crypto/sha256
FAIL: crypto/sha512
FAIL: crypto/subtle
FAIL: crypto/tls
FAIL: crypto/x509
FAIL: database/sql
FAIL: database/sql/driver
FAIL: debug/dwarf
FAIL: debug/elf
FAIL: debug/macho
FAIL: debug/pe
FAIL: debug/plan9obj
FAIL: debug/xcoff
FAIL: encoding/ascii85
FAIL: encoding/asn1
FAIL: encoding/base32
FAIL: encoding/base64
FAIL: encoding/binary
FAIL: encoding/csv
FAIL: encoding/gob
FAIL: encoding/hex
FAIL: encoding/json
FAIL: encoding/pem
FAIL: encoding/xml
FAIL: errors
FAIL: expvar
FAIL: flag
FAIL: fmt
FAIL: go/ast
FAIL: go/build
FAIL: go/constant
FAIL: go/doc
FAIL: go/format
FAIL: go/importer
FAIL: go/internal/gccgoimporter
FAIL: go/internal/gcimporter
FAIL: go/internal/srcimporter
FAIL: go/parser
FAIL: go/printer
FAIL: go/scanner
FAIL: go/token
FAIL: go/types
FAIL: golang_org/x/crypto/internal/chacha20
FAIL: golang_org/x/crypto/chacha20poly1305
FAIL: golang_org/x/crypto/chacha20poly1305/internal/chacha20
FAIL: golang_org/x/crypto/cryptobyte
FAIL: golang_org/x/crypto/curve25519
FAIL: golang_org/x/crypto/poly1305
FAIL: golang_org/x/net/dns/dnsmessage
FAIL: golang_org/x/net/http/httpguts
FAIL: golang_org/x/net/http/httpproxy
FAIL: golang_org/x/net/http2/hpack
FAIL: golang_org/x/net/idna
FAIL: golang_org/x/net/lex/httplex
FAIL: golang_org/x/net/proxy
FAIL: hash
FAIL: hash/adler32
FAIL: hash/crc32
FAIL: hash/crc64
FAIL: hash/fnv
FAIL: html
FAIL: html/template
FAIL: image
FAIL: image/color
FAIL: image/draw
FAIL: image/jpeg
FAIL: image/png
FAIL: index/suffixarray
FAIL: internal/cpu
FAIL: internal/poll
FAIL: internal/singleflight
FAIL: internal/trace
FAIL: io
FAIL: io/ioutil
FAIL: log
FAIL: log/syslog
FAIL: math
FAIL: math/big
FAIL: math/bits
FAIL: math/cmplx
FAIL: math/rand
FAIL: mime
FAIL: mime/multipart
FAIL: mime/quotedprintable
FAIL: net
FAIL: net/http
FAIL: net/http/cgi
FAIL: net/http/cookiejar
FAIL: net/http/fcgi
FAIL: net/http/httptest
FAIL: net/http/httptrace
FAIL: net/http/httputil
FAIL: net/http/internal
FAIL: net/http/pprof
FAIL: net/internal/socktest
FAIL: net/mail
FAIL: net/rpc
FAIL: net/rpc/jsonrpc
FAIL: net/smtp
FAIL: net/textproto
FAIL: net/url
FAIL: os
FAIL: os/exec
FAIL: os/signal
FAIL: os/user
FAIL: path
FAIL: path/filepath
FAIL: reflect
FAIL: regexp
FAIL: regexp/syntax
FAIL: runtime
FAIL: runtime/debug
FAIL: runtime/internal/atomic
FAIL: runtime/internal/sys
FAIL: runtime/pprof
FAIL: runtime/pprof/internal/profile
FAIL: runtime/trace
FAIL: sort
FAIL: strconv
FAIL: strings
FAIL: sync
FAIL: sync/atomic
FAIL: syscall
FAIL: testing/quick
FAIL: text/scanner
FAIL: text/tabwriter
FAIL: text/template
FAIL: text/template/parse
FAIL: time
FAIL: unicode
FAIL: unicode/utf16
FAIL: unicode/utf8
=== libgo Summary ===
# of unexpected failures 183
/build/gcc-snapshot-GEYeVs/gcc-snapshot-20181217/build/./gcc/gccgo version 9.0.0 20181217 (experimental) [trunk revision 267195] (Debian 20181217-1)
=== libgomp tests ===
Running target unix
=== libgomp Summary ===
# of expected passes 6291
# of expected failures 1
# of unsupported tests 386
=== libphobos tests ===
Running target unix
FAIL: libphobos.allocations/overflow_from_existing.d (test for excess errors)
UNRESOLVED: libphobos.allocations/overflow_from_existing.d compilation failed to produce executable
FAIL: libphobos.allocations/overflow_from_zero.d (test for excess errors)
UNRESOLVED: libphobos.allocations/overflow_from_zero.d compilation failed to produce executable
FAIL: libphobos.cycles/mod1.d (test for excess errors)
UNRESOLVED: libphobos.cycles/mod1.d compilation failed to produce executable
FAIL: libphobos.cycles/mod2.d (test for excess errors)
UNRESOLVED: libphobos.cycles/mod2.d compilation failed to produce executable
FAIL: libphobos.cycles/mod3.d (test for excess errors)
UNRESOLVED: libphobos.cycles/mod3.d compilation failed to produce executable
FAIL: libphobos.cycles/mod1.d (test for excess errors)
UNRESOLVED: libphobos.cycles/mod1.d compilation failed to produce executable
FAIL: libphobos.cycles/mod2.d (test for excess errors)
UNRESOLVED: libphobos.cycles/mod2.d compilation failed to produce executable
FAIL: libphobos.cycles/mod3.d (test for excess errors)
UNRESOLVED: libphobos.cycles/mod3.d compilation failed to produce executable
FAIL: libphobos.cycles/mod1.d (test for excess errors)
UNRESOLVED: libphobos.cycles/mod1.d compilation failed to produce executable
FAIL: libphobos.cycles/mod2.d (test for excess errors)
UNRESOLVED: libphobos.cycles/mod2.d compilation failed to produce executable
FAIL: libphobos.cycles/mod3.d (test for excess errors)
UNRESOLVED: libphobos.cycles/mod3.d compilation failed to produce executable
FAIL: libphobos.cycles/mod1.d (test for excess errors)
UNRESOLVED: libphobos.cycles/mod1.d compilation failed to produce executable
FAIL: libphobos.cycles/mod2.d (test for excess errors)
UNRESOLVED: libphobos.cycles/mod2.d compilation failed to produce executable
FAIL: libphobos.cycles/mod3.d (test for excess errors)
UNRESOLVED: libphobos.cycles/mod3.d compilation failed to produce executable
FAIL: libphobos.exceptions/chain.d (test for excess errors)
UNRESOLVED: libphobos.exceptions/chain.d compilation failed to produce executable
FAIL: libphobos.exceptions/invalid_memory_operation.d (test for excess errors)
UNRESOLVED: libphobos.exceptions/invalid_memory_operation.d compilation failed to produce executable
FAIL: libphobos.exceptions/line_trace.d (test for excess errors)
UNRESOLVED: libphobos.exceptions/line_trace.d compilation failed to produce executable
FAIL: libphobos.exceptions/static_dtor.d (test for excess errors)
UNRESOLVED: libphobos.exceptions/static_dtor.d compilation failed to produce executable
FAIL: libphobos.exceptions/stderr_msg.d (test for excess errors)
UNRESOLVED: libphobos.exceptions/stderr_msg.d compilation failed to produce executable
FAIL: libphobos.exceptions/unittest_assert.d (test for excess errors)
UNRESOLVED: libphobos.exceptions/unittest_assert.d compilation failed to produce executable
FAIL: libphobos.exceptions/unknown_gc.d (test for excess errors)
UNRESOLVED: libphobos.exceptions/unknown_gc.d compilation failed to produce executable
FAIL: libphobos.init_fini/runtime_args.d (test for excess errors)
UNRESOLVED: libphobos.init_fini/runtime_args.d compilation failed to produce executable
FAIL: libphobos.init_fini/thread_join.d (test for excess errors)
UNRESOLVED: libphobos.init_fini/thread_join.d compilation failed to produce executable
FAIL: libphobos.shared/link.d -I../../../../src/libphobos/testsuite/libphobos.shared lib.so -shared-libphobos (test for excess errors)
UNRESOLVED: libphobos.shared/link.d -I../../../../src/libphobos/testsuite/libphobos.shared lib.so -shared-libphobos compilation failed to produce executable
FAIL: libphobos.shared/link_linkdep.d -I../../../../src/libphobos/testsuite/libphobos.shared liblinkdep.so lib.so -shared-libphobos (test for excess errors)
UNRESOLVED: libphobos.shared/link_linkdep.d -I../../../../src/libphobos/testsuite/libphobos.shared liblinkdep.so lib.so -shared-libphobos compilation failed to produce executable
FAIL: libphobos.shared/link_loaddep.d -I../../../../src/libphobos/testsuite/libphobos.shared libloaddep.so -shared-libphobos (test for excess errors)
UNRESOLVED: libphobos.shared/link_loaddep.d -I../../../../src/libphobos/testsuite/libphobos.shared libloaddep.so -shared-libphobos compilation failed to produce executable
FAIL: libphobos.thread/fiber_guard_page.d (test for excess errors)
UNRESOLVED: libphobos.thread/fiber_guard_page.d compilation failed to produce executable
FAIL: libphobos.typeinfo/comparison.d (test for excess errors)
UNRESOLVED: libphobos.typeinfo/comparison.d compilation failed to produce executable
=== libphobos Summary ===
# of expected passes 46
# of unexpected failures 28
# of unresolved testcases 28
=== libstdc++ tests ===
Running target unix
FAIL: 20_util/enable_shared_from_this/cons/constexpr.cc scan-assembler-not _ZN7derivedC2Ev
FAIL: 20_util/enable_shared_from_this/cons/constexpr.cc scan-assembler-not _ZNSt23enable_shared_from_thisIiEC2Ev
FAIL: 20_util/shared_ptr/cons/constexpr.cc scan-assembler-not _ZNSt10shared_ptrIiEC2EDn
FAIL: 20_util/shared_ptr/cons/constexpr.cc scan-assembler-not _ZNSt10shared_ptrIiEC2Ev
FAIL: 20_util/tuple/cons/explicit_construct.cc (test for excess errors)
FAIL: 20_util/weak_ptr/cons/constexpr.cc scan-assembler-not _ZNSt8weak_ptrIiEC2Ev
FAIL: 23_containers/bitset/all/1.cc (test for excess errors)
UNRESOLVED: 23_containers/bitset/all/1.cc compilation failed to produce executable
FAIL: 23_containers/bitset/cons/3.cc (test for excess errors)
UNRESOLVED: 23_containers/bitset/cons/3.cc compilation failed to produce executable
FAIL: 23_containers/bitset/cons/6282.cc (test for excess errors)
UNRESOLVED: 23_containers/bitset/cons/6282.cc compilation failed to produce executable
FAIL: 23_containers/bitset/hash/1.cc (test for excess errors)
UNRESOLVED: 23_containers/bitset/hash/1.cc compilation failed to produce executable
FAIL: 23_containers/bitset/input/1.cc (test for excess errors)
UNRESOLVED: 23_containers/bitset/input/1.cc compilation failed to produce executable
FAIL: 23_containers/bitset/to_ullong/1.cc (test for excess errors)
UNRESOLVED: 23_containers/bitset/to_ullong/1.cc compilation failed to produce executable
FAIL: 30_threads/future/cons/constexpr.cc scan-assembler-not _ZNSt6futureIiEC2Ev
FAIL: 30_threads/future/cons/constexpr.cc scan-assembler-not _ZNSt6futureIvEC2Ev
FAIL: 30_threads/shared_future/cons/constexpr.cc scan-assembler-not _ZNSt13shared_futureIiEC2Ev
FAIL: 30_threads/shared_future/cons/constexpr.cc scan-assembler-not _ZNSt13shared_futureIvEC2Ev
FAIL: libstdc++-prettyprinters/80276.cc whatis p4
FAIL: libstdc++-prettyprinters/80276.cc whatis p4
FAIL: libstdc++-prettyprinters/cxx17.cc print p
FAIL: libstdc++-prettyprinters/cxx17.cc print p
FAIL: libstdc++-prettyprinters/cxx17.cc print q
FAIL: libstdc++-prettyprinters/cxx17.cc print q
FAIL: libstdc++-prettyprinters/cxx17.cc print wp
FAIL: libstdc++-prettyprinters/cxx17.cc print wp
FAIL: libstdc++-prettyprinters/cxx17.cc print wq
FAIL: libstdc++-prettyprinters/cxx17.cc print wq
FAIL: libstdc++-prettyprinters/shared_ptr.cc print sp1
FAIL: libstdc++-prettyprinters/shared_ptr.cc print sp1
FAIL: libstdc++-prettyprinters/shared_ptr.cc print wp1
FAIL: libstdc++-prettyprinters/shared_ptr.cc print wp1
FAIL: libstdc++-prettyprinters/shared_ptr.cc print wp2
FAIL: libstdc++-prettyprinters/shared_ptr.cc print wp2
=== libstdc++ Summary ===
# of expected passes 13067
# of unexpected failures 32
# of expected failures 77
# of unresolved testcases 6
# of unsupported tests 337
=== acats tests ===
=== acats Summary ===
# of expected passes 2320
# of unexpected failures 0
=== g++ tests ===
Running target unix
FAIL: g++.dg/cpp0x/constexpr-static.C -std=gnu++14 scan-assembler-not static_initialization
FAIL: g++.dg/cpp0x/constexpr-static.C -std=gnu++17 scan-assembler-not static_initialization
FAIL: g++.dg/cpp0x/constexpr-static12.C -std=c++14 scan-assembler-not _ZNSt10unique_ptrC1Ei
FAIL: g++.dg/cpp0x/constexpr-static12.C -std=c++17 scan-assembler-not _ZNSt10unique_ptrC1Ei
FAIL: g++.dg/cpp0x/constexpr-static3.C -std=gnu++14 scan-assembler-not static_initialization
FAIL: g++.dg/cpp0x/constexpr-static3.C -std=gnu++17 scan-assembler-not static_initialization
FAIL: g++.dg/cpp0x/implicit13.C -std=c++14 scan-assembler-not _ZN1BC1Ev
FAIL: g++.dg/cpp0x/implicit13.C -std=c++17 scan-assembler-not _ZN1BC1Ev
FAIL: g++.dg/cpp0x/pr83734.C -std=gnu++14 (internal compiler error)
FAIL: g++.dg/cpp0x/pr83734.C -std=gnu++14 (test for excess errors)
FAIL: g++.dg/cpp0x/pr83734.C -std=gnu++17 (internal compiler error)
FAIL: g++.dg/cpp0x/pr83734.C -std=gnu++17 (test for excess errors)
FAIL: g++.dg/cpp1y/constexpr-empty3.C -std=c++14 scan-assembler-not static_init
FAIL: g++.dg/cpp1y/constexpr-empty3.C -std=c++17 scan-assembler-not static_init
FAIL: g++.dg/pr83239.C -std=gnu++98 (test for excess errors)
FAIL: g++.dg/guality/pr55665.C -O2 line 23 p == 40
FAIL: g++.dg/guality/pr55665.C -O2 -flto -fno-use-linker-plugin -flto-partition=none line 23 p == 40
FAIL: g++.dg/guality/pr55665.C -O3 -g line 23 p == 40
FAIL: g++.dg/lto/pr65276 cp_lto_pr65276_0.o-cp_lto_pr65276_1.o link, -flto -O0 -std=c++11
FAIL: g++.dg/vect/pr87914.cc -std=c++14 execution test
FAIL: g++.dg/vect/pr87914.cc -std=c++17 execution test
FAIL: g++.dg/vect/pr87914.cc -std=c++98 execution test
=== g++ Summary ===
# of expected passes 127080
# of unexpected failures 22
# of expected failures 545
# of unsupported tests 6088
/build/gcc-snapshot-GEYeVs/gcc-snapshot-20181217/build/gcc/xg++ version 9.0.0 20181217 (experimental) [trunk revision 267195] (Debian 20181217-1)
=== gcc tests ===
Running target unix
FAIL: gcc.dg/debug/dwarf2/inline5.c scan-assembler-times DW_TAG_lexical_block\\\\)[^#/!]*[#/!] DW_AT_abstract_origin 2
FAIL: gcc.dg/debug/dwarf2/inline5.c scan-assembler-times DW_TAG_lexical_block\\\\)[^#/!]*[#/!] \\\\(DIE \\\\(0x[0-9a-f]*\\\\) DW_TAG_variable 1
FAIL: gcc.dg/gimplefe-28.c (internal compiler error)
FAIL: gcc.dg/gimplefe-28.c (test for excess errors)
FAIL: gcc.dg/ira-shrinkwrap-prep-1.c scan-rtl-dump pro_and_epilogue "Performing shrink-wrapping"
XPASS: gcc.dg/guality/example.c -O0 execution test
XPASS: gcc.dg/guality/example.c -O1 -DPREVENT_OPTIMIZATION execution test
XPASS: gcc.dg/guality/example.c -O2 -DPREVENT_OPTIMIZATION execution test
XPASS: gcc.dg/guality/example.c -O2 -flto -fno-use-linker-plugin -flto-partition=none -DPREVENT_OPTIMIZATION execution test
XPASS: gcc.dg/guality/example.c -Os -DPREVENT_OPTIMIZATION execution test
XPASS: gcc.dg/guality/example.c -Og -DPREVENT_OPTIMIZATION execution test
XPASS: gcc.dg/guality/guality.c -O0 execution test
XPASS: gcc.dg/guality/guality.c -O1 -DPREVENT_OPTIMIZATION execution test
XPASS: gcc.dg/guality/guality.c -O2 -DPREVENT_OPTIMIZATION execution test
XPASS: gcc.dg/guality/guality.c -O2 -flto -fno-use-linker-plugin -flto-partition=none -DPREVENT_OPTIMIZATION execution test
XPASS: gcc.dg/guality/guality.c -O2 -flto -fuse-linker-plugin -fno-fat-lto-objects -DPREVENT_OPTIMIZATION execution test
XPASS: gcc.dg/guality/guality.c -O3 -g -DPREVENT_OPTIMIZATION execution test
XPASS: gcc.dg/guality/guality.c -Os -DPREVENT_OPTIMIZATION execution test
XPASS: gcc.dg/guality/guality.c -Og -DPREVENT_OPTIMIZATION execution test
XPASS: gcc.dg/guality/inline-params.c -O2 -DPREVENT_OPTIMIZATION execution test
XPASS: gcc.dg/guality/inline-params.c -O2 -flto -fno-use-linker-plugin -flto-partition=none -DPREVENT_OPTIMIZATION execution test
XPASS: gcc.dg/guality/inline-params.c -O2 -flto -fuse-linker-plugin -fno-fat-lto-objects -DPREVENT_OPTIMIZATION execution test
XPASS: gcc.dg/guality/inline-params.c -O3 -g -DPREVENT_OPTIMIZATION execution test
XPASS: gcc.dg/guality/inline-params.c -Os -DPREVENT_OPTIMIZATION execution test
FAIL: gcc.dg/guality/pr36728-2.c -O2 -flto -fuse-linker-plugin -fno-fat-lto-objects -DPREVENT_OPTIMIZATION line 16 arg1 == 1
FAIL: gcc.dg/guality/pr36728-2.c -O2 -flto -fuse-linker-plugin -fno-fat-lto-objects -DPREVENT_OPTIMIZATION line 16 arg2 == 2
FAIL: gcc.dg/guality/pr36728-2.c -O2 -flto -fuse-linker-plugin -fno-fat-lto-objects -DPREVENT_OPTIMIZATION line 16 arg3 == 3
FAIL: gcc.dg/guality/pr36728-2.c -O2 -flto -fuse-linker-plugin -fno-fat-lto-objects -DPREVENT_OPTIMIZATION line 16 arg4 == 4
FAIL: gcc.dg/guality/pr36728-2.c -O2 -flto -fuse-linker-plugin -fno-fat-lto-objects -DPREVENT_OPTIMIZATION line 16 arg5 == 5
FAIL: gcc.dg/guality/pr36728-2.c -O2 -flto -fuse-linker-plugin -fno-fat-lto-objects -DPREVENT_OPTIMIZATION line 16 arg6 == 6
FAIL: gcc.dg/guality/pr36728-2.c -O2 -flto -fuse-linker-plugin -fno-fat-lto-objects -DPREVENT_OPTIMIZATION line 16 arg7 == 30
FAIL: gcc.dg/guality/pr36728-2.c -O2 -flto -fuse-linker-plugin -fno-fat-lto-objects -DPREVENT_OPTIMIZATION line 18 arg1 == 1
FAIL: gcc.dg/guality/pr36728-2.c -O2 -flto -fuse-linker-plugin -fno-fat-lto-objects -DPREVENT_OPTIMIZATION line 18 arg2 == 2
FAIL: gcc.dg/guality/pr36728-2.c -O2 -flto -fuse-linker-plugin -fno-fat-lto-objects -DPREVENT_OPTIMIZATION line 18 arg3 == 3
FAIL: gcc.dg/guality/pr36728-2.c -O2 -flto -fuse-linker-plugin -fno-fat-lto-objects -DPREVENT_OPTIMIZATION line 18 arg4 == 4
FAIL: gcc.dg/guality/pr36728-2.c -O2 -flto -fuse-linker-plugin -fno-fat-lto-objects -DPREVENT_OPTIMIZATION line 18 arg5 == 5
FAIL: gcc.dg/guality/pr36728-2.c -O2 -flto -fuse-linker-plugin -fno-fat-lto-objects -DPREVENT_OPTIMIZATION line 18 arg6 == 6
FAIL: gcc.dg/guality/pr36728-2.c -O2 -flto -fuse-linker-plugin -fno-fat-lto-objects -DPREVENT_OPTIMIZATION line 18 arg7 == 30
FAIL: gcc.dg/guality/pr36728-2.c -O3 -g -DPREVENT_OPTIMIZATION line 16 arg1 == 1
FAIL: gcc.dg/guality/pr36728-2.c -O3 -g -DPREVENT_OPTIMIZATION line 16 arg2 == 2
FAIL: gcc.dg/guality/pr36728-2.c -O3 -g -DPREVENT_OPTIMIZATION line 16 arg3 == 3
FAIL: gcc.dg/guality/pr36728-2.c -O3 -g -DPREVENT_OPTIMIZATION line 16 arg4 == 4
FAIL: gcc.dg/guality/pr36728-2.c -O3 -g -DPREVENT_OPTIMIZATION line 16 arg5 == 5
FAIL: gcc.dg/guality/pr36728-2.c -O3 -g -DPREVENT_OPTIMIZATION line 16 arg6 == 6
FAIL: gcc.dg/guality/pr36728-2.c -O3 -g -DPREVENT_OPTIMIZATION line 16 arg7 == 30
FAIL: gcc.dg/guality/pr36728-2.c -O3 -g -DPREVENT_OPTIMIZATION line 18 arg1 == 1
FAIL: gcc.dg/guality/pr36728-2.c -O3 -g -DPREVENT_OPTIMIZATION line 18 arg2 == 2
FAIL: gcc.dg/guality/pr36728-2.c -O3 -g -DPREVENT_OPTIMIZATION line 18 arg3 == 3
FAIL: gcc.dg/guality/pr36728-2.c -O3 -g -DPREVENT_OPTIMIZATION line 18 arg4 == 4
FAIL: gcc.dg/guality/pr36728-2.c -O3 -g -DPREVENT_OPTIMIZATION line 18 arg5 == 5
FAIL: gcc.dg/guality/pr36728-2.c -O3 -g -DPREVENT_OPTIMIZATION line 18 arg6 == 6
FAIL: gcc.dg/guality/pr36728-2.c -O3 -g -DPREVENT_OPTIMIZATION line 18 arg7 == 30
XPASS: gcc.dg/guality/pr41353-1.c -O0 line 28 j == 28 + 37
FAIL: gcc.dg/guality/pr41616-1.c -O2 -flto -fuse-linker-plugin -fno-fat-lto-objects -DPREVENT_OPTIMIZATION execution test
FAIL: gcc.dg/guality/pr43077-1.c -O1 -DPREVENT_OPTIMIZATION line 42 varb == 2
FAIL: gcc.dg/guality/pr43077-1.c -O2 -flto -fno-use-linker-plugin -flto-partition=none -DPREVENT_OPTIMIZATION line 42 varb == 2
FAIL: gcc.dg/guality/pr43077-1.c -O2 -flto -fuse-linker-plugin -fno-fat-lto-objects -DPREVENT_OPTIMIZATION line 42 varb == 2
FAIL: gcc.dg/guality/pr43077-1.c -Og -DPREVENT_OPTIMIZATION line 42 varb == 2
FAIL: gcc.dg/guality/pr43593.c -O1 -DPREVENT_OPTIMIZATION line 16 j == &i
FAIL: gcc.dg/guality/pr43593.c -Og -DPREVENT_OPTIMIZATION line 16 j == &i
FAIL: gcc.dg/guality/pr54200.c -O1 -DPREVENT_OPTIMIZATION line 20 z == 3
FAIL: gcc.dg/guality/pr54200.c -O2 -DPREVENT_OPTIMIZATION line 20 z == 3
FAIL: gcc.dg/guality/pr54200.c -O2 -flto -fno-use-linker-plugin -flto-partition=none -DPREVENT_OPTIMIZATION line 20 z == 3
FAIL: gcc.dg/guality/pr54200.c -O3 -g -DPREVENT_OPTIMIZATION line 20 z == 3
FAIL: gcc.dg/guality/pr54200.c -Os -DPREVENT_OPTIMIZATION line 20 z == 3
FAIL: gcc.dg/guality/pr54519-1.c -O2 -flto -fno-use-linker-plugin -flto-partition=none -DPREVENT_OPTIMIZATION line 20 y == 25
FAIL: gcc.dg/guality/pr54519-1.c -O2 -flto -fno-use-linker-plugin -flto-partition=none -DPREVENT_OPTIMIZATION line 20 z == 6
FAIL: gcc.dg/guality/pr54519-1.c -O2 -flto -fno-use-linker-plugin -flto-partition=none -DPREVENT_OPTIMIZATION line 23 y == 117
FAIL: gcc.dg/guality/pr54519-1.c -O2 -flto -fno-use-linker-plugin -flto-partition=none -DPREVENT_OPTIMIZATION line 23 z == 8
FAIL: gcc.dg/guality/pr54519-1.c -O2 -flto -fuse-linker-plugin -fno-fat-lto-objects -DPREVENT_OPTIMIZATION line 20 y == 25
FAIL: gcc.dg/guality/pr54519-1.c -O2 -flto -fuse-linker-plugin -fno-fat-lto-objects -DPREVENT_OPTIMIZATION line 20 z == 6
FAIL: gcc.dg/guality/pr54519-1.c -O2 -flto -fuse-linker-plugin -fno-fat-lto-objects -DPREVENT_OPTIMIZATION line 23 y == 117
FAIL: gcc.dg/guality/pr54519-1.c -O2 -flto -fuse-linker-plugin -fno-fat-lto-objects -DPREVENT_OPTIMIZATION line 23 z == 8
FAIL: gcc.dg/guality/pr54519-2.c -O2 -flto -fno-use-linker-plugin -flto-partition=none -DPREVENT_OPTIMIZATION line 17 y == 25
FAIL: gcc.dg/guality/pr54519-2.c -O2 -flto -fuse-linker-plugin -fno-fat-lto-objects -DPREVENT_OPTIMIZATION line 17 y == 25
FAIL: gcc.dg/guality/pr54519-3.c -O2 -flto -fno-use-linker-plugin -flto-partition=none -DPREVENT_OPTIMIZATION line 20 y == 25
FAIL: gcc.dg/guality/pr54519-3.c -O2 -flto -fno-use-linker-plugin -flto-partition=none -DPREVENT_OPTIMIZATION line 20 z == 6
FAIL: gcc.dg/guality/pr54519-3.c -O2 -flto -fno-use-linker-plugin -flto-partition=none -DPREVENT_OPTIMIZATION line 23 y == 117
FAIL: gcc.dg/guality/pr54519-3.c -O2 -flto -fno-use-linker-plugin -flto-partition=none -DPREVENT_OPTIMIZATION line 23 z == 8
FAIL: gcc.dg/guality/pr54519-3.c -O2 -flto -fuse-linker-plugin -fno-fat-lto-objects -DPREVENT_OPTIMIZATION line 20 y == 25
FAIL: gcc.dg/guality/pr54519-3.c -O2 -flto -fuse-linker-plugin -fno-fat-lto-objects -DPREVENT_OPTIMIZATION line 20 z == 6
FAIL: gcc.dg/guality/pr54519-3.c -O2 -flto -fuse-linker-plugin -fno-fat-lto-objects -DPREVENT_OPTIMIZATION line 23 y == 117
FAIL: gcc.dg/guality/pr54519-3.c -O2 -flto -fuse-linker-plugin -fno-fat-lto-objects -DPREVENT_OPTIMIZATION line 23 z == 8
FAIL: gcc.dg/guality/pr54519-4.c -O2 -flto -fno-use-linker-plugin -flto-partition=none -DPREVENT_OPTIMIZATION line 17 y == 25
FAIL: gcc.dg/guality/pr54519-4.c -O2 -flto -fuse-linker-plugin -fno-fat-lto-objects -DPREVENT_OPTIMIZATION line 17 y == 25
FAIL: gcc.dg/guality/pr54519-5.c -O2 -flto -fno-use-linker-plugin -flto-partition=none -DPREVENT_OPTIMIZATION line 17 y == 25
FAIL: gcc.dg/guality/pr54519-5.c -O2 -flto -fuse-linker-plugin -fno-fat-lto-objects -DPREVENT_OPTIMIZATION line 17 y == 25
FAIL: gcc.dg/guality/pr54693.c -O2 -DPREVENT_OPTIMIZATION line 22 i == c - 48
FAIL: gcc.dg/guality/pr54693.c -O2 -flto -fno-use-linker-plugin -flto-partition=none -DPREVENT_OPTIMIZATION line 22 i == c - 48
FAIL: gcc.dg/guality/pr54693.c -O2 -flto -fuse-linker-plugin -fno-fat-lto-objects -DPREVENT_OPTIMIZATION line 22 i == c - 48
FAIL: gcc.dg/guality/pr54693.c -O3 -fomit-frame-pointer -funroll-loops -fpeel-loops -ftracer -finline-functions -DPREVENT_OPTIMIZATION line 22 i == c - 48
FAIL: gcc.dg/guality/pr54693.c -O3 -g -DPREVENT_OPTIMIZATION line 22 i == c - 48
XPASS: gcc.dg/guality/pr54970.c -O0 line 31 a[0] == 4
XPASS: gcc.dg/guality/pr54970.c -O0 line 36 a[0] == 4
XPASS: gcc.dg/guality/pr54970.c -O0 line 45 a[0] == 4
XPASS: gcc.dg/guality/pr54970.c -O0 line 45 p[-2] == 4
XPASS: gcc.dg/guality/pr54970.c -O0 line 45 q[-1] == 4
FAIL: gcc.dg/guality/pr54970.c -O1 -DPREVENT_OPTIMIZATION line 15 a[0] == 1
FAIL: gcc.dg/guality/pr54970.c -O1 -DPREVENT_OPTIMIZATION line 20 a[0] == 1
FAIL: gcc.dg/guality/pr54970.c -O1 -DPREVENT_OPTIMIZATION line 25 a[0] == 1
FAIL: gcc.dg/guality/pr54970.c -O2 -DPREVENT_OPTIMIZATION line 15 a[0] == 1
FAIL: gcc.dg/guality/pr54970.c -O2 -DPREVENT_OPTIMIZATION line 20 a[0] == 1
FAIL: gcc.dg/guality/pr54970.c -O2 -DPREVENT_OPTIMIZATION line 25 a[0] == 1
FAIL: gcc.dg/guality/pr54970.c -O2 -flto -fno-use-linker-plugin -flto-partition=none -DPREVENT_OPTIMIZATION line 15 a[0] == 1
FAIL: gcc.dg/guality/pr54970.c -O2 -flto -fno-use-linker-plugin -flto-partition=none -DPREVENT_OPTIMIZATION line 20 a[0] == 1
FAIL: gcc.dg/guality/pr54970.c -O2 -flto -fno-use-linker-plugin -flto-partition=none -DPREVENT_OPTIMIZATION line 25 a[0] == 1
FAIL: gcc.dg/guality/pr54970.c -O2 -flto -fuse-linker-plugin -fno-fat-lto-objects -DPREVENT_OPTIMIZATION line 15 a[0] == 1
FAIL: gcc.dg/guality/pr54970.c -O2 -flto -fuse-linker-plugin -fno-fat-lto-objects -DPREVENT_OPTIMIZATION line 20 a[0] == 1
FAIL: gcc.dg/guality/pr54970.c -O2 -flto -fuse-linker-plugin -fno-fat-lto-objects -DPREVENT_OPTIMIZATION line 25 a[0] == 1
FAIL: gcc.dg/guality/pr54970.c -O3 -g -DPREVENT_OPTIMIZATION line 15 a[0] == 1
FAIL: gcc.dg/guality/pr54970.c -O3 -g -DPREVENT_OPTIMIZATION line 20 a[0] == 1
FAIL: gcc.dg/guality/pr54970.c -O3 -g -DPREVENT_OPTIMIZATION line 25 a[0] == 1
FAIL: gcc.dg/guality/pr54970.c -Os -DPREVENT_OPTIMIZATION line 15 a[0] == 1
FAIL: gcc.dg/guality/pr54970.c -Os -DPREVENT_OPTIMIZATION line 20 a[0] == 1
FAIL: gcc.dg/guality/pr54970.c -Os -DPREVENT_OPTIMIZATION line 25 a[0] == 1
FAIL: gcc.dg/guality/pr54970.c -Og -DPREVENT_OPTIMIZATION line 15 *p == 3
FAIL: gcc.dg/guality/pr54970.c -Og -DPREVENT_OPTIMIZATION line 15 *q == 2
FAIL: gcc.dg/guality/pr54970.c -Og -DPREVENT_OPTIMIZATION line 15 a[0] == 1
FAIL: gcc.dg/guality/pr54970.c -Og -DPREVENT_OPTIMIZATION line 15 a[1] == 2
FAIL: gcc.dg/guality/pr54970.c -Og -DPREVENT_OPTIMIZATION line 15 a[2] == 3
FAIL: gcc.dg/guality/pr54970.c -Og -DPREVENT_OPTIMIZATION line 20 *p == 13
FAIL: gcc.dg/guality/pr54970.c -Og -DPREVENT_OPTIMIZATION line 20 *q == 2
FAIL: gcc.dg/guality/pr54970.c -Og -DPREVENT_OPTIMIZATION line 20 a[0] == 1
FAIL: gcc.dg/guality/pr54970.c -Og -DPREVENT_OPTIMIZATION line 20 a[1] == 2
FAIL: gcc.dg/guality/pr54970.c -Og -DPREVENT_OPTIMIZATION line 20 a[2] == 13
FAIL: gcc.dg/guality/pr54970.c -Og -DPREVENT_OPTIMIZATION line 25 *p == 13
FAIL: gcc.dg/guality/pr54970.c -Og -DPREVENT_OPTIMIZATION line 25 *q == 12
FAIL: gcc.dg/guality/pr54970.c -Og -DPREVENT_OPTIMIZATION line 25 a[0] == 1
FAIL: gcc.dg/guality/pr54970.c -Og -DPREVENT_OPTIMIZATION line 25 a[1] == 12
FAIL: gcc.dg/guality/pr54970.c -Og -DPREVENT_OPTIMIZATION line 25 a[2] == 13
FAIL: gcc.dg/guality/pr54970.c -Og -DPREVENT_OPTIMIZATION line 31 *p == 6
FAIL: gcc.dg/guality/pr54970.c -Og -DPREVENT_OPTIMIZATION line 31 *q == 5
FAIL: gcc.dg/guality/pr54970.c -Og -DPREVENT_OPTIMIZATION line 31 a[1] == 5
FAIL: gcc.dg/guality/pr54970.c -Og -DPREVENT_OPTIMIZATION line 31 a[2] == 6
FAIL: gcc.dg/guality/pr54970.c -Og -DPREVENT_OPTIMIZATION line 36 *p == 26
FAIL: gcc.dg/guality/pr54970.c -Og -DPREVENT_OPTIMIZATION line 36 *q == 5
FAIL: gcc.dg/guality/pr54970.c -Og -DPREVENT_OPTIMIZATION line 36 a[1] == 5
FAIL: gcc.dg/guality/pr54970.c -Og -DPREVENT_OPTIMIZATION line 36 a[2] == 26
FAIL: gcc.dg/guality/pr54970.c -Og -DPREVENT_OPTIMIZATION line 45 *p == 26
FAIL: gcc.dg/guality/pr54970.c -Og -DPREVENT_OPTIMIZATION line 45 *q == 25
FAIL: gcc.dg/guality/pr54970.c -Og -DPREVENT_OPTIMIZATION line 45 a[1] == 25
FAIL: gcc.dg/guality/pr54970.c -Og -DPREVENT_OPTIMIZATION line 45 a[2] == 26
FAIL: gcc.dg/guality/pr54970.c -Og -DPREVENT_OPTIMIZATION line 45 p[-1] == 25
FAIL: gcc.dg/guality/pr54970.c -Og -DPREVENT_OPTIMIZATION line 45 q[1] == 26
FAIL: gcc.dg/guality/pr56154-1.c -Og -DPREVENT_OPTIMIZATION line pr56154-1.c:20 x.a == 6
FAIL: gcc.dg/guality/pr58791-3.c -O1 -DPREVENT_OPTIMIZATION line pr58791-3.c:19 h == 9
FAIL: gcc.dg/guality/pr58791-3.c -O1 -DPREVENT_OPTIMIZATION line pr58791-3.c:19 i == 15
FAIL: gcc.dg/guality/pr58791-3.c -O1 -DPREVENT_OPTIMIZATION line pr58791-3.c:19 l == 10
FAIL: gcc.dg/guality/pr58791-3.c -O1 -DPREVENT_OPTIMIZATION line pr58791-3.c:19 m == 16
FAIL: gcc.dg/guality/pr58791-3.c -Os -DPREVENT_OPTIMIZATION line pr58791-3.c:19 h == 9
FAIL: gcc.dg/guality/pr58791-3.c -Os -DPREVENT_OPTIMIZATION line pr58791-3.c:19 i == 15
FAIL: gcc.dg/guality/pr58791-3.c -Os -DPREVENT_OPTIMIZATION line pr58791-3.c:19 l == 10
FAIL: gcc.dg/guality/pr58791-3.c -Os -DPREVENT_OPTIMIZATION line pr58791-3.c:19 m == 16
FAIL: gcc.dg/guality/pr58791-5.c -O1 -DPREVENT_OPTIMIZATION line pr58791-5.c:20 b4 == 4681
FAIL: gcc.dg/guality/pr58791-5.c -O2 -DPREVENT_OPTIMIZATION line pr58791-5.c:20 b4 == 4681
FAIL: gcc.dg/guality/pr58791-5.c -O2 -flto -fno-use-linker-plugin -flto-partition=none -DPREVENT_OPTIMIZATION line pr58791-5.c:20 b4 == 4681
FAIL: gcc.dg/guality/pr58791-5.c -O3 -g -DPREVENT_OPTIMIZATION line pr58791-5.c:20 b4 == 4681
FAIL: gcc.dg/guality/pr58791-5.c -Os -DPREVENT_OPTIMIZATION line pr58791-5.c:20 b4 == 4681
FAIL: gcc.dg/guality/pr59776.c -Og -DPREVENT_OPTIMIZATION line pr59776.c:17 s1.f == 5.0
FAIL: gcc.dg/guality/pr59776.c -Og -DPREVENT_OPTIMIZATION line pr59776.c:17 s1.g == 6.0
FAIL: gcc.dg/guality/pr59776.c -Og -DPREVENT_OPTIMIZATION line pr59776.c:17 s2.f == 0.0
FAIL: gcc.dg/guality/pr59776.c -Og -DPREVENT_OPTIMIZATION line pr59776.c:17 s2.g == 6.0
FAIL: gcc.dg/guality/pr59776.c -Og -DPREVENT_OPTIMIZATION line pr59776.c:20 s1.f == 5.0
FAIL: gcc.dg/guality/pr59776.c -Og -DPREVENT_OPTIMIZATION line pr59776.c:20 s1.g == 6.0
FAIL: gcc.dg/guality/pr59776.c -Og -DPREVENT_OPTIMIZATION line pr59776.c:20 s2.f == 5.0
FAIL: gcc.dg/guality/pr59776.c -Og -DPREVENT_OPTIMIZATION line pr59776.c:20 s2.g == 6.0
FAIL: gcc.dg/guality/pr68860-1.c -O2 -flto -fno-use-linker-plugin -flto-partition=none -DPREVENT_OPTIMIZATION line 14 arg1 == 1
FAIL: gcc.dg/guality/pr68860-1.c -O2 -flto -fno-use-linker-plugin -flto-partition=none -DPREVENT_OPTIMIZATION line 14 arg2 == 2
FAIL: gcc.dg/guality/pr68860-1.c -O2 -flto -fno-use-linker-plugin -flto-partition=none -DPREVENT_OPTIMIZATION line 14 arg3 == 3
FAIL: gcc.dg/guality/pr68860-1.c -O2 -flto -fno-use-linker-plugin -flto-partition=none -DPREVENT_OPTIMIZATION line 14 arg4 == 4
FAIL: gcc.dg/guality/pr68860-1.c -O2 -flto -fno-use-linker-plugin -flto-partition=none -DPREVENT_OPTIMIZATION line 14 arg5 == 5
FAIL: gcc.dg/guality/pr68860-1.c -O2 -flto -fno-use-linker-plugin -flto-partition=none -DPREVENT_OPTIMIZATION line 14 arg6 == 6
FAIL: gcc.dg/guality/pr68860-1.c -O2 -flto -fno-use-linker-plugin -flto-partition=none -DPREVENT_OPTIMIZATION line 16 arg1 == 1
FAIL: gcc.dg/guality/pr68860-1.c -O2 -flto -fno-use-linker-plugin -flto-partition=none -DPREVENT_OPTIMIZATION line 16 arg2 == 2
FAIL: gcc.dg/guality/pr68860-1.c -O2 -flto -fno-use-linker-plugin -flto-partition=none -DPREVENT_OPTIMIZATION line 16 arg3 == 3
FAIL: gcc.dg/guality/pr68860-1.c -O2 -flto -fno-use-linker-plugin -flto-partition=none -DPREVENT_OPTIMIZATION line 16 arg4 == 4
FAIL: gcc.dg/guality/pr68860-1.c -O2 -flto -fno-use-linker-plugin -flto-partition=none -DPREVENT_OPTIMIZATION line 16 arg5 == 5
FAIL: gcc.dg/guality/pr68860-1.c -O2 -flto -fno-use-linker-plugin -flto-partition=none -DPREVENT_OPTIMIZATION line 16 arg6 == 6
FAIL: gcc.dg/guality/pr68860-1.c -O2 -flto -fuse-linker-plugin -fno-fat-lto-objects -DPREVENT_OPTIMIZATION line 14 arg1 == 1
FAIL: gcc.dg/guality/pr68860-1.c -O2 -flto -fuse-linker-plugin -fno-fat-lto-objects -DPREVENT_OPTIMIZATION line 14 arg2 == 2
FAIL: gcc.dg/guality/pr68860-1.c -O2 -flto -fuse-linker-plugin -fno-fat-lto-objects -DPREVENT_OPTIMIZATION line 14 arg3 == 3
FAIL: gcc.dg/guality/pr68860-1.c -O2 -flto -fuse-linker-plugin -fno-fat-lto-objects -DPREVENT_OPTIMIZATION line 14 arg4 == 4
FAIL: gcc.dg/guality/pr68860-1.c -O2 -flto -fuse-linker-plugin -fno-fat-lto-objects -DPREVENT_OPTIMIZATION line 14 arg5 == 5
FAIL: gcc.dg/guality/pr68860-1.c -O2 -flto -fuse-linker-plugin -fno-fat-lto-objects -DPREVENT_OPTIMIZATION line 14 arg6 == 6
FAIL: gcc.dg/guality/pr68860-1.c -O2 -flto -fuse-linker-plugin -fno-fat-lto-objects -DPREVENT_OPTIMIZATION line 16 arg1 == 1
FAIL: gcc.dg/guality/pr68860-1.c -O2 -flto -fuse-linker-plugin -fno-fat-lto-objects -DPREVENT_OPTIMIZATION line 16 arg2 == 2
FAIL: gcc.dg/guality/pr68860-1.c -O2 -flto -fuse-linker-plugin -fno-fat-lto-objects -DPREVENT_OPTIMIZATION line 16 arg3 == 3
FAIL: gcc.dg/guality/pr68860-1.c -O2 -flto -fuse-linker-plugin -fno-fat-lto-objects -DPREVENT_OPTIMIZATION line 16 arg4 == 4
FAIL: gcc.dg/guality/pr68860-1.c -O2 -flto -fuse-linker-plugin -fno-fat-lto-objects -DPREVENT_OPTIMIZATION line 16 arg5 == 5
FAIL: gcc.dg/guality/pr68860-1.c -O2 -flto -fuse-linker-plugin -fno-fat-lto-objects -DPREVENT_OPTIMIZATION line 16 arg6 == 6
FAIL: gcc.dg/guality/sra-1.c -Og -DPREVENT_OPTIMIZATION line 21 a.i == 4
FAIL: gcc.dg/guality/sra-1.c -Og -DPREVENT_OPTIMIZATION line 21 a.j == 14
FAIL: gcc.dg/guality/sra-1.c -Og -DPREVENT_OPTIMIZATION line 32 a[0] == 4
FAIL: gcc.dg/guality/sra-1.c -Og -DPREVENT_OPTIMIZATION line 32 a[1] == 14
FAIL: gcc.dg/guality/sra-1.c -Og -DPREVENT_OPTIMIZATION line 43 a.i == 4
FAIL: gcc.dg/guality/sra-1.c -Og -DPREVENT_OPTIMIZATION line 43 a.j == 14
FAIL: gcc.dg/guality/vla-1.c -O1 -DPREVENT_OPTIMIZATION line 17 sizeof (a) == 6
FAIL: gcc.dg/guality/vla-1.c -O2 -DPREVENT_OPTIMIZATION line 17 sizeof (a) == 6
FAIL: gcc.dg/guality/vla-1.c -O2 -flto -fno-use-linker-plugin -flto-partition=none -DPREVENT_OPTIMIZATION line 17 sizeof (a) == 6
FAIL: gcc.dg/guality/vla-1.c -O2 -flto -fuse-linker-plugin -fno-fat-lto-objects -DPREVENT_OPTIMIZATION line 17 sizeof (a) == 6
FAIL: gcc.dg/guality/vla-1.c -O3 -g -DPREVENT_OPTIMIZATION line 17 sizeof (a) == 6
FAIL: gcc.dg/guality/vla-1.c -Os -DPREVENT_OPTIMIZATION line 17 sizeof (a) == 6
FAIL: gcc.dg/tree-ssa/builtin-snprintf-4.c (test for warnings, line 106)
FAIL: gcc.dg/tree-ssa/builtin-snprintf-4.c (test for warnings, line 128)
FAIL: gcc.dg/tree-ssa/builtin-snprintf-4.c (test for warnings, line 74)
FAIL: gcc.dg/tree-ssa/builtin-snprintf-4.c (test for warnings, line 87)
FAIL: gcc.dg/tree-ssa/builtin-snprintf-4.c scan-tree-dump-times optimized " = snprintf" 12
FAIL: gcc.dg/tree-ssa/builtin-snprintf-4.c scan-tree-dump-times optimized " = vsnprintf" 12
FAIL: gcc.dg/tree-ssa/builtin-sprintf-warn-18.c second (test for warnings, line 120)
FAIL: gcc.dg/tree-ssa/builtin-sprintf-warn-18.c second (test for warnings, line 122)
XPASS: gcc.dg/vect/vect-cond-1.c -flto -ffat-lto-objects scan-tree-dump-times vect "OUTER LOOP VECTORIZED" 1
XPASS: gcc.dg/vect/vect-cond-1.c scan-tree-dump-times vect "OUTER LOOP VECTORIZED" 1
XPASS: gcc.dg/vect/vect-cond-3.c -flto -ffat-lto-objects scan-tree-dump-times vect "OUTER LOOP VECTORIZED" 1
XPASS: gcc.dg/vect/vect-cond-3.c scan-tree-dump-times vect "OUTER LOOP VECTORIZED" 1
XPASS: gcc.dg/vect/vect-cond-4.c -flto -ffat-lto-objects scan-tree-dump-times vect "OUTER LOOP VECTORIZED" 1
XPASS: gcc.dg/vect/vect-cond-4.c scan-tree-dump-times vect "OUTER LOOP VECTORIZED" 1
UNRESOLVED: gcc.target/aarch64/advsimd-intrinsics/vld1x2.c -O0 compilation failed to produce executable
UNRESOLVED: gcc.target/aarch64/advsimd-intrinsics/vld1x2.c -O1 compilation failed to produce executable
UNRESOLVED: gcc.target/aarch64/advsimd-intrinsics/vld1x2.c -O2 compilation failed to produce executable
UNRESOLVED: gcc.target/aarch64/advsimd-intrinsics/vld1x2.c -O2 -flto -fno-use-linker-plugin -flto-partition=none compilation failed to produce executable
UNRESOLVED: gcc.target/aarch64/advsimd-intrinsics/vld1x2.c -O2 -flto -fuse-linker-plugin -fno-fat-lto-objects compilation failed to produce executable
UNRESOLVED: gcc.target/aarch64/advsimd-intrinsics/vld1x2.c -O3 -fomit-frame-pointer -funroll-loops -fpeel-loops -ftracer -finline-functions compilation failed to produce executable
UNRESOLVED: gcc.target/aarch64/advsimd-intrinsics/vld1x2.c -O3 -g compilation failed to produce executable
UNRESOLVED: gcc.target/aarch64/advsimd-intrinsics/vld1x2.c -Og -g compilation failed to produce executable
UNRESOLVED: gcc.target/aarch64/advsimd-intrinsics/vld1x2.c -Os compilation failed to produce executable
UNRESOLVED: gcc.target/aarch64/advsimd-intrinsics/vld1x3.c -O0 compilation failed to produce executable
UNRESOLVED: gcc.target/aarch64/advsimd-intrinsics/vld1x3.c -O1 compilation failed to produce executable
UNRESOLVED: gcc.target/aarch64/advsimd-intrinsics/vld1x3.c -O2 compilation failed to produce executable
UNRESOLVED: gcc.target/aarch64/advsimd-intrinsics/vld1x3.c -O2 -flto -fno-use-linker-plugin -flto-partition=none compilation failed to produce executable
UNRESOLVED: gcc.target/aarch64/advsimd-intrinsics/vld1x3.c -O2 -flto -fuse-linker-plugin -fno-fat-lto-objects compilation failed to produce executable
UNRESOLVED: gcc.target/aarch64/advsimd-intrinsics/vld1x3.c -O3 -fomit-frame-pointer -funroll-loops -fpeel-loops -ftracer -finline-functions compilation failed to produce executable
UNRESOLVED: gcc.target/aarch64/advsimd-intrinsics/vld1x3.c -O3 -g compilation failed to produce executable
UNRESOLVED: gcc.target/aarch64/advsimd-intrinsics/vld1x3.c -Og -g compilation failed to produce executable
UNRESOLVED: gcc.target/aarch64/advsimd-intrinsics/vld1x3.c -Os compilation failed to produce executable
UNRESOLVED: gcc.target/aarch64/advsimd-intrinsics/vst1x2.c -O0 compilation failed to produce executable
UNRESOLVED: gcc.target/aarch64/advsimd-intrinsics/vst1x2.c -O1 compilation failed to produce executable
UNRESOLVED: gcc.target/aarch64/advsimd-intrinsics/vst1x2.c -O2 compilation failed to produce executable
UNRESOLVED: gcc.target/aarch64/advsimd-intrinsics/vst1x2.c -O2 -flto -fno-use-linker-plugin -flto-partition=none compilation failed to produce executable
UNRESOLVED: gcc.target/aarch64/advsimd-intrinsics/vst1x2.c -O2 -flto -fuse-linker-plugin -fno-fat-lto-objects compilation failed to produce executable
UNRESOLVED: gcc.target/aarch64/advsimd-intrinsics/vst1x2.c -O3 -fomit-frame-pointer -funroll-loops -fpeel-loops -ftracer -finline-functions compilation failed to produce executable
UNRESOLVED: gcc.target/aarch64/advsimd-intrinsics/vst1x2.c -O3 -g compilation failed to produce executable
UNRESOLVED: gcc.target/aarch64/advsimd-intrinsics/vst1x2.c -Og -g compilation failed to produce executable
UNRESOLVED: gcc.target/aarch64/advsimd-intrinsics/vst1x2.c -Os compilation failed to produce executable
UNRESOLVED: gcc.target/aarch64/advsimd-intrinsics/vst1x3.c -O0 compilation failed to produce executable
UNRESOLVED: gcc.target/aarch64/advsimd-intrinsics/vst1x3.c -O1 compilation failed to produce executable
UNRESOLVED: gcc.target/aarch64/advsimd-intrinsics/vst1x3.c -O2 compilation failed to produce executable
UNRESOLVED: gcc.target/aarch64/advsimd-intrinsics/vst1x3.c -O2 -flto -fno-use-linker-plugin -flto-partition=none compilation failed to produce executable
UNRESOLVED: gcc.target/aarch64/advsimd-intrinsics/vst1x3.c -O2 -flto -fuse-linker-plugin -fno-fat-lto-objects compilation failed to produce executable
UNRESOLVED: gcc.target/aarch64/advsimd-intrinsics/vst1x3.c -O3 -fomit-frame-pointer -funroll-loops -fpeel-loops -ftracer -finline-functions compilation failed to produce executable
UNRESOLVED: gcc.target/aarch64/advsimd-intrinsics/vst1x3.c -O3 -g compilation failed to produce executable
UNRESOLVED: gcc.target/aarch64/advsimd-intrinsics/vst1x3.c -Og -g compilation failed to produce executable
UNRESOLVED: gcc.target/aarch64/advsimd-intrinsics/vst1x3.c -Os compilation failed to produce executable
FAIL: gcc.target/arm/addr-modes-float.c scan-assembler vst3.8\\t{d[02468], d[02468], d[02468]}, \\\\[r[0-9]+\\\\]!
FAIL: gcc.target/arm/armv8_2-fp16-move-1.c scan-assembler-times ldrh\\\\tr[0-9]+ 2
FAIL: gcc.target/arm/armv8_2-fp16-move-1.c scan-assembler-times strh\\\\tr[0-9]+ 2
FAIL: gcc.target/arm/armv8_2-fp16-move-1.c scan-assembler-times vld1\\\\.16\\\\t{d[0-9]+\\\\[[0-9]+\\\\]}, \\\\[r[0-9]+\\\\] 2
FAIL: gcc.target/arm/armv8_2-fp16-move-1.c scan-assembler-times vmov\\\\.f16\\\\ts[0-9]+, r[0-9]+ 2
FAIL: gcc.target/arm/armv8_2-fp16-move-1.c scan-assembler-times vst1\\\\.16\\\\t{d[0-9]+\\\\[[0-9]+\\\\]}, \\\\[r[0-9]+\\\\] 2
FAIL: gcc.target/arm/armv8_2-fp16-scalar-2.c scan-assembler-times vmov.f16\\\\ts[0-9]+, #1\\\\.0e\\\\+0 4
FAIL: gcc.target/arm/memcpy-aligned-1.c scan-assembler-not ldr\\t
FAIL: gcc.target/arm/memcpy-aligned-1.c scan-assembler-times str\\t 1
FAIL: gcc.target/arm/pr40457-3.c scan-assembler strd|stm
FAIL: gcc.target/arm/pr42575.c scan-assembler-not mov
FAIL: gcc.target/arm/pr45701-1.c scan-assembler push\\t{r3
FAIL: gcc.target/arm/pr51968.c (internal compiler error)
FAIL: gcc.target/arm/pr51968.c (test for excess errors)
FAIL: gcc.target/arm/pr77904.c (test for excess errors)
UNRESOLVED: gcc.target/arm/pr77904.c compilation failed to produce executable
FAIL: gcc.target/arm/reg_equal_test.c scan-rtl-dump expand "expr_list:REG_EQUAL \\\\(const_int -942519458"
FAIL: gcc.target/arm/simd/vextp16_1.c (internal compiler error)
FAIL: gcc.target/arm/simd/vextp16_1.c (test for excess errors)
UNRESOLVED: gcc.target/arm/simd/vextp16_1.c scan-assembler-times vext.16[ \\t]+[dD][0-9]+, [dD][0-9]+, [dD][0-9]+, #[0-9]+!?(?:[ \\t]+@[a-zA-Z0-9 ]+)?\\n 3
FAIL: gcc.target/arm/simd/vextp8_1.c (internal compiler error)
FAIL: gcc.target/arm/simd/vextp8_1.c (test for excess errors)
UNRESOLVED: gcc.target/arm/simd/vextp8_1.c scan-assembler-times vext.8[ \\t]+[dD][0-9]+, [dD][0-9]+, [dD][0-9]+, #[0-9]+!?(?:[ \\t]+@[a-zA-Z0-9 ]+)?\\n 7
FAIL: gcc.target/arm/simd/vexts16_1.c (internal compiler error)
FAIL: gcc.target/arm/simd/vexts16_1.c (test for excess errors)
UNRESOLVED: gcc.target/arm/simd/vexts16_1.c scan-assembler-times vext.16[ \\t]+[dD][0-9]+, [dD][0-9]+, [dD][0-9]+, #[0-9]+!?(?:[ \\t]+@[a-zA-Z0-9 ]+)?\\n 3
FAIL: gcc.target/arm/simd/vexts8_1.c (internal compiler error)
FAIL: gcc.target/arm/simd/vexts8_1.c (test for excess errors)
UNRESOLVED: gcc.target/arm/simd/vexts8_1.c scan-assembler-times vext.8[ \\t]+[dD][0-9]+, [dD][0-9]+, [dD][0-9]+, #[0-9]+!?(?:[ \\t]+@[a-zA-Z0-9 ]+)?\\n 7
FAIL: gcc.target/arm/simd/vextu16_1.c (internal compiler error)
FAIL: gcc.target/arm/simd/vextu16_1.c (test for excess errors)
UNRESOLVED: gcc.target/arm/simd/vextu16_1.c scan-assembler-times vext.16[ \\t]+[dD][0-9]+, [dD][0-9]+, [dD][0-9]+, #[0-9]+!?(?:[ \\t]+@[a-zA-Z0-9 ]+)?\\n 3
FAIL: gcc.target/arm/simd/vextu8_1.c (internal compiler error)
FAIL: gcc.target/arm/simd/vextu8_1.c (test for excess errors)
UNRESOLVED: gcc.target/arm/simd/vextu8_1.c scan-assembler-times vext.8[ \\t]+[dD][0-9]+, [dD][0-9]+, [dD][0-9]+, #[0-9]+!?(?:[ \\t]+@[a-zA-Z0-9 ]+)?\\n 7
FAIL: gcc.target/arm/simd/vrev16p8_1.c (internal compiler error)
FAIL: gcc.target/arm/simd/vrev16p8_1.c (test for excess errors)
UNRESOLVED: gcc.target/arm/simd/vrev16p8_1.c scan-assembler vrev16.8[ \\t]+[dD][0-9]+, [dD][0-9]+!?([ \\t]+@[a-zA-Z0-9 ]+)?\\n
FAIL: gcc.target/arm/simd/vrev16s8_1.c (internal compiler error)
FAIL: gcc.target/arm/simd/vrev16s8_1.c (test for excess errors)
UNRESOLVED: gcc.target/arm/simd/vrev16s8_1.c scan-assembler vrev16.8[ \\t]+[dD][0-9]+, [dD][0-9]+!?([ \\t]+@[a-zA-Z0-9 ]+)?\\n
FAIL: gcc.target/arm/simd/vrev16u8_1.c (internal compiler error)
FAIL: gcc.target/arm/simd/vrev16u8_1.c (test for excess errors)
UNRESOLVED: gcc.target/arm/simd/vrev16u8_1.c scan-assembler vrev16.8[ \\t]+[dD][0-9]+, [dD][0-9]+!?([ \\t]+@[a-zA-Z0-9 ]+)?\\n
FAIL: gcc.target/arm/simd/vrev32p16_1.c (internal compiler error)
FAIL: gcc.target/arm/simd/vrev32p16_1.c (test for excess errors)
UNRESOLVED: gcc.target/arm/simd/vrev32p16_1.c scan-assembler vrev32.16[ \\t]+[dD][0-9]+, [dD][0-9]+!?([ \\t]+@[a-zA-Z0-9 ]+)?\\n
FAIL: gcc.target/arm/simd/vrev32p8_1.c (internal compiler error)
FAIL: gcc.target/arm/simd/vrev32p8_1.c (test for excess errors)
UNRESOLVED: gcc.target/arm/simd/vrev32p8_1.c scan-assembler vrev32.8[ \\t]+[dD][0-9]+, [dD][0-9]+!?([ \\t]+@[a-zA-Z0-9 ]+)?\\n
FAIL: gcc.target/arm/simd/vrev32s16_1.c (internal compiler error)
FAIL: gcc.target/arm/simd/vrev32s16_1.c (test for excess errors)
UNRESOLVED: gcc.target/arm/simd/vrev32s16_1.c scan-assembler vrev32.16[ \\t]+[dD][0-9]+, [dD][0-9]+!?([ \\t]+@[a-zA-Z0-9 ]+)?\\n
FAIL: gcc.target/arm/simd/vrev32s8_1.c (internal compiler error)
FAIL: gcc.target/arm/simd/vrev32s8_1.c (test for excess errors)
UNRESOLVED: gcc.target/arm/simd/vrev32s8_1.c scan-assembler vrev32.8[ \\t]+[dD][0-9]+, [dD][0-9]+!?([ \\t]+@[a-zA-Z0-9 ]+)?\\n
FAIL: gcc.target/arm/simd/vrev32u16_1.c (internal compiler error)
FAIL: gcc.target/arm/simd/vrev32u16_1.c (test for excess errors)
UNRESOLVED: gcc.target/arm/simd/vrev32u16_1.c scan-assembler vrev32.16[ \\t]+[dD][0-9]+, [dD][0-9]+!?([ \\t]+@[a-zA-Z0-9 ]+)?\\n
FAIL: gcc.target/arm/simd/vrev32u8_1.c (internal compiler error)
FAIL: gcc.target/arm/simd/vrev32u8_1.c (test for excess errors)
UNRESOLVED: gcc.target/arm/simd/vrev32u8_1.c scan-assembler vrev32.8[ \\t]+[dD][0-9]+, [dD][0-9]+!?([ \\t]+@[a-zA-Z0-9 ]+)?\\n
FAIL: gcc.target/arm/simd/vrev64f32_1.c (internal compiler error)
FAIL: gcc.target/arm/simd/vrev64f32_1.c (test for excess errors)
UNRESOLVED: gcc.target/arm/simd/vrev64f32_1.c scan-assembler vrev64.32[ \\t]+[dD][0-9]+, [dD][0-9]+!?([ \\t]+@[a-zA-Z0-9 ]+)?\\n
FAIL: gcc.target/arm/simd/vrev64p16_1.c (internal compiler error)
FAIL: gcc.target/arm/simd/vrev64p16_1.c (test for excess errors)
UNRESOLVED: gcc.target/arm/simd/vrev64p16_1.c scan-assembler vrev64.16[ \\t]+[dD][0-9]+, [dD][0-9]+!?([ \\t]+@[a-zA-Z0-9 ]+)?\\n
FAIL: gcc.target/arm/simd/vrev64p8_1.c (internal compiler error)
FAIL: gcc.target/arm/simd/vrev64p8_1.c (test for excess errors)
UNRESOLVED: gcc.target/arm/simd/vrev64p8_1.c scan-assembler vrev64.8[ \\t]+[dD][0-9]+, [dD][0-9]+!?([ \\t]+@[a-zA-Z0-9 ]+)?\\n
FAIL: gcc.target/arm/simd/vrev64s16_1.c (internal compiler error)
FAIL: gcc.target/arm/simd/vrev64s16_1.c (test for excess errors)
UNRESOLVED: gcc.target/arm/simd/vrev64s16_1.c scan-assembler vrev64.16[ \\t]+[dD][0-9]+, [dD][0-9]+!?([ \\t]+@[a-zA-Z0-9 ]+)?\\n
FAIL: gcc.target/arm/simd/vrev64s32_1.c (internal compiler error)
FAIL: gcc.target/arm/simd/vrev64s32_1.c (test for excess errors)
UNRESOLVED: gcc.target/arm/simd/vrev64s32_1.c scan-assembler vrev64.32[ \\t]+[dD][0-9]+, [dD][0-9]+!?([ \\t]+@[a-zA-Z0-9 ]+)?\\n
FAIL: gcc.target/arm/simd/vrev64s8_1.c (internal compiler error)
FAIL: gcc.target/arm/simd/vrev64s8_1.c (test for excess errors)
UNRESOLVED: gcc.target/arm/simd/vrev64s8_1.c scan-assembler vrev64.8[ \\t]+[dD][0-9]+, [dD][0-9]+!?([ \\t]+@[a-zA-Z0-9 ]+)?\\n
FAIL: gcc.target/arm/simd/vrev64u16_1.c (internal compiler error)
FAIL: gcc.target/arm/simd/vrev64u16_1.c (test for excess errors)
UNRESOLVED: gcc.target/arm/simd/vrev64u16_1.c scan-assembler vrev64.16[ \\t]+[dD][0-9]+, [dD][0-9]+!?([ \\t]+@[a-zA-Z0-9 ]+)?\\n
FAIL: gcc.target/arm/simd/vrev64u32_1.c (internal compiler error)
FAIL: gcc.target/arm/simd/vrev64u32_1.c (test for excess errors)
UNRESOLVED: gcc.target/arm/simd/vrev64u32_1.c scan-assembler vrev64.32[ \\t]+[dD][0-9]+, [dD][0-9]+!?([ \\t]+@[a-zA-Z0-9 ]+)?\\n
FAIL: gcc.target/arm/simd/vrev64u8_1.c (internal compiler error)
FAIL: gcc.target/arm/simd/vrev64u8_1.c (test for excess errors)
UNRESOLVED: gcc.target/arm/simd/vrev64u8_1.c scan-assembler vrev64.8[ \\t]+[dD][0-9]+, [dD][0-9]+!?([ \\t]+@[a-zA-Z0-9 ]+)?\\n
=== gcc Summary ===
# of expected passes 119091
# of unexpected failures 249
# of unexpected successes 31
# of expected failures 487
# of unresolved testcases 61
# of unsupported tests 6499
/build/gcc-snapshot-GEYeVs/gcc-snapshot-20181217/build/gcc/xgcc version 9.0.0 20181217 (experimental) [trunk revision 267195] (Debian 20181217-1)
=== gdc tests ===
Running target unix
=== gdc Summary ===
# of expected passes 25250
# of unsupported tests 20
/build/gcc-snapshot-GEYeVs/gcc-snapshot-20181217/build/gcc/gdc version 9.0.0 20181217 (experimental) [trunk revision 267195] (Debian 20181217-1)
=== gfortran tests ===
Running target unix
FAIL: gfortran.dg/elemental_subroutine_3.f90 -O1 (test for excess errors)
FAIL: gfortran.dg/elemental_subroutine_3.f90 -O2 (test for excess errors)
FAIL: gfortran.dg/elemental_subroutine_3.f90 -O3 -fomit-frame-pointer -funroll-loops -fpeel-loops -ftracer -finline-functions (test for excess errors)
FAIL: gfortran.dg/elemental_subroutine_3.f90 -O3 -g (test for excess errors)
FAIL: gfortran.dg/elemental_subroutine_3.f90 -Os (test for excess errors)
FAIL: gfortran.dg/inquiry_type_ref_1.f08 -O0 (internal compiler error)
FAIL: gfortran.dg/inquiry_type_ref_1.f08 -O0 (test for excess errors)
UNRESOLVED: gfortran.dg/inquiry_type_ref_1.f08 -O0 compilation failed to produce executable
FAIL: gfortran.dg/inquiry_type_ref_1.f08 -O1 (internal compiler error)
FAIL: gfortran.dg/inquiry_type_ref_1.f08 -O1 (test for excess errors)
UNRESOLVED: gfortran.dg/inquiry_type_ref_1.f08 -O1 compilation failed to produce executable
FAIL: gfortran.dg/inquiry_type_ref_1.f08 -O2 (internal compiler error)
FAIL: gfortran.dg/inquiry_type_ref_1.f08 -O2 (test for excess errors)
UNRESOLVED: gfortran.dg/inquiry_type_ref_1.f08 -O2 compilation failed to produce executable
FAIL: gfortran.dg/inquiry_type_ref_1.f08 -O3 -fomit-frame-pointer -funroll-loops -fpeel-loops -ftracer -finline-functions (internal compiler error)
FAIL: gfortran.dg/inquiry_type_ref_1.f08 -O3 -fomit-frame-pointer -funroll-loops -fpeel-loops -ftracer -finline-functions (test for excess errors)
UNRESOLVED: gfortran.dg/inquiry_type_ref_1.f08 -O3 -fomit-frame-pointer -funroll-loops -fpeel-loops -ftracer -finline-functions compilation failed to produce executable
FAIL: gfortran.dg/inquiry_type_ref_1.f08 -O3 -g (internal compiler error)
FAIL: gfortran.dg/inquiry_type_ref_1.f08 -O3 -g (test for excess errors)
UNRESOLVED: gfortran.dg/inquiry_type_ref_1.f08 -O3 -g compilation failed to produce executable
FAIL: gfortran.dg/inquiry_type_ref_1.f08 -Os (internal compiler error)
FAIL: gfortran.dg/inquiry_type_ref_1.f08 -Os (test for excess errors)
UNRESOLVED: gfortran.dg/inquiry_type_ref_1.f08 -Os compilation failed to produce executable
FAIL: gfortran.dg/matmul_15.f90 -O execution test
WARNING: program timed out.
FAIL: gfortran.dg/ieee/ieee_1.F90 -O0 execution test
FAIL: gfortran.dg/ieee/ieee_1.F90 -O1 execution test
FAIL: gfortran.dg/ieee/ieee_1.F90 -O2 execution test
FAIL: gfortran.dg/ieee/ieee_1.F90 -O3 -fomit-frame-pointer -funroll-loops -fpeel-loops -ftracer -finline-functions execution test
FAIL: gfortran.dg/ieee/ieee_1.F90 -O3 -g execution test
FAIL: gfortran.dg/ieee/ieee_1.F90 -Os execution test
FAIL: gfortran.dg/ieee/ieee_2.f90 -O0 execution test
FAIL: gfortran.dg/ieee/ieee_2.f90 -O1 execution test
FAIL: gfortran.dg/ieee/ieee_2.f90 -O2 execution test
FAIL: gfortran.dg/ieee/ieee_2.f90 -O3 -fomit-frame-pointer -funroll-loops -fpeel-loops -ftracer -finline-functions execution test
FAIL: gfortran.dg/ieee/ieee_2.f90 -O3 -g execution test
FAIL: gfortran.dg/ieee/ieee_2.f90 -Os execution test
FAIL: gfortran.dg/ieee/ieee_6.f90 -O0 execution test
FAIL: gfortran.dg/ieee/ieee_6.f90 -O1 execution test
FAIL: gfortran.dg/ieee/ieee_6.f90 -O2 execution test
FAIL: gfortran.dg/ieee/ieee_6.f90 -O3 -fomit-frame-pointer -funroll-loops -fpeel-loops -ftracer -finline-functions execution test
FAIL: gfortran.dg/ieee/ieee_6.f90 -O3 -g execution test
FAIL: gfortran.dg/ieee/ieee_6.f90 -Os execution test
XPASS: gfortran.dg/ieee/ieee_8.f90 -O0 execution test
XPASS: gfortran.dg/ieee/ieee_8.f90 -O1 execution test
XPASS: gfortran.dg/ieee/ieee_8.f90 -O2 execution test
XPASS: gfortran.dg/ieee/ieee_8.f90 -O3 -fomit-frame-pointer -funroll-loops -fpeel-loops -ftracer -finline-functions execution test
XPASS: gfortran.dg/ieee/ieee_8.f90 -O3 -g execution test
XPASS: gfortran.dg/ieee/ieee_8.f90 -Os execution test
FAIL: gfortran.dg/ieee/large_2.f90 -O0 execution test
FAIL: gfortran.dg/ieee/large_2.f90 -O1 execution test
FAIL: gfortran.dg/ieee/large_2.f90 -O2 execution test
FAIL: gfortran.dg/ieee/large_2.f90 -O3 -fomit-frame-pointer -funroll-loops -fpeel-loops -ftracer -finline-functions execution test
FAIL: gfortran.dg/ieee/large_2.f90 -O3 -g execution test
FAIL: gfortran.dg/ieee/large_2.f90 -Os execution test
FAIL: gfortran.dg/ieee/large_3.F90 -O0 execution test
FAIL: gfortran.dg/ieee/large_3.F90 -O1 execution test
FAIL: gfortran.dg/ieee/large_3.F90 -O2 execution test
FAIL: gfortran.dg/ieee/large_3.F90 -O3 -fomit-frame-pointer -funroll-loops -fpeel-loops -ftracer -finline-functions execution test
FAIL: gfortran.dg/ieee/large_3.F90 -O3 -g execution test
FAIL: gfortran.dg/ieee/large_3.F90 -Os execution test
FAIL: gfortran.dg/ieee/rounding_1.f90 -O0 execution test
FAIL: gfortran.dg/ieee/rounding_1.f90 -O1 execution test
FAIL: gfortran.dg/ieee/rounding_1.f90 -O2 execution test
FAIL: gfortran.dg/ieee/rounding_1.f90 -O3 -fomit-frame-pointer -funroll-loops -fpeel-loops -ftracer -finline-functions execution test
FAIL: gfortran.dg/ieee/rounding_1.f90 -O3 -g execution test
FAIL: gfortran.dg/ieee/rounding_1.f90 -Os execution test
FAIL: gfortran.dg/vect/pr85853.f90 -O0 execution test
FAIL: gfortran.dg/vect/pr85853.f90 -O1 execution test
FAIL: gfortran.dg/vect/pr85853.f90 -O2 execution test
FAIL: gfortran.dg/vect/pr85853.f90 -O3 -fomit-frame-pointer -funroll-loops -fpeel-loops -ftracer -finline-functions execution test
FAIL: gfortran.dg/vect/pr85853.f90 -O3 -g execution test
FAIL: gfortran.dg/vect/pr85853.f90 -Os execution test
FAIL: gfortran.dg/vect/vect-alias-check-1.F90 -O0 execution test
FAIL: gfortran.dg/vect/vect-alias-check-1.F90 -O1 execution test
FAIL: gfortran.dg/vect/vect-alias-check-1.F90 -O2 execution test
FAIL: gfortran.dg/vect/vect-alias-check-1.F90 -O3 -fomit-frame-pointer -funroll-loops -fpeel-loops -ftracer -finline-functions execution test
FAIL: gfortran.dg/vect/vect-alias-check-1.F90 -O3 -g execution test
FAIL: gfortran.dg/vect/vect-alias-check-1.F90 -Os execution test
=== gfortran Summary ===
# of expected passes 47330
# of unexpected failures 66
# of unexpected successes 6
# of expected failures 129
# of unresolved testcases 6
# of unsupported tests 395
/build/gcc-snapshot-GEYeVs/gcc-snapshot-20181217/build/gcc/gfortran version 9.0.0 20181217 (experimental) [trunk revision 267195] (Debian 20181217-1)
=== gnat tests ===
Running target unix
XPASS: gnat.dg/lto19.adb (test for excess errors)
FAIL: gnat.dg/lto8.adb (test for excess errors)
FAIL: gnat.dg/lto8.adb 3 blank line(s) in output
UNRESOLVED: gnat.dg/lto8.adb compilation failed to produce executable
FAIL: gnat.dg/unroll4.adb scan-rtl-dump-times loop2_unroll "optimized: loop unrolled 7 times" 2
=== gnat Summary ===
# of expected passes 2919
# of unexpected failures 3
# of unexpected successes 1
# of expected failures 23
# of unresolved testcases 1
# of unsupported tests 25
/build/gcc-snapshot-GEYeVs/gcc-snapshot-20181217/build/gcc/gnatmake version 9.0.0 20181217 (experimental) [trunk revision 267195]
=== go tests ===
Running target unix
FAIL: go.go-torture/execute/array-1.go execution, -O0
FAIL: go.go-torture/execute/array-1.go execution, -O1
FAIL: go.go-torture/execute/array-1.go execution, -O2
FAIL: go.go-torture/execute/array-1.go execution, -O2 -fbounds-check
FAIL: go.go-torture/execute/array-1.go execution, -O2 -fomit-frame-pointer -finline-functions
FAIL: go.go-torture/execute/array-1.go execution, -O2 -fomit-frame-pointer -finline-functions -funroll-loops
FAIL: go.go-torture/execute/array-1.go execution, -O3 -g
FAIL: go.go-torture/execute/array-1.go execution, -Os
FAIL: go.go-torture/execute/array-2.go execution, -O0
FAIL: go.go-torture/execute/array-2.go execution, -O1
FAIL: go.go-torture/execute/array-2.go execution, -O2
FAIL: go.go-torture/execute/array-2.go execution, -O2 -fbounds-check
FAIL: go.go-torture/execute/array-2.go execution, -O2 -fomit-frame-pointer -finline-functions
FAIL: go.go-torture/execute/array-2.go execution, -O2 -fomit-frame-pointer -finline-functions -funroll-loops
FAIL: go.go-torture/execute/array-2.go execution, -O3 -g
FAIL: go.go-torture/execute/array-2.go execution, -Os
FAIL: go.go-torture/execute/chan-1.go execution, -O0
FAIL: go.go-torture/execute/chan-1.go execution, -O1
FAIL: go.go-torture/execute/chan-1.go execution, -O2
FAIL: go.go-torture/execute/chan-1.go execution, -O2 -fbounds-check
FAIL: go.go-torture/execute/chan-1.go execution, -O2 -fomit-frame-pointer -finline-functions
FAIL: go.go-torture/execute/chan-1.go execution, -O2 -fomit-frame-pointer -finline-functions -funroll-loops
FAIL: go.go-torture/execute/chan-1.go execution, -O3 -g
FAIL: go.go-torture/execute/chan-1.go execution, -Os
FAIL: go.go-torture/execute/const-1.go execution, -O0
FAIL: go.go-torture/execute/const-1.go execution, -O1
FAIL: go.go-torture/execute/const-1.go execution, -O2
FAIL: go.go-torture/execute/const-1.go execution, -O2 -fbounds-check
FAIL: go.go-torture/execute/const-1.go execution, -O2 -fomit-frame-pointer -finline-functions
FAIL: go.go-torture/execute/const-1.go execution, -O2 -fomit-frame-pointer -finline-functions -funroll-loops
FAIL: go.go-torture/execute/const-1.go execution, -O3 -g
FAIL: go.go-torture/execute/const-1.go execution, -Os
FAIL: go.go-torture/execute/const-2.go execution, -O0
FAIL: go.go-torture/execute/const-2.go execution, -O1
FAIL: go.go-torture/execute/const-2.go execution, -O2
FAIL: go.go-torture/execute/const-2.go execution, -O2 -fbounds-check
FAIL: go.go-torture/execute/const-2.go execution, -O2 -fomit-frame-pointer -finline-functions
FAIL: go.go-torture/execute/const-2.go execution, -O2 -fomit-frame-pointer -finline-functions -funroll-loops
FAIL: go.go-torture/execute/const-2.go execution, -O3 -g
FAIL: go.go-torture/execute/const-2.go execution, -Os
FAIL: go.go-torture/execute/expr-1.go execution, -O0
FAIL: go.go-torture/execute/expr-1.go execution, -O1
FAIL: go.go-torture/execute/expr-1.go execution, -O2
FAIL: go.go-torture/execute/expr-1.go execution, -O2 -fbounds-check
FAIL: go.go-torture/execute/expr-1.go execution, -O2 -fomit-frame-pointer -finline-functions
FAIL: go.go-torture/execute/expr-1.go execution, -O2 -fomit-frame-pointer -finline-functions -funroll-loops
FAIL: go.go-torture/execute/expr-1.go execution, -O3 -g
FAIL: go.go-torture/execute/expr-1.go execution, -Os
FAIL: go.go-torture/execute/for-1.go execution, -O0
FAIL: go.go-torture/execute/for-1.go execution, -O1
FAIL: go.go-torture/execute/for-1.go execution, -O2
FAIL: go.go-torture/execute/for-1.go execution, -O2 -fbounds-check
FAIL: go.go-torture/execute/for-1.go execution, -O2 -fomit-frame-pointer -finline-functions
FAIL: go.go-torture/execute/for-1.go execution, -O2 -fomit-frame-pointer -finline-functions -funroll-loops
FAIL: go.go-torture/execute/for-1.go execution, -O3 -g
FAIL: go.go-torture/execute/for-1.go execution, -Os
FAIL: go.go-torture/execute/for-2.go execution, -O0
FAIL: go.go-torture/execute/for-2.go execution, -O1
FAIL: go.go-torture/execute/for-2.go execution, -O2
FAIL: go.go-torture/execute/for-2.go execution, -O2 -fbounds-check
FAIL: go.go-torture/execute/for-2.go execution, -O2 -fomit-frame-pointer -finline-functions
FAIL: go.go-torture/execute/for-2.go execution, -O2 -fomit-frame-pointer -finline-functions -funroll-loops
FAIL: go.go-torture/execute/for-2.go execution, -O3 -g
FAIL: go.go-torture/execute/for-2.go execution, -Os
FAIL: go.go-torture/execute/function-1.go execution, -O0
FAIL: go.go-torture/execute/function-1.go execution, -O1
FAIL: go.go-torture/execute/function-1.go execution, -O2
FAIL: go.go-torture/execute/function-1.go execution, -O2 -fbounds-check
FAIL: go.go-torture/execute/function-1.go execution, -O2 -fomit-frame-pointer -finline-functions
FAIL: go.go-torture/execute/function-1.go execution, -O2 -fomit-frame-pointer -finline-functions -funroll-loops
FAIL: go.go-torture/execute/function-1.go execution, -O3 -g
FAIL: go.go-torture/execute/function-1.go execution, -Os
FAIL: go.go-torture/execute/function-2.go execution, -O0
FAIL: go.go-torture/execute/function-2.go execution, -O1
FAIL: go.go-torture/execute/function-2.go execution, -O2
FAIL: go.go-torture/execute/function-2.go execution, -O2 -fbounds-check
FAIL: go.go-torture/execute/function-2.go execution, -O2 -fomit-frame-pointer -finline-functions
FAIL: go.go-torture/execute/function-2.go execution, -O2 -fomit-frame-pointer -finline-functions -funroll-loops
FAIL: go.go-torture/execute/function-2.go execution, -O3 -g
FAIL: go.go-torture/execute/function-2.go execution, -Os
FAIL: go.go-torture/execute/go-1.go execution, -O0
FAIL: go.go-torture/execute/go-1.go execution, -O1
FAIL: go.go-torture/execute/go-1.go execution, -O2
FAIL: go.go-torture/execute/go-1.go execution, -O2 -fbounds-check
FAIL: go.go-torture/execute/go-1.go execution, -O2 -fomit-frame-pointer -finline-functions
FAIL: go.go-torture/execute/go-1.go execution, -O2 -fomit-frame-pointer -finline-functions -funroll-loops
FAIL: go.go-torture/execute/go-1.go execution, -O3 -g
FAIL: go.go-torture/execute/go-1.go execution, -Os
FAIL: go.go-torture/execute/go-2.go execution, -O0
FAIL: go.go-torture/execute/go-2.go execution, -O1
FAIL: go.go-torture/execute/go-2.go execution, -O2
FAIL: go.go-torture/execute/go-2.go execution, -O2 -fbounds-check
FAIL: go.go-torture/execute/go-2.go execution, -O2 -fomit-frame-pointer -finline-functions
FAIL: go.go-torture/execute/go-2.go execution, -O2 -fomit-frame-pointer -finline-functions -funroll-loops
FAIL: go.go-torture/execute/go-2.go execution, -O3 -g
FAIL: go.go-torture/execute/go-2.go execution, -Os
FAIL: go.go-torture/execute/go-3.go execution, -O0
FAIL: go.go-torture/execute/go-3.go execution, -O1
FAIL: go.go-torture/execute/go-3.go execution, -O2
FAIL: go.go-torture/execute/go-3.go execution, -O2 -fbounds-check
FAIL: go.go-torture/execute/go-3.go execution, -O2 -fomit-frame-pointer -finline-functions
FAIL: go.go-torture/execute/go-3.go execution, -O2 -fomit-frame-pointer -finline-functions -funroll-loops
FAIL: go.go-torture/execute/go-3.go execution, -O3 -g
FAIL: go.go-torture/execute/go-3.go execution, -Os
FAIL: go.go-torture/execute/goto-1.go execution, -O0
FAIL: go.go-torture/execute/goto-1.go execution, -O1
FAIL: go.go-torture/execute/goto-1.go execution, -O2
FAIL: go.go-torture/execute/goto-1.go execution, -O2 -fbounds-check
FAIL: go.go-torture/execute/goto-1.go execution, -O2 -fomit-frame-pointer -finline-functions
FAIL: go.go-torture/execute/goto-1.go execution, -O2 -fomit-frame-pointer -finline-functions -funroll-loops
FAIL: go.go-torture/execute/goto-1.go execution, -O3 -g
FAIL: go.go-torture/execute/goto-1.go execution, -Os
FAIL: go.go-torture/execute/map-1.go execution, -O0
FAIL: go.go-torture/execute/map-1.go execution, -O1
FAIL: go.go-torture/execute/map-1.go execution, -O2
FAIL: go.go-torture/execute/map-1.go execution, -O2 -fbounds-check
FAIL: go.go-torture/execute/map-1.go execution, -O2 -fomit-frame-pointer -finline-functions
FAIL: go.go-torture/execute/map-1.go execution, -O2 -fomit-frame-pointer -finline-functions -funroll-loops
FAIL: go.go-torture/execute/map-1.go execution, -O3 -g
FAIL: go.go-torture/execute/map-1.go execution, -Os
FAIL: go.go-torture/execute/method-1.go execution, -O0
FAIL: go.go-torture/execute/method-1.go execution, -O1
FAIL: go.go-torture/execute/method-1.go execution, -O2
FAIL: go.go-torture/execute/method-1.go execution, -O2 -fbounds-check
FAIL: go.go-torture/execute/method-1.go execution, -O2 -fomit-frame-pointer -finline-functions
FAIL: go.go-torture/execute/method-1.go execution, -O2 -fomit-frame-pointer -finline-functions -funroll-loops
FAIL: go.go-torture/execute/method-1.go execution, -O3 -g
FAIL: go.go-torture/execute/method-1.go execution, -Os
FAIL: go.go-torture/execute/names-1.go execution, -O0
FAIL: go.go-torture/execute/names-1.go execution, -O1
FAIL: go.go-torture/execute/names-1.go execution, -O2
FAIL: go.go-torture/execute/names-1.go execution, -O2 -fbounds-check
FAIL: go.go-torture/execute/names-1.go execution, -O2 -fomit-frame-pointer -finline-functions
FAIL: go.go-torture/execute/names-1.go execution, -O2 -fomit-frame-pointer -finline-functions -funroll-loops
FAIL: go.go-torture/execute/names-1.go execution, -O3 -g
FAIL: go.go-torture/execute/names-1.go execution, -Os
FAIL: go.go-torture/execute/nested-1.go execution, -O0
FAIL: go.go-torture/execute/nested-1.go execution, -O1
FAIL: go.go-torture/execute/nested-1.go execution, -O2
FAIL: go.go-torture/execute/nested-1.go execution, -O2 -fbounds-check
FAIL: go.go-torture/execute/nested-1.go execution, -O2 -fomit-frame-pointer -finline-functions
FAIL: go.go-torture/execute/nested-1.go execution, -O2 -fomit-frame-pointer -finline-functions -funroll-loops
FAIL: go.go-torture/execute/nested-1.go execution, -O3 -g
FAIL: go.go-torture/execute/nested-1.go execution, -Os
FAIL: go.go-torture/execute/pointer-1.go execution, -O0
FAIL: go.go-torture/execute/pointer-1.go execution, -O1
FAIL: go.go-torture/execute/pointer-1.go execution, -O2
FAIL: go.go-torture/execute/pointer-1.go execution, -O2 -fbounds-check
FAIL: go.go-torture/execute/pointer-1.go execution, -O2 -fomit-frame-pointer -finline-functions
FAIL: go.go-torture/execute/pointer-1.go execution, -O2 -fomit-frame-pointer -finline-functions -funroll-loops
FAIL: go.go-torture/execute/pointer-1.go execution, -O3 -g
FAIL: go.go-torture/execute/pointer-1.go execution, -Os
FAIL: go.go-torture/execute/printnil.go execution, -O0
FAIL: go.go-torture/execute/printnil.go execution, -O1
FAIL: go.go-torture/execute/printnil.go execution, -O2
FAIL: go.go-torture/execute/printnil.go execution, -O2 -fbounds-check
FAIL: go.go-torture/execute/printnil.go execution, -O2 -fomit-frame-pointer -finline-functions
FAIL: go.go-torture/execute/printnil.go execution, -O2 -fomit-frame-pointer -finline-functions -funroll-loops
FAIL: go.go-torture/execute/printnil.go execution, -O3 -g
FAIL: go.go-torture/execute/printnil.go execution, -Os
FAIL: go.go-torture/execute/return-1.go execution, -O0
FAIL: go.go-torture/execute/return-1.go execution, -O1
FAIL: go.go-torture/execute/return-1.go execution, -O2
FAIL: go.go-torture/execute/return-1.go execution, -O2 -fbounds-check
FAIL: go.go-torture/execute/return-1.go execution, -O2 -fomit-frame-pointer -finline-functions
FAIL: go.go-torture/execute/return-1.go execution, -O2 -fomit-frame-pointer -finline-functions -funroll-loops
FAIL: go.go-torture/execute/return-1.go execution, -O3 -g
FAIL: go.go-torture/execute/return-1.go execution, -Os
FAIL: go.go-torture/execute/return-2.go execution, -O0
FAIL: go.go-torture/execute/return-2.go execution, -O1
FAIL: go.go-torture/execute/return-2.go execution, -O2
FAIL: go.go-torture/execute/return-2.go execution, -O2 -fbounds-check
FAIL: go.go-torture/execute/return-2.go execution, -O2 -fomit-frame-pointer -finline-functions
FAIL: go.go-torture/execute/return-2.go execution, -O2 -fomit-frame-pointer -finline-functions -funroll-loops
FAIL: go.go-torture/execute/return-2.go execution, -O3 -g
FAIL: go.go-torture/execute/return-2.go execution, -Os
FAIL: go.go-torture/execute/return-3.go execution, -O0
FAIL: go.go-torture/execute/return-3.go execution, -O1
FAIL: go.go-torture/execute/return-3.go execution, -O2
FAIL: go.go-torture/execute/return-3.go execution, -O2 -fbounds-check
FAIL: go.go-torture/execute/return-3.go execution, -O2 -fomit-frame-pointer -finline-functions
FAIL: go.go-torture/execute/return-3.go execution, -O2 -fomit-frame-pointer -finline-functions -funroll-loops
FAIL: go.go-torture/execute/return-3.go execution, -O3 -g
FAIL: go.go-torture/execute/return-3.go execution, -Os
FAIL: go.go-torture/execute/select-1.go execution, -O0
FAIL: go.go-torture/execute/select-1.go execution, -O1
FAIL: go.go-torture/execute/select-1.go execution, -O2
FAIL: go.go-torture/execute/select-1.go execution, -O2 -fbounds-check
FAIL: go.go-torture/execute/select-1.go execution, -O2 -fomit-frame-pointer -finline-functions
FAIL: go.go-torture/execute/select-1.go execution, -O2 -fomit-frame-pointer -finline-functions -funroll-loops
FAIL: go.go-torture/execute/select-1.go execution, -O3 -g
FAIL: go.go-torture/execute/select-1.go execution, -Os
FAIL: go.go-torture/execute/string-1.go execution, -O0
FAIL: go.go-torture/execute/string-1.go execution, -O1
FAIL: go.go-torture/execute/string-1.go execution, -O2
FAIL: go.go-torture/execute/string-1.go execution, -O2 -fbounds-check
FAIL: go.go-torture/execute/string-1.go execution, -O2 -fomit-frame-pointer -finline-functions
FAIL: go.go-torture/execute/string-1.go execution, -O2 -fomit-frame-pointer -finline-functions -funroll-loops
FAIL: go.go-torture/execute/string-1.go execution, -O3 -g
FAIL: go.go-torture/execute/string-1.go execution, -Os
FAIL: go.go-torture/execute/string-2.go execution, -O0
FAIL: go.go-torture/execute/string-2.go execution, -O1
FAIL: go.go-torture/execute/string-2.go execution, -O2
FAIL: go.go-torture/execute/string-2.go execution, -O2 -fbounds-check
FAIL: go.go-torture/execute/string-2.go execution, -O2 -fomit-frame-pointer -finline-functions
FAIL: go.go-torture/execute/string-2.go execution, -O2 -fomit-frame-pointer -finline-functions -funroll-loops
FAIL: go.go-torture/execute/string-2.go execution, -O3 -g
FAIL: go.go-torture/execute/string-2.go execution, -Os
FAIL: go.go-torture/execute/struct-1.go execution, -O0
FAIL: go.go-torture/execute/struct-1.go execution, -O1
FAIL: go.go-torture/execute/struct-1.go execution, -O2
FAIL: go.go-torture/execute/struct-1.go execution, -O2 -fbounds-check
FAIL: go.go-torture/execute/struct-1.go execution, -O2 -fomit-frame-pointer -finline-functions
FAIL: go.go-torture/execute/struct-1.go execution, -O2 -fomit-frame-pointer -finline-functions -funroll-loops
FAIL: go.go-torture/execute/struct-1.go execution, -O3 -g
FAIL: go.go-torture/execute/struct-1.go execution, -Os
FAIL: go.go-torture/execute/struct-2.go execution, -O0
FAIL: go.go-torture/execute/struct-2.go execution, -O1
FAIL: go.go-torture/execute/struct-2.go execution, -O2
FAIL: go.go-torture/execute/struct-2.go execution, -O2 -fbounds-check
FAIL: go.go-torture/execute/struct-2.go execution, -O2 -fomit-frame-pointer -finline-functions
FAIL: go.go-torture/execute/struct-2.go execution, -O2 -fomit-frame-pointer -finline-functions -funroll-loops
FAIL: go.go-torture/execute/struct-2.go execution, -O3 -g
FAIL: go.go-torture/execute/struct-2.go execution, -Os
FAIL: go.go-torture/execute/switch-1.go execution, -O0
FAIL: go.go-torture/execute/switch-1.go execution, -O1
FAIL: go.go-torture/execute/switch-1.go execution, -O2
FAIL: go.go-torture/execute/switch-1.go execution, -O2 -fbounds-check
FAIL: go.go-torture/execute/switch-1.go execution, -O2 -fomit-frame-pointer -finline-functions
FAIL: go.go-torture/execute/switch-1.go execution, -O2 -fomit-frame-pointer -finline-functions -funroll-loops
FAIL: go.go-torture/execute/switch-1.go execution, -O3 -g
FAIL: go.go-torture/execute/switch-1.go execution, -Os
FAIL: go.go-torture/execute/var-1.go execution, -O0
FAIL: go.go-torture/execute/var-1.go execution, -O1
FAIL: go.go-torture/execute/var-1.go execution, -O2
FAIL: go.go-torture/execute/var-1.go execution, -O2 -fbounds-check
FAIL: go.go-torture/execute/var-1.go execution, -O2 -fomit-frame-pointer -finline-functions
FAIL: go.go-torture/execute/var-1.go execution, -O2 -fomit-frame-pointer -finline-functions -funroll-loops
FAIL: go.go-torture/execute/var-1.go execution, -O3 -g
FAIL: go.go-torture/execute/var-1.go execution, -Os
FAIL: go.go-torture/execute/var-2.go execution, -O0
FAIL: go.go-torture/execute/var-2.go execution, -O1
FAIL: go.go-torture/execute/var-2.go execution, -O2
FAIL: go.go-torture/execute/var-2.go execution, -O2 -fbounds-check
FAIL: go.go-torture/execute/var-2.go execution, -O2 -fomit-frame-pointer -finline-functions
FAIL: go.go-torture/execute/var-2.go execution, -O2 -fomit-frame-pointer -finline-functions -funroll-loops
FAIL: go.go-torture/execute/var-2.go execution, -O3 -g
FAIL: go.go-torture/execute/var-2.go execution, -Os
FAIL: go.go-torture/execute/var-3.go execution, -O0
FAIL: go.go-torture/execute/var-3.go execution, -O1
FAIL: go.go-torture/execute/var-3.go execution, -O2
FAIL: go.go-torture/execute/var-3.go execution, -O2 -fbounds-check
FAIL: go.go-torture/execute/var-3.go execution, -O2 -fomit-frame-pointer -finline-functions
FAIL: go.go-torture/execute/var-3.go execution, -O2 -fomit-frame-pointer -finline-functions -funroll-loops
FAIL: go.go-torture/execute/var-3.go execution, -O3 -g
FAIL: go.go-torture/execute/var-3.go execution, -Os
FAIL: go.test/test/235.go execution, -O2 -g
FAIL: go.test/test/64bit.go execution
FAIL: go.test/test/alias1.go execution, -O2 -g
FAIL: go.test/test/append.go execution, -O2 -g
FAIL: go.test/test/args.go execution, -O2 -g
FAIL: go.test/test/bigalg.go execution, -O2 -g
FAIL: go.test/test/bigmap.go execution, -O2 -g
FAIL: go.test/test/blank.go execution, -O2 -g
FAIL: go.test/test/bom.go execution
FAIL: go.test/test/chan/doubleselect.go execution, -O2 -g
FAIL: go.test/test/chan/fifo.go execution, -O2 -g
FAIL: go.test/test/chan/goroutines.go execution, -O2 -g
FAIL: go.test/test/chan/nonblock.go execution, -O2 -g
FAIL: go.test/test/chan/powser1.go execution, -O2 -g
FAIL: go.test/test/chan/powser2.go execution, -O2 -g
FAIL: go.test/test/chan/select.go execution, -O2 -g
FAIL: go.test/test/chan/select3.go execution, -O2 -g
FAIL: go.test/test/chan/select4.go execution, -O2 -g
FAIL: go.test/test/chan/select5.go execution
FAIL: go.test/test/chan/select6.go execution, -O2 -g
FAIL: go.test/test/chan/select7.go execution, -O2 -g
FAIL: go.test/test/chan/sendstmt.go execution, -O2 -g
FAIL: go.test/test/chan/sieve1.go execution, -O2 -g
FAIL: go.test/test/chan/sieve2.go execution, -O2 -g
FAIL: go.test/test/chan/zerosize.go execution, -O2 -g
FAIL: go.test/test/chancap.go execution, -O2 -g
FAIL: go.test/test/char_lit.go execution, -O2 -g
FAIL: go.test/test/closedchan.go execution, -O2 -g
FAIL: go.test/test/cmp.go execution, -O2 -g
FAIL: go.test/test/cmplxdivide.go
FAIL: go.test/test/complit.go execution, -O2 -g
FAIL: go.test/test/compos.go execution, -O2 -g
FAIL: go.test/test/const.go execution, -O2 -g
FAIL: go.test/test/const3.go execution, -O2 -g
FAIL: go.test/test/const4.go execution, -O2 -g
FAIL: go.test/test/convT2X.go execution, -O2 -g
FAIL: go.test/test/convert.go execution, -O2 -g
FAIL: go.test/test/copy.go execution, -O2 -g
FAIL: go.test/test/crlf.go execution
FAIL: go.test/test/ddd.go execution, -O2 -g
FAIL: go.test/test/ddd2.dir/ddd3.go execution, -O2 -g
FAIL: go.test/test/decl.go execution, -O2 -g
FAIL: go.test/test/defer.go execution, -O2 -g
FAIL: go.test/test/deferfin.go execution, -O2 -g
FAIL: go.test/test/deferprint.go execution
FAIL: go.test/test/divide.go execution, -O2 -g
FAIL: go.test/test/divmod.go execution, -O2 -g
FAIL: go.test/test/dwarf/dwarf.dir/main.go execution, -O2 -g
FAIL: go.test/test/dwarf/linedirectives.go execution, -O2 -g
FAIL: go.test/test/env.go execution, -O2 -g
FAIL: go.test/test/escape.go execution, -O2 -g
FAIL: go.test/test/escape3.go execution, -O2 -g
FAIL: go.test/test/fixedbugs/bug000.go execution, -O2 -g
FAIL: go.test/test/fixedbugs/bug002.go execution, -O2 -g
FAIL: go.test/test/fixedbugs/bug003.go execution, -O2 -g
FAIL: go.test/test/fixedbugs/bug004.go execution, -O2 -g
FAIL: go.test/test/fixedbugs/bug005.go execution, -O2 -g
FAIL: go.test/test/fixedbugs/bug006.go execution, -O2 -g
FAIL: go.test/test/fixedbugs/bug007.go execution, -O2 -g
FAIL: go.test/test/fixedbugs/bug008.go execution, -O2 -g
FAIL: go.test/test/fixedbugs/bug009.go execution, -O2 -g
FAIL: go.test/test/fixedbugs/bug010.go execution, -O2 -g
FAIL: go.test/test/fixedbugs/bug011.go execution, -O2 -g
FAIL: go.test/test/fixedbugs/bug012.go execution, -O2 -g
FAIL: go.test/test/fixedbugs/bug013.go execution, -O2 -g
FAIL: go.test/test/fixedbugs/bug017.go execution, -O2 -g
FAIL: go.test/test/fixedbugs/bug021.go execution, -O2 -g
FAIL: go.test/test/fixedbugs/bug023.go execution, -O2 -g
FAIL: go.test/test/fixedbugs/bug024.go execution, -O2 -g
FAIL: go.test/test/fixedbugs/bug026.go execution, -O2 -g
FAIL: go.test/test/fixedbugs/bug027.go execution, -O2 -g
FAIL: go.test/test/fixedbugs/bug028.go execution, -O2 -g
FAIL: go.test/test/fixedbugs/bug031.go execution, -O2 -g
FAIL: go.test/test/fixedbugs/bug045.go execution, -O2 -g
FAIL: go.test/test/fixedbugs/bug047.go execution, -O2 -g
FAIL: go.test/test/fixedbugs/bug048.go execution, -O2 -g
FAIL: go.test/test/fixedbugs/bug052.go execution, -O2 -g
FAIL: go.test/test/fixedbugs/bug053.go execution, -O2 -g
FAIL: go.test/test/fixedbugs/bug054.go execution, -O2 -g
FAIL: go.test/test/fixedbugs/bug055.go execution, -O2 -g
FAIL: go.test/test/fixedbugs/bug056.go execution, -O2 -g
FAIL: go.test/test/fixedbugs/bug058.go execution, -O2 -g
FAIL: go.test/test/fixedbugs/bug059.go execution, -O2 -g
FAIL: go.test/test/fixedbugs/bug060.go execution, -O2 -g
FAIL: go.test/test/fixedbugs/bug061.go execution, -O2 -g
FAIL: go.test/test/fixedbugs/bug065.go execution, -O2 -g
FAIL: go.test/test/fixedbugs/bug067.go execution, -O2 -g
FAIL: go.test/test/fixedbugs/bug070.go execution, -O2 -g
FAIL: go.test/test/fixedbugs/bug075.go execution, -O2 -g
FAIL: go.test/test/fixedbugs/bug078.go execution, -O2 -g
FAIL: go.test/test/fixedbugs/bug082.go execution, -O2 -g
FAIL: go.test/test/fixedbugs/bug084.go execution, -O2 -g
FAIL: go.test/test/fixedbugs/bug092.go execution, -O2 -g
FAIL: go.test/test/fixedbugs/bug093.go execution, -O2 -g
FAIL: go.test/test/fixedbugs/bug097.go execution, -O2 -g
FAIL: go.test/test/fixedbugs/bug099.go execution, -O2 -g
FAIL: go.test/test/fixedbugs/bug101.go execution, -O2 -g
FAIL: go.test/test/fixedbugs/bug102.go execution, -O2 -g
FAIL: go.test/test/fixedbugs/bug111.go execution, -O2 -g
FAIL: go.test/test/fixedbugs/bug113.go execution, -O2 -g
FAIL: go.test/test/fixedbugs/bug114.go execution, -O2 -g
FAIL: go.test/test/fixedbugs/bug116.go execution, -O2 -g
FAIL: go.test/test/fixedbugs/bug119.go execution, -O2 -g
FAIL: go.test/test/fixedbugs/bug120.go execution, -O2 -g
FAIL: go.test/test/fixedbugs/bug128.go execution, -O2 -g
FAIL: go.test/test/fixedbugs/bug130.go execution, -O2 -g
FAIL: go.test/test/fixedbugs/bug141.go execution, -O2 -g
FAIL: go.test/test/fixedbugs/bug142.go execution, -O2 -g
FAIL: go.test/test/fixedbugs/bug147.go execution, -O2 -g
FAIL: go.test/test/fixedbugs/bug148.go execution, -O2 -g
FAIL: go.test/test/fixedbugs/bug1515.go execution, -O2 -g
FAIL: go.test/test/fixedbugs/bug152.go execution, -O2 -g
FAIL: go.test/test/fixedbugs/bug154.go execution, -O2 -g
FAIL: go.test/test/fixedbugs/bug159.go execution, -O2 -g
FAIL: go.test/test/fixedbugs/bug160.dir/y.go execution, -O2 -g
FAIL: go.test/test/fixedbugs/bug168.go execution, -O2 -g
FAIL: go.test/test/fixedbugs/bug177.go execution, -O2 -g
FAIL: go.test/test/fixedbugs/bug178.go execution, -O2 -g
FAIL: go.test/test/fixedbugs/bug180.go execution, -O2 -g
FAIL: go.test/test/fixedbugs/bug184.go execution, -O2 -g
FAIL: go.test/test/fixedbugs/bug185.go execution, -O2 -g
FAIL: go.test/test/fixedbugs/bug187.go execution, -O2 -g
FAIL: go.test/test/fixedbugs/bug191.dir/main.go execution, -O2 -g
FAIL: go.test/test/fixedbugs/bug194.go execution, -O2 -g
FAIL: go.test/test/fixedbugs/bug196.go execution, -O2 -g
FAIL: go.test/test/fixedbugs/bug199.go execution, -O2 -g
FAIL: go.test/test/fixedbugs/bug201.go execution, -O2 -g
FAIL: go.test/test/fixedbugs/bug202.go execution, -O2 -g
FAIL: go.test/test/fixedbugs/bug203.go execution, -O2 -g
FAIL: go.test/test/fixedbugs/bug204.go execution, -O2 -g
FAIL: go.test/test/fixedbugs/bug206.go execution
FAIL: go.test/test/fixedbugs/bug207.go execution, -O2 -g
FAIL: go.test/test/fixedbugs/bug221.go execution, -O2 -g
FAIL: go.test/test/fixedbugs/bug225.go execution, -O2 -g
FAIL: go.test/test/fixedbugs/bug227.go execution, -O2 -g
FAIL: go.test/test/fixedbugs/bug230.go execution, -O2 -g
FAIL: go.test/test/fixedbugs/bug234.go execution, -O2 -g
FAIL: go.test/test/fixedbugs/bug236.go execution, -O2 -g
FAIL: go.test/test/fixedbugs/bug237.go execution, -O2 -g
FAIL: go.test/test/fixedbugs/bug242.go execution, -O2 -g
FAIL: go.test/test/fixedbugs/bug243.go execution, -O2 -g
FAIL: go.test/test/fixedbugs/bug244.go execution, -O2 -g
FAIL: go.test/test/fixedbugs/bug246.go execution, -O2 -g
FAIL: go.test/test/fixedbugs/bug247.go execution, -O2 -g
FAIL: go.test/test/fixedbugs/bug248.go
FAIL: go.test/test/fixedbugs/bug253.go execution, -O2 -g
FAIL: go.test/test/fixedbugs/bug254.go execution, -O2 -g
FAIL: go.test/test/fixedbugs/bug257.go execution, -O2 -g
FAIL: go.test/test/fixedbugs/bug258.go execution, -O2 -g
FAIL: go.test/test/fixedbugs/bug259.go execution, -O2 -g
FAIL: go.test/test/fixedbugs/bug260.go execution, -O2 -g
FAIL: go.test/test/fixedbugs/bug261.go execution, -O2 -g
FAIL: go.test/test/fixedbugs/bug262.go execution, -O2 -g
FAIL: go.test/test/fixedbugs/bug263.go execution, -O2 -g
FAIL: go.test/test/fixedbugs/bug264.go execution, -O2 -g
FAIL: go.test/test/fixedbugs/bug265.go execution, -O2 -g
FAIL: go.test/test/fixedbugs/bug266.go execution, -O2 -g
FAIL: go.test/test/fixedbugs/bug269.go execution, -O2 -g
FAIL: go.test/test/fixedbugs/bug271.go execution, -O2 -g
FAIL: go.test/test/fixedbugs/bug272.go execution, -O2 -g
FAIL: go.test/test/fixedbugs/bug273.go execution, -O2 -g
FAIL: go.test/test/fixedbugs/bug276.go execution, -O2 -g
FAIL: go.test/test/fixedbugs/bug279.go execution, -O2 -g
FAIL: go.test/test/fixedbugs/bug281.go execution, -O2 -g
FAIL: go.test/test/fixedbugs/bug285.go execution, -O2 -g
FAIL: go.test/test/fixedbugs/bug286.go execution, -O2 -g
FAIL: go.test/test/fixedbugs/bug290.go execution, -O2 -g
FAIL: go.test/test/fixedbugs/bug291.go execution, -O2 -g
FAIL: go.test/test/fixedbugs/bug292.go execution, -O2 -g
FAIL: go.test/test/fixedbugs/bug293.go execution, -O2 -g
FAIL: go.test/test/fixedbugs/bug294.go execution, -O2 -g
FAIL: go.test/test/fixedbugs/bug295.go execution, -O2 -g
FAIL: go.test/test/fixedbugs/bug296.go execution, -O2 -g
FAIL: go.test/test/fixedbugs/bug303.go execution, -O2 -g
FAIL: go.test/test/fixedbugs/bug311.go execution, -O2 -g
FAIL: go.test/test/fixedbugs/bug312.go execution, -O2 -g
FAIL: go.test/test/fixedbugs/bug314.go execution, -O2 -g
FAIL: go.test/test/fixedbugs/bug317.go execution, -O2 -g
FAIL: go.test/test/fixedbugs/bug320.go execution, -O2 -g
FAIL: go.test/test/fixedbugs/bug321.go execution, -O2 -g
FAIL: go.test/test/fixedbugs/bug322.dir/main.go execution, -O2 -g
FAIL: go.test/test/fixedbugs/bug324.dir/prog.go execution, -O2 -g
FAIL: go.test/test/fixedbugs/bug327.go execution, -O2 -g
FAIL: go.test/test/fixedbugs/bug328.go execution
FAIL: go.test/test/fixedbugs/bug329.go execution, -O2 -g
FAIL: go.test/test/fixedbugs/bug331.go execution, -O2 -g
FAIL: go.test/test/fixedbugs/bug333.go execution, -O2 -g
FAIL: go.test/test/fixedbugs/bug336.go execution, -O2 -g
FAIL: go.test/test/fixedbugs/bug339.go execution, -O2 -g
FAIL: go.test/test/fixedbugs/bug341.go execution, -O2 -g
FAIL: go.test/test/fixedbugs/bug343.go execution, -O2 -g
FAIL: go.test/test/fixedbugs/bug346.go execution, -O2 -g
FAIL: go.test/test/fixedbugs/bug347.go execution, -O0 -g
FAIL: go.test/test/fixedbugs/bug348.go execution, -O0 -g
FAIL: go.test/test/fixedbugs/bug352.go execution, -O2 -g
FAIL: go.test/test/fixedbugs/bug355.go execution, -O2 -g
FAIL: go.test/test/fixedbugs/bug356.go execution, -O2 -g
FAIL: go.test/test/fixedbugs/bug364.go execution, -O2 -g
FAIL: go.test/test/fixedbugs/bug366.go execution, -O2 -g
FAIL: go.test/test/fixedbugs/bug367.dir/prog.go execution, -O2 -g
FAIL: go.test/test/fixedbugs/bug368.go execution, -O2 -g
FAIL: go.test/test/fixedbugs/bug369.go
FAIL: go.test/test/fixedbugs/bug370.go execution, -O2 -g
FAIL: go.test/test/fixedbugs/bug372.go execution, -O2 -g
FAIL: go.test/test/fixedbugs/bug375.go execution, -O2 -g
FAIL: go.test/test/fixedbugs/bug378.go execution, -O2 -g
FAIL: go.test/test/fixedbugs/bug401.go execution, -O2 -g
FAIL: go.test/test/fixedbugs/bug402.go execution, -O2 -g
FAIL: go.test/test/fixedbugs/bug405.go execution, -O2 -g
FAIL: go.test/test/fixedbugs/bug406.go execution, -O2 -g
FAIL: go.test/test/fixedbugs/bug409.go execution
FAIL: go.test/test/fixedbugs/bug414.dir/prog.go execution, -O2 -g
FAIL: go.test/test/fixedbugs/bug423.go execution, -O2 -g
FAIL: go.test/test/fixedbugs/bug424.dir/main.go execution, -O2 -g
FAIL: go.test/test/fixedbugs/bug428.go execution, -O2 -g
FAIL: go.test/test/fixedbugs/bug433.go execution, -O2 -g
FAIL: go.test/test/fixedbugs/bug434.go execution, -O2 -g
FAIL: go.test/test/fixedbugs/bug436.go execution, -O2 -g
FAIL: go.test/test/fixedbugs/bug437.dir/x.go execution, -O2 -g
FAIL: go.test/test/fixedbugs/bug440_32.go execution, -O2 -g
FAIL: go.test/test/fixedbugs/bug440_64.go execution, -O2 -g
FAIL: go.test/test/fixedbugs/bug441.go execution, -O2 -g
FAIL: go.test/test/fixedbugs/bug442.go execution, -O2 -g
FAIL: go.test/test/fixedbugs/bug444.go execution, -O2 -g
FAIL: go.test/test/fixedbugs/bug446.go execution, -O2 -g
FAIL: go.test/test/fixedbugs/bug447.go execution
FAIL: go.test/test/fixedbugs/bug449.go execution
FAIL: go.test/test/fixedbugs/bug450.go execution, -O2 -g
FAIL: go.test/test/fixedbugs/bug452.go execution, -O2 -g
FAIL: go.test/test/fixedbugs/bug453.go execution, -O2 -g
FAIL: go.test/test/fixedbugs/bug454.go execution, -O2 -g
FAIL: go.test/test/fixedbugs/bug455.go execution, -O2 -g
FAIL: go.test/test/fixedbugs/bug456.go execution, -O2 -g
FAIL: go.test/test/fixedbugs/bug457.go execution, -O2 -g
FAIL: go.test/test/fixedbugs/bug461.go execution, -O2 -g
FAIL: go.test/test/fixedbugs/bug465.dir/b.go execution, -O2 -g
FAIL: go.test/test/fixedbugs/bug466.dir/b.go execution, -O2 -g
FAIL: go.test/test/fixedbugs/bug468.dir/p2.go execution, -O2 -g
FAIL: go.test/test/fixedbugs/bug470.go execution, -O2 -g
FAIL: go.test/test/fixedbugs/bug472.dir/z.go execution, -O2 -g
FAIL: go.test/test/fixedbugs/bug473.go execution, -O2 -g
FAIL: go.test/test/fixedbugs/bug474.go execution, -O2 -g
FAIL: go.test/test/fixedbugs/bug479.dir/b.go execution, -O2 -g
FAIL: go.test/test/fixedbugs/issue2615.go execution, -O2 -g
FAIL: go.test/test/fixedbugs/issue4066.go execution, -O2 -g
FAIL: go.test/test/fixedbugs/issue4085b.go execution, -O2 -g
FAIL: go.test/test/fixedbugs/issue4167.go execution, -O2 -g
FAIL: go.test/test/fixedbugs/issue4252.dir/main.go execution, -O2 -g
FAIL: go.test/test/fixedbugs/issue4313.go execution, -O2 -g
FAIL: go.test/test/fixedbugs/issue4316.go execution, -O2 -g
FAIL: go.test/test/fixedbugs/issue4353.go execution, -O2 -g
FAIL: go.test/test/fixedbugs/issue4396a.go execution, -O2 -g
FAIL: go.test/test/fixedbugs/issue4396b.go execution, -O2 -g
FAIL: go.test/test/fixedbugs/issue4448.go execution, -O2 -g
FAIL: go.test/test/fixedbugs/issue4495.go execution, -O2 -g
FAIL: go.test/test/fixedbugs/issue4518.go execution, -O2 -g
FAIL: go.test/test/fixedbugs/issue4562.go execution, -O2 -g
FAIL: go.test/test/fixedbugs/issue4585.go execution, -O2 -g
FAIL: go.test/test/fixedbugs/issue4590.dir/prog.go execution, -O2 -g
FAIL: go.test/test/fixedbugs/issue4618.go execution, -O2 -g
FAIL: go.test/test/fixedbugs/issue4620.go execution, -O2 -g
FAIL: go.test/test/fixedbugs/issue4667.go execution, -O2 -g
FAIL: go.test/test/fixedbugs/issue4748.go execution, -O2 -g
FAIL: go.test/test/fixedbugs/issue4752.go execution, -O2 -g
FAIL: go.test/test/fixedbugs/issue4785.go execution, -O2 -g
FAIL: go.test/test/fixedbugs/issue4909b.go execution
FAIL: go.test/test/fixedbugs/issue4964.dir/b.go execution, -O2 -g
FAIL: go.test/test/fixedbugs/issue5056.go execution, -O2 -g
FAIL: go.test/test/fixedbugs/issue5105.dir/b.go execution, -O2 -g
FAIL: go.test/test/fixedbugs/issue5162.go execution
FAIL: go.test/test/fixedbugs/issue5244.go execution, -O2 -g
FAIL: go.test/test/fixedbugs/issue5260.dir/b.go execution, -O2 -g
FAIL: go.test/test/fixedbugs/issue5291.dir/prog.go execution, -O2 -g
FAIL: go.test/test/fixedbugs/issue5493.go execution, -O2 -g
FAIL: go.test/test/fixedbugs/issue5515.go execution, -O2 -g
FAIL: go.test/test/fixedbugs/issue5607.go execution, -O2 -g
FAIL: go.test/test/fixedbugs/issue5704.go execution, -O2 -g
FAIL: go.test/test/fixedbugs/issue5753.go execution, -O2 -g
FAIL: go.test/test/fixedbugs/issue5809.go execution, -O2 -g
FAIL: go.test/test/fixedbugs/issue5820.go execution, -O2 -g
FAIL: go.test/test/fixedbugs/issue5856.go execution, -O2 -g
FAIL: go.test/test/fixedbugs/issue5963.go execution, -O2 -g
FAIL: go.test/test/fixedbugs/issue6055.go execution, -O2 -g
FAIL: go.test/test/fixedbugs/issue6269.go execution, -O2 -g
FAIL: go.test/test/fixedbugs/issue6789.dir/b.go execution, -O2 -g
FAIL: go.test/test/fixedbugs/issue6899.go execution
FAIL: go.test/test/float_lit.go execution, -O2 -g
FAIL: go.test/test/floatcmp.go execution, -O2 -g
FAIL: go.test/test/for.go execution, -O2 -g
FAIL: go.test/test/func.go execution, -O2 -g
FAIL: go.test/test/func5.go execution, -O2 -g
FAIL: go.test/test/func6.go execution, -O2 -g
FAIL: go.test/test/func7.go execution, -O2 -g
FAIL: go.test/test/func8.go execution, -O2 -g
FAIL: go.test/test/gc.go execution, -O2 -g
FAIL: go.test/test/gc1.go execution, -O2 -g
FAIL: go.test/test/gc2.go execution, -O2 -g
FAIL: go.test/test/goprint.go execution
FAIL: go.test/test/helloworld.go execution
FAIL: go.test/test/if.go execution, -O2 -g
FAIL: go.test/test/index0.go execution
FAIL: go.test/test/index1.go execution
FAIL: go.test/test/index2.go execution
FAIL: go.test/test/indirect.go execution, -O2 -g
FAIL: go.test/test/initcomma.go execution, -O2 -g
FAIL: go.test/test/initialize.go execution, -O2 -g
FAIL: go.test/test/int_lit.go execution, -O2 -g
FAIL: go.test/test/intcvt.go execution, -O2 -g
FAIL: go.test/test/interface/bigdata.go execution, -O2 -g
FAIL: go.test/test/interface/convert.go execution, -O2 -g
FAIL: go.test/test/interface/convert1.go execution, -O2 -g
FAIL: go.test/test/interface/convert2.go execution, -O2 -g
FAIL: go.test/test/interface/embed.go execution, -O2 -g
FAIL: go.test/test/interface/embed1.dir/embed1.go execution, -O2 -g
FAIL: go.test/test/interface/fail.go execution, -O2 -g
FAIL: go.test/test/interface/fake.go execution, -O2 -g
FAIL: go.test/test/interface/noeq.go execution, -O2 -g
FAIL: go.test/test/interface/receiver.go execution, -O2 -g
FAIL: go.test/test/interface/returntype.go execution, -O2 -g
FAIL: go.test/test/interface/struct.go execution, -O2 -g
FAIL: go.test/test/iota.go execution, -O2 -g
FAIL: go.test/test/ken/array.go execution, -O2 -g
FAIL: go.test/test/ken/chan.go execution, -O2 -g
FAIL: go.test/test/ken/chan1.go execution, -O2 -g
FAIL: go.test/test/ken/complit.go execution, -O2 -g
FAIL: go.test/test/ken/convert.go execution, -O2 -g
FAIL: go.test/test/ken/cplx0.go execution
FAIL: go.test/test/ken/cplx1.go execution, -O2 -g
FAIL: go.test/test/ken/cplx2.go execution, -O2 -g
FAIL: go.test/test/ken/cplx3.go execution, -O2 -g
FAIL: go.test/test/ken/cplx4.go execution, -O2 -g
FAIL: go.test/test/ken/cplx5.go execution, -O2 -g
FAIL: go.test/test/ken/divconst.go execution, -O2 -g
FAIL: go.test/test/ken/divmod.go execution, -O2 -g
FAIL: go.test/test/ken/embed.go execution, -O2 -g
FAIL: go.test/test/ken/for.go execution, -O2 -g
FAIL: go.test/test/ken/interbasic.go execution, -O2 -g
FAIL: go.test/test/ken/interfun.go execution, -O2 -g
FAIL: go.test/test/ken/intervar.go execution, -O2 -g
FAIL: go.test/test/ken/label.go execution, -O2 -g
FAIL: go.test/test/ken/litfun.go execution, -O2 -g
FAIL: go.test/test/ken/mfunc.go execution, -O2 -g
FAIL: go.test/test/ken/modconst.go execution, -O2 -g
FAIL: go.test/test/ken/ptrfun.go execution, -O2 -g
FAIL: go.test/test/ken/ptrvar.go execution, -O2 -g
FAIL: go.test/test/ken/range.go execution, -O2 -g
FAIL: go.test/test/ken/rob1.go execution, -O2 -g
FAIL: go.test/test/ken/rob2.go execution, -O2 -g
FAIL: go.test/test/ken/robfor.go execution, -O2 -g
FAIL: go.test/test/ken/robfunc.go execution, -O2 -g
FAIL: go.test/test/ken/shift.go execution, -O2 -g
FAIL: go.test/test/ken/simparray.go execution, -O2 -g
FAIL: go.test/test/ken/simpbool.go execution, -O2 -g
FAIL: go.test/test/ken/simpconv.go execution, -O2 -g
FAIL: go.test/test/ken/simpfun.go execution, -O2 -g
FAIL: go.test/test/ken/simpswitch.go execution, -O2 -g
FAIL: go.test/test/ken/simpvar.go execution, -O2 -g
FAIL: go.test/test/ken/slicearray.go execution, -O2 -g
FAIL: go.test/test/ken/sliceslice.go execution, -O2 -g
FAIL: go.test/test/ken/string.go execution
FAIL: go.test/test/ken/strvar.go execution, -O2 -g
FAIL: go.test/test/literal.go execution, -O2 -g
FAIL: go.test/test/mallocfin.go execution, -O2 -g
FAIL: go.test/test/map.go execution, -O2 -g
FAIL: go.test/test/mapnan.go execution, -O2 -g
FAIL: go.test/test/method.go execution, -O2 -g
FAIL: go.test/test/method3.go execution, -O2 -g
FAIL: go.test/test/method4.dir/prog.go execution, -O2 -g
FAIL: go.test/test/method5.go execution, -O2 -g
FAIL: go.test/test/named.go execution, -O2 -g
FAIL: go.test/test/nil.go execution, -O2 -g
FAIL: go.test/test/nilptr.go execution, -O2 -g
FAIL: go.test/test/nul1.go execution
FAIL: go.test/test/printbig.go execution
FAIL: go.test/test/range.go execution, -O2 -g
FAIL: go.test/test/recover.go execution, -O2 -g
FAIL: go.test/test/recover1.go execution, -O2 -g
FAIL: go.test/test/recover2.go execution, -O2 -g
FAIL: go.test/test/recover3.go execution, -O2 -g
FAIL: go.test/test/rename.go execution, -O2 -g
FAIL: go.test/test/reorder.go execution, -O2 -g
FAIL: go.test/test/reorder2.go execution, -O2 -g
FAIL: go.test/test/sigchld.go execution
FAIL: go.test/test/simassign.go execution, -O2 -g
FAIL: go.test/test/sizeof.go execution, -O2 -g
FAIL: go.test/test/slice3.go execution
FAIL: go.test/test/string_lit.go execution, -O2 -g
FAIL: go.test/test/stringrange.go execution, -O2 -g
FAIL: go.test/test/struct0.go execution, -O2 -g
FAIL: go.test/test/switch.go execution, -O2 -g
FAIL: go.test/test/turing.go execution, -O2 -g
FAIL: go.test/test/typeswitch.go execution, -O2 -g
FAIL: go.test/test/typeswitch1.go execution, -O2 -g
FAIL: go.test/test/utf.go execution, -O2 -g
FAIL: go.test/test/varinit.go execution, -O2 -g
FAIL: go.test/test/zerodivide.go execution, -O2 -g
WARNING: program timed out
=== go Summary ===
# of expected passes 2505
# of unexpected failures 652
# of expected failures 1
# of untested testcases 21
# of unsupported tests 2
/build/gcc-snapshot-GEYeVs/gcc-snapshot-20181217/build/gcc/gccgo version 9.0.0 20181217 (experimental) [trunk revision 267195] (Debian 20181217-1)
=== obj-c++ tests ===
Running target unix
=== obj-c++ Summary ===
# of expected passes 1466
# of expected failures 2
# of unsupported tests 77
/build/gcc-snapshot-GEYeVs/gcc-snapshot-20181217/build/gcc/xg++ version 9.0.0 20181217 (experimental) [trunk revision 267195] (Debian 20181217-1)
=== objc tests ===
Running target unix
=== objc Summary ===
# of expected passes 2803
# of unsupported tests 68
/build/gcc-snapshot-GEYeVs/gcc-snapshot-20181217/build/gcc/xgcc version 9.0.0 20181217 (experimental) [trunk revision 267195] (Debian 20181217-1)
=== gotools tests ===
FAIL: go test cmd/go
FAIL: go test runtime
FAIL: go test misc/cgo/test
FAIL: go test misc/cgo/testcarchive
FAIL: go test cmd/vet
=== gotools Summary ===
# of unexpected failures 5
/build/gcc-snapshot-GEYeVs/gcc-snapshot-20181217/build/./gcc/gccgo version 9.0.0 20181217 (experimental) [trunk revision 267195] (Debian 20181217-1)
Compiler version: 9.0.0 20181217 (experimental) [trunk revision 267195] (Debian 20181217-1)
Platform: arm-unknown-linux-gnueabi
configure flags: -v --with-pkgversion='Debian 20181217-1' --with-bugurl=file:///usr/share/doc/gcc-snapshot/README.Bugs --enable-languages=c,ada,c++,go,d,fortran,objc,obj-c++ --prefix=/usr/lib/gcc-snapshot --with-gcc-major-version-only --program-prefix= --enable-shared --enable-linker-build-id --disable-nls --with-sysroot=/ --enable-clocale=gnu --enable-libstdcxx-debug --enable-libstdcxx-time=yes --with-default-libstdcxx-abi=new --enable-gnu-unique-object --disable-libitm --disable-libquadmath --disable-libquadmath-support --enable-plugin --with-system-zlib --with-target-system-zlib --enable-objc-gc=auto --enable-multiarch --disable-sjlj-exceptions --with-arch=armv5te --with-float=soft --disable-werror --enable-checking=yes --build=arm-linux-gnueabi --host=arm-linux-gnueabi --target=arm-linux-gnueabi
BOOT_CFLAGS=
Build Dependencies:
Desired=Unknown/Install/Remove/Purge/Hold
| Status=Not/Inst/Conf-files/Unpacked/halF-conf/Half-inst/trig-aWait/Trig-pend
|/ Err?=(none)/Reinst-required (Status,Err: uppercase=bad)
||/ Name Version Architecture Description
+++-==========================-==============-============-===============================================================================
ii binutils 2.31.1-11 armel GNU assembler, linker and binary utilities
ii binutils-arm-linux-gnueabi 2.31.1-11 armel GNU binary utilities, for arm-linux-gnueabi target
ii binutils-common:armel 2.31.1-11 armel Common files for the GNU assembler, linker and binary utilities
ii g++-8 8.2.0-12 armel GNU C++ compiler
ii libc6:armel 2.28-3 armel GNU C Library: Shared libraries
ii libgmp-dev:armel 2:6.1.2+dfsg-4 armel Multiprecision arithmetic library developers tools
ii libisl-dev:armel 0.20-2 armel manipulating sets and relations of integer points bounded by linear constraints
ii libmpc-dev:armel 1.1.0-1 armel multiple precision complex floating-point library development package
ii libmpfr-dev:armel 4.0.1-2 armel multiple precision floating-point computation developers tools
sys-auxv-header:
Check for the sys/auxv.h header file.
gdc-dynamic-link-phobos:
Dynamically link the phobos library.
libphobos-zlib:
Build zlib in any case to have a fall back for missing libz multilibs
arm-multilib-defaults:
Set MULTILIB_DEFAULTS for ARM multilib builds
gcc-ice-dump:
For ICEs, dump the preprocessed source file to stderr
when in a distro build environment.
gcc-ice-apport:
Report an ICE to apport (if apport is available
and the environment variable GCC_NOAPPORT is not set)
skip-bootstrap-multilib:
Skip non-default multilib and libstdc++-v3 debug builds in bootstrap builds
libffi-ro-eh_frame_sect:
PR libffi/47248, force a read only eh frame section.
libffi-mips:
Backport Mips go closure support, taken from libffi issue #197.
gcc-multiarch:
- Remaining multiarch patches, not yet submitted upstream.
- Add MULTIARCH_DIRNAME definitions for multilib configurations,
which are used for the non-multilib builds.
config-ml:
- Disable some biarch libraries for biarch builds.
- Fix multilib builds on kernels which don't support all multilibs.
gcc-multilib-multiarch:
Don't auto-detect multilib osdirnames.
libgomp-kfreebsd-testsuite:
Disable lock-2.c test on kfreebsd-*
go-testsuite:
Skip Go testcase on AArch64 which hangs on the buildds.
ada-changes-in-autogen-output:
Counting all warnings,
there are 0 warnings in stage3 of this bootstrap.
Number of warnings per file:
Number of warning types: